--
-- Host: localhost    Database: letscms_m24umm
-- ------------------------------------------------------


--
-- Table structure for table `Country_Pin_Code_List`
--

CREATE TABLE `Country_Pin_Code_List` (
  `id` bigint NOT NULL AUTO_INCREMENT COMMENT 'ID',
  `pincode` int NOT NULL COMMENT 'Pincode',
  `city` text NOT NULL COMMENT 'city',
  PRIMARY KEY (`id`)
) ENGINE=InnoDB DEFAULT CHARSET=utf8mb3 COMMENT='country pin code list';

--
-- Dumping data for table `Country_Pin_Code_List`
--


--
-- Table structure for table `Letscmsauthor`
--

CREATE TABLE `Letscmsauthor` (
  `id` int unsigned NOT NULL AUTO_INCREMENT COMMENT 'Entity ID',
  `autherid` int DEFAULT NULL COMMENT 'Author id Name',
  `author_user_name` varchar(255) DEFAULT NULL COMMENT 'Author User Name ',
  `author_name` varchar(255) DEFAULT NULL COMMENT 'Auther Name',
  `email` varchar(255) DEFAULT NULL COMMENT 'Email',
  `qty_post` varchar(255) DEFAULT NULL COMMENT 'Qty Post',
  `auther_description` varchar(255) DEFAULT NULL COMMENT 'Auther Description',
  `storeview` varchar(255) DEFAULT NULL COMMENT 'Store View',
  `sortorder` int unsigned DEFAULT '0' COMMENT 'Sort Order',
  `status` smallint unsigned DEFAULT '1' COMMENT 'Is Enabled',
  `created_at` varchar(255) DEFAULT NULL COMMENT 'created_at',
  `updated_at` varchar(255) DEFAULT NULL COMMENT 'updated_at',
  PRIMARY KEY (`id`)
) ENGINE=InnoDB AUTO_INCREMENT=3 DEFAULT CHARSET=utf8mb3 COMMENT='Letscms Blog Author group';

--
-- Dumping data for table `Letscmsauthor`
--

INSERT INTO `Letscmsauthor` VALUES (1,NULL,NULL,NULL,NULL,'1',NULL,NULL,0,1,NULL,NULL),(2,NULL,NULL,NULL,NULL,'1',NULL,NULL,0,1,NULL,NULL);

--
-- Table structure for table `Letscmsblogcounter`
--

CREATE TABLE `Letscmsblogcounter` (
  `id` int unsigned NOT NULL AUTO_INCREMENT COMMENT 'Entity ID',
  `page_id` int DEFAULT '0' COMMENT 'page_id',
  `visit_count` int DEFAULT NULL COMMENT 'visit_count',
  `user_identifier` varchar(255) DEFAULT NULL COMMENT 'user_identifier',
  `last_visited_at` timestamp NULL DEFAULT NULL COMMENT 'last_visited_at',
  PRIMARY KEY (`id`)
) ENGINE=InnoDB AUTO_INCREMENT=303 DEFAULT CHARSET=utf8mb3 COMMENT='Letscms Blog categories group';

--
-- Dumping data for table `Letscmsblogcounter`
--

INSERT INTO `Letscmsblogcounter` VALUES (1,1,10,'guest_session_puha1og19cu31lvprlmf57lk7h','2025-02-26 07:36:14'),(2,1,1,'guest_session_pl7oi1nk8disl2cqao38i614gi','2025-02-28 07:10:12'),(3,1,1,'guest_session_mamiu6s6r2u1d0dsbtafj7icqm','2025-03-01 16:07:08'),(4,1,1,'guest_session_g58t20k2q89cmftqjab3qjc31n','2025-03-04 17:00:02'),(5,1,1,'guest_session_2fn5ijs0h7b0u623q154lrvr1p','2025-03-07 08:47:21'),(6,1,1,'guest_session_dbhvtgcqkscogq4c91g46tlnak','2025-03-09 00:50:25'),(7,1,1,'guest_session_620ah6c5iiic1aab8b49kq61bc','2025-03-09 01:33:09'),(8,1,1,'guest_session_lq5va6a0h3tcfjjh4sph3qasr9','2025-03-10 10:09:56'),(9,1,1,'guest_session_ie60fff90jubs210nshk6hkf2t','2025-03-12 08:00:17'),(10,1,1,'guest_session_e8sjp4p0u7a7cdtlnn8p37k249','2025-03-14 13:37:24'),(11,1,1,'guest_session_vghpgtc4a93qsb07ajh08jf0sf','2025-03-15 19:57:50'),(12,1,1,'guest_session_pmjiujtr2d7cdo4pgos9luu6ob','2025-03-15 22:22:03'),(13,1,1,'guest_session_lrhrfdu5uudt77deko14cu79js','2025-03-16 03:06:23'),(14,1,1,'guest_session_05gug8c21u2slf0iu1qe6njbc9','2025-03-17 12:44:47'),(15,1,1,'guest_session_hbj6btv6vr0njr09vc8lvb9vts','2025-03-17 15:32:28'),(16,1,1,'guest_session_1qmrha95sfnhs520vkbd09gfbm','2025-03-19 06:38:40'),(17,1,1,'guest_session_d5aube6j4pgp3s7l7m6nlea04m','2025-03-19 16:51:10'),(18,1,1,'guest_session_rsh9fjsmlhl7jrne1orlpkr50i','2025-03-20 17:17:02'),(19,1,1,'guest_session_quo9m9ls1ehj197bvvi94k80tm','2025-03-23 14:34:16'),(20,1,1,'guest_session_rh8ohslc28d02cj0oad7r2lp0d','2025-03-24 20:31:56'),(21,1,1,'guest_session_s3vsibgclflrmd02v2grr2lhlq','2025-03-26 00:02:11'),(22,1,1,'guest_session_a5asrv5ooah00jjsaav4g3jv0p','2025-03-27 13:35:08'),(23,1,1,'guest_session_a9g9a1qlqo9v4ot370vmujvi19','2025-03-30 08:03:06'),(24,1,1,'guest_session_16f66kjdv8c52qsuph9hah145n','2025-03-30 13:54:19'),(25,1,1,'guest_session_ekrv38ch7fktfj8ba3vt8t9cqn','2025-04-04 13:34:28'),(26,1,1,'guest_session_f8ttd4qdqfqgghut804eoopvio','2025-04-04 18:43:57'),(27,1,6,'guest_session_k5s7ln8rhk99fshrjj3g1q0aga','2025-04-05 11:25:42'),(28,2,2,'guest_session_k5s7ln8rhk99fshrjj3g1q0aga','2025-04-05 11:54:29'),(29,2,1,'guest_session_mo0nssnfmmua6hge82o01l9bgh','2025-04-05 17:44:43'),(30,2,1,'guest_session_8qgvu2njitqtgv0erh51vi35bp','2025-04-06 03:02:33'),(31,1,1,'guest_session_9folb0n3ssr7126n5m0pn09rpe','2025-04-07 03:08:14'),(32,1,1,'guest_session_c8i19hi9bd0vitt0ua3n7973u1','2025-04-09 22:14:41'),(33,1,2,'guest_session_kc6mq7aoc14ia4e2sm288ua555','2025-04-10 04:20:59'),(34,2,3,'guest_session_kc6mq7aoc14ia4e2sm288ua555','2025-04-10 04:21:02'),(35,2,2,'guest_session_0gnvikasag9nkdjrbopr4bepqm','2025-04-10 06:56:51'),(36,2,1,'guest_session_g36bg4o68a9fj89cp76so4n1vt','2025-04-10 06:56:53'),(37,2,1,'guest_session_q3guh695hc883shol87m679k4b','2025-04-11 11:38:45'),(38,1,1,'guest_session_gl00lc8d926a99gv2tas1bc5fo','2025-04-11 15:54:49'),(39,1,1,'guest_session_cof2695idpmbdjav6kbqpvrpt9','2025-04-12 13:37:41'),(40,1,1,'guest_session_g3d96415cacen5ho0r2kvqu1n9','2025-04-12 13:58:30'),(41,2,1,'guest_session_c3f4po6f2r8pm8ihrtavnikrbn','2025-04-13 04:21:43'),(42,2,1,'guest_session_mmrjkg77e31smpksr6iqpaeunl','2025-04-13 12:03:01'),(43,1,1,'guest_session_ka6hbnddp4v335s0rflilom9us','2025-04-14 12:03:06'),(44,2,1,'guest_session_ka6hbnddp4v335s0rflilom9us','2025-04-14 12:03:11'),(45,1,1,'guest_session_pbmb650eofcnmrgcd0s0bsp0at','2025-04-14 23:57:31'),(46,1,1,'guest_session_ip5kl1e7h7co3pdos1h39id7to','2025-04-15 02:20:51'),(47,1,1,'guest_session_mq7er6oeg78bd7gr98hehj62lb','2025-04-15 06:59:56'),(48,1,1,'guest_session_p8tf35478btt5lgc5pm8l2nt3a','2025-04-15 10:02:46'),(49,1,1,'guest_session_iv2qrpcsfdo38mmf02u0pq4sgl','2025-04-15 10:07:34'),(50,1,1,'guest_session_4dnd5naetl8k8bjp1jdq4rkbmr','2025-04-15 15:03:09'),(51,2,1,'guest_session_gvjp9meik334i723kfpscmnocd','2025-04-15 16:22:38'),(52,2,1,'guest_session_jgndkmauq2aqak382ed59rb3un','2025-04-15 17:18:31'),(53,2,1,'guest_session_ajqq5pfqs33uh2346me7clh392','2025-04-16 11:39:49'),(54,1,1,'guest_session_57hp8fj12vh4li1tro7mnb8ktp','2025-04-16 15:49:40'),(55,2,1,'guest_session_h86qd6u3hqqo8b2o0daij2fn62','2025-04-16 16:03:41'),(56,2,1,'guest_session_41pcqo8j3o8b65d6ts0adc5pjq','2025-04-16 20:31:35'),(57,2,1,'guest_session_suga71a7f75lgg85edq0d36fp6','2025-04-17 02:37:57'),(58,2,1,'guest_session_uenf3lhm9jealqrp5u8pvhiggu','2025-04-17 02:46:23'),(59,1,1,'guest_session_rd82cljlcdo0snbqbdaj85pctq','2025-04-17 02:47:33'),(60,2,1,'guest_session_v9b788lcd6em4cgiq7lfq45iln','2025-04-17 03:38:40'),(61,2,1,'guest_session_dgop5o58bfs9jkvclvm5vpuc0v','2025-04-17 11:10:39'),(62,1,1,'guest_session_1qkhm0h56gvhjmtb7vc38hc8di','2025-04-17 13:34:19'),(63,2,1,'guest_session_ni0ur0uqokekpd7ksk88080i0d','2025-04-18 00:48:26'),(64,1,1,'guest_session_ib691l6fnpt38njvf4q53shm8k','2025-04-20 00:00:32'),(65,2,1,'guest_session_d96ik56fjrg4ne691v2pbkv7o1','2025-04-21 20:27:10'),(66,2,1,'guest_session_ur9d04drj057gvlbilmc5a0ggl','2025-04-21 23:16:20'),(67,2,1,'guest_session_7pkb8a74solcc4botu8delkol0','2025-04-23 08:03:45'),(68,1,1,'guest_session_mg9jk71ctek2eu524kcdd4punn','2025-04-23 09:08:57'),(69,1,1,'guest_session_rjc2k267n4p217v74ch5c80iuo','2025-04-23 17:12:34'),(70,2,1,'guest_session_aoj4n6es358n6sukmo37lnveqc','2025-04-24 16:04:10'),(71,1,1,'guest_session_rk8bj57r0ii2jru90eujgk1u7d','2025-04-24 20:37:55'),(72,1,1,'guest_session_5lmte6ptfengccj7rf94iuim51','2025-04-25 04:29:32'),(73,1,1,'guest_session_krtv65tho7rom2pliqvlt1v5cd','2025-04-25 04:29:54'),(74,2,1,'guest_session_4sueisioe4j8kg84ejqf75bhnh','2025-04-25 21:51:40'),(75,1,1,'guest_session_kt377ib90ip64330bqjesk245l','2025-04-26 14:07:06'),(76,1,1,'guest_session_vlph3s1dnuuntjl6osmevqfj35','2025-04-26 14:58:30'),(77,1,1,'guest_session_h635pg9892t0h1fqmfh2f07frs','2025-04-26 15:29:37'),(78,1,1,'guest_session_q858jeh015qvctdne7cph8avuk','2025-04-26 15:55:50'),(79,1,1,'guest_session_9vptavra54t2hr2te3fsi85gp4','2025-04-26 16:14:17'),(80,1,1,'guest_session_p9apefcidkdt8hbnu9og82hpf0','2025-04-26 17:57:22'),(81,1,1,'guest_session_4kiv539omsapkq2b8ocnupl4p3','2025-04-26 18:36:33'),(82,1,1,'guest_session_s911ugt0sphm1l5357dvqb1fob','2025-04-26 18:41:30'),(83,1,1,'guest_session_sp7842f6dm4lv60e6mkmg92r5l','2025-04-26 20:16:30'),(84,1,1,'guest_session_t5078pi83vljcpp9euji2c6bod','2025-04-26 20:45:57'),(85,1,1,'guest_session_hhhptt01b0vf793uea32gqj92l','2025-04-26 20:50:10'),(86,1,1,'guest_session_hitls0khijvmp98rarun9f8rql','2025-04-26 21:18:59'),(87,2,1,'guest_session_1jnimpivp31mqq28m4748kms91','2025-04-26 21:21:16'),(88,2,1,'guest_session_gtudu85e5fatj0161e2abhcib7','2025-04-26 23:35:59'),(89,1,1,'guest_session_33usmggarpbllnaegp0vrt8rpu','2025-04-28 02:17:10'),(90,1,1,'guest_session_eqokvvdhlj7f7o9rlerf6tkitq','2025-04-29 16:47:55'),(91,2,1,'guest_session_ojbdlivai6g1msvuoo9rm0kcd9','2025-04-29 21:12:15'),(92,2,1,'guest_session_5kpc4j5r04ehlfok7h9c44mkgs','2025-04-30 15:22:17'),(93,2,1,'guest_session_v3e6rb4la9bvsc4ki0lr5nauhg','2025-04-30 16:41:00'),(94,1,1,'guest_session_tgmouo71dp57d86rj9ml0hfiak','2025-05-01 22:45:01'),(95,1,1,'guest_session_uugpagbp04fdbmjc51l7332of6','2025-05-02 00:33:04'),(96,2,1,'guest_session_cpqae7ovdmkhkn4e0cenaii4qq','2025-05-02 00:40:51'),(97,2,1,'guest_session_9ebl4kgmlib2ehlqb6tqde2dvo','2025-05-03 11:36:49'),(98,1,1,'guest_session_krv4re0lcnnqd0cgo6efmjn1mt','2025-05-03 11:36:57'),(99,2,1,'guest_session_h20hqa6604vu2r6jofj26iu6bt','2025-05-03 23:28:24'),(100,1,1,'guest_session_v9o3q577moughdbdklii3i1d10','2025-05-04 19:28:30'),(101,2,1,'customer_2','2025-05-06 00:24:22'),(102,2,1,'guest_session_hm8fm06bhr0elgt4hc8jv6om31','2025-05-06 01:32:13'),(103,2,3,'guest_session_rt9rpfcp8aijedvcdg14ba2j3e','2025-05-06 03:17:08'),(104,2,4,'guest_session_bg5vge9l96p2s7vaqhmqb3v6cq','2025-05-06 03:35:18'),(105,1,4,'guest_session_bg5vge9l96p2s7vaqhmqb3v6cq','2025-05-06 03:35:57'),(106,2,1,'guest_session_6gll5ii92as9g13tf7thk46qcu','2025-05-06 04:42:37'),(107,2,1,'guest_session_krj7fco1ovbtq5lto51o1sgung','2025-05-06 19:49:23'),(108,2,1,'guest_session_hhdmh1u0p7gur5oot9t8mepcos','2025-05-06 22:23:49'),(109,2,1,'guest_session_8uu6rr4n6cc9cfod4egsmin5qj','2025-05-07 16:44:41'),(110,1,1,'guest_session_gej9t6edo4ojkd4bnae1j1amu6','2025-05-08 22:40:28'),(111,1,1,'guest_session_83il840td9bno0o8ngn8pgvr4p','2025-05-09 00:34:45'),(112,1,1,'guest_session_7driqovseokb8kns02bsi46ea9','2025-05-09 14:17:39'),(113,1,1,'guest_session_69mv84b7pc0kdm84kfvca0l1m7','2025-05-09 15:10:02'),(114,1,1,'guest_session_4jpepabb2a0lt946pohr2ovjjf','2025-05-09 17:12:16'),(115,2,1,'guest_session_mikbeemhtch3fqhldojlciilme','2025-05-11 20:07:30'),(116,2,1,'guest_session_karqmd7jf57jop9q31vv8af33n','2025-05-12 21:01:05'),(117,1,1,'guest_session_klpoajacmqrhjv2m96rpc1p7ib','2025-05-12 22:01:09'),(118,2,1,'guest_session_peue9bvlk1vlujbtn5mira8ada','2025-05-13 19:30:58'),(119,2,1,'guest_session_r5frtog1j792lol8tvc9lvm7nq','2025-05-14 16:33:07'),(120,1,1,'guest_session_8r92h731efuhvojb65ekbepvpa','2025-05-15 05:38:40'),(121,1,1,'guest_session_d11qgbf1gks91bj77qp8clm94f','2025-05-15 22:47:43'),(122,1,1,'guest_session_5i1n2hg4q4l95ecgp1bqbmpeql','2025-05-16 00:35:08'),(123,2,1,'guest_session_7b88jk0jk6e1q24ggccj84vss0','2025-05-16 22:05:16'),(124,2,1,'guest_session_sg3h8vvku2sohd1du6p353peib','2025-05-18 08:23:26'),(125,1,1,'guest_session_30e5m147qjgfbup2r1cd6528br','2025-05-18 15:48:29'),(126,2,1,'guest_session_4rk9h9uksaa86mr9taulcu6jqf','2025-05-19 20:07:52'),(127,1,1,'guest_session_l7per8f5g0857nmqpclkjmrgkt','2025-05-20 00:19:25'),(128,2,1,'guest_session_98do8k6uph6hrj8v5rh8kbg9eq','2025-05-20 19:40:16'),(129,2,1,'guest_session_fjdl4aoed1hdm3p8j7b069cpa2','2025-05-21 14:21:35'),(130,1,1,'guest_session_fjdl4aoed1hdm3p8j7b069cpa2','2025-05-21 14:22:07'),(131,2,1,'guest_session_0o0r1e0mf4u13ttlprir8863gm','2025-05-21 16:38:30'),(132,2,1,'guest_session_gauie1ms7dg08ejtgu081e82o1','2025-05-22 18:59:39'),(133,1,1,'guest_session_bem4afafamskcosqii4qac9seh','2025-05-22 22:37:12'),(134,1,1,'guest_session_rnrpoqb2jlgn0jpvtn4tdvem2f','2025-05-23 00:36:54'),(135,1,1,'guest_session_hhllmjjgss5ojbgavu0vdlkn19','2025-05-23 02:14:13'),(136,1,1,'guest_session_841lh8au6dgvd1n92tq9riq6ea','2025-05-25 11:26:09'),(137,2,1,'guest_session_jn8qrf38f1059d84aeg145ocnn','2025-05-25 21:56:07'),(138,1,1,'guest_session_bijh03f9u4bjl0o8jviiakvm8a','2025-05-25 21:58:13'),(139,1,1,'guest_session_ai5253sqggrcnbpeq8a8uq0tve','2025-05-26 19:58:43'),(140,2,1,'guest_session_f67vmaqcgsm0klmh1ftdk8u9rg','2025-05-27 06:18:42'),(141,2,1,'guest_session_r687ii4kqt82r1p0v9cd7c1200','2025-05-27 19:43:37'),(142,1,1,'guest_session_8n2a6q9d1v4ihese2fj2nhs641','2025-05-27 23:46:52'),(143,2,1,'guest_session_j0sfa5ti694o8okb3m158cduf3','2025-05-28 16:47:13'),(144,1,1,'guest_session_0p9g3ncsnh52o6iiinhne9374i','2025-05-29 03:51:43'),(145,1,1,'guest_session_behmltsm0qmfjhonoh3674prp0','2025-05-31 05:31:43'),(146,1,1,'guest_session_qq7e2lgoselrabo2s79t37v13b','2025-05-31 17:58:57'),(147,1,1,'guest_session_t8v6sp3rdg0abnljmfb57tdu0o','2025-05-31 19:18:31'),(148,1,1,'guest_session_jfi4cgqae3maneoo4h5c93pj9o','2025-05-31 23:35:45'),(149,2,1,'guest_session_jh2libgcjpqbris63s2qfabaab','2025-06-01 19:19:59'),(150,1,1,'guest_session_lb18o6lbd63gmmgepsp8l2cia3','2025-06-01 19:22:23'),(151,2,1,'guest_session_n9q8ncm4dsbn9jgf28o9tc1mo7','2025-06-02 15:25:37'),(152,1,1,'guest_session_rsf56lt6aqvamffstq2qdo3qvo','2025-06-02 15:27:04'),(153,2,1,'guest_session_qsaiglt3r20kfvainsgapsjseo','2025-06-03 19:42:33'),(154,1,1,'guest_session_mom154o9vq2ioeb8h841budu0u','2025-06-04 04:51:50'),(155,1,1,'guest_session_ju9f77ajvqkifl02ac6dusqb7s','2025-06-04 04:51:55'),(156,2,1,'guest_session_dhagvs2727e1pvnsn566auv52u','2025-06-04 04:52:35'),(157,2,1,'guest_session_n1u5h39rk8alhc42a49g9bg0kv','2025-06-04 16:44:58'),(158,1,1,'guest_session_i0db968dhlsdr930cfeht0gghv','2025-06-06 22:49:32'),(159,1,1,'guest_session_s55ps4702vvm6nl5m4siilaf0b','2025-06-07 00:40:04'),(160,2,1,'guest_session_gedd9sqiufquca9kagnrdr1hef','2025-06-07 05:37:45'),(161,1,1,'guest_session_467rtaeht44etjfnat37skg8ch','2025-06-07 05:50:18'),(162,1,1,'guest_session_rgn8c5g4s4b7d9kpjj7cfr0769','2025-06-08 12:18:46'),(163,1,1,'guest_session_qr2j0gr2595v4qj10nl83s3lla','2025-06-08 22:56:32'),(164,2,1,'guest_session_v1ffol26t31avms3t343kb81m3','2025-06-08 22:57:54'),(165,2,1,'guest_session_oii08s1v7pnfas5v33pjjo0oj7','2025-06-09 20:12:23'),(166,2,1,'guest_session_rpp8ji2orlpjfl3h7ss8nolehg','2025-06-11 16:41:13'),(167,1,1,'guest_session_nn6a7hh9v43qvpvon4ndsdn1q1','2025-06-13 22:44:13'),(168,1,1,'guest_session_lj79ij43d4s52dh7vvhhc4ep26','2025-06-14 00:41:26'),(169,2,1,'guest_session_t7gm5lasoisvflvg4l6hpqcvuf','2025-06-16 19:50:28'),(170,2,1,'guest_session_q8cir5ucfgtoina5f8ak6cqaei','2025-06-17 00:16:05'),(171,1,1,'guest_session_f346rki0p6ol6v6ikhcpfjb9l5','2025-06-17 00:41:10'),(172,2,1,'guest_session_3j4fgek7u94clpggjkqgtj14ln','2025-06-18 16:54:34'),(173,1,1,'guest_session_bgjbcdsor95u9m8rogrp9t614s','2025-06-21 02:54:07'),(174,1,1,'guest_session_df5htk1l3igeesbc1rfrjr0hpv','2025-06-21 03:52:53'),(175,1,1,'guest_session_5k93bmo59548r223c63fe33k53','2025-06-22 14:57:48'),(176,2,1,'guest_session_grfl0n1ps05ilu3depe98j9h07','2025-06-22 15:15:50'),(177,2,1,'guest_session_ha0p2vjhpn3b38flgiiuvebbqd','2025-06-24 16:10:15'),(178,2,1,'guest_session_ok80q0nvmh2kln5k95ajg3dl2k','2025-06-25 16:33:37'),(179,1,1,'guest_session_nn958hhcevrd49r8np0ve324iu','2025-06-26 09:15:20'),(180,1,1,'guest_session_527vdke6oofi7mbdrl3ij2h62n','2025-06-26 22:49:40'),(181,1,1,'guest_session_nm1i5ku2pmf3indh29umb36249','2025-06-28 00:49:48'),(182,2,1,'guest_session_0cfdq1031ul69smb6hvtqcp7ok','2025-06-29 04:23:10'),(183,1,1,'guest_session_msm1gcbknr6of82skcjqt2gde2','2025-06-29 04:26:04'),(184,2,1,'guest_session_1urqpse96sdcf2kho1jp40r9fk','2025-07-01 00:14:23'),(185,2,1,'guest_session_dqqq0cu0na6trb35aj1nbuf90v','2025-07-01 02:48:31'),(186,1,1,'guest_session_74cvsv47b44ohqgguqgg65hobr','2025-07-01 03:08:06'),(187,1,1,'guest_session_s7am0eh0tojgkmlk9t09ct54u9','2025-07-01 03:26:06'),(188,2,1,'guest_session_7c0eqlgmhko8cj3ish8ajd0qe7','2025-07-01 05:10:52'),(189,1,1,'guest_session_e7ot5771njso0o0jecgmsj5s76','2025-07-01 09:54:18'),(190,2,1,'guest_session_roji6ni0j0v009mhvi8kphtto2','2025-07-01 19:39:58'),(191,2,1,'guest_session_vcvpb5htuqs9cj54huaka7557c','2025-07-02 02:14:18'),(192,1,1,'guest_session_vcvpb5htuqs9cj54huaka7557c','2025-07-02 02:14:25'),(193,2,1,'guest_session_nkvd0244t25ifaac4lfegaef4c','2025-07-02 16:36:43'),(194,2,1,'guest_session_d1ac3ajtm8oi9u7cafls90hh7q','2025-07-04 11:24:12'),(195,1,1,'guest_session_rs178515qel0pg6ihidbfcivmr','2025-07-04 11:24:34'),(196,1,1,'guest_session_qc50celklau4kf94aj69u5htn6','2025-07-05 00:36:46'),(197,2,1,'guest_session_sr5jeupb80ol6kvpstljl7s3cg','2025-07-05 15:39:49'),(198,1,1,'guest_session_5h5tusok9ncmod4103th23etva','2025-07-05 15:59:34'),(199,1,1,'guest_session_343f23ttcqvso9a7ig4sh71iq7','2025-07-05 22:39:06'),(200,1,1,'guest_session_0am6umner4cfrqgdmctad9p0n1','2025-07-06 05:29:03'),(201,2,1,'guest_session_vo7qs8acb3ltk0ajjsp4g6uo37','2025-07-06 05:39:44'),(202,2,1,'guest_session_pr7b9ghvm2uh0qlokkndh3ikpq','2025-07-06 09:08:35'),(203,1,1,'guest_session_e1pk4rcn6mv3s1i4981cved9i4','2025-07-06 09:11:25'),(204,2,1,'guest_session_q03fu3g0oaaihs9hs58p670flk','2025-07-09 16:56:04'),(205,1,1,'guest_session_52b6pilgtrvoscas41bqopj7tf','2025-07-10 07:32:03'),(206,2,1,'guest_session_09sqnlbhsmd7cd4vo7f0908rl3','2025-07-10 07:32:03'),(207,1,1,'guest_session_vh2h2h1i8n9n1nelvv9ivlb26n','2025-07-10 07:35:25'),(208,2,1,'guest_session_vh2h2h1i8n9n1nelvv9ivlb26n','2025-07-10 07:35:29'),(209,1,1,'guest_session_09sqnlbhsmd7cd4vo7f0908rl3','2025-07-10 07:42:07'),(210,2,1,'guest_session_52b6pilgtrvoscas41bqopj7tf','2025-07-10 07:42:09'),(211,2,1,'guest_session_b94f0sqd1ridsui0fq76laptsf','2025-07-10 09:32:57'),(212,1,1,'guest_session_60j6d2t37v1i5g3f1p88uqaol1','2025-07-10 09:41:50'),(213,1,1,'guest_session_q8sh4qid7foqboh3ef4knmca7h','2025-07-11 01:06:57'),(214,2,1,'guest_session_af7e0q6o0in2p6dih27octn6rv','2025-07-11 14:25:18'),(215,1,1,'guest_session_h4toieca4pmv668u39a3tti5t7','2025-07-11 15:39:33'),(216,2,1,'guest_session_h4toieca4pmv668u39a3tti5t7','2025-07-11 15:39:38'),(217,2,1,'guest_session_9gh544arfimbkvq04o28q8q4b9','2025-07-11 17:56:01'),(218,2,1,'guest_session_ci2elfif0k6lg265ah68g4k35u','2025-07-13 17:11:27'),(219,1,1,'guest_session_venbmjqmout8rb0kvvde6u7b0p','2025-07-13 21:40:35'),(220,1,1,'guest_session_igeeha155q0ml3g34ugv3dbilk','2025-07-14 08:47:56'),(221,2,1,'guest_session_a2aib7t8f1e1adsoml3p1fv9q6','2025-07-14 09:57:03'),(222,2,1,'guest_session_108in7s3osvut6rgk9mkd19hlc','2025-07-16 16:56:28'),(223,1,1,'guest_session_i6sab2die7d6911dancvlfnl4b','2025-07-17 01:55:06'),(224,2,1,'guest_session_g1fc541o5q5uqr1lhg330p7jic','2025-07-17 20:01:29'),(225,2,1,'guest_session_7vhrd98t8lvnqjprn0b43ae88n','2025-07-18 18:36:46'),(226,1,1,'guest_session_fln4l5tejm3pq87cudbnuaejt6','2025-07-18 19:45:23'),(227,1,1,'guest_session_g1h7cmqv0ci91tvs00ka5i7f3p','2025-07-21 00:25:08'),(228,1,1,'guest_session_l2cs4evn1rqkr8vn6ii21cchic','2025-07-22 03:29:27'),(229,2,1,'guest_session_pcn2meros789l01grjqlpcjg07','2025-07-22 03:47:45'),(230,2,1,'guest_session_0f5oa4b2klag699chgtnod487r','2025-07-24 03:59:39'),(231,1,1,'guest_session_2030bte51hnan12rs9q48v1vnj','2025-07-24 11:10:51'),(232,2,1,'guest_session_bqqnbqt85njlr50fuc5ucv2bmr','2025-07-25 07:35:03'),(233,2,1,'guest_session_3hm4fdhdoeoqhgpp2gtamnrlgs','2025-07-25 10:19:48'),(234,2,1,'guest_session_vrqaigqk4r7nm4n7c9fahpaqem','2025-07-25 17:18:51'),(235,1,1,'guest_session_rt4lkj7jiscu1cbgnm63t3o637','2025-07-25 17:41:44'),(236,1,1,'guest_session_8krm53t7pjkmb51719bhh1d9b2','2025-07-26 07:32:12'),(237,2,1,'guest_session_t544msmpe6osm5qsahggm74u2u','2025-07-26 07:50:33'),(238,1,1,'guest_session_vtj1o1u54ri5rsfij202sfr88r','2025-07-27 13:21:01'),(239,2,1,'guest_session_egql0pp4sflpcqr35ad8u80959','2025-07-27 17:51:59'),(240,1,1,'guest_session_0oiq19g2i7p1r9asvhgpsb54e1','2025-07-27 23:05:51'),(241,1,1,'guest_session_24a7m8qoekfc2j32qpc21dk2l2','2025-07-30 14:45:56'),(242,2,1,'guest_session_chn3vji8uq068s2cddvnq7d4hp','2025-07-30 14:54:36'),(243,2,1,'guest_session_b8cpvfrar9sjb4l2693adt8994','2025-07-30 19:02:41'),(244,1,1,'guest_session_rbbgn8to14jtep7eocftf0rgbt','2025-07-31 00:52:09'),(245,1,1,'guest_session_c1hh9ranlnv1tfkedgq0gb0imn','2025-07-31 09:43:29'),(246,2,1,'guest_session_k9b1ge0dfveh4h3a7j84kfkb11','2025-07-31 19:52:18'),(247,2,1,'guest_session_jeqd1504gigq6ig0hqu2ch8nde','2025-08-01 16:59:12'),(248,1,1,'guest_session_tshlpfutb34jacrft2d8o487br','2025-08-01 16:59:20'),(249,1,1,'guest_session_u3kobh37409gttk28gsm2kku3p','2025-08-02 23:38:53'),(250,1,1,'guest_session_qra7ilk0sot4o2nqfqf13aidqb','2025-08-04 11:40:53'),(251,2,1,'guest_session_h0sk8mmgrj149fe42v04jtjf8g','2025-08-04 11:41:55'),(252,2,1,'guest_session_dd3hd4a82d733ot93d24b4jql2','2025-08-04 21:52:36'),(253,1,1,'guest_session_u60ie4sq1k7lrp95404pfamm5i','2025-08-04 21:53:51'),(254,2,1,'guest_session_fq6osut70daakpvmg5rajeu8v9','2025-08-05 03:42:02'),(255,1,1,'guest_session_jnoh41mtvoq9n6f8es9hfi116m','2025-08-05 03:42:12'),(256,2,1,'guest_session_fvts862jlbr7lcfosl3fruirjt','2025-08-06 16:47:59'),(257,1,1,'guest_session_6q3n38ir0j7u2dl8hkc1nf823u','2025-08-07 01:03:26'),(258,2,1,'guest_session_1hnf8sbjd6ele4juv16bk61bbc','2025-08-07 19:53:51'),(259,2,1,'guest_session_ksbv3la17jhminj9pt1mniqqdf','2025-08-08 17:31:42'),(260,2,1,'guest_session_fehikmfvhtcsb3urvumstvanl9','2025-08-09 18:23:30'),(261,1,1,'guest_session_h9glfh5vq67rb5pnnkqedie1rr','2025-08-09 22:47:42'),(262,1,1,'guest_session_cmeq921o4ol0oo3jkuk3tgkiu4','2025-08-10 18:30:38'),(263,2,1,'guest_session_ck158pfocnnc8u64k594soqnni','2025-08-11 05:59:36'),(264,1,1,'guest_session_p0g27lvt9q5iifdgqv05quuh67','2025-08-11 06:52:59'),(265,2,1,'guest_session_mqbhh8f7m8cd732n49r91h4c18','2025-08-13 16:36:03'),(266,1,1,'guest_session_9216n9fftka3k0citkre14bmca','2025-08-14 00:46:00'),(267,2,1,'guest_session_enshe2cjqdach7mrrg0ufpr1lc','2025-08-14 11:02:51'),(268,1,1,'guest_session_m58s0rjtas1ulat0lkbbr0qs0v','2025-08-14 11:03:02'),(269,2,1,'guest_session_3ird5ja9qsmpfa7rgurphctddt','2025-08-14 11:32:49'),(270,1,1,'guest_session_66s8ksb1mb0h0g9d2jj1s0l33g','2025-08-14 11:32:58'),(271,2,1,'guest_session_3f2tdi3fvl2hejjd5a16iin5ti','2025-08-14 12:25:10'),(272,1,1,'guest_session_jjup9ghstjrqup8n0e4oopv6hp','2025-08-14 12:25:19'),(273,2,1,'guest_session_9203up56to1smq20c7hl5ebg31','2025-08-14 14:21:07'),(274,1,1,'guest_session_6qlaqboodd63j560jjrokbm9c6','2025-08-14 14:21:14'),(275,2,1,'guest_session_ls30nsjc6b1tauqn32n621nfi1','2025-08-14 15:31:16'),(276,1,1,'guest_session_7iv61lmr360mvg13k8qqklj4rm','2025-08-14 15:31:24'),(277,1,1,'guest_session_gq6m18ieocjvb97o8ilr3u305q','2025-08-14 15:32:19'),(278,2,1,'guest_session_48c7rip6je1ded57upm9kqul26','2025-08-14 15:38:02'),(279,1,1,'guest_session_92e3a9g719t2i2a2o2f4l6vmpd','2025-08-14 18:16:18'),(280,2,1,'guest_session_u2s4t2iveel7l7s5m1ujgku8vl','2025-08-14 18:16:36'),(281,2,1,'guest_session_obmgdbag6br8gts4hp0d9gi0cl','2025-08-14 20:41:39'),(282,1,1,'guest_session_ggv86lmcln4n93cn5q6u5behv3','2025-08-14 20:41:48'),(283,2,1,'guest_session_r7b3m0chl4hs2tbscfstn16hl9','2025-08-14 22:21:42'),(284,1,1,'guest_session_68548fpm2hfavllaskm1akaqso','2025-08-14 22:21:48'),(285,2,1,'guest_session_tu6ldj7hs22mr3bd4j2r1kofv1','2025-08-15 08:55:39'),(286,1,1,'guest_session_6r2s3r8t8v8a0qceu35lm2pih6','2025-08-15 08:55:50'),(287,2,1,'guest_session_8l5osmnoj07ga7vk3rgjhlq5re','2025-08-15 11:21:00'),(288,1,1,'guest_session_p62gg71jo2cmq3nd3t95froqc0','2025-08-15 11:21:08'),(289,2,1,'guest_session_ehedg3rvl2r55028vvd7l9rfuj','2025-08-15 15:35:04'),(290,1,1,'guest_session_92lf77364b5bbe8uhlaa7qqt8h','2025-08-15 15:35:15'),(291,1,1,'guest_session_1bldsn3odtov89fr6cgvasc1qq','2025-08-16 22:47:06'),(292,1,1,'guest_session_b6iek99scp23lf9l5oudr8qhu6','2025-08-18 10:03:02'),(293,2,1,'guest_session_8ssj0uc9obr1gq5i4sorvn1ah2','2025-08-18 13:18:06'),(294,1,1,'guest_session_7jfatvu0ge23l3ub7ss7d93h6j','2025-08-18 14:19:45'),(295,2,1,'guest_session_mc6d2pv7j0dvua5k8u6r7lbbbr','2025-08-19 12:40:25'),(296,1,1,'guest_session_4sou55adeumc9rgumufe59ektr','2025-08-19 12:50:20'),(297,2,1,'guest_session_1nm2vtuprcc5mpq6m47eu9282a','2025-08-19 16:44:45'),(298,2,2,'guest_session_cafdud6vsug8f03bdct2lb3it1','2025-08-19 17:28:01'),(299,1,2,'guest_session_cafdud6vsug8f03bdct2lb3it1','2025-08-19 17:28:48'),(300,2,1,'guest_session_ppgcdnuntln6ktfpao013afarp','2025-08-20 11:20:37'),(301,1,1,'guest_session_ppgcdnuntln6ktfpao013afarp','2025-08-20 11:25:43'),(302,2,1,'guest_session_9e803r9s8192bm09dgqp1m6rlo','2025-08-20 16:48:54');

--
-- Table structure for table `Letscmscategories`
--

CREATE TABLE `Letscmscategories` (
  `id` int unsigned NOT NULL AUTO_INCREMENT COMMENT 'Entity ID',
  `category_name` varchar(255) DEFAULT NULL COMMENT 'Category Name ',
  `url_key` varchar(255) DEFAULT NULL COMMENT 'Url Key',
  `meta_keywords` varchar(255) DEFAULT NULL COMMENT 'Meta Keywords',
  `meta_description` varchar(255) DEFAULT NULL COMMENT 'Meta Keywords',
  `storeview` varchar(255) DEFAULT NULL COMMENT 'Store View',
  `sortorder` int unsigned DEFAULT '0' COMMENT 'Sort Order',
  `status` smallint unsigned DEFAULT '1' COMMENT 'Is Enabled',
  `created_at` varchar(255) DEFAULT NULL COMMENT 'created_at',
  `updated_at` varchar(255) DEFAULT NULL COMMENT 'updated_at',
  PRIMARY KEY (`id`)
) ENGINE=InnoDB AUTO_INCREMENT=7 DEFAULT CHARSET=utf8mb3 COMMENT='Letscms Blog categories group';

--
-- Dumping data for table `Letscmscategories`
--

INSERT INTO `Letscmscategories` VALUES (1,'Technology','technology','technology, latest tech news, AI, cybersecurity, software development, gadgets, IT innovations, cloud computing, machine learning, future tech','Stay updated with the latest technology trends, innovations, gadgets, AI advancements, cybersecurity updates, and software development insights.','1',0,1,'2025-02-09 04:38:04','2025-02-09 04:43:21'),(2,'Health & Wellness','health-wellness','health, wellness, fitness tips, nutrition, mental health, yoga, weight loss, healthy living, exercise routines, self-care','Discover expert tips on fitness, nutrition, mental health, yoga, weight loss, and overall well-being to lead a healthier lifestyle.','1',0,1,'2025-02-09 04:38:41','2025-02-09 04:43:49'),(3,'Travel','travel','travel diaries, best destinations, adventure travel, budget travel, travel tips, world exploration, road trips, travel photography',' Explore breathtaking destinations, travel tips, budget-friendly itineraries, adventure stories, and hidden gems from around the world.','1',0,1,'2025-02-09 04:39:26','2025-02-09 04:42:36'),(4,'Food & Recipes','food-recipes','food, recipes, cooking, healthy meals, quick recipes, desserts, home cooking, food blog, best recipes, culinary tips','Enjoy mouth-watering recipes, cooking tips, food reviews, and healthy meal ideas for every cuisine and occasion.','1',0,1,'2025-02-09 04:40:03','2025-02-09 04:42:40'),(5,'Business & Finance','business-finance','business, finance, investment, stock market, entrepreneurship, money management, financial planning, startups, economic trends','Get insights on entrepreneurship, investment strategies, stock market trends, personal finance, and business growth tips.','1',0,1,'2025-02-09 04:40:48','2025-02-09 04:41:33'),(6,'Magento Blog','magento','Magento blog, Magento tutorials, Magento 2 extensions, Magento eCommerce, Magento on WordPress, Letscms Pvt Ltd, Magento tips, Magento development blog','Stay updated with the latest Magento eCommerce insights, development tutorials, and module updates. Explore expert tips from Letscms Pvt Ltd to grow your online store.','1',0,1,'2025-04-05 11:30:33','2025-04-05 11:54:13');

--
-- Table structure for table `Letscmsfaq`
--

CREATE TABLE `Letscmsfaq` (
  `faqid` int unsigned NOT NULL AUTO_INCREMENT COMMENT 'Entity ID',
  `title` varchar(255) DEFAULT NULL COMMENT 'Title',
  `content` text COMMENT 'Content',
  `group` varchar(255) DEFAULT NULL COMMENT 'Group',
  `storeview` varchar(255) DEFAULT NULL COMMENT 'Store View',
  `customergroup` varchar(255) DEFAULT NULL COMMENT 'Customer Group',
  `sortorder` int unsigned DEFAULT '0' COMMENT 'Sort Order',
  `status` smallint unsigned DEFAULT '1' COMMENT 'Is Enabled',
  PRIMARY KEY (`faqid`)
) ENGINE=InnoDB AUTO_INCREMENT=15 DEFAULT CHARSET=utf8mb3 COMMENT='Letscms FAQ Table';

--
-- Dumping data for table `Letscmsfaq`
--

INSERT INTO `Letscmsfaq` VALUES (3,'Do you provide support after the project is completed','<style>#html-body [data-pb-style=YOY42P8]{justify-content:flex-start;display:flex;flex-direction:column;background-position:left top;background-size:cover;background-repeat:no-repeat;background-attachment:scroll}</style><div data-content-type=\"row\" data-appearance=\"contained\" data-element=\"main\"><div data-enable-parallax=\"0\" data-parallax-speed=\"0.5\" data-background-images=\"{}\" data-background-type=\"image\" data-video-loop=\"true\" data-video-play-only-visible=\"true\" data-video-lazy-load=\"true\" data-video-fallback-src=\"\" data-element=\"inner\" data-pb-style=\"YOY42P8\"><div data-content-type=\"text\" data-appearance=\"default\" data-element=\"main\"><p><em>Yes, we offer ongoing support and maintenance services to ensure your application runs smoothly. This includes technical support via email and chat, as well as regular updates and enhancements as needed.</em></p></div></div></div>','1','0,1,2,3,4',NULL,30,1),(4,'What technologies do you use for development?','<style>#html-body [data-pb-style=V5KJ6VA]{justify-content:flex-start;display:flex;flex-direction:column;background-position:left top;background-size:cover;background-repeat:no-repeat;background-attachment:scroll}</style><div data-content-type=\"row\" data-appearance=\"contained\" data-element=\"main\"><div data-enable-parallax=\"0\" data-parallax-speed=\"0.5\" data-background-images=\"{}\" data-background-type=\"image\" data-video-loop=\"true\" data-video-play-only-visible=\"true\" data-video-lazy-load=\"true\" data-video-fallback-src=\"\" data-element=\"inner\" data-pb-style=\"V5KJ6VA\"><div data-content-type=\"text\" data-appearance=\"default\" data-element=\"main\"><p><em>We utilize a variety of modern technologies for mobile and web application development, including: Frontend Technologies: Vue.js, Angular, React.js, and React Native for creating dynamic and responsive user interfaces. Backend Technologies: Laravel, Node.js, and Python for robust server-side development. CMS Platforms: Drupal, Magento, and OpenCart for content management and eCommerce solutions. Mobile Development: Flutter and React Native for cross-platform mobile application development.</em></p></div></div></div>','1','0,1,2,3,4',NULL,40,1),(6,'What is the Letscms Unilevel Plan module, and how does it benefit my business?','<style>#html-body [data-pb-style=NICQKEE]{justify-content:flex-start;display:flex;flex-direction:column;background-position:left top;background-size:cover;background-repeat:no-repeat;background-attachment:scroll}</style><div data-content-type=\"row\" data-appearance=\"contained\" data-element=\"main\"><div data-enable-parallax=\"0\" data-parallax-speed=\"0.5\" data-background-images=\"{}\" data-background-type=\"image\" data-video-loop=\"true\" data-video-play-only-visible=\"true\" data-video-lazy-load=\"true\" data-video-fallback-src=\"\" data-element=\"inner\" data-pb-style=\"NICQKEE\"><div data-content-type=\"text\" data-appearance=\"default\" data-element=\"main\"><p><em>The Letscms Unilevel Plan module is an MLM solution for Magento 2, enabling you to manage unilevel commission structures, track referrals, and automate payouts. It helps businesses scale their MLM operations efficiently while ensuring transparency.</em></p></div></div></div>','2','0,1,2,3,4',NULL,0,1),(7,'Can I customize commission settings for each level?','<style>#html-body [data-pb-style=TYTVNCC]{justify-content:flex-start;display:flex;flex-direction:column;background-position:left top;background-size:cover;background-repeat:no-repeat;background-attachment:scroll}</style><div data-content-type=\"row\" data-appearance=\"contained\" data-element=\"main\"><div data-enable-parallax=\"0\" data-parallax-speed=\"0.5\" data-background-images=\"{}\" data-background-type=\"image\" data-video-loop=\"true\" data-video-play-only-visible=\"true\" data-video-lazy-load=\"true\" data-video-fallback-src=\"\" data-element=\"inner\" data-pb-style=\"TYTVNCC\"><div data-content-type=\"text\" data-appearance=\"default\" data-element=\"main\"><p><em>Yes, you can configure different commission rates for each level, either as a fixed amount or a percentage of the total order value.</em></p></div></div></div>','2','0,1,2,3,4',NULL,0,1),(8,'How does the module handle withdrawal requests?','<style>#html-body [data-pb-style=IKYXBLR]{justify-content:flex-start;display:flex;flex-direction:column;background-position:left top;background-size:cover;background-repeat:no-repeat;background-attachment:scroll}</style><div data-content-type=\"row\" data-appearance=\"contained\" data-element=\"main\"><div data-enable-parallax=\"0\" data-parallax-speed=\"0.5\" data-background-images=\"{}\" data-background-type=\"image\" data-video-loop=\"true\" data-video-play-only-visible=\"true\" data-video-lazy-load=\"true\" data-video-fallback-src=\"\" data-element=\"inner\" data-pb-style=\"IKYXBLR\"><div data-content-type=\"text\" data-appearance=\"default\" data-element=\"main\"><p><em>The module allows users to request withdrawals through their dashboard. Admins can view and update withdrawal statuses, deduct service charges or TDS, and ensure payouts are processed accurately.</em></p></div></div></div>','2','0,1,2,3,4',NULL,0,1),(9,'Can I track the performance of my MLM network?','<style>#html-body [data-pb-style=YUH7MGR]{justify-content:flex-start;display:flex;flex-direction:column;background-position:left top;background-size:cover;background-repeat:no-repeat;background-attachment:scroll}</style><div data-content-type=\"row\" data-appearance=\"contained\" data-element=\"main\"><div data-enable-parallax=\"0\" data-parallax-speed=\"0.5\" data-background-images=\"{}\" data-background-type=\"image\" data-video-loop=\"true\" data-video-play-only-visible=\"true\" data-video-lazy-load=\"true\" data-video-fallback-src=\"\" data-element=\"inner\" data-pb-style=\"YUH7MGR\"><div data-content-type=\"text\" data-appearance=\"default\" data-element=\"main\"><p><em>Absolutely! The module includes a genealogy tree view, detailed customer reports, and payout summaries, providing insights into your network\'s performance and growth.</em></p></div></div></div>','2','0,1,2,3,4',NULL,0,1),(10,'What does the Letscms PinCodeBasedProductPrice module do?','<style>#html-body [data-pb-style=ID6TCJS]{justify-content:flex-start;display:flex;flex-direction:column;background-position:left top;background-size:cover;background-repeat:no-repeat;background-attachment:scroll}</style><div data-content-type=\"row\" data-appearance=\"contained\" data-element=\"main\"><div data-enable-parallax=\"0\" data-parallax-speed=\"0.5\" data-background-images=\"{}\" data-background-type=\"image\" data-video-loop=\"true\" data-video-play-only-visible=\"true\" data-video-lazy-load=\"true\" data-video-fallback-src=\"\" data-element=\"inner\" data-pb-style=\"ID6TCJS\"><div data-content-type=\"text\" data-appearance=\"default\" data-element=\"main\"><p><em>The module enables dynamic product pricing based on customer pincodes, offering region-specific pricing and enhancing user experience.</em></p></div></div></div>','3','0,1,2,3,4',NULL,0,1),(11,'Can I customize the pincode entry pop-up to match my store’s branding?','<style>#html-body [data-pb-style=GA1JE0A]{justify-content:flex-start;display:flex;flex-direction:column;background-position:left top;background-size:cover;background-repeat:no-repeat;background-attachment:scroll}</style><div data-content-type=\"row\" data-appearance=\"contained\" data-element=\"main\"><div data-enable-parallax=\"0\" data-parallax-speed=\"0.5\" data-background-images=\"{}\" data-background-type=\"image\" data-video-loop=\"true\" data-video-play-only-visible=\"true\" data-video-lazy-load=\"true\" data-video-fallback-src=\"\" data-element=\"inner\" data-pb-style=\"GA1JE0A\"><div data-content-type=\"text\" data-appearance=\"default\" data-element=\"main\"><p><em>Yes, you can configure background colors, button styles, text colors, and opacity from the Magento Admin Panel under <code>Stores &gt; Configuration &gt; PinCodeBasedProductPrice</code></em></p></div></div></div>','3','0,1,2,3,4',NULL,0,1),(12,'How do I upload pincode-specific pricing for multiple products?','<style>#html-body [data-pb-style=HTAKIF2]{justify-content:flex-start;display:flex;flex-direction:column;background-position:left top;background-size:cover;background-repeat:no-repeat;background-attachment:scroll}</style><div data-content-type=\"row\" data-appearance=\"contained\" data-element=\"main\"><div data-enable-parallax=\"0\" data-parallax-speed=\"0.5\" data-background-images=\"{}\" data-background-type=\"image\" data-video-loop=\"true\" data-video-play-only-visible=\"true\" data-video-lazy-load=\"true\" data-video-fallback-src=\"\" data-element=\"inner\" data-pb-style=\"HTAKIF2\"><div data-content-type=\"text\" data-appearance=\"default\" data-element=\"main\"><p><em>Use the CSV import feature. Prepare a CSV file with columns for <code>Product ID</code>, <code>Pincode</code>, and <code>Price</code>, and upload it via <code>System &gt; Import</code></em></p></div></div></div>','3','0,1,2,3,4',NULL,0,1),(13,'What happens if a customer enters an invalid pincode?','<style>#html-body [data-pb-style=ULDI5OG]{justify-content:flex-start;display:flex;flex-direction:column;background-position:left top;background-size:cover;background-repeat:no-repeat;background-attachment:scroll}</style><div data-content-type=\"row\" data-appearance=\"contained\" data-element=\"main\"><div data-enable-parallax=\"0\" data-parallax-speed=\"0.5\" data-background-images=\"{}\" data-background-type=\"image\" data-video-loop=\"true\" data-video-play-only-visible=\"true\" data-video-lazy-load=\"true\" data-video-fallback-src=\"\" data-element=\"inner\" data-pb-style=\"ULDI5OG\"><div data-content-type=\"text\" data-appearance=\"default\" data-element=\"main\"><p><em>The module validates the pincode format and can cross-reference against a database of valid pincodes. If the pincode is invalid, a notification prompts the user to re-enter a valid one.</em></p></div></div></div>','3','0,1,2,3,4',NULL,0,1);

--
-- Table structure for table `Letscmsfaqgroup`
--

CREATE TABLE `Letscmsfaqgroup` (
  `faqgroupid` int unsigned NOT NULL AUTO_INCREMENT COMMENT 'Entity ID',
  `groupname` varchar(255) DEFAULT NULL COMMENT 'Group Name',
  `icon` varchar(255) DEFAULT NULL COMMENT 'Group Icon',
  `storeview` varchar(255) DEFAULT NULL COMMENT 'Store View',
  `customergroup` varchar(255) DEFAULT NULL COMMENT 'Customer Group',
  `sortorder` int unsigned DEFAULT '0' COMMENT 'Sort Order',
  `status` smallint unsigned DEFAULT '1' COMMENT 'Is Enabled',
  PRIMARY KEY (`faqgroupid`)
) ENGINE=InnoDB AUTO_INCREMENT=4 DEFAULT CHARSET=utf8mb3 COMMENT='Letscms FAQ group';

--
-- Dumping data for table `Letscmsfaqgroup`
--

INSERT INTO `Letscmsfaqgroup` VALUES (1,'Letscms Pvt Ltd',NULL,'0,1,2,3,4',NULL,10,1),(2,'Letscms Unilevel Plan Module',NULL,'0,1,2,3,4',NULL,0,1),(3,' Letscms PinCodeBasedProductPrice',NULL,'0,1,2,3,4',NULL,0,1);

--
-- Table structure for table `Letscmspost`
--

CREATE TABLE `Letscmspost` (
  `id` int unsigned NOT NULL AUTO_INCREMENT COMMENT 'Entity ID',
  `post_name` varchar(255) DEFAULT NULL COMMENT 'Post Name ',
  `url_key` varchar(255) DEFAULT NULL COMMENT 'Url Key',
  `author_name` varchar(255) DEFAULT NULL COMMENT 'Author Name',
  `post_description` varchar(255) DEFAULT NULL COMMENT 'Post Description',
  `image_field` varchar(255) DEFAULT NULL COMMENT 'image field',
  `content` longtext COMMENT 'Content ',
  `category` varchar(255) DEFAULT NULL COMMENT 'Category',
  `meta_keywords` varchar(255) DEFAULT NULL COMMENT 'Meta Keywords',
  `meta_description` varchar(255) DEFAULT NULL COMMENT 'meta description',
  `storeview` varchar(255) DEFAULT NULL COMMENT 'Store View',
  `sortorder` int unsigned DEFAULT '0' COMMENT 'Sort Order',
  `status` smallint unsigned DEFAULT '1' COMMENT 'Is Enabled',
  `created_at` varchar(255) DEFAULT NULL COMMENT 'created_at',
  `updated_at` varchar(255) DEFAULT NULL COMMENT 'updated_at',
  PRIMARY KEY (`id`)
) ENGINE=InnoDB AUTO_INCREMENT=3 DEFAULT CHARSET=utf8mb3 COMMENT='Letscms Blog categories group';

--
-- Dumping data for table `Letscmspost`
--

INSERT INTO `Letscmspost` VALUES (1,'Magento Platform: The Ultimate eCommerce Solution for Scalable Online Stores','magento-ecommerce-platform-overview','admin','Explore the powerful Magento platform, its architecture, performance optimizations, security features, and future trends in eCommerce.','download_15_.jpeg','<style>#html-body [data-pb-style=IFVPD70]{justify-content:flex-start;display:flex;flex-direction:column;background-position:left top;background-size:cover;background-repeat:no-repeat;background-attachment:scroll}</style><div data-content-type=\"row\" data-appearance=\"contained\" data-element=\"main\"><div data-enable-parallax=\"0\" data-parallax-speed=\"0.5\" data-background-images=\"{}\" data-background-type=\"image\" data-video-loop=\"true\" data-video-play-only-visible=\"true\" data-video-lazy-load=\"true\" data-video-fallback-src=\"\" data-element=\"inner\" data-pb-style=\"IFVPD70\"><div data-content-type=\"text\" data-appearance=\"default\" data-element=\"main\"><h1 data-start=\"386\" data-end=\"446\">Magento Platform: The Technology Powering Modern eCommerce</h1>\r\n<p data-start=\"448\" data-end=\"999\">Magento has long been one of the most robust and flexible eCommerce platforms available. Originally released in 2008 and later acquired by Adobe, Magento’s open‐source nature, modular architecture, and extensive customization capabilities have made it the platform of choice for businesses of all sizes—from small online stores to global enterprise brands. In this comprehensive article, we’ll explore the many facets of Magento, including its underlying technology, architecture, performance optimization techniques, security features, and much more.</p>\r\n<hr data-start=\"1001\" data-end=\"1004\">\r\n<h2 data-start=\"1006\" data-end=\"1024\">1. Introduction</h2>\r\n<p data-start=\"1026\" data-end=\"1421\">In today’s competitive digital landscape, a powerful eCommerce platform is essential for success. Magento stands out for its versatility and scalability, allowing merchants to create unique, feature‐rich online stores that cater to complex business requirements. In this section, we introduce Magento’s history, its core philosophy, and why it remains a leading choice in the world of eCommerce.</p>\r\n<h3 data-start=\"1423\" data-end=\"1452\">1.1 History and Evolution</h3>\r\n<p data-start=\"1454\" data-end=\"1648\">Magento was initially released in 2008 by Varien Inc. and quickly gained traction due to its flexibility and developer‐friendly framework. Over the years, Magento evolved through major versions:</p>\r\n<ul data-start=\"1649\" data-end=\"2055\">\r\n<li data-start=\"1649\" data-end=\"1774\"><strong data-start=\"1651\" data-end=\"1665\">Magento 1:</strong> Known for its extensive customization and open-source community, Magento 1 powered many early online stores.</li>\r\n<li data-start=\"1775\" data-end=\"2055\"><strong data-start=\"1777\" data-end=\"1791\">Magento 2:</strong> Launched in 2015, Magento 2 brought a completely reimagined architecture, better performance, enhanced security, and more robust APIs. The shift to Magento 2 was driven by the need for improved scalability, faster page loads, and a more intuitive admin interface.</li>\r\n</ul>\r\n<p data-start=\"2057\" data-end=\"2249\">Adobe’s acquisition of Magento further integrated it with the Adobe Experience Cloud, enabling seamless marketing, analytics, and content management integration for enterprise-level merchants.</p>\r\n<h3 data-start=\"2251\" data-end=\"2271\">1.2 Why Magento?</h3>\r\n<p data-start=\"2273\" data-end=\"2324\">Several factors contribute to Magento’s popularity:</p>\r\n<ul data-start=\"2325\" data-end=\"3011\">\r\n<li data-start=\"2325\" data-end=\"2495\"><strong data-start=\"2327\" data-end=\"2343\">Flexibility:</strong> Magento’s modular design allows for deep customization. Developers can add, remove, or alter modules to tailor the platform to specific business needs.</li>\r\n<li data-start=\"2496\" data-end=\"2647\"><strong data-start=\"2498\" data-end=\"2514\">Scalability:</strong> From small stores to multinational enterprises, Magento can handle large catalogs, high traffic volumes, and complex business logic.</li>\r\n<li data-start=\"2648\" data-end=\"2841\"><strong data-start=\"2650\" data-end=\"2671\">Rich Feature Set:</strong> Built-in features like layered navigation, catalog management, multi-store support, and advanced promotional tools provide a robust foundation for any eCommerce website.</li>\r\n<li data-start=\"2842\" data-end=\"3011\"><strong data-start=\"2844\" data-end=\"2874\">Community and Marketplace:</strong> A thriving ecosystem of developers, extensions, and themes helps merchants extend Magento’s functionality without reinventing the wheel.</li>\r\n</ul>\r\n<hr data-start=\"3013\" data-end=\"3016\">\r\n<h2 data-start=\"3018\" data-end=\"3046\">2. Architectural Overview</h2>\r\n<p data-start=\"3048\" data-end=\"3323\">At the heart of Magento lies a carefully designed architecture that promotes flexibility, scalability, and ease of customization. In this section, we dive deep into Magento’s architectural principles and how they empower developers to build sophisticated eCommerce solutions.</p>\r\n<h3 data-start=\"3325\" data-end=\"3353\">2.1 Modular Architecture</h3>\r\n<p data-start=\"3355\" data-end=\"3597\">Magento’s architecture is built around the concept of modules. Each module represents a discrete piece of functionality, such as catalog management, checkout, customer management, or reporting. This modular approach provides several benefits:</p>\r\n<ul data-start=\"3598\" data-end=\"3987\">\r\n<li data-start=\"3598\" data-end=\"3707\"><strong data-start=\"3600\" data-end=\"3627\">Separation of Concerns:</strong> Modules are self-contained, meaning changes in one module rarely affect others.</li>\r\n<li data-start=\"3708\" data-end=\"3854\"><strong data-start=\"3710\" data-end=\"3728\">Extensibility:</strong> Developers can override or extend modules using XML configurations, plugins, and preferences without modifying the core code.</li>\r\n<li data-start=\"3855\" data-end=\"3987\"><strong data-start=\"3857\" data-end=\"3875\">Upgradability:</strong> Magento can be updated or patched with minimal disruption since core modules are separated from customizations.</li>\r\n</ul>\r\n<h4 data-start=\"3989\" data-end=\"4017\">2.1.1 Service Contracts</h4>\r\n<p data-start=\"4019\" data-end=\"4336\">Service contracts in Magento are PHP interfaces that define the public APIs for modules. They offer a stable integration layer, ensuring that third-party extensions and custom code can interact with core modules in a predictable way. By programming against interfaces rather than concrete classes, developers achieve:</p>\r\n<ul data-start=\"4337\" data-end=\"4575\">\r\n<li data-start=\"4337\" data-end=\"4397\"><strong data-start=\"4339\" data-end=\"4358\">Loose Coupling:</strong> Reducing dependencies between modules.</li>\r\n<li data-start=\"4398\" data-end=\"4473\"><strong data-start=\"4400\" data-end=\"4425\">Enhanced Testability:</strong> Allowing mock implementations for unit testing.</li>\r\n<li data-start=\"4474\" data-end=\"4575\"><strong data-start=\"4476\" data-end=\"4502\">Forward Compatibility:</strong> Helping ensure customizations continue to work when Magento is upgraded.</li>\r\n</ul>\r\n<h4 data-start=\"4577\" data-end=\"4608\">2.1.2 Dependency Injection</h4>\r\n<p data-start=\"4610\" data-end=\"4948\">Magento 2 employs a robust Dependency Injection (DI) system to manage class dependencies. Instead of instantiating objects directly, dependencies are injected via the constructor. This approach makes the code more modular, testable, and easier to maintain. DI configuration is defined in XML files and can be overridden by custom modules.</p>\r\n<hr data-start=\"4950\" data-end=\"4953\">\r\n<h3 data-start=\"4955\" data-end=\"4987\">2.2 Database and Data Models</h3>\r\n<p data-start=\"4989\" data-end=\"5042\">Magento uses a mix of database models to manage data:</p>\r\n<ul data-start=\"5043\" data-end=\"5684\">\r\n<li data-start=\"5043\" data-end=\"5265\"><strong data-start=\"5045\" data-end=\"5078\">Entity-Attribute-Value (EAV):</strong> This flexible model is used for products and customers, allowing dynamic attributes without altering the database schema. While powerful, EAV can be complex and may require optimization.</li>\r\n<li data-start=\"5266\" data-end=\"5434\"><strong data-start=\"5268\" data-end=\"5284\">Flat Tables:</strong> For performance-critical operations (such as sales and orders), Magento employs flat tables to simplify data retrieval and improve query performance.</li>\r\n<li data-start=\"5435\" data-end=\"5684\"><strong data-start=\"5437\" data-end=\"5457\">Resource Models:</strong> These models abstract database operations, allowing developers to interact with the database without writing raw SQL. Resource models provide methods for loading, saving, and deleting data, ensuring consistency across modules.</li>\r\n</ul>\r\n<hr data-start=\"5686\" data-end=\"5689\">\r\n<h3 data-start=\"5691\" data-end=\"5719\">2.3 Caching and Indexing</h3>\r\n<p data-start=\"5721\" data-end=\"5839\">Performance is a key focus in Magento’s design. Two core mechanisms contribute significantly to speed and scalability:</p>\r\n<ul data-start=\"5840\" data-end=\"6358\">\r\n<li data-start=\"5840\" data-end=\"6093\"><strong data-start=\"5842\" data-end=\"5854\">Caching:</strong> Magento uses several caching mechanisms to reduce database load and improve page load times. Full Page Cache (FPC) is particularly important for high-traffic sites, storing rendered pages and serving them without reprocessing the request.</li>\r\n<li data-start=\"6094\" data-end=\"6358\"><strong data-start=\"6096\" data-end=\"6109\">Indexing:</strong> Magento indexes data (such as product attributes, prices, and URL rewrites) to speed up queries. When data changes, Magento must reindex to ensure the frontend reflects the latest information. Magento provides command-line tools to manage indexing.</li>\r\n</ul>\r\n<h4 data-start=\"6360\" data-end=\"6382\">2.3.1 Cache Types</h4>\r\n<p data-start=\"6383\" data-end=\"6421\">Magento supports multiple cache types:</p>\r\n<ul data-start=\"6422\" data-end=\"6712\">\r\n<li data-start=\"6422\" data-end=\"6495\"><strong data-start=\"6424\" data-end=\"6448\">Configuration Cache:</strong> Stores merged configuration data from modules.</li>\r\n<li data-start=\"6496\" data-end=\"6562\"><strong data-start=\"6498\" data-end=\"6515\">Layout Cache:</strong> Caches layout XML, speeding up page rendering.</li>\r\n<li data-start=\"6563\" data-end=\"6626\"><strong data-start=\"6565\" data-end=\"6593\">Block HTML Output Cache:</strong> Caches rendered HTML for blocks.</li>\r\n<li data-start=\"6627\" data-end=\"6712\"><strong data-start=\"6629\" data-end=\"6655\">Full Page Cache (FPC):</strong> Speeds up page loads by caching the entire page content.</li>\r\n</ul>\r\n<p data-start=\"6714\" data-end=\"6863\">Using tools like Redis for cache storage and Varnish for full page caching can dramatically improve Magento’s performance in production environments.</p>\r\n<hr data-start=\"6865\" data-end=\"6868\">\r\n<h3 data-start=\"6870\" data-end=\"6901\">2.4 Frontend and Templating</h3>\r\n<p data-start=\"6903\" data-end=\"6965\">Magento’s frontend is built on a flexible, theme-based system:</p>\r\n<ul data-start=\"6966\" data-end=\"7546\">\r\n<li data-start=\"6966\" data-end=\"7215\"><strong data-start=\"6968\" data-end=\"6994\">Themes and Layout XML:</strong> Themes control the presentation layer using a combination of XML layout files and PHTML templates. Layout XML files define the structure of pages (which blocks appear where), while PHTML templates handle the HTML markup.</li>\r\n<li data-start=\"7216\" data-end=\"7386\"><strong data-start=\"7218\" data-end=\"7235\">LESS and CSS:</strong> Magento 2 comes with built-in support for LESS pre-processing, allowing developers to write modular CSS that can be compiled into optimized CSS files.</li>\r\n<li data-start=\"7387\" data-end=\"7546\"><strong data-start=\"7389\" data-end=\"7418\">JavaScript and RequireJS:</strong> Magento uses RequireJS for asynchronous JavaScript loading, ensuring a responsive frontend by loading scripts only when needed.</li>\r\n</ul>\r\n<hr data-start=\"7548\" data-end=\"7551\">\r\n<h2 data-start=\"7553\" data-end=\"7585\">3. Customization Capabilities</h2>\r\n<p data-start=\"7587\" data-end=\"7812\">Magento’s true power lies in its ability to be customized. Whether you’re a developer building a custom extension or a merchant tweaking your storefront, Magento offers a variety of tools to tailor the platform to your needs.</p>\r\n<h3 data-start=\"7814\" data-end=\"7853\">3.1 Themes and Design Customization</h3>\r\n<h4 data-start=\"7855\" data-end=\"7881\">3.1.1 Theme Structure</h4>\r\n<p data-start=\"7882\" data-end=\"8069\">Magento themes are organized into directories containing layout XML, templates (PHTML), static assets (CSS, JavaScript, images), and LESS files. Themes are designed to be modular so that:</p>\r\n<ul data-start=\"8070\" data-end=\"8363\">\r\n<li data-start=\"8070\" data-end=\"8126\"><strong data-start=\"8072\" data-end=\"8088\">Base Themes:</strong> Provide default templates and layout.</li>\r\n<li data-start=\"8127\" data-end=\"8211\"><strong data-start=\"8129\" data-end=\"8146\">Child Themes:</strong> Inherit from a base theme and override specific files as needed.</li>\r\n<li data-start=\"8212\" data-end=\"8363\"><strong data-start=\"8214\" data-end=\"8259\">Customization Without Core Modifications:</strong> This approach ensures that custom changes do not affect the core functionality and remain upgrade-safe.</li>\r\n</ul>\r\n<h4 data-start=\"8365\" data-end=\"8397\">3.1.2 Layout XML and Blocks</h4>\r\n<p data-start=\"8398\" data-end=\"8607\">Layout XML files define the structure of each page, specifying which blocks are included, their order, and their relationships. Blocks are PHP classes that provide dynamic content to templates. Developers can:</p>\r\n<ul data-start=\"8608\" data-end=\"8818\">\r\n<li data-start=\"8608\" data-end=\"8665\"><strong data-start=\"8610\" data-end=\"8629\">Add New Blocks:</strong> Introduce additional functionality.</li>\r\n<li data-start=\"8666\" data-end=\"8742\"><strong data-start=\"8668\" data-end=\"8697\">Override Existing Blocks:</strong> Replace core functionality with custom code.</li>\r\n<li data-start=\"8743\" data-end=\"8818\"><strong data-start=\"8745\" data-end=\"8764\">Reorder Blocks:</strong> Change the display order without modifying templates.</li>\r\n</ul>\r\n<h4 data-start=\"8820\" data-end=\"8864\">3.1.3 Frontend Assets and Preprocessing</h4>\r\n<p data-start=\"8865\" data-end=\"9007\">Magento leverages LESS and modern JavaScript libraries to build responsive and modular frontends. Assets are processed through build tools to:</p>\r\n<ul data-start=\"9008\" data-end=\"9228\">\r\n<li data-start=\"9008\" data-end=\"9063\"><strong data-start=\"9010\" data-end=\"9041\">Minimize and Combine Files:</strong> Reduce HTTP requests.</li>\r\n<li data-start=\"9064\" data-end=\"9126\"><strong data-start=\"9066\" data-end=\"9084\">Cache Busting:</strong> Ensure users receive the latest versions.</li>\r\n<li data-start=\"9127\" data-end=\"9228\"><strong data-start=\"9129\" data-end=\"9154\">Customizable Styling:</strong> Easily adjust colors, fonts, and layouts using LESS variables and mixins.</li>\r\n</ul>\r\n<hr data-start=\"9230\" data-end=\"9233\">\r\n<h3 data-start=\"9235\" data-end=\"9272\">3.2 Extensions and Custom Modules</h3>\r\n<p data-start=\"9274\" data-end=\"9357\">Magento’s extension system allows you to add features without modifying core files:</p>\r\n<ul data-start=\"9358\" data-end=\"10160\">\r\n<li data-start=\"9358\" data-end=\"9500\"><strong data-start=\"9360\" data-end=\"9387\">Marketplace Extensions:</strong> Thousands of extensions are available for features like payment gateways, shipping methods, and marketing tools.</li>\r\n<li data-start=\"9501\" data-end=\"9922\"><strong data-start=\"9503\" data-end=\"9533\">Custom Module Development:</strong> Developers can create modules that encapsulate new features. A typical module includes:\r\n<ul data-start=\"9624\" data-end=\"9922\">\r\n<li data-start=\"9624\" data-end=\"9694\"><strong data-start=\"9626\" data-end=\"9651\">Module Configuration:</strong> Defined in XML (module.xml, di.xml, etc.).</li>\r\n<li data-start=\"9697\" data-end=\"9748\"><strong data-start=\"9699\" data-end=\"9726\">Controllers and Routes:</strong> Handle HTTP requests.</li>\r\n<li data-start=\"9751\" data-end=\"9847\"><strong data-start=\"9753\" data-end=\"9798\">Models, Resource Models, and Collections:</strong> Manage business logic and database interactions.</li>\r\n<li data-start=\"9850\" data-end=\"9922\"><strong data-start=\"9852\" data-end=\"9867\">View Files:</strong> Templates and layout XML for the frontend and backend.</li>\r\n</ul>\r\n</li>\r\n<li data-start=\"9923\" data-end=\"10160\"><strong data-start=\"9925\" data-end=\"9951\">Plugins and Observers:</strong> Use plugins (interceptors) to modify the behavior of existing methods without overriding classes. Observers listen for events and execute custom code when events occur (for example, after an order is placed).</li>\r\n</ul>\r\n<h4 data-start=\"10162\" data-end=\"10185\">3.2.1 Plugin Types</h4>\r\n<ul data-start=\"10186\" data-end=\"10399\">\r\n<li data-start=\"10186\" data-end=\"10248\"><strong data-start=\"10188\" data-end=\"10207\">Before Plugins:</strong> Execute code before the original method.</li>\r\n<li data-start=\"10249\" data-end=\"10309\"><strong data-start=\"10251\" data-end=\"10269\">After Plugins:</strong> Execute code after the original method.</li>\r\n<li data-start=\"10310\" data-end=\"10399\"><strong data-start=\"10312\" data-end=\"10331\">Around Plugins:</strong> Wrap the original method call, controlling if and when it executes.</li>\r\n</ul>\r\n<p data-start=\"10401\" data-end=\"10504\">Using plugins and observers allows you to <strong data-start=\"10443\" data-end=\"10477\">extend Magento’s functionality</strong> in an upgrade-safe manner.</p>\r\n<hr data-start=\"10506\" data-end=\"10509\">\r\n<h3 data-start=\"10511\" data-end=\"10537\">3.3 API-First Approach</h3>\r\n<p data-start=\"10539\" data-end=\"10608\">Magento’s API-first design is crucial for modern eCommerce solutions:</p>\r\n<ul data-start=\"10609\" data-end=\"11208\">\r\n<li data-start=\"10609\" data-end=\"10777\"><strong data-start=\"10611\" data-end=\"10625\">REST APIs:</strong> Magento exposes REST endpoints for most operations, allowing external systems (e.g., mobile apps or third-party integrations) to interact with Magento.</li>\r\n<li data-start=\"10778\" data-end=\"11050\"><strong data-start=\"10780\" data-end=\"10792\">GraphQL:</strong> Magento 2.3 introduced GraphQL, enabling efficient data queries that return only the data that is requested. GraphQL is especially useful for headless commerce implementations, where the frontend is built using JavaScript frameworks such as React or Vue.js.</li>\r\n<li data-start=\"11051\" data-end=\"11208\"><strong data-start=\"11053\" data-end=\"11075\">Service Contracts:</strong> As mentioned earlier, service contracts provide stable APIs that ensure your customizations work even as Magento’s internals evolve.</li>\r\n</ul>\r\n<p data-start=\"11210\" data-end=\"11342\">APIs enable Magento to serve as a robust backend for a variety of applications, ensuring seamless integration with external systems.</p>\r\n<hr data-start=\"11344\" data-end=\"11347\">\r\n<h2 data-start=\"11349\" data-end=\"11379\">4. Performance Optimization</h2>\r\n<p data-start=\"11381\" data-end=\"11559\">Performance is critical for any eCommerce platform. Magento offers a variety of tools and techniques to ensure that your store remains fast and responsive, even under heavy load.</p>\r\n<h3 data-start=\"11561\" data-end=\"11587\">4.1 Caching Mechanisms</h3>\r\n<p data-start=\"11589\" data-end=\"11638\">Magento employs a multi-layered caching strategy:</p>\r\n<ul data-start=\"11639\" data-end=\"12204\">\r\n<li data-start=\"11639\" data-end=\"11720\"><strong data-start=\"11641\" data-end=\"11665\">Configuration Cache:</strong> Caches merged configuration settings from all modules.</li>\r\n<li data-start=\"11721\" data-end=\"11796\"><strong data-start=\"11723\" data-end=\"11751\">Layout and Block Caches:</strong> Caches layout XML and HTML output of blocks.</li>\r\n<li data-start=\"11797\" data-end=\"11925\"><strong data-start=\"11799\" data-end=\"11825\">Full Page Cache (FPC):</strong> Stores the entire rendered HTML of pages for anonymous visitors, significantly reducing load times.</li>\r\n<li data-start=\"11926\" data-end=\"12065\"><strong data-start=\"11928\" data-end=\"11944\">Redis Cache:</strong> Magento can be configured to use Redis for caching, providing an in-memory cache that is faster than file-based caching.</li>\r\n<li data-start=\"12066\" data-end=\"12204\"><strong data-start=\"12068\" data-end=\"12080\">Varnish:</strong> Varnish can be used as a reverse proxy to cache full pages at the HTTP level, improving performance for high-traffic sites.</li>\r\n</ul>\r\n<p data-start=\"12206\" data-end=\"12406\">Properly configuring these caching layers is essential for maximizing performance. For instance, enabling Varnish can reduce server load and improve page load times by serving cached HTML to visitors.</p>\r\n<hr data-start=\"12408\" data-end=\"12411\">\r\n<h3 data-start=\"12413\" data-end=\"12429\">4.2 Indexing</h3>\r\n<p data-start=\"12431\" data-end=\"12577\">Indexing transforms Magento data (products, prices, attributes) into efficient data structures that improve query performance. Key points include:</p>\r\n<ul data-start=\"12578\" data-end=\"13040\">\r\n<li data-start=\"12578\" data-end=\"12753\"><strong data-start=\"12580\" data-end=\"12626\">Real-Time Indexing vs. Scheduled Indexing:</strong> Magento can update indexes in real time or via scheduled cron jobs. For larger stores, scheduled indexing might be preferable.</li>\r\n<li data-start=\"12754\" data-end=\"12865\"><strong data-start=\"12756\" data-end=\"12779\">Command Line Tools:</strong> You can reindex data using the CLI:\r\n<div class=\"contain-inline-size rounded-md border-[0.5px] border-token-border-medium relative bg-token-sidebar-surface-primary dark:bg-gray-950\">\r\n<div class=\"overflow-y-auto p-4\" dir=\"ltr\"><code class=\"!whitespace-pre language-bash\">php bin/magento indexer:reindex\r\n</code></div>\r\n</div>\r\n</li>\r\n<li data-start=\"12866\" data-end=\"13040\"><strong data-start=\"12868\" data-end=\"12902\">Optimizing Indexing Processes:</strong> For heavy catalogs, ensure that indexing is optimized by using efficient server hardware and configuring indexing settings appropriately.</li>\r\n</ul>\r\n<p data-start=\"13042\" data-end=\"13162\">Indexes help Magento quickly serve data to the frontend, reducing page load times and improving overall user experience.</p>\r\n<hr data-start=\"13164\" data-end=\"13167\">\r\n<h3 data-start=\"13169\" data-end=\"13194\">4.3 Code Optimization</h3>\r\n<p data-start=\"13196\" data-end=\"13258\">Efficient coding practices are key to maintaining performance:</p>\r\n<ul data-start=\"13259\" data-end=\"13743\">\r\n<li data-start=\"13259\" data-end=\"13349\"><strong data-start=\"13261\" data-end=\"13286\">Dependency Injection:</strong> Use Magento’s DI framework to manage dependencies efficiently.</li>\r\n<li data-start=\"13350\" data-end=\"13464\"><strong data-start=\"13352\" data-end=\"13369\">Caching Data:</strong> Where possible, cache data that does not change frequently to avoid repeated database queries.</li>\r\n<li data-start=\"13465\" data-end=\"13614\"><strong data-start=\"13467\" data-end=\"13494\">Optimizing SQL Queries:</strong> Use Magento’s collections and resource models to write efficient queries. Always review queries for performance issues.</li>\r\n<li data-start=\"13615\" data-end=\"13743\"><strong data-start=\"13617\" data-end=\"13638\">Minifying Assets:</strong> Use build tools to minify CSS and JavaScript files, reducing the number of HTTP requests and file sizes.</li>\r\n</ul>\r\n<p data-start=\"13745\" data-end=\"13880\">By following best practices in coding and configuration, developers can ensure that Magento performs well even as complexity increases.</p>\r\n<hr data-start=\"13882\" data-end=\"13885\">\r\n<h3 data-start=\"13887\" data-end=\"13932\">4.4 Server and Environment Considerations</h3>\r\n<p data-start=\"13934\" data-end=\"14020\">Beyond Magento’s internal optimizations, your server environment plays a crucial role:</p>\r\n<ul data-start=\"14021\" data-end=\"14593\">\r\n<li data-start=\"14021\" data-end=\"14137\"><strong data-start=\"14023\" data-end=\"14047\">Hosting Environment:</strong> A robust server, whether on-premise or in the cloud, can dramatically affect performance.</li>\r\n<li data-start=\"14138\" data-end=\"14264\"><strong data-start=\"14140\" data-end=\"14156\">PHP Version:</strong> Magento 2 performs best with PHP 7.4 or later due to performance improvements and better memory management.</li>\r\n<li data-start=\"14265\" data-end=\"14421\"><strong data-start=\"14267\" data-end=\"14293\">Database Optimization:</strong> Use a high-performance database server (such as MySQL or MariaDB) and optimize database configurations for high-load scenarios.</li>\r\n<li data-start=\"14422\" data-end=\"14593\"><strong data-start=\"14424\" data-end=\"14461\">Content Delivery Networks (CDNs):</strong> Leveraging a CDN can offload static asset delivery (images, CSS, JavaScript) to servers closer to your customers, reducing latency.</li>\r\n</ul>\r\n<p data-start=\"14595\" data-end=\"14690\">Together, these strategies help ensure that your Magento store remains responsive and scalable.</p>\r\n<hr data-start=\"14692\" data-end=\"14695\">\r\n<h2 data-start=\"14697\" data-end=\"14720\">5. Security Features</h2>\r\n<p data-start=\"14722\" data-end=\"14839\">Security is paramount in eCommerce. Magento incorporates robust security measures at every level of its architecture.</p>\r\n<h3 data-start=\"14841\" data-end=\"14871\">5.1 Core Security Features</h3>\r\n<p data-start=\"14873\" data-end=\"14928\">Magento provides built-in security features, including:</p>\r\n<ul data-start=\"14929\" data-end=\"15481\">\r\n<li data-start=\"14929\" data-end=\"15061\"><strong data-start=\"14931\" data-end=\"14969\">Input Validation and Sanitization:</strong> Magento validates and sanitizes all input to prevent SQL injection, XSS, and other attacks.</li>\r\n<li data-start=\"15062\" data-end=\"15198\"><strong data-start=\"15064\" data-end=\"15113\">Cross-Site Request Forgery (CSRF) Protection:</strong> Magento includes CSRF tokens in forms and API calls to prevent unauthorized actions.</li>\r\n<li data-start=\"15199\" data-end=\"15355\"><strong data-start=\"15201\" data-end=\"15238\">Authentication and Authorization:</strong> With role-based access control, Magento ensures that only authorized users can access sensitive areas of the system.</li>\r\n<li data-start=\"15356\" data-end=\"15481\"><strong data-start=\"15358\" data-end=\"15373\">Encryption:</strong> Sensitive data, such as customer information and payment details, is encrypted both in transit and at rest.</li>\r\n</ul>\r\n<h3 data-start=\"15483\" data-end=\"15515\">5.2 Regular Security Patches</h3>\r\n<p data-start=\"15517\" data-end=\"15766\">Adobe releases regular security patches for Magento. Staying up-to-date with these patches is crucial for maintaining a secure platform. Magento’s security center and community forums are excellent resources for tracking vulnerabilities and updates.</p>\r\n<h3 data-start=\"15768\" data-end=\"15802\">5.3 Advanced Security Measures</h3>\r\n<p data-start=\"15804\" data-end=\"15873\">For enterprise deployments, additional security measures may include:</p>\r\n<ul data-start=\"15874\" data-end=\"16249\">\r\n<li data-start=\"15874\" data-end=\"16001\"><strong data-start=\"15876\" data-end=\"15913\">Web Application Firewalls (WAFs):</strong> Protect the application from external threats by filtering and monitoring HTTP traffic.</li>\r\n<li data-start=\"16002\" data-end=\"16116\"><strong data-start=\"16004\" data-end=\"16040\">Two-Factor Authentication (2FA):</strong> Enhance administrative security by requiring a second form of verification.</li>\r\n<li data-start=\"16117\" data-end=\"16249\"><strong data-start=\"16119\" data-end=\"16138\">Module Signing:</strong> With Secure Boot and module signing, ensure that only trusted code is executed in your production environment.</li>\r\n</ul>\r\n<p data-start=\"16251\" data-end=\"16361\">These security features help protect both merchants and customers, ensuring a safe online shopping experience.</p>\r\n<hr data-start=\"16363\" data-end=\"16366\">\r\n<h2 data-start=\"16368\" data-end=\"16400\">6. Development Best Practices</h2>\r\n<p data-start=\"16402\" data-end=\"16488\">To fully harness Magento’s power, developers should follow established best practices.</p>\r\n<h3 data-start=\"16490\" data-end=\"16544\">6.1 Use Dependency Injection and Service Contracts</h3>\r\n<p data-start=\"16546\" data-end=\"16670\">Magento’s dependency injection framework and service contracts ensure that your code is modular, testable, and future-proof:</p>\r\n<ul data-start=\"16671\" data-end=\"17042\">\r\n<li data-start=\"16671\" data-end=\"16780\"><strong data-start=\"16673\" data-end=\"16697\">Inject Dependencies:</strong> Always inject classes via the constructor rather than instantiating them directly.</li>\r\n<li data-start=\"16781\" data-end=\"16908\"><strong data-start=\"16783\" data-end=\"16814\">Program Against Interfaces:</strong> Use Magento’s service contracts (interfaces) so that your code remains stable across updates.</li>\r\n<li data-start=\"16909\" data-end=\"17042\"><strong data-start=\"16911\" data-end=\"16932\">Avoid Core Hacks:</strong> Never modify Magento core files. Instead, use plugins, observers, and preferences to customize functionality.</li>\r\n</ul>\r\n<h3 data-start=\"17044\" data-end=\"17083\">6.2 Code Organization and Standards</h3>\r\n<p data-start=\"17085\" data-end=\"17159\">Follow Magento’s coding standards to maintain consistency and readability:</p>\r\n<ul data-start=\"17160\" data-end=\"17482\">\r\n<li data-start=\"17160\" data-end=\"17245\"><strong data-start=\"17162\" data-end=\"17180\">PSR Standards:</strong> Magento adheres to PSR-1, PSR-2, and PSR-4 for coding standards.</li>\r\n<li data-start=\"17246\" data-end=\"17345\"><strong data-start=\"17248\" data-end=\"17270\">Modular Structure:</strong> Organize your code into modules, keeping logic separated and maintainable.</li>\r\n<li data-start=\"17346\" data-end=\"17482\"><strong data-start=\"17348\" data-end=\"17368\">Version Control:</strong> Use Git (or another VCS) to manage code changes, collaborate with teams, and maintain a history of modifications.</li>\r\n</ul>\r\n<h3 data-start=\"17484\" data-end=\"17513\">6.3 Testing and Debugging</h3>\r\n<p data-start=\"17515\" data-end=\"17572\">Robust testing is essential for maintaining code quality:</p>\r\n<ul data-start=\"17573\" data-end=\"18106\">\r\n<li data-start=\"17573\" data-end=\"17649\"><strong data-start=\"17575\" data-end=\"17592\">Unit Testing:</strong> Use PHPUnit to write unit tests for your custom modules.</li>\r\n<li data-start=\"17650\" data-end=\"17765\"><strong data-start=\"17652\" data-end=\"17676\">Integration Testing:</strong> Magento provides integration testing frameworks to test the interaction between modules.</li>\r\n<li data-start=\"17766\" data-end=\"17997\"><strong data-start=\"17768\" data-end=\"17780\">Logging:</strong> Utilize Magento’s logging mechanisms (via <code data-start=\"17823\" data-end=\"17849\">\\Psr\\Log\\LoggerInterface</code>) to track errors and debug issues. Developer mode should be enabled during development:\r\n<div class=\"contain-inline-size rounded-md border-[0.5px] border-token-border-medium relative bg-token-sidebar-surface-primary dark:bg-gray-950\">\r\n<div class=\"flex items-center text-token-text-secondary px-4 py-2 text-xs font-sans justify-between rounded-t-[5px] h-9 bg-token-sidebar-surface-primary dark:bg-token-main-surface-secondary select-none\">bash</div>\r\n<div class=\"overflow-y-auto p-4\" dir=\"ltr\"><code class=\"!whitespace-pre language-bash\">php bin/magento deploy:mode:<span class=\"hljs-built_in\">set</span> developer\r\n</code></div>\r\n</div>\r\n</li>\r\n<li data-start=\"17998\" data-end=\"18106\"><strong data-start=\"18000\" data-end=\"18016\">Debug Tools:</strong> Leverage Xdebug and other profiling tools to identify performance bottlenecks and errors.</li>\r\n</ul>\r\n<p data-start=\"18108\" data-end=\"18228\">By following these best practices, you ensure that your Magento customizations are reliable, maintainable, and scalable.</p>\r\n<hr data-start=\"18230\" data-end=\"18233\">\r\n<h2 data-start=\"18235\" data-end=\"18281\">7. Headless Commerce and API-First Strategy</h2>\r\n<p data-start=\"18283\" data-end=\"18448\">Magento has embraced a headless commerce approach, allowing developers to build frontends using modern JavaScript frameworks while using Magento as a robust backend.</p>\r\n<h3 data-start=\"18450\" data-end=\"18479\">7.1 REST and GraphQL APIs</h3>\r\n<p data-start=\"18481\" data-end=\"18524\">Magento exposes both REST and GraphQL APIs:</p>\r\n<ul data-start=\"18525\" data-end=\"19004\">\r\n<li data-start=\"18525\" data-end=\"18665\"><strong data-start=\"18527\" data-end=\"18541\">REST APIs:</strong> Provide endpoints for almost every aspect of Magento’s functionality, making it easy to integrate with third-party systems.</li>\r\n<li data-start=\"18666\" data-end=\"19004\"><strong data-start=\"18668\" data-end=\"18680\">GraphQL:</strong> Introduced in Magento 2.3, GraphQL offers more efficient data retrieval by allowing clients to request exactly what they need. This results in:\r\n<ul data-start=\"18827\" data-end=\"19004\">\r\n<li data-start=\"18827\" data-end=\"18889\"><strong data-start=\"18829\" data-end=\"18850\">Reduced Overhead:</strong> Smaller payloads and faster responses.</li>\r\n<li data-start=\"18892\" data-end=\"19004\"><strong data-start=\"18894\" data-end=\"18915\">Flexible Queries:</strong> Frontend developers can shape queries based on their needs without multiple round trips.</li>\r\n</ul>\r\n</li>\r\n</ul>\r\n<h3 data-start=\"19006\" data-end=\"19049\">7.2 Benefits of a Headless Architecture</h3>\r\n<p data-start=\"19051\" data-end=\"19113\">Headless architecture decouples the frontend from the backend:</p>\r\n<ul data-start=\"19114\" data-end=\"19527\">\r\n<li data-start=\"19114\" data-end=\"19249\"><strong data-start=\"19116\" data-end=\"19141\">Improved Performance:</strong> Modern JavaScript frameworks like React, Vue.js, or Angular can deliver highly responsive user experiences.</li>\r\n<li data-start=\"19250\" data-end=\"19384\"><strong data-start=\"19252\" data-end=\"19285\">Customizable User Interfaces:</strong> The frontend can be completely tailored without the constraints of Magento’s default theme system.</li>\r\n<li data-start=\"19385\" data-end=\"19527\"><strong data-start=\"19387\" data-end=\"19415\">Omnichannel Experiences:</strong> With a headless approach, you can serve content to multiple channels (web, mobile, IoT) using a single backend.</li>\r\n</ul>\r\n<p data-start=\"19529\" data-end=\"19665\">This API-first strategy positions Magento as a flexible and modern eCommerce solution suitable for a rapidly evolving digital landscape.</p>\r\n<hr data-start=\"19667\" data-end=\"19670\">\r\n<h2 data-start=\"19672\" data-end=\"19720\">8. Scalability and Performance Best Practices</h2>\r\n<p data-start=\"19722\" data-end=\"19863\">Magento’s scalability is one of its key strengths, but achieving optimal performance requires careful configuration and ongoing optimization.</p>\r\n<h3 data-start=\"19865\" data-end=\"19899\">8.1 Infrastructure and Hosting</h3>\r\n<p data-start=\"19901\" data-end=\"19951\">Choosing the right hosting environment is crucial:</p>\r\n<ul data-start=\"19952\" data-end=\"20315\">\r\n<li data-start=\"19952\" data-end=\"20066\"><strong data-start=\"19954\" data-end=\"19972\">Cloud Hosting:</strong> Platforms like AWS, Azure, or Google Cloud offer scalable resources to handle traffic spikes.</li>\r\n<li data-start=\"20067\" data-end=\"20176\"><strong data-start=\"20069\" data-end=\"20091\">Dedicated Servers:</strong> For very high-traffic sites, a dedicated server may provide the necessary resources.</li>\r\n<li data-start=\"20177\" data-end=\"20315\"><strong data-start=\"20179\" data-end=\"20200\">Containerization:</strong> Tools like Docker and Kubernetes help in creating isolated, reproducible environments that can scale horizontally.</li>\r\n</ul>\r\n<h3 data-start=\"20317\" data-end=\"20343\">8.2 Caching Strategies</h3>\r\n<p data-start=\"20345\" data-end=\"20397\">Implementing a robust caching strategy is essential:</p>\r\n<ul data-start=\"20398\" data-end=\"20759\">\r\n<li data-start=\"20398\" data-end=\"20513\"><strong data-start=\"20400\" data-end=\"20428\">Full Page Caching (FPC):</strong> Magento’s built-in FPC dramatically reduces page load times by caching entire pages.</li>\r\n<li data-start=\"20514\" data-end=\"20614\"><strong data-start=\"20516\" data-end=\"20534\">Varnish Cache:</strong> Integrating Varnish as a reverse proxy can offload much of the HTTP processing.</li>\r\n<li data-start=\"20615\" data-end=\"20759\"><strong data-start=\"20617\" data-end=\"20640\">Redis or Memcached:</strong> Using in-memory caching for session data and other frequent queries reduces database load and improves response times.</li>\r\n</ul>\r\n<h3 data-start=\"20761\" data-end=\"20799\">8.3 Indexing and Data Optimization</h3>\r\n<p data-start=\"20801\" data-end=\"20836\">Properly managing indexes is vital:</p>\r\n<ul data-start=\"20837\" data-end=\"21098\">\r\n<li data-start=\"20837\" data-end=\"20954\"><strong data-start=\"20839\" data-end=\"20854\">Reindexing:</strong> Regularly run Magento’s indexers to ensure that data changes are reflected quickly on the frontend.</li>\r\n<li data-start=\"20955\" data-end=\"21098\"><strong data-start=\"20957\" data-end=\"20988\">Optimized Database Queries:</strong> Review custom code to ensure that queries are efficient and take advantage of Magento’s collection framework.</li>\r\n</ul>\r\n<h3 data-start=\"21100\" data-end=\"21135\">8.4 Code and Asset Optimization</h3>\r\n<p data-start=\"21137\" data-end=\"21198\">Front-end performance is as important as backend scalability:</p>\r\n<ul data-start=\"21199\" data-end=\"21501\">\r\n<li data-start=\"21199\" data-end=\"21304\"><strong data-start=\"21201\" data-end=\"21231\">Minification and Bundling:</strong> Minify CSS and JavaScript files and bundle them to reduce HTTP requests.</li>\r\n<li data-start=\"21305\" data-end=\"21385\"><strong data-start=\"21307\" data-end=\"21324\">Lazy Loading:</strong> Implement lazy loading for images and other heavy resources.</li>\r\n<li data-start=\"21386\" data-end=\"21501\"><strong data-start=\"21388\" data-end=\"21413\">Asynchronous Loading:</strong> Use asynchronous JavaScript and CSS loading techniques to improve page rendering times.</li>\r\n</ul>\r\n<hr data-start=\"21503\" data-end=\"21506\">\r\n<h2 data-start=\"21508\" data-end=\"21537\">9. Security Best Practices</h2>\r\n<p data-start=\"21539\" data-end=\"21670\">Security is critical in eCommerce, and Magento incorporates a variety of security features to protect both merchants and customers.</p>\r\n<h3 data-start=\"21672\" data-end=\"21708\">9.1 Regular Patching and Updates</h3>\r\n<p data-start=\"21710\" data-end=\"21738\">Always keep Magento updated:</p>\r\n<ul data-start=\"21739\" data-end=\"21989\">\r\n<li data-start=\"21739\" data-end=\"21851\"><strong data-start=\"21741\" data-end=\"21762\">Security Patches:</strong> Adobe releases security patches regularly. Applying these patches promptly is essential.</li>\r\n<li data-start=\"21852\" data-end=\"21989\"><strong data-start=\"21854\" data-end=\"21875\">Version Upgrades:</strong> Upgrade to the latest version of Magento to benefit from enhanced security features and performance improvements.</li>\r\n</ul>\r\n<h3 data-start=\"21991\" data-end=\"22022\">9.2 Secure Coding Practices</h3>\r\n<p data-start=\"22024\" data-end=\"22067\">Developers should adhere to best practices:</p>\r\n<ul data-start=\"22068\" data-end=\"22408\">\r\n<li data-start=\"22068\" data-end=\"22187\"><strong data-start=\"22070\" data-end=\"22091\">Input Validation:</strong> Ensure that all user input is validated and sanitized to prevent SQL injection and XSS attacks.</li>\r\n<li data-start=\"22188\" data-end=\"22294\"><strong data-start=\"22190\" data-end=\"22210\">CSRF Protection:</strong> Magento automatically includes CSRF tokens in forms; ensure these are not disabled.</li>\r\n<li data-start=\"22295\" data-end=\"22408\"><strong data-start=\"22297\" data-end=\"22312\">Encryption:</strong> Use strong encryption for sensitive data, such as customer credentials and payment information.</li>\r\n</ul>\r\n<h3 data-start=\"22410\" data-end=\"22444\">9.3 Hardening Your Environment</h3>\r\n<p data-start=\"22446\" data-end=\"22462\">Beyond the code:</p>\r\n<ul data-start=\"22463\" data-end=\"22720\">\r\n<li data-start=\"22463\" data-end=\"22552\"><strong data-start=\"22465\" data-end=\"22502\">Web Application Firewalls (WAFs):</strong> Deploy a WAF to protect against external attacks.</li>\r\n<li data-start=\"22553\" data-end=\"22632\"><strong data-start=\"22555\" data-end=\"22574\">Secure Hosting:</strong> Choose a hosting provider with strong security practices.</li>\r\n<li data-start=\"22633\" data-end=\"22720\"><strong data-start=\"22635\" data-end=\"22663\">Regular Security Audits:</strong> Perform regular security audits and penetration testing.</li>\r\n</ul>\r\n<hr data-start=\"22722\" data-end=\"22725\">\r\n<h2 data-start=\"22727\" data-end=\"22782\">10. Advanced Customization and Extension Development</h2>\r\n<p data-start=\"22784\" data-end=\"22986\">Magento’s flexibility allows for extensive customizations. Whether you\'re extending core functionality or building new features from scratch, understanding Magento’s extension architecture is essential.</p>\r\n<h3 data-start=\"22988\" data-end=\"23015\">10.1 Module Development</h3>\r\n<p data-start=\"23017\" data-end=\"23068\">Custom modules in Magento consist of several parts:</p>\r\n<ul data-start=\"23069\" data-end=\"23534\">\r\n<li data-start=\"23069\" data-end=\"23161\"><strong data-start=\"23071\" data-end=\"23094\">Module Declaration:</strong> Defined in <code data-start=\"23106\" data-end=\"23118\">module.xml</code>, which registers your module with Magento.</li>\r\n<li data-start=\"23162\" data-end=\"23238\"><strong data-start=\"23164\" data-end=\"23185\">DI Configuration:</strong> <code data-start=\"23186\" data-end=\"23194\">di.xml</code> files declare dependencies and preferences.</li>\r\n<li data-start=\"23239\" data-end=\"23320\"><strong data-start=\"23241\" data-end=\"23269\">Routing and Controllers:</strong> Handle incoming requests and display custom pages.</li>\r\n<li data-start=\"23321\" data-end=\"23408\"><strong data-start=\"23323\" data-end=\"23354\">Models and Resource Models:</strong> Define business logic and interact with the database.</li>\r\n<li data-start=\"23409\" data-end=\"23534\"><strong data-start=\"23411\" data-end=\"23433\">Views and Layouts:</strong> Customize the frontend and backend user interfaces using XML layouts, PHTML templates, and LESS/CSS.</li>\r\n</ul>\r\n<h3 data-start=\"23536\" data-end=\"23566\">10.2 Plugins and Observers</h3>\r\n<p data-start=\"23568\" data-end=\"23660\">Magento’s plugin (interceptor) system allows you to modify the behavior of existing methods:</p>\r\n<ul data-start=\"23661\" data-end=\"23866\">\r\n<li data-start=\"23661\" data-end=\"23729\"><strong data-start=\"23663\" data-end=\"23682\">Before Plugins:</strong> Execute custom code before a method is called.</li>\r\n<li data-start=\"23730\" data-end=\"23794\"><strong data-start=\"23732\" data-end=\"23750\">After Plugins:</strong> Execute custom code after a method returns.</li>\r\n<li data-start=\"23795\" data-end=\"23866\"><strong data-start=\"23797\" data-end=\"23816\">Around Plugins:</strong> Wrap a method call to control execution entirely.</li>\r\n</ul>\r\n<p data-start=\"23868\" data-end=\"24032\">Observers allow you to listen for Magento events and react accordingly. For instance, when an order is placed or a customer registers, you can trigger custom logic.</p>\r\n<h3 data-start=\"24034\" data-end=\"24066\">10.3 Frontend Customizations</h3>\r\n<p data-start=\"24068\" data-end=\"24113\">Magento’s frontend can be heavily customized:</p>\r\n<ul data-start=\"24114\" data-end=\"24427\">\r\n<li data-start=\"24114\" data-end=\"24185\"><strong data-start=\"24116\" data-end=\"24127\">Themes:</strong> Overriding templates and layouts to create a unique look.</li>\r\n<li data-start=\"24186\" data-end=\"24281\"><strong data-start=\"24188\" data-end=\"24214\">JavaScript Components:</strong> Using RequireJS and KnockoutJS for dynamic, responsive interfaces.</li>\r\n<li data-start=\"24282\" data-end=\"24427\"><strong data-start=\"24284\" data-end=\"24308\">Headless Approaches:</strong> With Magento’s robust API support, you can build completely decoupled frontends using frameworks like React or Vue.js.</li>\r\n</ul>\r\n<hr data-start=\"24429\" data-end=\"24432\">\r\n<h2 data-start=\"24434\" data-end=\"24470\">11. Testing and Quality Assurance</h2>\r\n<p data-start=\"24472\" data-end=\"24551\">Maintaining quality in a complex system like Magento requires thorough testing:</p>\r\n<ul data-start=\"24552\" data-end=\"24933\">\r\n<li data-start=\"24552\" data-end=\"24614\"><strong data-start=\"24554\" data-end=\"24571\">Unit Testing:</strong> Use PHPUnit to test individual components.</li>\r\n<li data-start=\"24615\" data-end=\"24714\"><strong data-start=\"24617\" data-end=\"24641\">Integration Testing:</strong> Magento provides integration tests to ensure modules interact correctly.</li>\r\n<li data-start=\"24715\" data-end=\"24833\"><strong data-start=\"24717\" data-end=\"24740\">Functional Testing:</strong> Automated UI tests (using tools like Selenium) help ensure the storefront works as expected.</li>\r\n<li data-start=\"24834\" data-end=\"24933\"><strong data-start=\"24836\" data-end=\"24860\">Performance Testing:</strong> Use tools such as JMeter or New Relic to monitor performance under load.</li>\r\n</ul>\r\n<p data-start=\"24935\" data-end=\"25020\">Developers should integrate testing into their CI/CD pipelines to catch issues early.</p>\r\n<hr data-start=\"25022\" data-end=\"25025\">\r\n<h2 data-start=\"25027\" data-end=\"25060\">12. Deployment and Maintenance</h2>\r\n<p data-start=\"25062\" data-end=\"25134\">A smooth deployment process is essential for large-scale Magento stores:</p>\r\n<ul data-start=\"25135\" data-end=\"25546\">\r\n<li data-start=\"25135\" data-end=\"25220\"><strong data-start=\"25137\" data-end=\"25157\">Version Control:</strong> Use Git to manage code changes and collaborate with your team.</li>\r\n<li data-start=\"25221\" data-end=\"25325\"><strong data-start=\"25223\" data-end=\"25248\">Staging Environments:</strong> Always test updates in a staging environment before deploying to production.</li>\r\n<li data-start=\"25326\" data-end=\"25437\"><strong data-start=\"25328\" data-end=\"25343\">Automation:</strong> Use deployment tools like Jenkins or GitLab CI/CD to automate builds, tests, and deployments.</li>\r\n<li data-start=\"25438\" data-end=\"25546\"><strong data-start=\"25440\" data-end=\"25455\">Monitoring:</strong> Set up performance and error monitoring (e.g., New Relic, Sentry) to catch issues quickly.</li>\r\n</ul>\r\n<p data-start=\"25548\" data-end=\"25676\">Regular maintenance, including cache flushing, reindexing, and security audits, is vital for a stable and high-performing store.</p>\r\n<hr data-start=\"25678\" data-end=\"25681\">\r\n<h2 data-start=\"25683\" data-end=\"25728\">13. Future Trends in Magento and eCommerce</h2>\r\n<p data-start=\"25730\" data-end=\"25779\">As eCommerce evolves, Magento continues to adapt:</p>\r\n<ul data-start=\"25780\" data-end=\"26421\">\r\n<li data-start=\"25780\" data-end=\"25929\"><strong data-start=\"25782\" data-end=\"25804\">Headless Commerce:</strong> Increasing adoption of headless architectures allows businesses to create unique frontends while using Magento as a backend.</li>\r\n<li data-start=\"25930\" data-end=\"26076\"><strong data-start=\"25932\" data-end=\"25960\">AI and Machine Learning:</strong> Future Magento releases may integrate AI-driven personalization, predictive search, and automated customer support.</li>\r\n<li data-start=\"26077\" data-end=\"26255\"><strong data-start=\"26079\" data-end=\"26108\">Cloud-Native Deployments:</strong> With Adobe’s push toward cloud solutions, expect deeper integration with cloud platforms, improved scalability, and more robust disaster recovery.</li>\r\n<li data-start=\"26256\" data-end=\"26421\"><strong data-start=\"26258\" data-end=\"26276\">Enhanced APIs:</strong> Magento’s API-first approach will continue to evolve, offering even more granular control and integration capabilities for omnichannel commerce.</li>\r\n</ul></div></div></div>','1','Magento eCommerce, Magento 2 features, Magento performance optimization, Magento security, Magento architecture, Magento cloud, Magento SEO, Magento caching, Adobe Magento, Magento scalability','Discover Magento, the leading eCommerce platform for businesses of all sizes. Learn about its modular architecture, performance enhancements, caching mechanisms, and cloud-native future.','1',0,1,'2025-02-26 13:05:50','2025-02-26 13:07:19'),(2,'Magento API Integration Guide: Boost Your eCommerce with REST & GraphQL | Letscms Pvt Ltd','magento-api-integration-guide','admin','Learn how Magento 2 API integration helps connect mobile apps, ERP, and third-party tools to automate and scale your eCommerce store with Letscms Pvt Ltd.','ChatGPT_Image_Apr_5_2025_05_20_49_PM.png','<style>#html-body [data-pb-style=SOFUL1M]{justify-content:flex-start;display:flex;flex-direction:column;background-position:left top;background-size:cover;background-repeat:no-repeat;background-attachment:scroll}#html-body [data-pb-style=IDIABTJ]{width:100%;border-width:1px;border-color:#cecece;display:inline-block}#html-body [data-pb-style=S149T3K]{justify-content:flex-start;display:flex;flex-direction:column;background-position:left top;background-size:cover;background-repeat:no-repeat;background-attachment:scroll}</style><div data-content-type=\"row\" data-appearance=\"contained\" data-element=\"main\"><div data-enable-parallax=\"0\" data-parallax-speed=\"0.5\" data-background-images=\"{}\" data-background-type=\"image\" data-video-loop=\"true\" data-video-play-only-visible=\"true\" data-video-lazy-load=\"true\" data-video-fallback-src=\"\" data-element=\"inner\" data-pb-style=\"SOFUL1M\"><h2 data-content-type=\"heading\" data-appearance=\"default\" data-element=\"main\">Magento API Integration: Why &amp; How to Use It in Your eCommerce Store | By Letscms Pvt Ltd</h2><div data-content-type=\"divider\" data-appearance=\"default\" data-element=\"main\"><hr data-element=\"line\" data-pb-style=\"IDIABTJ\"></div></div></div><div data-content-type=\"row\" data-appearance=\"contained\" data-element=\"main\"><div data-enable-parallax=\"0\" data-parallax-speed=\"0.5\" data-background-images=\"{}\" data-background-type=\"image\" data-video-loop=\"true\" data-video-play-only-visible=\"true\" data-video-lazy-load=\"true\" data-video-fallback-src=\"\" data-element=\"inner\" data-pb-style=\"S149T3K\"><div data-content-type=\"text\" data-appearance=\"default\" data-element=\"main\"><p class=\"\" data-start=\"361\" data-end=\"581\">Magento is a powerful eCommerce platform, but what truly unlocks its potential is its <strong data-start=\"447\" data-end=\"466\">API integration</strong>. Whether you\'re syncing with a mobile app, ERP, CRM, or third-party service — <strong data-start=\"545\" data-end=\"563\">Magento 2 APIs</strong> make it possible.</p>\r\n<p class=\"\" data-start=\"583\" data-end=\"742\">In this guide, <strong data-start=\"598\" data-end=\"617\">Letscms Pvt Ltd</strong> explains <strong data-start=\"627\" data-end=\"675\">what Magento APIs are, why they’re important</strong>, and how you can use them to automate and scale your online store.</p>\r\n<p class=\"\" data-start=\"583\" data-end=\"742\">&nbsp;</p>\r\n<h2 class=\"\" data-start=\"749\" data-end=\"775\"><em><strong>What is Magento API?</strong></em></h2>\r\n<p class=\"\" data-start=\"777\" data-end=\"892\"><strong data-start=\"777\" data-end=\"820\">API (Application Programming Interface)</strong> allows different systems to <strong data-start=\"849\" data-end=\"891\">communicate and exchange data securely</strong>.</p>\r\n<p class=\"\" data-start=\"894\" data-end=\"1030\">Magento 2 provides powerful <strong data-start=\"922\" data-end=\"947\">REST and GraphQL APIs</strong> to interact with your store programmatically—without logging into the admin panel.</p>\r\n<h2 class=\"\" data-start=\"1037\" data-end=\"1063\">Why Use Magento API?</h2>\r\n<p class=\"\" data-start=\"1065\" data-end=\"1092\">Using Magento API, you can:</p>\r\n<p class=\"\" data-start=\"1094\" data-end=\"1439\"><strong data-start=\"1096\" data-end=\"1121\">✅ Integrate Mobile Apps</strong> – Power Android/iOS eCommerce apps.<br data-start=\"1157\" data-end=\"1160\"><strong data-start=\"1162\" data-end=\"1183\">✅ Sync with ERP/CRM</strong> – Connect Magento with Zoho, Salesforce, or SAP.<br data-start=\"1232\" data-end=\"1235\"><strong data-start=\"1237\" data-end=\"1263\">✅ Manage Orders Remotely</strong> – Create, update, cancel orders via API.<br data-start=\"1304\" data-end=\"1307\"><strong data-start=\"1309\" data-end=\"1328\">✅ Update Products</strong> – Sync inventory, prices, and descriptions.<br data-start=\"1372\" data-end=\"1375\"><strong data-start=\"1377\" data-end=\"1394\">✅ Fetch Reports</strong> – Pull customer or sales data for analytics.</p>\r\n<blockquote data-start=\"1441\" data-end=\"1594\">\r\n<p class=\"\" data-start=\"1443\" data-end=\"1594\"><em data-start=\"1446\" data-end=\"1594\">Letscms Pvt Ltd has implemented Magento APIs for multi-level marketing, mobile sync, and headless storefronts across diverse eCommerce businesses.</em></p>\r\n<h2 class=\"\" data-start=\"2273\" data-end=\"2311\">Magento API Authentication Types</h2>\r\n<div class=\"overflow-x-auto contain-inline-size\">\r\n<table style=\"border-collapse: collapse; width: 78.16%; height: 137px;\" border=\"1\">\r\n<tbody>\r\n<tr>\r\n<th id=\"FGBNITG\" style=\"width: 50.0517%; text-align: center;\" data-start=\"2313\" data-end=\"2327\">Type</th>\r\n<td style=\"width: 49.9483%; text-align: center;\"><strong>Use Case</strong></td>\r\n</tr>\r\n<tr>\r\n<td style=\"width: 50.0517%;\">Admin Token</td>\r\n<td style=\"width: 49.9483%;\">Full access for backend tasks</td>\r\n</tr>\r\n<tr>\r\n<td style=\"width: 50.0517%;\">Customer Token</td>\r\n<td style=\"width: 49.9483%;\">For customer app/login use</td>\r\n</tr>\r\n<tr>\r\n<td style=\"width: 50.0517%;\">Integration Token</td>\r\n<td style=\"width: 49.9483%;\">For secure 3rd-party tools</td>\r\n</tr>\r\n</tbody>\r\n</table>\r\n<h2 class=\"\" data-start=\"2566\" data-end=\"2600\">Common Magento API Use Cases</h2>\r\n<h3 class=\"\" data-start=\"2602\" data-end=\"2635\">1. <strong data-start=\"2609\" data-end=\"2635\">Mobile App Development</strong></h3>\r\n<ul data-start=\"2636\" data-end=\"2724\">\r\n<li class=\"\" data-start=\"2636\" data-end=\"2683\">\r\n<p class=\"\" data-start=\"2638\" data-end=\"2683\">Connect React Native / Flutter app to Magento</p>\r\n</li>\r\n<li class=\"\" data-start=\"2684\" data-end=\"2724\">\r\n<p class=\"\" data-start=\"2686\" data-end=\"2724\">Let users browse, order, track via app</p>\r\n</li>\r\n</ul>\r\n<h3 class=\"\" data-start=\"2726\" data-end=\"2755\">2. <strong data-start=\"2733\" data-end=\"2755\">Headless eCommerce</strong></h3>\r\n<ul data-start=\"2756\" data-end=\"2824\">\r\n<li class=\"\" data-start=\"2756\" data-end=\"2824\">\r\n<p class=\"\" data-start=\"2758\" data-end=\"2824\">Use Magento as a backend, build frontend in React, Vue, or Angular</p>\r\n</li>\r\n</ul>\r\n<h3 class=\"\" data-start=\"2826\" data-end=\"2854\">3. <strong data-start=\"2833\" data-end=\"2854\">Order Sync to ERP</strong></h3>\r\n<ul data-start=\"2855\" data-end=\"2925\">\r\n<li class=\"\" data-start=\"2855\" data-end=\"2891\">\r\n<p class=\"\" data-start=\"2857\" data-end=\"2891\">Auto-push new orders to ERP system</p>\r\n</li>\r\n<li class=\"\" data-start=\"2892\" data-end=\"2925\">\r\n<p class=\"\" data-start=\"2894\" data-end=\"2925\">Sync customer data in real-time</p>\r\n</li>\r\n</ul>\r\n<h3 class=\"\" data-start=\"2927\" data-end=\"2960\">4. <strong data-start=\"2934\" data-end=\"2960\">Custom Magento Modules</strong></h3>\r\n<ul data-start=\"2961\" data-end=\"3036\">\r\n<li class=\"\" data-start=\"2961\" data-end=\"3036\">\r\n<p class=\"\" data-start=\"2963\" data-end=\"3036\">Create modules (like <strong data-start=\"2984\" data-end=\"2999\">Letscms MLM</strong>) that expose or consume Magento APIs</p>\r\n</li>\r\n</ul>\r\n<h2 class=\"\" data-start=\"3043\" data-end=\"3076\"><strong>Benefits of API Integration</strong></h2>\r\n<ul data-start=\"3078\" data-end=\"3313\">\r\n<li class=\"\" data-start=\"3078\" data-end=\"3122\">\r\n<p class=\"\" data-start=\"3080\" data-end=\"3122\"><strong data-start=\"3083\" data-end=\"3097\">Automation</strong> – No manual data entry</p>\r\n</li>\r\n<li class=\"\" data-start=\"3123\" data-end=\"3168\">\r\n<p class=\"\" data-start=\"3125\" data-end=\"3168\"><strong data-start=\"3128\" data-end=\"3137\">Speed</strong> – Faster data sync &amp; updates</p>\r\n</li>\r\n<li class=\"\" data-start=\"3169\" data-end=\"3237\">\r\n<p class=\"\" data-start=\"3171\" data-end=\"3237\"><strong data-start=\"3174\" data-end=\"3189\">Scalability</strong> – Connect unlimited tools as your store grows</p>\r\n</li>\r\n<li class=\"\" data-start=\"3238\" data-end=\"3313\">\r\n<p class=\"\" data-start=\"3240\" data-end=\"3313\"><strong data-start=\"3243\" data-end=\"3258\">Omnichannel</strong> – Enable mobile, desktop, kiosk apps from same backend</p>\r\n</li>\r\n</ul>\r\n<blockquote data-start=\"3315\" data-end=\"3429\">\r\n<p class=\"\" data-start=\"3317\" data-end=\"3429\"><em data-start=\"3320\" data-end=\"3429\">Letscms Pvt Ltd specializes in Magento API customization, REST-based extensions, and headless integrations.</em></p>\r\n<p class=\"\" style=\"text-align: left;\" data-start=\"3317\" data-end=\"3429\">&nbsp;<strong>Tools You Can Use</strong></p>\r\n<ul data-start=\"3461\" data-end=\"3605\">\r\n<li class=\"\" data-start=\"3461\" data-end=\"3500\">\r\n<p class=\"\" data-start=\"3463\" data-end=\"3500\"><strong data-start=\"3463\" data-end=\"3474\">Postman</strong> – To test API endpoints</p>\r\n</li>\r\n<li class=\"\" data-start=\"3501\" data-end=\"3553\">\r\n<p class=\"\" data-start=\"3503\" data-end=\"3553\"><strong data-start=\"3503\" data-end=\"3517\">Swagger UI</strong> – Magento’s built-in API explorer</p>\r\n</li>\r\n<li class=\"\" data-start=\"3554\" data-end=\"3605\">\r\n<p class=\"\" data-start=\"3556\" data-end=\"3605\"><strong data-start=\"3556\" data-end=\"3569\">JWT Tools</strong> – For token generation &amp; validation&nbsp;</p>\r\n</li>\r\n</ul>\r\n<h2 class=\"\" data-start=\"3612\" data-end=\"3657\"><strong>Real-World Example (By Letscms Pvt Ltd)</strong></h2>\r\n<p class=\"\" data-start=\"3659\" data-end=\"3706\">A multi-brand electronics Magento store wanted:</p>\r\n<p class=\"\" data-start=\"3708\" data-end=\"3791\">✅ Mobile app sync<br data-start=\"3725\" data-end=\"3728\">✅ Real-time order tracking<br data-start=\"3754\" data-end=\"3757\">✅ MLM user network and commissions</p>\r\n<p class=\"\" data-start=\"3793\" data-end=\"3993\"><strong data-start=\"3793\" data-end=\"3806\">Solution:</strong> Letscms integrated custom REST APIs that synced customer, order, and commission data between Magento and their mobile app → Result: 3x faster support, 40% increase in customer retention.</p>\r\n<p class=\"\" data-start=\"3793\" data-end=\"3993\">&nbsp;</p>\r\n<h2 class=\"\" data-start=\"4000\" data-end=\"4020\"><em><strong>Final Thoughts</strong></em></h2>\r\n<p class=\"\" data-start=\"4022\" data-end=\"4268\"><strong data-start=\"4022\" data-end=\"4049\">Magento API integration</strong> isn’t just for developers—it’s the <strong data-start=\"4085\" data-end=\"4117\">backbone of modern eCommerce</strong>. Whether you’re building apps, syncing with third-party tools, or automating your operations, <strong data-start=\"4212\" data-end=\"4267\">APIs make Magento smarter, faster, and future-ready</strong>.</p>\r\n</blockquote>\r\n</div>\r\n</blockquote></div></div></div>','6,1,5','Magento API Integration, Magento 2 REST API, Magento GraphQL, Magento ERP sync, Magento mobile app, Letscms Pvt Ltd, Magento API tutorial, Magento custom module API','Explore Magento 2 API integration with Letscms Pvt Ltd. Discover how to connect mobile apps, ERP, and CRM systems using REST APIs to automate your eCommerce operations.','1',0,1,'2025-04-05 17:23:04',NULL);

--
-- Table structure for table `Letscmspostcomment`
--

CREATE TABLE `Letscmspostcomment` (
  `id` int unsigned NOT NULL AUTO_INCREMENT COMMENT 'Entity ID',
  `name` varchar(255) DEFAULT NULL COMMENT 'Name ',
  `email` varchar(255) DEFAULT NULL COMMENT 'email',
  `comment` varchar(255) DEFAULT NULL COMMENT 'comment',
  `post_id` varchar(255) DEFAULT NULL COMMENT 'Post id',
  `post_name` varchar(255) DEFAULT NULL COMMENT 'Post id',
  `storeview` varchar(255) DEFAULT NULL COMMENT 'Store View',
  `status` smallint unsigned DEFAULT '0' COMMENT 'pending',
  `enable_status` smallint unsigned DEFAULT '0' COMMENT 'pending',
  `sortorder` int unsigned DEFAULT '0' COMMENT 'Sort Order',
  `created_at` varchar(255) DEFAULT NULL COMMENT 'created_at',
  `updated_at` varchar(255) DEFAULT NULL COMMENT 'updated_at',
  PRIMARY KEY (`id`)
) ENGINE=InnoDB AUTO_INCREMENT=4 DEFAULT CHARSET=utf8mb3 COMMENT='Letscms Blog categories group';

--
-- Dumping data for table `Letscmspostcomment`
--

INSERT INTO `Letscmspostcomment` VALUES (1,'John Doe','john.doe@example.com','This is an insightful post! Thanks for sharing.','1','Magento Platform: The Ultimate eCommerce Solution for Scalable Online Stores',NULL,1,1,0,'2025-02-26 13:10:16',NULL),(2,'Mike Johnson','mike.johnson@example.com','Great breakdown of Magento architecture!','1','Magento Platform: The Ultimate eCommerce Solution for Scalable Online Stores',NULL,1,1,0,'2025-02-26 13:10:42',NULL),(3,'Joseph Deir','joedeir@gmail.com','we are interested in a partnership relation to resell all these products under our brand name. Please contact us at 7083079777 asap. Thank you\n\nExchange International       Godswarehouse','2','Magento API Integration Guide: Boost Your eCommerce with REST & GraphQL | Letscms Pvt Ltd',NULL,0,0,0,'2025-05-06 08:50:22',NULL);

--
-- Table structure for table `PinCodeList`
--

CREATE TABLE `PinCodeList` (
  `id` bigint NOT NULL AUTO_INCREMENT COMMENT 'ID',
  `pincode` int NOT NULL COMMENT 'Pincode',
  `city` text NOT NULL COMMENT 'city',
  `deliverystatus` text NOT NULL COMMENT 'deliverystatus',
  `amount` int NOT NULL COMMENT 'Amount',
  `time` int NOT NULL COMMENT 'Time',
  PRIMARY KEY (`id`),
  UNIQUE KEY `PINCODELIST_PINCODE` (`pincode`)
) ENGINE=InnoDB AUTO_INCREMENT=29 DEFAULT CHARSET=utf8mb3 COMMENT='PinCodeList Table';

--
-- Dumping data for table `PinCodeList`
--

INSERT INTO `PinCodeList` VALUES (1,202001,'aligarh','Delivery',80,6),(2,504206,'Luxettipet','Delivery',120,4),(3,504272,'Asifabad','Delivery',1,8),(4,504296,'Sirpur (t)','Delivery',2,9),(5,504307,'Boath','Delivery',23,2),(6,504102,'Mudhole','Delivery',56,5),(7,504209,'Luxettipet','Delivery',56,5),(8,504104,'Nirmal','Delivery',12,8),(9,504311,'Utnoor','Delivery',3,6),(10,504001,'Adilabad','Delivery',1,6),(11,504292,'Asifabad','Delivery',13,5),(12,504304,'Boath','Delivery',10,8),(13,202002,'Aligarh Muslim University S.O','Delivery',49,2),(14,204101,'Hathras S.O','Delivery',15,5),(15,204215,'Sikandra Rao S.O','Delivery',96,4),(16,202122,'Aligarh Dairy Farm S.O','Delivery',42,2),(17,202132,'Chandaus S.O','Delivery',86,5),(18,202140,'Lodha S.O','Delivery',25,6),(19,202138,'Khair S.O','Delivery',38,8),(20,204213,'Mursan S.O','Delivery',45,9),(21,202282,'Malviya Nagar S.O (Aligarh)','Delivery',91,8),(22,202280,'NA','Delivery',76,5),(23,202131,'Bijauli S.O','Delivery',17,4),(24,202134,'Gangiri S.O','Delivery',57,2),(25,204102,'Hathras Jn RS S.O','Delivery',67,4),(26,202130,'Chharra S.O','Delivery',35,6),(27,202137,'Jattari S.O','Delivery',78,8),(28,202003,'fgfg','1',12,0);

--
-- Table structure for table `Pincode_product_price`
--

CREATE TABLE `Pincode_product_price` (
  `id` bigint NOT NULL AUTO_INCREMENT COMMENT 'ID',
  `pincode` int NOT NULL COMMENT 'Pincode',
  `product_id` int NOT NULL COMMENT 'product_id',
  `price` int NOT NULL COMMENT 'price',
  PRIMARY KEY (`id`)
) ENGINE=InnoDB AUTO_INCREMENT=3 DEFAULT CHARSET=utf8mb3 COMMENT='Pincode_product_price Table';

--
-- Dumping data for table `Pincode_product_price`
--

INSERT INTO `Pincode_product_price` VALUES (1,123456,5,999),(2,202001,1,236541);

--
-- Table structure for table `admin_adobe_ims_webapi`
--

CREATE TABLE `admin_adobe_ims_webapi` (
  `id` int unsigned NOT NULL AUTO_INCREMENT COMMENT 'Entity ID',
  `admin_user_id` int unsigned NOT NULL DEFAULT '0' COMMENT 'Admin User Id',
  `access_token_hash` varchar(255) DEFAULT NULL COMMENT 'Access Token Hash',
  `access_token` text COMMENT 'Access Token',
  `created_at` timestamp NOT NULL DEFAULT CURRENT_TIMESTAMP COMMENT 'Created At',
  `updated_at` timestamp NOT NULL DEFAULT CURRENT_TIMESTAMP ON UPDATE CURRENT_TIMESTAMP COMMENT 'Updated At',
  `last_check_time` timestamp NOT NULL DEFAULT '0000-00-00 00:00:00' COMMENT 'Last check time',
  `access_token_expires_at` timestamp NOT NULL DEFAULT '0000-00-00 00:00:00' COMMENT 'Access Token Expires At',
  PRIMARY KEY (`id`),
  UNIQUE KEY `ADMIN_ADOBE_IMS_WEBAPI_ACCESS_TOKEN_HASH` (`access_token_hash`),
  KEY `ADMIN_ADOBE_IMS_WEBAPI_ADMIN_USER_ID` (`admin_user_id`),
  CONSTRAINT `ADMIN_ADOBE_IMS_WEBAPI_ADMIN_USER_ID_ADMIN_USER_USER_ID` FOREIGN KEY (`admin_user_id`) REFERENCES `admin_user` (`user_id`) ON DELETE CASCADE
) ENGINE=InnoDB DEFAULT CHARSET=utf8mb3 COMMENT='Admin Adobe IMS Webapi';

--
-- Dumping data for table `admin_adobe_ims_webapi`
--


--
-- Table structure for table `admin_analytics_usage_version_log`
--

CREATE TABLE `admin_analytics_usage_version_log` (
  `id` int unsigned NOT NULL AUTO_INCREMENT COMMENT 'Log ID',
  `last_viewed_in_version` varchar(50) NOT NULL COMMENT 'Viewer last viewed on product version',
  PRIMARY KEY (`id`),
  UNIQUE KEY `ADMIN_ANALYTICS_USAGE_VERSION_LOG_LAST_VIEWED_IN_VERSION` (`last_viewed_in_version`)
) ENGINE=InnoDB AUTO_INCREMENT=2 DEFAULT CHARSET=utf8mb3 COMMENT='Admin Notification Viewer Log Table';

--
-- Dumping data for table `admin_analytics_usage_version_log`
--

INSERT INTO `admin_analytics_usage_version_log` VALUES (1,'2.4.7');

--
-- Table structure for table `admin_passwords`
--

CREATE TABLE `admin_passwords` (
  `password_id` int unsigned NOT NULL AUTO_INCREMENT COMMENT 'Password ID',
  `user_id` int unsigned NOT NULL DEFAULT '0' COMMENT 'User ID',
  `password_hash` varchar(255) DEFAULT NULL COMMENT 'Password Hash',
  `expires` int unsigned NOT NULL DEFAULT '0' COMMENT 'Deprecated',
  `last_updated` int unsigned NOT NULL DEFAULT '0' COMMENT 'Last Updated',
  PRIMARY KEY (`password_id`),
  KEY `ADMIN_PASSWORDS_USER_ID` (`user_id`),
  CONSTRAINT `ADMIN_PASSWORDS_USER_ID_ADMIN_USER_USER_ID` FOREIGN KEY (`user_id`) REFERENCES `admin_user` (`user_id`) ON DELETE CASCADE
) ENGINE=InnoDB AUTO_INCREMENT=7 DEFAULT CHARSET=utf8mb3 COMMENT='Admin Passwords';

--
-- Dumping data for table `admin_passwords`
--

INSERT INTO `admin_passwords` VALUES (1,1,'f02402381d7f3c82ccde9a1e4936f31773ce79e60ee2b04efb655f84e35b8bef:5EHJtZTHSijUlUmUTyyugysnL8DO6hVj:3_32_2_67108864',0,1738741255),(2,2,'a7d118353dccf2c2c35e0ef78307153b20878ea45699b942e1e802e03eb0c599:5e2diY4EshYwi62EyRowS5LQFK9GEA6G:3_32_2_67108864',0,1738834920),(3,3,'c67237b4fc1bab40cb30d30a9ffdac311b5237601cc3b35ac26907c77e66d5aa:31T0M6LjFzAzmw7QrnQgRa36sgiJpN3K:3_32_2_67108864',0,1740550531),(4,4,'5ed118829b491ba4eb7ac30057788884abe99731a1c4467132291b3e33c12967:k8PFk3S6OeyFdEUyXerYMrX8TqvpA8gx:3_32_2_67108864',0,1740550637),(5,5,'15440848822a7547eaac50c61cbfc827f0e72aa5dfebe2a328cf6d230c6df562:upyU6SPAtzQMfo2YgPTo4uoqTE9qTymN:3_32_2_67108864',0,1740550690),(6,6,'d2469fc45d27d0095927d8d7a9a493bcc816f6834aeeb283b58058fab18b108b:SwgnZeWxI2dHQe2cbhd2VPlXmykkjkbe:3_32_2_67108864',0,1740550744);

--
-- Table structure for table `admin_system_messages`
--

CREATE TABLE `admin_system_messages` (
  `identity` varchar(100) NOT NULL COMMENT 'Message ID',
  `severity` smallint unsigned NOT NULL DEFAULT '0' COMMENT 'Problem type',
  `created_at` timestamp NOT NULL DEFAULT CURRENT_TIMESTAMP COMMENT 'Create date',
  PRIMARY KEY (`identity`)
) ENGINE=InnoDB DEFAULT CHARSET=utf8mb3 COMMENT='Admin System Messages';

--
-- Dumping data for table `admin_system_messages`
--


--
-- Table structure for table `admin_user`
--

CREATE TABLE `admin_user` (
  `user_id` int unsigned NOT NULL AUTO_INCREMENT COMMENT 'User ID',
  `firstname` varchar(32) DEFAULT NULL COMMENT 'User First Name',
  `lastname` varchar(32) DEFAULT NULL COMMENT 'User Last Name',
  `email` varchar(128) DEFAULT NULL COMMENT 'User Email',
  `username` varchar(40) DEFAULT NULL COMMENT 'User Login',
  `password` varchar(255) NOT NULL COMMENT 'User Password',
  `created` timestamp NOT NULL DEFAULT CURRENT_TIMESTAMP COMMENT 'User Created Time',
  `modified` timestamp NOT NULL DEFAULT CURRENT_TIMESTAMP ON UPDATE CURRENT_TIMESTAMP COMMENT 'User Modified Time',
  `logdate` timestamp NULL DEFAULT NULL COMMENT 'User Last Login Time',
  `lognum` smallint unsigned NOT NULL DEFAULT '0' COMMENT 'User Login Number',
  `reload_acl_flag` smallint NOT NULL DEFAULT '0' COMMENT 'Reload ACL',
  `is_active` smallint NOT NULL DEFAULT '1' COMMENT 'User Is Active',
  `extra` text COMMENT 'User Extra Data',
  `rp_token` text COMMENT 'Reset Password Link Token',
  `rp_token_created_at` timestamp NULL DEFAULT NULL COMMENT 'Reset Password Link Token Creation Date',
  `interface_locale` varchar(16) NOT NULL DEFAULT 'en_US' COMMENT 'Backend interface locale',
  `failures_num` smallint DEFAULT '0' COMMENT 'Failure Number',
  `first_failure` timestamp NULL DEFAULT NULL COMMENT 'First Failure',
  `lock_expires` timestamp NULL DEFAULT NULL COMMENT 'Expiration Lock Dates',
  PRIMARY KEY (`user_id`),
  UNIQUE KEY `ADMIN_USER_USERNAME` (`username`)
) ENGINE=InnoDB AUTO_INCREMENT=7 DEFAULT CHARSET=utf8mb3 COMMENT='Admin User Table';

--
-- Dumping data for table `admin_user`
--

INSERT INTO `admin_user` VALUES (1,'Admin','Admin','admin@admin.com','admin','f02402381d7f3c82ccde9a1e4936f31773ce79e60ee2b04efb655f84e35b8bef:5EHJtZTHSijUlUmUTyyugysnL8DO6hVj:3_32_2_67108864','2025-02-05 07:40:55','2025-08-21 05:07:27','2025-08-21 05:07:27',4459,0,1,'{\"configState\":{\"LetscmsBuyNowBtn_General_general\":\"1\",\"umm_general_ummgeneral\":\"1\",\"umm_eligibility_ummeligibility\":\"1\",\"umm_bonus_umm_bonus\":\"1\",\"umm_level_ummlevel\":\"1\",\"umm_payout_ummpayout\":\"1\",\"system_full_page_cache\":\"1\",\"system_cron\":\"1\",\"system_mysqlmq\":\"1\",\"system_smtp\":\"1\",\"system_currency\":\"1\",\"system_security\":\"0\",\"system_adminnotification\":\"0\",\"system_backup\":\"0\",\"system_bulk\":\"1\",\"system_media_storage_configuration\":\"1\",\"system_upload_configuration\":\"1\",\"system_media_gallery\":\"1\",\"system_media_gallery_renditions\":\"1\",\"system_adobe_stock_integration\":\"1\",\"Faq_General_FaqGeneral\":\"1\",\"ProductAttachmentFile_General_ProductAttachmentFileGeneral\":\"1\",\"FreeProductGift_General_FreeProductGiftGeneral\":\"1\",\"PinCodeBasedCharges_General_PinCodeBasedChargesGeneral\":\"1\",\"PinCodeBasedProductPrice_General_PinCodeBasedProductPriceGeneral\":\"1\",\"webkul_abandoned_cart_abandoned_cart_settings\":\"0\",\"webkul_abandoned_cart_abandoned_cart_cron\":\"1\",\"admin_security\":\"1\",\"admin_emails\":\"1\",\"admin_startup\":\"1\",\"admin_url\":\"1\",\"admin_dashboard\":\"1\",\"admin_grid\":\"1\",\"admin_captcha\":\"1\",\"admin_usage\":\"0\",\"sitemap_category\":\"1\",\"sitemap_product\":\"1\",\"sitemap_page\":\"1\",\"sitemap_store\":\"1\",\"sitemap_generate\":\"1\",\"sitemap_limit\":\"1\",\"sitemap_search_engines\":\"0\",\"catalog_search\":\"1\",\"catalog_layered_navigation\":\"1\",\"catalog_price\":\"1\",\"catalog_product_video\":\"1\",\"catalog_placeholder\":\"1\",\"catalog_productalert_cron\":\"1\",\"catalog_productalert\":\"1\",\"catalog_review\":\"1\",\"catalog_frontend\":\"1\",\"catalog_fields_masks\":\"1\",\"cataloginventory_item_options\":\"1\",\"cataloginventory_options\":\"1\",\"cataloginventory_bulk_operations\":\"1\",\"cataloginventory_indexer\":\"1\",\"cataloginventory_source_selection_distance_based\":\"1\",\"cataloginventory_source_selection_distance_based_google\":\"1\",\"rss_config\":\"1\",\"rss_wishlist\":\"1\",\"rss_catalog\":\"1\",\"rss_order\":\"1\",\"carriers_instore\":\"1\",\"carriers_freeshipping\":\"1\",\"carriers_flatrate\":\"1\",\"carriers_tablerate\":\"0\",\"carriers_ups\":\"0\",\"carriers_usps\":\"0\",\"carriers_fedex\":\"0\",\"carriers_dhl\":\"0\",\"payment_us_other_paypal_payment_solutions\":\"1\",\"payment_us_cashondelivery\":\"1\",\"payment_us_banktransfer\":\"1\",\"payment_us_checkmo\":\"1\",\"payment_us_free\":\"1\",\"web_url\":\"1\",\"web_seo\":\"1\",\"web_unsecure\":\"1\",\"web_secure\":\"1\",\"web_default\":\"1\",\"web_default_layouts\":\"1\",\"web_cookie\":\"1\",\"web_session\":\"1\",\"web_browser_capabilities\":\"1\",\"general_country\":\"0\",\"general_single_store_mode\":\"1\",\"general_store_information\":\"1\",\"general_locale\":\"1\",\"general_region\":\"1\",\"contact_contact\":\"1\",\"contact_email\":\"1\",\"reports_options\":\"1\",\"reports_dashboard\":\"1\",\"cms_wysiwyg\":\"1\",\"cms_pagebuilder\":\"1\",\"newrelicreporting_general\":\"1\",\"newrelicreporting_cron\":\"1\",\"recaptcha_backend_type_recaptcha\":\"1\",\"recaptcha_backend_type_invisible\":\"1\",\"recaptcha_backend_type_recaptcha_v3\":\"1\",\"recaptcha_backend_failure_messages\":\"1\",\"recaptcha_backend_type_for\":\"1\",\"catalog_seo\":\"1\",\"catalog_navigation\":\"1\",\"catalog_downloadable\":\"1\",\"catalog_custom_options\":\"1\",\"newsletter_general\":\"1\",\"newsletter_subscription\":\"1\",\"customer_account_share\":\"1\",\"customer_online_customers\":\"1\",\"customer_create_account\":\"0\",\"customer_password\":\"1\",\"customer_account_information\":\"1\",\"customer_address\":\"1\",\"customer_startup\":\"1\",\"customer_address_templates\":\"1\",\"customer_captcha\":\"1\",\"wishlist_general\":\"1\",\"wishlist_email\":\"1\",\"wishlist_wishlist_link\":\"1\",\"sales_general\":\"1\",\"sales_totals_sort\":\"1\",\"sales_cancellation\":\"1\",\"sales_reorder\":\"1\",\"sales_zerograndtotal_creditmemo\":\"1\",\"sales_identity\":\"1\",\"sales_minimum_order\":\"1\",\"sales_dashboard\":\"1\",\"sales_orders\":\"1\",\"sales_gift_options\":\"1\",\"sales_msrp\":\"1\",\"sales_instant_purchase\":\"1\",\"sales_backpressure\":\"1\"}}',NULL,NULL,'en_US',0,NULL,NULL),(2,'Demo','Admin','Unilevel@gmail.com','Unilevel_Admin','a7d118353dccf2c2c35e0ef78307153b20878ea45699b942e1e802e03eb0c599:5e2diY4EshYwi62EyRowS5LQFK9GEA6G:3_32_2_67108864','2025-02-06 09:42:00','2025-05-06 00:27:22','2025-05-06 00:27:22',18,0,1,'\"null\"',NULL,NULL,'en_US',0,NULL,NULL),(3,'Faq','admin','Faq@email.com','Faq_admin','c67237b4fc1bab40cb30d30a9ffdac311b5237601cc3b35ac26907c77e66d5aa:31T0M6LjFzAzmw7QrnQgRa36sgiJpN3K:3_32_2_67108864','2025-02-26 06:15:31','2025-05-14 07:10:56','2025-05-14 07:10:56',2,0,1,'null',NULL,NULL,'en_US',0,NULL,NULL),(4,'Buy Now ','Button','BuyNow@email.com','Buy_Now_Button','5ed118829b491ba4eb7ac30057788884abe99731a1c4467132291b3e33c12967:k8PFk3S6OeyFdEUyXerYMrX8TqvpA8gx:3_32_2_67108864','2025-02-26 06:17:17','2025-02-26 06:17:17',NULL,0,1,1,'null',NULL,NULL,'en_US',0,NULL,NULL),(5,'Product','attachments','Product_attachments@email.com','Product_attachments','15440848822a7547eaac50c61cbfc827f0e72aa5dfebe2a328cf6d230c6df562:upyU6SPAtzQMfo2YgPTo4uoqTE9qTymN:3_32_2_67108864','2025-02-26 06:18:10','2025-03-26 04:48:30','2025-03-26 04:48:30',2,0,1,'null',NULL,NULL,'en_US',0,NULL,NULL),(6,'Pin_Code ','Product_Price','PinCodeProductPrice@gmail.com','Pin_Code_Product_Price','d2469fc45d27d0095927d8d7a9a493bcc816f6834aeeb283b58058fab18b108b:SwgnZeWxI2dHQe2cbhd2VPlXmykkjkbe:3_32_2_67108864','2025-02-26 06:19:04','2025-02-26 06:19:16','2025-02-26 06:19:16',1,0,1,'null',NULL,NULL,'en_US',0,NULL,NULL);

--
-- Table structure for table `admin_user_expiration`
--

CREATE TABLE `admin_user_expiration` (
  `user_id` int unsigned NOT NULL COMMENT 'User ID',
  `expires_at` datetime NOT NULL DEFAULT '0000-00-00 00:00:00' COMMENT 'User Expiration Date',
  PRIMARY KEY (`user_id`),
  CONSTRAINT `ADMIN_USER_EXPIRATION_USER_ID_ADMIN_USER_USER_ID` FOREIGN KEY (`user_id`) REFERENCES `admin_user` (`user_id`) ON DELETE CASCADE
) ENGINE=InnoDB DEFAULT CHARSET=utf8mb3 COMMENT='Admin User expiration dates table';

--
-- Dumping data for table `admin_user_expiration`
--


--
-- Table structure for table `admin_user_session`
--

CREATE TABLE `admin_user_session` (
  `id` int unsigned NOT NULL AUTO_INCREMENT COMMENT 'Entity ID',
  `session_id` varchar(1) DEFAULT NULL COMMENT 'Deprecated: Session ID value no longer used',
  `user_id` int unsigned DEFAULT NULL COMMENT 'Admin User ID',
  `status` smallint unsigned NOT NULL DEFAULT '1' COMMENT 'Current Session status',
  `created_at` timestamp NOT NULL DEFAULT CURRENT_TIMESTAMP COMMENT 'Created Time',
  `updated_at` timestamp NOT NULL DEFAULT CURRENT_TIMESTAMP ON UPDATE CURRENT_TIMESTAMP COMMENT 'Update Time',
  `ip` varchar(15) NOT NULL COMMENT 'Remote user IP',
  PRIMARY KEY (`id`),
  KEY `ADMIN_USER_SESSION_SESSION_ID` (`session_id`),
  KEY `ADMIN_USER_SESSION_USER_ID` (`user_id`),
  CONSTRAINT `ADMIN_USER_SESSION_USER_ID_ADMIN_USER_USER_ID` FOREIGN KEY (`user_id`) REFERENCES `admin_user` (`user_id`) ON DELETE CASCADE
) ENGINE=InnoDB AUTO_INCREMENT=140 DEFAULT CHARSET=utf8mb3 COMMENT='Admin User sessions table';

--
-- Dumping data for table `admin_user_session`
--

INSERT INTO `admin_user_session` VALUES (1,NULL,1,2,'2025-02-06 06:33:23','2025-05-14 05:59:46','122.176.150.189'),(2,NULL,1,2,'2025-02-06 07:25:17','2025-05-14 05:59:46','122.176.150.189'),(3,NULL,1,2,'2025-02-06 07:52:23','2025-05-14 05:59:46','122.176.150.189'),(4,NULL,1,2,'2025-02-06 08:17:23','2025-05-14 05:59:46','122.176.150.189'),(5,NULL,1,0,'2025-02-06 09:28:39','2025-02-06 09:42:08','122.176.150.189'),(6,NULL,1,0,'2025-02-06 09:44:14','2025-02-06 09:47:41','122.176.150.189'),(7,NULL,2,2,'2025-02-06 09:47:12','2025-02-06 09:47:56','122.176.150.189'),(8,NULL,2,1,'2025-02-06 09:47:56','2025-02-06 09:47:56','122.176.150.189'),(9,NULL,1,2,'2025-02-06 11:16:10','2025-05-14 05:59:46','122.176.150.189'),(10,NULL,1,2,'2025-02-06 11:42:41','2025-02-06 11:48:58','122.176.150.189'),(11,NULL,1,2,'2025-02-06 11:48:58','2025-05-14 05:59:46','122.176.150.189'),(12,NULL,1,2,'2025-02-08 04:08:51','2025-05-14 05:59:46','122.176.150.189'),(13,NULL,1,2,'2025-02-08 04:56:32','2025-05-14 05:59:46','122.176.150.189'),(14,NULL,1,2,'2025-02-08 06:57:02','2025-05-14 05:59:46','122.176.150.189'),(15,NULL,1,2,'2025-02-08 07:40:29','2025-05-14 05:59:46','122.176.150.189'),(16,NULL,1,2,'2025-02-08 12:00:27','2025-05-14 05:59:46','122.176.150.189'),(17,NULL,1,2,'2025-02-09 04:34:47','2025-05-14 05:59:46','122.176.150.189'),(18,NULL,1,2,'2025-02-10 09:43:58','2025-05-14 05:59:46','122.176.150.189'),(19,NULL,2,1,'2025-02-10 13:14:29','2025-02-10 13:15:13','122.176.150.189'),(20,NULL,2,1,'2025-02-11 04:32:56','2025-02-11 04:33:25','122.176.150.189'),(21,NULL,2,1,'2025-02-19 04:14:28','2025-02-19 04:14:28','122.176.150.189'),(22,NULL,2,0,'2025-02-20 04:45:25','2025-02-20 04:45:47','122.176.150.189'),(23,NULL,1,2,'2025-02-20 04:50:20','2025-05-14 05:59:46','122.176.150.189'),(24,NULL,2,1,'2025-02-22 04:27:05','2025-02-22 04:28:53','122.176.150.189'),(25,NULL,1,2,'2025-02-22 04:53:20','2025-05-14 05:59:46','122.176.150.189'),(26,NULL,2,1,'2025-02-22 12:29:19','2025-02-22 12:46:11','122.176.150.189'),(27,NULL,1,2,'2025-02-23 06:18:34','2025-05-14 05:59:46','122.176.150.189'),(28,NULL,2,1,'2025-02-25 07:06:48','2025-02-25 07:06:48','122.176.150.189'),(29,NULL,1,0,'2025-02-25 11:14:38','2025-02-25 11:15:47','122.176.150.189'),(30,NULL,1,2,'2025-02-25 11:15:55','2025-05-14 05:59:46','122.176.150.189'),(31,NULL,1,2,'2025-02-25 12:38:26','2025-05-14 05:59:46','122.176.150.189'),(32,NULL,1,0,'2025-02-26 06:03:06','2025-02-26 06:19:10','122.176.150.189'),(33,NULL,6,1,'2025-02-26 06:19:16','2025-02-26 06:20:49','122.176.150.189'),(34,NULL,1,2,'2025-02-26 07:24:56','2025-05-14 05:59:46','122.176.150.189'),(35,NULL,2,0,'2025-02-26 11:10:25','2025-02-26 11:10:35','122.176.150.189'),(36,NULL,1,2,'2025-02-26 11:10:47','2025-05-14 05:59:46','122.176.150.189'),(37,NULL,1,2,'2025-03-01 04:24:14','2025-05-14 05:59:46','122.176.150.189'),(38,NULL,2,1,'2025-03-02 04:10:22','2025-03-02 04:11:00','122.176.150.189'),(39,NULL,2,0,'2025-03-02 04:35:34','2025-03-02 04:36:26','122.176.150.189'),(40,NULL,1,0,'2025-03-02 04:36:36','2025-03-02 04:48:37','122.176.150.189'),(41,NULL,2,1,'2025-03-02 04:48:45','2025-03-02 04:48:45','122.176.150.189'),(42,NULL,2,1,'2025-03-02 06:24:25','2025-03-02 06:24:25','122.176.150.189'),(43,NULL,1,2,'2025-03-03 04:35:25','2025-05-14 05:59:46','122.176.150.189'),(44,NULL,1,2,'2025-03-08 04:11:01','2025-05-14 05:59:46','122.176.150.189'),(45,NULL,1,2,'2025-03-08 08:53:05','2025-05-14 05:59:46','122.176.150.189'),(46,NULL,1,2,'2025-03-08 09:31:32','2025-05-14 05:59:46','122.176.150.189'),(47,NULL,1,2,'2025-03-09 01:34:12','2025-05-14 05:59:46','152.59.94.169'),(48,NULL,1,2,'2025-03-11 04:08:42','2025-05-14 05:59:46','122.176.150.189'),(49,NULL,1,2,'2025-03-11 06:55:39','2025-04-10 04:17:03','122.176.150.189'),(50,NULL,1,2,'2025-03-11 07:31:03','2025-04-10 04:17:03','122.176.150.189'),(51,NULL,1,2,'2025-03-11 07:59:58','2025-04-10 04:17:03','122.176.150.189'),(52,NULL,1,2,'2025-03-11 11:01:17','2025-04-10 04:17:03','122.176.150.189'),(53,NULL,1,2,'2025-03-12 04:14:21','2025-04-10 04:17:03','122.176.150.189'),(54,NULL,2,1,'2025-03-12 12:29:48','2025-03-12 12:29:48','122.176.150.189'),(55,NULL,1,0,'2025-03-19 09:31:33','2025-03-19 09:32:55','122.176.150.189'),(56,NULL,2,0,'2025-03-19 09:33:02','2025-03-19 09:33:15','122.176.150.189'),(57,NULL,5,1,'2025-03-19 09:33:20','2025-03-19 09:33:20','122.176.150.189'),(58,NULL,1,2,'2025-03-22 10:32:33','2025-04-10 04:17:03','122.176.150.189'),(59,NULL,3,2,'2025-03-26 04:17:22','2025-05-14 07:10:56','122.176.150.189'),(60,NULL,NULL,0,'2025-03-26 04:48:20','2025-03-26 04:48:20','122.176.150.189'),(61,NULL,5,1,'2025-03-26 04:48:30','2025-03-26 04:57:28','122.176.150.189'),(62,NULL,1,2,'2025-03-27 04:21:35','2025-04-10 04:17:03','122.176.150.189'),(63,NULL,2,0,'2025-04-02 13:03:39','2025-04-02 13:03:52','122.176.150.189'),(64,NULL,1,2,'2025-04-02 13:04:02','2025-04-10 04:17:03','122.176.150.189'),(65,NULL,1,2,'2025-04-05 04:21:12','2025-04-10 04:17:03','122.176.150.189'),(66,NULL,1,2,'2025-04-05 06:33:54','2025-04-10 04:17:03','122.176.150.189'),(67,NULL,1,2,'2025-04-05 07:18:03','2025-04-10 04:17:03','122.176.150.189'),(68,NULL,1,2,'2025-04-05 11:26:35','2025-04-10 04:17:03','122.176.150.189'),(69,NULL,1,2,'2025-04-06 04:37:52','2025-04-10 04:17:03','152.59.95.18'),(70,NULL,1,2,'2025-04-07 04:49:44','2025-04-10 04:17:03','122.176.150.189'),(71,NULL,1,2,'2025-04-07 12:09:18','2025-04-10 04:17:03','122.176.150.189'),(72,NULL,1,2,'2025-04-09 04:15:11','2025-04-10 04:17:03','122.176.150.189'),(73,NULL,1,2,'2025-04-10 04:17:03','2025-04-12 04:18:59','122.176.150.189'),(74,NULL,1,2,'2025-04-12 04:18:58','2025-04-13 04:19:40','122.176.150.189'),(75,NULL,1,2,'2025-04-13 04:19:40','2025-04-14 12:10:10','122.176.150.189'),(76,NULL,1,2,'2025-04-14 12:10:10','2025-04-15 06:34:31','122.176.150.189'),(77,NULL,1,2,'2025-04-15 06:34:31','2025-04-24 07:22:16','122.176.150.189'),(78,NULL,1,2,'2025-04-24 07:22:16','2025-04-29 10:46:23','122.176.150.189'),(79,NULL,1,2,'2025-04-29 10:46:23','2025-05-06 07:16:41','122.176.150.189'),(80,NULL,2,1,'2025-05-06 00:27:22','2025-05-06 00:53:04','216.138.20.16'),(81,NULL,1,2,'2025-05-06 07:16:41','2025-05-11 05:10:54','122.176.150.189'),(82,NULL,1,2,'2025-05-11 05:10:54','2025-05-12 07:46:55','122.176.150.189'),(83,NULL,1,0,'2025-05-12 07:46:55','2025-05-12 07:55:02','122.176.150.189'),(84,NULL,1,3,'2025-05-14 05:26:07','2025-05-14 05:26:07','216.138.20.16'),(85,NULL,1,2,'2025-05-14 05:26:09','2025-05-14 05:48:28','216.138.20.16'),(86,NULL,1,2,'2025-05-14 05:48:27','2025-05-14 05:59:46','122.176.150.189'),(87,NULL,1,2,'2025-05-14 05:59:45','2025-05-14 06:01:52','122.176.150.189'),(88,NULL,1,2,'2025-05-14 06:01:52','2025-05-14 06:02:57','122.176.150.189'),(89,NULL,1,2,'2025-05-14 06:02:57','2025-05-14 06:22:42','122.176.150.189'),(90,NULL,1,2,'2025-05-14 06:22:41','2025-05-14 06:28:56','122.176.150.189'),(91,NULL,1,2,'2025-05-14 06:28:56','2025-05-14 06:29:39','122.176.150.189'),(92,NULL,1,3,'2025-05-14 06:29:39','2025-05-14 06:46:03','122.176.150.189'),(93,NULL,1,3,'2025-05-14 06:46:43','2025-05-14 06:51:47','122.176.150.189'),(94,NULL,1,3,'2025-05-14 06:52:09','2025-05-14 06:53:41','122.176.150.189'),(95,NULL,1,2,'2025-05-14 06:54:39','2025-05-14 07:09:57','122.176.150.189'),(96,NULL,1,2,'2025-05-14 07:09:57','2025-05-14 07:10:21','122.176.150.189'),(97,NULL,1,2,'2025-05-14 07:10:21','2025-05-14 07:12:02','122.176.150.189'),(98,NULL,3,0,'2025-05-14 07:10:56','2025-05-14 07:11:50','122.176.150.189'),(99,NULL,1,1,'2025-05-14 07:12:02','2025-05-14 07:16:49','122.176.150.189'),(100,NULL,1,1,'2025-05-14 07:15:55','2025-05-14 07:16:58','122.176.150.189'),(101,NULL,1,1,'2025-05-15 04:40:53','2025-05-15 04:40:53','122.176.150.189'),(102,NULL,1,1,'2025-05-18 05:14:38','2025-05-18 06:26:57','122.176.150.189'),(103,NULL,1,1,'2025-05-18 07:21:50','2025-05-18 07:25:19','122.176.150.189'),(104,NULL,1,1,'2025-05-18 09:35:14','2025-05-18 09:35:14','122.176.150.189'),(105,NULL,1,1,'2025-05-19 11:09:26','2025-05-19 11:09:26','122.176.150.189'),(106,NULL,1,1,'2025-05-19 12:18:56','2025-05-19 12:20:03','122.176.150.189'),(107,NULL,1,1,'2025-05-20 05:25:10','2025-05-20 05:27:44','122.176.150.189'),(108,NULL,1,1,'2025-05-21 04:35:37','2025-05-21 04:39:26','122.176.150.189'),(109,NULL,1,1,'2025-05-21 12:23:31','2025-05-21 12:23:31','122.176.150.189'),(110,NULL,1,1,'2025-05-22 10:22:31','2025-05-22 10:24:40','122.176.150.189'),(111,NULL,1,1,'2025-05-24 08:13:11','2025-05-24 08:18:06','122.176.150.189'),(112,NULL,1,1,'2025-05-28 08:09:24','2025-05-28 08:28:32','122.176.150.189'),(113,NULL,1,1,'2025-05-28 09:51:41','2025-05-28 09:51:41','122.176.150.189'),(114,NULL,1,1,'2025-05-28 11:39:13','2025-05-28 11:44:30','122.176.150.189'),(115,NULL,1,1,'2025-05-29 07:49:16','2025-05-29 08:18:13','122.176.150.189'),(116,NULL,1,1,'2025-05-29 10:39:30','2025-05-29 10:43:45','122.176.150.189'),(117,NULL,1,1,'2025-05-29 11:16:46','2025-05-29 11:17:48','122.176.150.189'),(118,NULL,1,1,'2025-05-31 07:15:39','2025-05-31 07:21:34','122.176.150.189'),(119,NULL,1,1,'2025-06-07 06:34:10','2025-06-07 06:34:10','122.176.150.189'),(120,NULL,1,1,'2025-06-11 10:11:20','2025-06-11 11:06:12','122.176.150.189'),(121,NULL,1,1,'2025-06-24 04:27:51','2025-06-24 04:31:27','122.176.150.189'),(122,NULL,1,1,'2025-06-29 08:19:33','2025-06-29 08:24:14','122.176.150.189'),(123,NULL,1,1,'2025-07-01 05:13:31','2025-07-01 05:30:30','122.176.150.189'),(124,NULL,1,1,'2025-07-02 04:15:50','2025-07-02 04:15:50','122.176.150.189'),(125,NULL,1,1,'2025-07-10 04:19:19','2025-07-10 04:43:31','122.176.150.189'),(126,NULL,1,1,'2025-07-10 07:27:23','2025-07-10 07:27:23','122.176.150.189'),(127,NULL,1,1,'2025-07-10 09:53:05','2025-07-10 11:23:41','122.176.150.189'),(128,NULL,1,1,'2025-07-13 08:58:35','2025-07-13 08:59:45','122.176.150.189'),(129,NULL,1,1,'2025-07-27 07:16:16','2025-07-27 07:16:16','122.176.150.189'),(130,NULL,1,1,'2025-07-28 12:56:41','2025-07-28 12:56:41','122.176.150.189'),(131,NULL,1,1,'2025-07-31 05:44:38','2025-07-31 05:44:38','122.176.150.189'),(132,NULL,1,1,'2025-08-10 08:37:42','2025-08-10 08:37:42','122.176.150.189'),(133,NULL,1,1,'2025-08-17 08:01:19','2025-08-17 08:45:42','122.176.150.189'),(134,NULL,1,1,'2025-08-18 10:35:38','2025-08-18 10:39:36','122.176.150.189'),(135,NULL,1,1,'2025-08-20 11:13:45','2025-08-20 11:26:39','122.176.150.189'),(136,NULL,1,1,'2025-08-20 11:21:22','2025-08-20 11:21:22','117.99.27.234'),(137,NULL,1,1,'2025-08-20 13:30:36','2025-08-20 13:31:37','122.176.150.189'),(138,NULL,1,1,'2025-08-20 14:26:29','2025-08-20 14:26:29','117.99.27.234'),(139,NULL,1,1,'2025-08-21 05:07:28','2025-08-21 05:07:28','122.176.150.189');

--
-- Table structure for table `adminnotification_inbox`
--

CREATE TABLE `adminnotification_inbox` (
  `notification_id` int unsigned NOT NULL AUTO_INCREMENT COMMENT 'Notification ID',
  `severity` smallint unsigned NOT NULL DEFAULT '0' COMMENT 'Problem type',
  `date_added` timestamp NOT NULL DEFAULT CURRENT_TIMESTAMP COMMENT 'Create date',
  `title` varchar(255) NOT NULL COMMENT 'Title',
  `description` text COMMENT 'Description',
  `url` varchar(255) DEFAULT NULL COMMENT 'Url',
  `is_read` smallint unsigned NOT NULL DEFAULT '0' COMMENT 'Flag if notification read',
  `is_remove` smallint unsigned NOT NULL DEFAULT '0' COMMENT 'Flag if notification might be removed',
  PRIMARY KEY (`notification_id`),
  KEY `ADMINNOTIFICATION_INBOX_SEVERITY` (`severity`),
  KEY `ADMINNOTIFICATION_INBOX_IS_READ` (`is_read`),
  KEY `ADMINNOTIFICATION_INBOX_IS_REMOVE` (`is_remove`)
) ENGINE=InnoDB AUTO_INCREMENT=3 DEFAULT CHARSET=utf8mb3 COMMENT='Adminnotification Inbox';

--
-- Dumping data for table `adminnotification_inbox`
--

INSERT INTO `adminnotification_inbox` VALUES (1,4,'2025-02-05 07:40:40','Disable Notice','To improve performance, collecting statistics for the Magento Report module is disabled by default. \nYou can enable it in System Config.','',0,0),(2,2,'2025-02-25 12:45:03','Your export file is ready','You can pick up your file at export main page','',0,0);

--
-- Table structure for table `adobe_stock_asset`
--

CREATE TABLE `adobe_stock_asset` (
  `id` int unsigned NOT NULL AUTO_INCREMENT COMMENT 'Entity ID',
  `media_gallery_id` int unsigned DEFAULT NULL COMMENT 'Media gallery ID',
  `category_id` int unsigned DEFAULT NULL COMMENT 'Category ID',
  `creator_id` int unsigned DEFAULT NULL COMMENT 'Creator ID',
  `is_licensed` int unsigned NOT NULL DEFAULT '0' COMMENT 'Is Licensed',
  `creation_date` varchar(255) DEFAULT NULL COMMENT 'Creation Date',
  PRIMARY KEY (`id`),
  KEY `ADOBE_STOCK_ASSET_MEDIA_GALLERY_ID_MEDIA_GALLERY_ASSET_ID` (`media_gallery_id`),
  KEY `ADOBE_STOCK_ASSET_ID` (`id`),
  KEY `ADOBE_STOCK_ASSET_CATEGORY_ID` (`category_id`),
  KEY `ADOBE_STOCK_ASSET_CREATOR_ID` (`creator_id`),
  CONSTRAINT `ADOBE_STOCK_ASSET_CATEGORY_ID_ADOBE_STOCK_CATEGORY_ID` FOREIGN KEY (`category_id`) REFERENCES `adobe_stock_category` (`id`) ON DELETE SET NULL,
  CONSTRAINT `ADOBE_STOCK_ASSET_CREATOR_ID_ADOBE_STOCK_CREATOR_ID` FOREIGN KEY (`creator_id`) REFERENCES `adobe_stock_creator` (`id`) ON DELETE SET NULL,
  CONSTRAINT `ADOBE_STOCK_ASSET_MEDIA_GALLERY_ID_MEDIA_GALLERY_ASSET_ID` FOREIGN KEY (`media_gallery_id`) REFERENCES `media_gallery_asset` (`id`) ON DELETE CASCADE
) ENGINE=InnoDB DEFAULT CHARSET=utf8mb3 COMMENT='Adobe Stock Asset';

--
-- Dumping data for table `adobe_stock_asset`
--


--
-- Table structure for table `adobe_stock_category`
--

CREATE TABLE `adobe_stock_category` (
  `id` int unsigned NOT NULL AUTO_INCREMENT COMMENT 'Entity ID',
  `name` varchar(255) DEFAULT NULL COMMENT 'Name',
  PRIMARY KEY (`id`),
  KEY `ADOBE_STOCK_CATEGORY_ID` (`id`)
) ENGINE=InnoDB DEFAULT CHARSET=utf8mb3 COMMENT='Adobe Stock Category';

--
-- Dumping data for table `adobe_stock_category`
--


--
-- Table structure for table `adobe_stock_creator`
--

CREATE TABLE `adobe_stock_creator` (
  `id` int unsigned NOT NULL AUTO_INCREMENT COMMENT 'ID',
  `name` varchar(255) DEFAULT NULL COMMENT 'Asset creator''s name',
  PRIMARY KEY (`id`),
  KEY `ADOBE_STOCK_CREATOR_ID` (`id`)
) ENGINE=InnoDB DEFAULT CHARSET=utf8mb3 COMMENT='Adobe Stock Creator';

--
-- Dumping data for table `adobe_stock_creator`
--


--
-- Table structure for table `adobe_user_profile`
--

CREATE TABLE `adobe_user_profile` (
  `id` int unsigned NOT NULL AUTO_INCREMENT COMMENT 'Entity ID',
  `admin_user_id` int unsigned NOT NULL DEFAULT '0' COMMENT 'Admin User Id',
  `name` varchar(255) NOT NULL COMMENT 'Display Name',
  `email` varchar(255) NOT NULL COMMENT 'user profile email',
  `image` varchar(255) NOT NULL COMMENT 'user profile avatar',
  `account_type` varchar(255) DEFAULT NULL COMMENT 'Account Type',
  `access_token` text COMMENT 'Access Token',
  `refresh_token` text COMMENT 'Refresh Token',
  `created_at` timestamp NOT NULL DEFAULT CURRENT_TIMESTAMP COMMENT 'Created At',
  `updated_at` timestamp NOT NULL DEFAULT CURRENT_TIMESTAMP ON UPDATE CURRENT_TIMESTAMP COMMENT 'Updated At',
  `access_token_expires_at` timestamp NOT NULL DEFAULT '0000-00-00 00:00:00' COMMENT 'Access Token Expires At',
  PRIMARY KEY (`id`),
  KEY `ADOBE_USER_PROFILE_ADMIN_USER_ID` (`admin_user_id`),
  CONSTRAINT `ADOBE_USER_PROFILE_ADMIN_USER_ID_ADMIN_USER_USER_ID` FOREIGN KEY (`admin_user_id`) REFERENCES `admin_user` (`user_id`) ON DELETE CASCADE
) ENGINE=InnoDB DEFAULT CHARSET=utf8mb3 COMMENT='Adobe IMS User Profile';

--
-- Dumping data for table `adobe_user_profile`
--


--
-- Table structure for table `authorization_role`
--

CREATE TABLE `authorization_role` (
  `role_id` int unsigned NOT NULL AUTO_INCREMENT COMMENT 'Role ID',
  `parent_id` int unsigned NOT NULL DEFAULT '0' COMMENT 'Parent Role ID',
  `tree_level` smallint unsigned NOT NULL DEFAULT '0' COMMENT 'Role Tree Level',
  `sort_order` smallint unsigned NOT NULL DEFAULT '0' COMMENT 'Role Sort Order',
  `role_type` varchar(1) NOT NULL DEFAULT '0' COMMENT 'Role Type',
  `user_id` int unsigned NOT NULL DEFAULT '0' COMMENT 'User ID',
  `user_type` varchar(16) DEFAULT NULL COMMENT 'User Type',
  `role_name` varchar(50) DEFAULT NULL COMMENT 'Role Name',
  PRIMARY KEY (`role_id`),
  KEY `AUTHORIZATION_ROLE_PARENT_ID_SORT_ORDER` (`parent_id`,`sort_order`),
  KEY `AUTHORIZATION_ROLE_TREE_LEVEL` (`tree_level`)
) ENGINE=InnoDB AUTO_INCREMENT=15 DEFAULT CHARSET=utf8mb3 COMMENT='Admin Role Table';

--
-- Dumping data for table `authorization_role`
--

INSERT INTO `authorization_role` VALUES (1,0,1,1,'G',0,'2','Administrators'),(2,1,2,0,'U',1,'2','admin'),(3,0,1,0,'G',0,'2','demounilevel'),(6,0,1,0,'G',0,'2','Faq'),(7,0,1,0,'G',0,'2','Buy_Now_Button'),(8,0,1,0,'G',0,'2','Product_attachments'),(9,0,1,0,'G',0,'2','Pin_Code_Product_Price'),(10,6,2,0,'U',3,'2','Faq'),(11,7,2,0,'U',4,'2','Buy Now '),(12,8,2,0,'U',5,'2','Product'),(13,9,2,0,'U',6,'2','Pin_Code '),(14,3,2,0,'U',2,'2','Demo');

--
-- Table structure for table `authorization_rule`
--

CREATE TABLE `authorization_rule` (
  `rule_id` int unsigned NOT NULL AUTO_INCREMENT COMMENT 'Rule ID',
  `role_id` int unsigned NOT NULL DEFAULT '0' COMMENT 'Role ID',
  `resource_id` varchar(255) DEFAULT NULL COMMENT 'Resource ID',
  `privileges` varchar(20) DEFAULT NULL COMMENT 'Privileges',
  `permission` varchar(10) DEFAULT NULL COMMENT 'Permission',
  PRIMARY KEY (`rule_id`),
  KEY `AUTHORIZATION_RULE_RESOURCE_ID_ROLE_ID` (`resource_id`,`role_id`),
  KEY `AUTHORIZATION_RULE_ROLE_ID_RESOURCE_ID` (`role_id`,`resource_id`),
  CONSTRAINT `AUTHORIZATION_RULE_ROLE_ID_AUTHORIZATION_ROLE_ROLE_ID` FOREIGN KEY (`role_id`) REFERENCES `authorization_role` (`role_id`) ON DELETE CASCADE
) ENGINE=InnoDB AUTO_INCREMENT=2197 DEFAULT CHARSET=utf8mb3 COMMENT='Admin Rule Table';

--
-- Dumping data for table `authorization_rule`
--

INSERT INTO `authorization_rule` VALUES (1,1,'Magento_Backend::all',NULL,'allow'),(318,6,'Magento_Backend::all',NULL,'deny'),(319,6,'Magento_Backend::admin',NULL,'allow'),(320,6,'Magento_Backend::dashboard',NULL,'deny'),(321,6,'Magento_Analytics::analytics',NULL,'deny'),(322,6,'Magento_Analytics::analytics_api',NULL,'deny'),(323,6,'Letscms_Blog::config',NULL,'deny'),(324,6,'Letscms_BuyNowBtn::BuyNowBtn_menu',NULL,'deny'),(325,6,'Letscms_BuyNowBtn::BuyNowBtn_Submenu',NULL,'deny'),(326,6,'Letscms_Faq::Faq_menu',NULL,'allow'),(327,6,'Letscms_Faq::Faq_submenu',NULL,'allow'),(328,6,'Letscms_Faq::Faq_Listing',NULL,'allow'),(329,6,'Letscms_Faq::FaqGroup_Listing',NULL,'allow'),(330,6,'Letscms_PinCodeBasedCharges::main',NULL,'deny'),(331,6,'Letscms_PinCodeBasedCharges::config',NULL,'deny'),(332,6,'Letscms_PinCodeBasedProductPrice::PinCodeBasedProductPrice_menu',NULL,'deny'),(333,6,'Letscms_PinCodeBasedProductPrice::Letscms_PinCodeBasedCharges_Submenu',NULL,'deny'),(334,6,'Letscms_ProductAttachmentFile::main_menu',NULL,'deny'),(335,6,'Letscms_ProductAttachmentFile::attachments',NULL,'deny'),(336,6,'Letscms_Unilevel::unilevel_menu',NULL,'deny'),(337,6,'Letscms_Unilevel::configs',NULL,'deny'),(338,6,'Letscms_Unilevel::unilevel_configuration',NULL,'deny'),(339,6,'Letscms_Unilevel::create_root_user',NULL,'deny'),(340,6,'Letscms_Unilevel::payout',NULL,'deny'),(341,6,'Letscms_Unilevel::payout_commissions',NULL,'deny'),(342,6,'Letscms_Unilevel::payout_bonuses',NULL,'deny'),(343,6,'Letscms_Unilevel::proccess_payout',NULL,'deny'),(344,6,'Letscms_Unilevel::reports',NULL,'deny'),(345,6,'Letscms_Unilevel::genealogy',NULL,'deny'),(346,6,'Letscms_Unilevel::customers_reports',NULL,'deny'),(347,6,'Letscms_Unilevel::withdrawals_list',NULL,'deny'),(348,6,'Magento_Sales::sales',NULL,'deny'),(349,6,'Magento_Sales::sales_operation',NULL,'deny'),(350,6,'Magento_Sales::sales_order',NULL,'deny'),(351,6,'Magento_Sales::actions',NULL,'deny'),(352,6,'Magento_Sales::create',NULL,'deny'),(353,6,'Magento_PaymentServicesPaypal::ordercreate',NULL,'deny'),(354,6,'Magento_Sales::actions_view',NULL,'deny'),(355,6,'Magento_Sales::email',NULL,'deny'),(356,6,'Magento_Sales::reorder',NULL,'deny'),(357,6,'Magento_Sales::actions_edit',NULL,'deny'),(358,6,'Magento_Sales::cancel',NULL,'deny'),(359,6,'Magento_Sales::review_payment',NULL,'deny'),(360,6,'Magento_Sales::capture',NULL,'deny'),(361,6,'Magento_Sales::invoice',NULL,'deny'),(362,6,'Magento_Sales::creditmemo',NULL,'deny'),(363,6,'Magento_Sales::hold',NULL,'deny'),(364,6,'Magento_Sales::unhold',NULL,'deny'),(365,6,'Magento_Sales::ship',NULL,'deny'),(366,6,'Magento_Sales::comment',NULL,'deny'),(367,6,'Magento_Sales::emails',NULL,'deny'),(368,6,'Magento_Paypal::authorization',NULL,'deny'),(369,6,'Magento_PaymentServicesDashboard::paymentservices',NULL,'deny'),(370,6,'Magento_PaymentServicesDashboard::paymentservicesdashboard',NULL,'deny'),(371,6,'Magento_ServiceProxy::services',NULL,'deny'),(372,6,'Magento_Sales::sales_invoice',NULL,'deny'),(373,6,'Magento_Sales::shipment',NULL,'deny'),(374,6,'Magento_Sales::sales_creditmemo',NULL,'deny'),(375,6,'Magento_Paypal::billing_agreement',NULL,'deny'),(376,6,'Magento_Paypal::billing_agreement_actions',NULL,'deny'),(377,6,'Magento_Paypal::billing_agreement_actions_view',NULL,'deny'),(378,6,'Magento_Paypal::actions_manage',NULL,'deny'),(379,6,'Magento_Paypal::use',NULL,'deny'),(380,6,'Magento_Sales::transactions',NULL,'deny'),(381,6,'Magento_Sales::transactions_fetch',NULL,'deny'),(382,6,'Magento_Catalog::catalog',NULL,'deny'),(383,6,'Magento_Catalog::catalog_inventory',NULL,'deny'),(384,6,'Magento_Catalog::products',NULL,'deny'),(385,6,'Magento_Catalog::update_attributes',NULL,'deny'),(386,6,'Magento_Catalog::edit_product_design',NULL,'deny'),(387,6,'Magento_Catalog::categories',NULL,'deny'),(388,6,'Magento_Catalog::edit_category_design',NULL,'deny'),(389,6,'Magento_Customer::customer',NULL,'deny'),(390,6,'Magento_Customer::manage',NULL,'deny'),(391,6,'Magento_Customer::actions',NULL,'deny'),(392,6,'Magento_Customer::delete',NULL,'deny'),(393,6,'Magento_Customer::reset_password',NULL,'deny'),(394,6,'Magento_Customer::invalidate_tokens',NULL,'deny'),(395,6,'Magento_LoginAsCustomer::allow_shopping_assistance',NULL,'deny'),(396,6,'Magento_Customer::online',NULL,'deny'),(397,6,'Magento_Customer::group',NULL,'deny'),(398,6,'Magento_LoginAsCustomer::login',NULL,'deny'),(399,6,'Magento_LoginAsCustomerLog::login_log',NULL,'deny'),(400,6,'Magento_Cart::cart',NULL,'deny'),(401,6,'Magento_Cart::manage',NULL,'deny'),(402,6,'Magento_Backend::myaccount',NULL,'deny'),(403,6,'Magento_Backend::marketing',NULL,'deny'),(404,6,'Magento_CatalogRule::promo',NULL,'deny'),(405,6,'Magento_CatalogRule::promo_catalog',NULL,'deny'),(406,6,'Magento_SalesRule::quote',NULL,'deny'),(407,6,'Magento_Backend::marketing_communications',NULL,'deny'),(408,6,'Magento_Email::template',NULL,'deny'),(409,6,'Magento_Newsletter::template',NULL,'deny'),(410,6,'Magento_Newsletter::queue',NULL,'deny'),(411,6,'Magento_Newsletter::subscriber',NULL,'deny'),(412,6,'Magento_Backend::marketing_seo',NULL,'deny'),(413,6,'Magento_Search::search',NULL,'deny'),(414,6,'Magento_Search::synonyms',NULL,'deny'),(415,6,'Magento_UrlRewrite::urlrewrite',NULL,'deny'),(416,6,'Magento_Sitemap::sitemap',NULL,'deny'),(417,6,'Magento_Backend::marketing_user_content',NULL,'deny'),(418,6,'Magento_Review::reviews_all',NULL,'deny'),(419,6,'Magento_Review::pending',NULL,'deny'),(420,6,'Magento_Backend::content',NULL,'deny'),(421,6,'Magento_Backend::content_elements',NULL,'deny'),(422,6,'Magento_Cms::page',NULL,'deny'),(423,6,'Magento_Cms::save',NULL,'deny'),(424,6,'Magento_Cms::save_design',NULL,'deny'),(425,6,'Magento_Cms::page_delete',NULL,'deny'),(426,6,'Magento_Cms::block',NULL,'deny'),(427,6,'Magento_Widget::widget_instance',NULL,'deny'),(428,6,'Magento_Cms::media_gallery',NULL,'deny'),(429,6,'Magento_MediaGalleryUiApi::insert_assets',NULL,'deny'),(430,6,'Magento_MediaGalleryUiApi::upload_assets',NULL,'deny'),(431,6,'Magento_MediaGalleryUiApi::edit_assets',NULL,'deny'),(432,6,'Magento_AdobeStockImageAdminUi::media_gallery',NULL,'deny'),(433,6,'Magento_AdobeStockImageAdminUi::save_preview_images',NULL,'deny'),(434,6,'Magento_AdobeStockImageAdminUi::license_images',NULL,'deny'),(435,6,'Magento_MediaGalleryUiApi::delete_assets',NULL,'deny'),(436,6,'Magento_MediaGalleryUiApi::create_folder',NULL,'deny'),(437,6,'Magento_MediaGalleryUiApi::delete_folder',NULL,'deny'),(438,6,'Magento_PageBuilder::templates',NULL,'deny'),(439,6,'Magento_PageBuilder::template_save',NULL,'deny'),(440,6,'Magento_PageBuilder::template_apply',NULL,'deny'),(441,6,'Magento_PageBuilder::template_delete',NULL,'deny'),(442,6,'Magento_Backend::design',NULL,'deny'),(443,6,'Magento_Theme::theme',NULL,'deny'),(444,6,'Magento_Backend::schedule',NULL,'deny'),(445,6,'Magento_Backend::content_translation',NULL,'deny'),(446,6,'Magento_Reports::report',NULL,'deny'),(447,6,'Magento_Reports::report_marketing',NULL,'deny'),(448,6,'Magento_Reports::shopcart',NULL,'deny'),(449,6,'Magento_Reports::product',NULL,'deny'),(450,6,'Magento_Reports::abandoned',NULL,'deny'),(451,6,'Magento_Reports::report_search',NULL,'deny'),(452,6,'Magento_Newsletter::problem',NULL,'deny'),(453,6,'Magento_Reports::review',NULL,'deny'),(454,6,'Magento_Reports::review_customer',NULL,'deny'),(455,6,'Magento_Reports::review_product',NULL,'deny'),(456,6,'Magento_Reports::salesroot',NULL,'deny'),(457,6,'Magento_Reports::salesroot_sales',NULL,'deny'),(458,6,'Magento_Reports::tax',NULL,'deny'),(459,6,'Magento_Reports::invoiced',NULL,'deny'),(460,6,'Magento_Reports::shipping',NULL,'deny'),(461,6,'Magento_Reports::refunded',NULL,'deny'),(462,6,'Magento_Reports::coupons',NULL,'deny'),(463,6,'Magento_Paypal::paypal_settlement_reports',NULL,'deny'),(464,6,'Magento_Paypal::paypal_settlement_reports_view',NULL,'deny'),(465,6,'Magento_Paypal::fetch',NULL,'deny'),(466,6,'PayPal_Braintree::settlement_report',NULL,'deny'),(467,6,'Magento_Reports::customers',NULL,'deny'),(468,6,'Magento_Reports::totals',NULL,'deny'),(469,6,'Magento_Reports::customers_orders',NULL,'deny'),(470,6,'Magento_Reports::accounts',NULL,'deny'),(471,6,'Magento_Reports::report_products',NULL,'deny'),(472,6,'Magento_Reports::viewed',NULL,'deny'),(473,6,'Magento_Reports::bestsellers',NULL,'deny'),(474,6,'Magento_Reports::lowstock',NULL,'deny'),(475,6,'Magento_Reports::sold',NULL,'deny'),(476,6,'Magento_Reports::downloads',NULL,'deny'),(477,6,'Magento_Reports::statistics',NULL,'deny'),(478,6,'Magento_Reports::statistics_refresh',NULL,'deny'),(479,6,'Magento_Analytics::business_intelligence',NULL,'deny'),(480,6,'Magento_Analytics::advanced_reporting',NULL,'deny'),(481,6,'Magento_Analytics::bi_essentials',NULL,'deny'),(482,6,'Magento_Backend::stores',NULL,'allow'),(483,6,'Magento_Backend::stores_settings',NULL,'allow'),(484,6,'Magento_Backend::store',NULL,'deny'),(485,6,'Magento_Config::config',NULL,'allow'),(486,6,'Magento_Cms::config_cms',NULL,'deny'),(487,6,'Magento_Catalog::config_catalog',NULL,'deny'),(488,6,'Magento_CatalogSearch::config_catalog_search',NULL,'deny'),(489,6,'Magento_CatalogInventory::cataloginventory',NULL,'deny'),(490,6,'Magento_Payment::payment',NULL,'deny'),(491,6,'Magento_Payment::payment_services',NULL,'deny'),(492,6,'Magento_Contact::contact',NULL,'deny'),(493,6,'Magento_Downloadable::downloadable',NULL,'deny'),(494,6,'Magento_Newsletter::newsletter',NULL,'deny'),(495,6,'Magento_GoogleAnalytics::google',NULL,'deny'),(496,6,'Magento_LoginAsCustomer::config_section',NULL,'deny'),(497,6,'Magento_Shipping::carriers',NULL,'deny'),(498,6,'Magento_InventoryInStorePickupApi::inStorePickup',NULL,'deny'),(499,6,'Magento_InventoryInStorePickupApi::notify_orders_are_ready_for_pickup',NULL,'deny'),(500,6,'Magento_Shipping::config_shipping',NULL,'deny'),(501,6,'Magento_Shipping::shipping_policy',NULL,'deny'),(502,6,'Magento_Multishipping::config_multishipping',NULL,'deny'),(503,6,'Magento_ReCaptchaUi::config',NULL,'deny'),(504,6,'Magento_Securitytxt::config',NULL,'deny'),(505,6,'Letscms_BuyNowBtn::main',NULL,'deny'),(506,6,'Letscms_BuyNowBtn::config',NULL,'deny'),(507,6,'Letscms_Faq::main',NULL,'allow'),(508,6,'Letscms_Faq::config',NULL,'allow'),(509,6,'Letscms_PinCodeBasedProductPrice::main',NULL,'deny'),(510,6,'Letscms_PinCodeBasedProductPrice::Configuration',NULL,'deny'),(511,6,'Letscms_ProductAttachmentFile::main',NULL,'deny'),(512,6,'Letscms_ProductAttachmentFile::config',NULL,'deny'),(513,6,'Letscms_Unilevel::main',NULL,'deny'),(514,6,'Letscms_Unilevel::config',NULL,'deny'),(515,6,'Letscms_Unilevel::unilevel_eligibility',NULL,'deny'),(516,6,'Letscms_Unilevel::unilevel_bonus',NULL,'deny'),(517,6,'Letscms_Unilevel::unilevel_level_commissions',NULL,'deny'),(518,6,'Letscms_Unilevel::payout_settings',NULL,'deny'),(519,6,'Letscms_Unilevel::unilevel_email_templates',NULL,'deny'),(520,6,'Magento_Config::config_general',NULL,'deny'),(521,6,'Magento_Integration::config_oauth',NULL,'deny'),(522,6,'Magento_Webapi::config_webapi',NULL,'deny'),(523,6,'Magento_Config::web',NULL,'deny'),(524,6,'Magento_Config::config_design',NULL,'deny'),(525,6,'Magento_Customer::config_customer',NULL,'deny'),(526,6,'Magento_Paypal::paypal',NULL,'deny'),(527,6,'Magento_Tax::config_tax',NULL,'deny'),(528,6,'Magento_Checkout::checkout',NULL,'deny'),(529,6,'Magento_Sales::config_sales',NULL,'deny'),(530,6,'Magento_Persistent::persistent',NULL,'deny'),(531,6,'Magento_Sales::sales_email',NULL,'deny'),(532,6,'Magento_Sales::sales_pdf',NULL,'deny'),(533,6,'Magento_Reports::reports',NULL,'deny'),(534,6,'Magento_Sitemap::config_sitemap',NULL,'deny'),(535,6,'Magento_Config::config_system',NULL,'deny'),(536,6,'Magento_Wishlist::config_wishlist',NULL,'deny'),(537,6,'Magento_SalesRule::config_promo',NULL,'deny'),(538,6,'Magento_Config::config_admin',NULL,'deny'),(539,6,'Magento_Config::trans_email',NULL,'deny'),(540,6,'Magento_Config::dev',NULL,'deny'),(541,6,'Magento_Config::currency',NULL,'deny'),(542,6,'Magento_Rss::rss',NULL,'deny'),(543,6,'Magento_Config::sendfriend',NULL,'deny'),(544,6,'Magento_Csp::config',NULL,'deny'),(545,6,'Magento_Analytics::analytics_settings',NULL,'deny'),(546,6,'Magento_NewRelicReporting::config_newrelicreporting',NULL,'deny'),(547,6,'Magento_CheckoutAgreements::checkoutagreement',NULL,'deny'),(548,6,'Magento_Sales::order_statuses',NULL,'deny'),(549,6,'Magento_InventoryApi::inventory',NULL,'deny'),(550,6,'Magento_InventoryApi::source',NULL,'deny'),(551,6,'Magento_InventoryApi::source_edit',NULL,'deny'),(552,6,'Magento_InventoryApi::ship_source_selection',NULL,'deny'),(553,6,'Magento_InventorySourceSelectionApi::source_selection_algorithm',NULL,'deny'),(554,6,'Magento_InventorySourceSelectionApi::source_selection_algorithm_post',NULL,'deny'),(555,6,'Magento_InventoryApi::stock',NULL,'deny'),(556,6,'Magento_InventoryApi::stock_edit',NULL,'deny'),(557,6,'Magento_InventoryApi::stock_delete',NULL,'deny'),(558,6,'Magento_InventoryLowQuantityNotificationApi::low_quantity_notification',NULL,'deny'),(559,6,'Magento_InventoryLowQuantityNotificationApi::stock_create_low_quantity_notification',NULL,'deny'),(560,6,'Magento_InventoryLowQuantityNotificationApi::stock_delete_low_quantity_notification',NULL,'deny'),(561,6,'Magento_InventoryApi::stock_source_link',NULL,'deny'),(562,6,'Magento_InventoryApi::stock_source_item_assign',NULL,'deny'),(563,6,'Magento_InventorySalesApi::stock',NULL,'deny'),(564,6,'Magento_Tax::manage_tax',NULL,'deny'),(565,6,'Magento_CurrencySymbol::system_currency',NULL,'deny'),(566,6,'Magento_CurrencySymbol::currency_rates',NULL,'deny'),(567,6,'Magento_CurrencySymbol::symbols',NULL,'deny'),(568,6,'Magento_Backend::stores_attributes',NULL,'deny'),(569,6,'Magento_Catalog::attributes_attributes',NULL,'deny'),(570,6,'Magento_Catalog::sets',NULL,'deny'),(571,6,'Magento_Review::ratings',NULL,'deny'),(572,6,'Magento_Swatches::iframe',NULL,'deny'),(573,6,'Magento_Backend::stores_other_settings',NULL,'deny'),(574,6,'Magento_Backend::system',NULL,'deny'),(575,6,'Magento_AdobeIms::adobe_ims',NULL,'deny'),(576,6,'Magento_AdobeIms::actions',NULL,'deny'),(577,6,'Magento_AdobeIms::login',NULL,'deny'),(578,6,'Magento_AdobeIms::logout',NULL,'deny'),(579,6,'Magento_AdobeStockAsset::adobe_stock_asset',NULL,'deny'),(580,6,'Magento_AdobeStockAsset::actions',NULL,'deny'),(581,6,'Magento_AdobeStockAsset::actions_delete',NULL,'deny'),(582,6,'Magento_AdobeStockAsset::actions_save',NULL,'deny'),(583,6,'Magento_AdobeStockAsset::actions_view',NULL,'deny'),(584,6,'Magento_AdobeStockAsset::actions_get',NULL,'deny'),(585,6,'Magento_Backend::convert',NULL,'deny'),(586,6,'Magento_ImportExport::import',NULL,'deny'),(587,6,'Magento_ImportExport::export',NULL,'deny'),(588,6,'Magento_TaxImportExport::import_export',NULL,'deny'),(589,6,'Magento_ImportExport::history',NULL,'deny'),(590,6,'Magento_Backend::extensions',NULL,'deny'),(591,6,'Magento_Backend::local',NULL,'deny'),(592,6,'Magento_Backend::custom',NULL,'deny'),(593,6,'Magento_GraphQlServer::admin_graphql',NULL,'deny'),(594,6,'Magento_Integration::extensions',NULL,'deny'),(595,6,'Magento_Integration::integrations',NULL,'deny'),(596,6,'Magento_Backend::tools',NULL,'deny'),(597,6,'Magento_Backend::cache',NULL,'deny'),(598,6,'Magento_Backend::main_actions',NULL,'deny'),(599,6,'Magento_Backend::flush_cache_storage',NULL,'deny'),(600,6,'Magento_Backend::flush_magento_cache',NULL,'deny'),(601,6,'Magento_Backend::mass_actions',NULL,'deny'),(602,6,'Magento_Backend::toggling_cache_type',NULL,'deny'),(603,6,'Magento_Backend::refresh_cache_type',NULL,'deny'),(604,6,'Magento_Backend::additional_cache_management',NULL,'deny'),(605,6,'Magento_Backend::flush_catalog_images',NULL,'deny'),(606,6,'Magento_Backend::flush_js_css',NULL,'deny'),(607,6,'Magento_Backend::flush_static_files',NULL,'deny'),(608,6,'Magento_Backup::backup',NULL,'deny'),(609,6,'Magento_Backup::rollback',NULL,'deny'),(610,6,'Magento_Indexer::index',NULL,'deny'),(611,6,'Magento_Indexer::changeMode',NULL,'deny'),(612,6,'Magento_Indexer::invalidate',NULL,'deny'),(613,6,'Magento_User::acl',NULL,'deny'),(614,6,'Magento_User::acl_users',NULL,'deny'),(615,6,'Magento_User::locks',NULL,'deny'),(616,6,'Magento_User::acl_roles',NULL,'deny'),(617,6,'Magento_Logging::magento_logging',NULL,'deny'),(618,6,'Magento_Logging::magento_logging_events',NULL,'deny'),(619,6,'Magento_Logging::system_magento_logging_bulk_operations',NULL,'deny'),(620,6,'Magento_Backend::system_other_settings',NULL,'deny'),(621,6,'Magento_AdminNotification::adminnotification',NULL,'deny'),(622,6,'Magento_AdminNotification::show_toolbar',NULL,'deny'),(623,6,'Magento_AdminNotification::show_list',NULL,'deny'),(624,6,'Magento_AdminNotification::mark_as_read',NULL,'deny'),(625,6,'Magento_AdminNotification::adminnotification_remove',NULL,'deny'),(626,6,'Magento_Variable::variable',NULL,'deny'),(627,6,'Magento_EncryptionKey::crypt_key',NULL,'deny'),(628,6,'Magento_ServicesId::services',NULL,'deny'),(629,6,'Magento_ServicesId::configuration',NULL,'deny'),(630,6,'Magento_Backend::global_search',NULL,'deny'),(631,7,'Magento_Backend::all',NULL,'deny'),(632,7,'Magento_Backend::admin',NULL,'allow'),(633,7,'Magento_Backend::dashboard',NULL,'allow'),(634,7,'Magento_Analytics::analytics',NULL,'deny'),(635,7,'Magento_Analytics::analytics_api',NULL,'deny'),(636,7,'Letscms_Blog::config',NULL,'deny'),(637,7,'Letscms_BuyNowBtn::BuyNowBtn_menu',NULL,'allow'),(638,7,'Letscms_BuyNowBtn::BuyNowBtn_Submenu',NULL,'allow'),(639,7,'Letscms_Faq::Faq_menu',NULL,'deny'),(640,7,'Letscms_Faq::Faq_submenu',NULL,'deny'),(641,7,'Letscms_Faq::Faq_Listing',NULL,'deny'),(642,7,'Letscms_Faq::FaqGroup_Listing',NULL,'deny'),(643,7,'Letscms_PinCodeBasedCharges::main',NULL,'deny'),(644,7,'Letscms_PinCodeBasedCharges::config',NULL,'deny'),(645,7,'Letscms_PinCodeBasedProductPrice::PinCodeBasedProductPrice_menu',NULL,'deny'),(646,7,'Letscms_PinCodeBasedProductPrice::Letscms_PinCodeBasedCharges_Submenu',NULL,'deny'),(647,7,'Letscms_ProductAttachmentFile::main_menu',NULL,'deny'),(648,7,'Letscms_ProductAttachmentFile::attachments',NULL,'deny'),(649,7,'Letscms_Unilevel::unilevel_menu',NULL,'deny'),(650,7,'Letscms_Unilevel::configs',NULL,'deny'),(651,7,'Letscms_Unilevel::unilevel_configuration',NULL,'deny'),(652,7,'Letscms_Unilevel::create_root_user',NULL,'deny'),(653,7,'Letscms_Unilevel::payout',NULL,'deny'),(654,7,'Letscms_Unilevel::payout_commissions',NULL,'deny'),(655,7,'Letscms_Unilevel::payout_bonuses',NULL,'deny'),(656,7,'Letscms_Unilevel::proccess_payout',NULL,'deny'),(657,7,'Letscms_Unilevel::reports',NULL,'deny'),(658,7,'Letscms_Unilevel::genealogy',NULL,'deny'),(659,7,'Letscms_Unilevel::customers_reports',NULL,'deny'),(660,7,'Letscms_Unilevel::withdrawals_list',NULL,'deny'),(661,7,'Magento_Sales::sales',NULL,'deny'),(662,7,'Magento_Sales::sales_operation',NULL,'deny'),(663,7,'Magento_Sales::sales_order',NULL,'deny'),(664,7,'Magento_Sales::actions',NULL,'deny'),(665,7,'Magento_Sales::create',NULL,'deny'),(666,7,'Magento_PaymentServicesPaypal::ordercreate',NULL,'deny'),(667,7,'Magento_Sales::actions_view',NULL,'deny'),(668,7,'Magento_Sales::email',NULL,'deny'),(669,7,'Magento_Sales::reorder',NULL,'deny'),(670,7,'Magento_Sales::actions_edit',NULL,'deny'),(671,7,'Magento_Sales::cancel',NULL,'deny'),(672,7,'Magento_Sales::review_payment',NULL,'deny'),(673,7,'Magento_Sales::capture',NULL,'deny'),(674,7,'Magento_Sales::invoice',NULL,'deny'),(675,7,'Magento_Sales::creditmemo',NULL,'deny'),(676,7,'Magento_Sales::hold',NULL,'deny'),(677,7,'Magento_Sales::unhold',NULL,'deny'),(678,7,'Magento_Sales::ship',NULL,'deny'),(679,7,'Magento_Sales::comment',NULL,'deny'),(680,7,'Magento_Sales::emails',NULL,'deny'),(681,7,'Magento_Paypal::authorization',NULL,'deny'),(682,7,'Magento_PaymentServicesDashboard::paymentservices',NULL,'deny'),(683,7,'Magento_PaymentServicesDashboard::paymentservicesdashboard',NULL,'deny'),(684,7,'Magento_ServiceProxy::services',NULL,'deny'),(685,7,'Magento_Sales::sales_invoice',NULL,'deny'),(686,7,'Magento_Sales::shipment',NULL,'deny'),(687,7,'Magento_Sales::sales_creditmemo',NULL,'deny'),(688,7,'Magento_Paypal::billing_agreement',NULL,'deny'),(689,7,'Magento_Paypal::billing_agreement_actions',NULL,'deny'),(690,7,'Magento_Paypal::billing_agreement_actions_view',NULL,'deny'),(691,7,'Magento_Paypal::actions_manage',NULL,'deny'),(692,7,'Magento_Paypal::use',NULL,'deny'),(693,7,'Magento_Sales::transactions',NULL,'deny'),(694,7,'Magento_Sales::transactions_fetch',NULL,'deny'),(695,7,'Magento_Catalog::catalog',NULL,'deny'),(696,7,'Magento_Catalog::catalog_inventory',NULL,'deny'),(697,7,'Magento_Catalog::products',NULL,'deny'),(698,7,'Magento_Catalog::update_attributes',NULL,'deny'),(699,7,'Magento_Catalog::edit_product_design',NULL,'deny'),(700,7,'Magento_Catalog::categories',NULL,'deny'),(701,7,'Magento_Catalog::edit_category_design',NULL,'deny'),(702,7,'Magento_Customer::customer',NULL,'deny'),(703,7,'Magento_Customer::manage',NULL,'deny'),(704,7,'Magento_Customer::actions',NULL,'deny'),(705,7,'Magento_Customer::delete',NULL,'deny'),(706,7,'Magento_Customer::reset_password',NULL,'deny'),(707,7,'Magento_Customer::invalidate_tokens',NULL,'deny'),(708,7,'Magento_LoginAsCustomer::allow_shopping_assistance',NULL,'deny'),(709,7,'Magento_Customer::online',NULL,'deny'),(710,7,'Magento_Customer::group',NULL,'deny'),(711,7,'Magento_LoginAsCustomer::login',NULL,'deny'),(712,7,'Magento_LoginAsCustomerLog::login_log',NULL,'deny'),(713,7,'Magento_Cart::cart',NULL,'deny'),(714,7,'Magento_Cart::manage',NULL,'deny'),(715,7,'Magento_Backend::myaccount',NULL,'deny'),(716,7,'Magento_Backend::marketing',NULL,'deny'),(717,7,'Magento_CatalogRule::promo',NULL,'deny'),(718,7,'Magento_CatalogRule::promo_catalog',NULL,'deny'),(719,7,'Magento_SalesRule::quote',NULL,'deny'),(720,7,'Magento_Backend::marketing_communications',NULL,'deny'),(721,7,'Magento_Email::template',NULL,'deny'),(722,7,'Magento_Newsletter::template',NULL,'deny'),(723,7,'Magento_Newsletter::queue',NULL,'deny'),(724,7,'Magento_Newsletter::subscriber',NULL,'deny'),(725,7,'Magento_Backend::marketing_seo',NULL,'deny'),(726,7,'Magento_Search::search',NULL,'deny'),(727,7,'Magento_Search::synonyms',NULL,'deny'),(728,7,'Magento_UrlRewrite::urlrewrite',NULL,'deny'),(729,7,'Magento_Sitemap::sitemap',NULL,'deny'),(730,7,'Magento_Backend::marketing_user_content',NULL,'deny'),(731,7,'Magento_Review::reviews_all',NULL,'deny'),(732,7,'Magento_Review::pending',NULL,'deny'),(733,7,'Magento_Backend::content',NULL,'deny'),(734,7,'Magento_Backend::content_elements',NULL,'deny'),(735,7,'Magento_Cms::page',NULL,'deny'),(736,7,'Magento_Cms::save',NULL,'deny'),(737,7,'Magento_Cms::save_design',NULL,'deny'),(738,7,'Magento_Cms::page_delete',NULL,'deny'),(739,7,'Magento_Cms::block',NULL,'deny'),(740,7,'Magento_Widget::widget_instance',NULL,'deny'),(741,7,'Magento_Cms::media_gallery',NULL,'deny'),(742,7,'Magento_MediaGalleryUiApi::insert_assets',NULL,'deny'),(743,7,'Magento_MediaGalleryUiApi::upload_assets',NULL,'deny'),(744,7,'Magento_MediaGalleryUiApi::edit_assets',NULL,'deny'),(745,7,'Magento_AdobeStockImageAdminUi::media_gallery',NULL,'deny'),(746,7,'Magento_AdobeStockImageAdminUi::save_preview_images',NULL,'deny'),(747,7,'Magento_AdobeStockImageAdminUi::license_images',NULL,'deny'),(748,7,'Magento_MediaGalleryUiApi::delete_assets',NULL,'deny'),(749,7,'Magento_MediaGalleryUiApi::create_folder',NULL,'deny'),(750,7,'Magento_MediaGalleryUiApi::delete_folder',NULL,'deny'),(751,7,'Magento_PageBuilder::templates',NULL,'deny'),(752,7,'Magento_PageBuilder::template_save',NULL,'deny'),(753,7,'Magento_PageBuilder::template_apply',NULL,'deny'),(754,7,'Magento_PageBuilder::template_delete',NULL,'deny'),(755,7,'Magento_Backend::design',NULL,'deny'),(756,7,'Magento_Theme::theme',NULL,'deny'),(757,7,'Magento_Backend::schedule',NULL,'deny'),(758,7,'Magento_Backend::content_translation',NULL,'deny'),(759,7,'Magento_Reports::report',NULL,'deny'),(760,7,'Magento_Reports::report_marketing',NULL,'deny'),(761,7,'Magento_Reports::shopcart',NULL,'deny'),(762,7,'Magento_Reports::product',NULL,'deny'),(763,7,'Magento_Reports::abandoned',NULL,'deny'),(764,7,'Magento_Reports::report_search',NULL,'deny'),(765,7,'Magento_Newsletter::problem',NULL,'deny'),(766,7,'Magento_Reports::review',NULL,'deny'),(767,7,'Magento_Reports::review_customer',NULL,'deny'),(768,7,'Magento_Reports::review_product',NULL,'deny'),(769,7,'Magento_Reports::salesroot',NULL,'deny'),(770,7,'Magento_Reports::salesroot_sales',NULL,'deny'),(771,7,'Magento_Reports::tax',NULL,'deny'),(772,7,'Magento_Reports::invoiced',NULL,'deny'),(773,7,'Magento_Reports::shipping',NULL,'deny'),(774,7,'Magento_Reports::refunded',NULL,'deny'),(775,7,'Magento_Reports::coupons',NULL,'deny'),(776,7,'Magento_Paypal::paypal_settlement_reports',NULL,'deny'),(777,7,'Magento_Paypal::paypal_settlement_reports_view',NULL,'deny'),(778,7,'Magento_Paypal::fetch',NULL,'deny'),(779,7,'PayPal_Braintree::settlement_report',NULL,'deny'),(780,7,'Magento_Reports::customers',NULL,'deny'),(781,7,'Magento_Reports::totals',NULL,'deny'),(782,7,'Magento_Reports::customers_orders',NULL,'deny'),(783,7,'Magento_Reports::accounts',NULL,'deny'),(784,7,'Magento_Reports::report_products',NULL,'deny'),(785,7,'Magento_Reports::viewed',NULL,'deny'),(786,7,'Magento_Reports::bestsellers',NULL,'deny'),(787,7,'Magento_Reports::lowstock',NULL,'deny'),(788,7,'Magento_Reports::sold',NULL,'deny'),(789,7,'Magento_Reports::downloads',NULL,'deny'),(790,7,'Magento_Reports::statistics',NULL,'deny'),(791,7,'Magento_Reports::statistics_refresh',NULL,'deny'),(792,7,'Magento_Analytics::business_intelligence',NULL,'deny'),(793,7,'Magento_Analytics::advanced_reporting',NULL,'deny'),(794,7,'Magento_Analytics::bi_essentials',NULL,'deny'),(795,7,'Magento_Backend::stores',NULL,'allow'),(796,7,'Magento_Backend::stores_settings',NULL,'allow'),(797,7,'Magento_Backend::store',NULL,'deny'),(798,7,'Magento_Config::config',NULL,'allow'),(799,7,'Magento_Cms::config_cms',NULL,'deny'),(800,7,'Magento_Catalog::config_catalog',NULL,'deny'),(801,7,'Magento_CatalogSearch::config_catalog_search',NULL,'deny'),(802,7,'Magento_CatalogInventory::cataloginventory',NULL,'deny'),(803,7,'Magento_Payment::payment',NULL,'deny'),(804,7,'Magento_Payment::payment_services',NULL,'deny'),(805,7,'Magento_Contact::contact',NULL,'deny'),(806,7,'Magento_Downloadable::downloadable',NULL,'deny'),(807,7,'Magento_Newsletter::newsletter',NULL,'deny'),(808,7,'Magento_GoogleAnalytics::google',NULL,'deny'),(809,7,'Magento_LoginAsCustomer::config_section',NULL,'deny'),(810,7,'Magento_Shipping::carriers',NULL,'deny'),(811,7,'Magento_InventoryInStorePickupApi::inStorePickup',NULL,'deny'),(812,7,'Magento_InventoryInStorePickupApi::notify_orders_are_ready_for_pickup',NULL,'deny'),(813,7,'Magento_Shipping::config_shipping',NULL,'deny'),(814,7,'Magento_Shipping::shipping_policy',NULL,'deny'),(815,7,'Magento_Multishipping::config_multishipping',NULL,'deny'),(816,7,'Magento_ReCaptchaUi::config',NULL,'deny'),(817,7,'Magento_Securitytxt::config',NULL,'deny'),(818,7,'Letscms_BuyNowBtn::main',NULL,'allow'),(819,7,'Letscms_BuyNowBtn::config',NULL,'allow'),(820,7,'Letscms_Faq::main',NULL,'deny'),(821,7,'Letscms_Faq::config',NULL,'deny'),(822,7,'Letscms_PinCodeBasedProductPrice::main',NULL,'deny'),(823,7,'Letscms_PinCodeBasedProductPrice::Configuration',NULL,'deny'),(824,7,'Letscms_ProductAttachmentFile::main',NULL,'deny'),(825,7,'Letscms_ProductAttachmentFile::config',NULL,'deny'),(826,7,'Letscms_Unilevel::main',NULL,'deny'),(827,7,'Letscms_Unilevel::config',NULL,'deny'),(828,7,'Letscms_Unilevel::unilevel_eligibility',NULL,'deny'),(829,7,'Letscms_Unilevel::unilevel_bonus',NULL,'deny'),(830,7,'Letscms_Unilevel::unilevel_level_commissions',NULL,'deny'),(831,7,'Letscms_Unilevel::payout_settings',NULL,'deny'),(832,7,'Letscms_Unilevel::unilevel_email_templates',NULL,'deny'),(833,7,'Magento_Config::config_general',NULL,'deny'),(834,7,'Magento_Integration::config_oauth',NULL,'deny'),(835,7,'Magento_Webapi::config_webapi',NULL,'deny'),(836,7,'Magento_Config::web',NULL,'deny'),(837,7,'Magento_Config::config_design',NULL,'deny'),(838,7,'Magento_Customer::config_customer',NULL,'deny'),(839,7,'Magento_Paypal::paypal',NULL,'deny'),(840,7,'Magento_Tax::config_tax',NULL,'deny'),(841,7,'Magento_Checkout::checkout',NULL,'deny'),(842,7,'Magento_Sales::config_sales',NULL,'deny'),(843,7,'Magento_Persistent::persistent',NULL,'deny'),(844,7,'Magento_Sales::sales_email',NULL,'deny'),(845,7,'Magento_Sales::sales_pdf',NULL,'deny'),(846,7,'Magento_Reports::reports',NULL,'deny'),(847,7,'Magento_Sitemap::config_sitemap',NULL,'deny'),(848,7,'Magento_Config::config_system',NULL,'deny'),(849,7,'Magento_Wishlist::config_wishlist',NULL,'deny'),(850,7,'Magento_SalesRule::config_promo',NULL,'deny'),(851,7,'Magento_Config::config_admin',NULL,'deny'),(852,7,'Magento_Config::trans_email',NULL,'deny'),(853,7,'Magento_Config::dev',NULL,'deny'),(854,7,'Magento_Config::currency',NULL,'deny'),(855,7,'Magento_Rss::rss',NULL,'deny'),(856,7,'Magento_Config::sendfriend',NULL,'deny'),(857,7,'Magento_Csp::config',NULL,'deny'),(858,7,'Magento_Analytics::analytics_settings',NULL,'deny'),(859,7,'Magento_NewRelicReporting::config_newrelicreporting',NULL,'deny'),(860,7,'Magento_CheckoutAgreements::checkoutagreement',NULL,'deny'),(861,7,'Magento_Sales::order_statuses',NULL,'deny'),(862,7,'Magento_InventoryApi::inventory',NULL,'deny'),(863,7,'Magento_InventoryApi::source',NULL,'deny'),(864,7,'Magento_InventoryApi::source_edit',NULL,'deny'),(865,7,'Magento_InventoryApi::ship_source_selection',NULL,'deny'),(866,7,'Magento_InventorySourceSelectionApi::source_selection_algorithm',NULL,'deny'),(867,7,'Magento_InventorySourceSelectionApi::source_selection_algorithm_post',NULL,'deny'),(868,7,'Magento_InventoryApi::stock',NULL,'deny'),(869,7,'Magento_InventoryApi::stock_edit',NULL,'deny'),(870,7,'Magento_InventoryApi::stock_delete',NULL,'deny'),(871,7,'Magento_InventoryLowQuantityNotificationApi::low_quantity_notification',NULL,'deny'),(872,7,'Magento_InventoryLowQuantityNotificationApi::stock_create_low_quantity_notification',NULL,'deny'),(873,7,'Magento_InventoryLowQuantityNotificationApi::stock_delete_low_quantity_notification',NULL,'deny'),(874,7,'Magento_InventoryApi::stock_source_link',NULL,'deny'),(875,7,'Magento_InventoryApi::stock_source_item_assign',NULL,'deny'),(876,7,'Magento_InventorySalesApi::stock',NULL,'deny'),(877,7,'Magento_Tax::manage_tax',NULL,'deny'),(878,7,'Magento_CurrencySymbol::system_currency',NULL,'deny'),(879,7,'Magento_CurrencySymbol::currency_rates',NULL,'deny'),(880,7,'Magento_CurrencySymbol::symbols',NULL,'deny'),(881,7,'Magento_Backend::stores_attributes',NULL,'deny'),(882,7,'Magento_Catalog::attributes_attributes',NULL,'deny'),(883,7,'Magento_Catalog::sets',NULL,'deny'),(884,7,'Magento_Review::ratings',NULL,'deny'),(885,7,'Magento_Swatches::iframe',NULL,'deny'),(886,7,'Magento_Backend::stores_other_settings',NULL,'deny'),(887,7,'Magento_Backend::system',NULL,'allow'),(888,7,'Magento_AdobeIms::adobe_ims',NULL,'deny'),(889,7,'Magento_AdobeIms::actions',NULL,'deny'),(890,7,'Magento_AdobeIms::login',NULL,'deny'),(891,7,'Magento_AdobeIms::logout',NULL,'deny'),(892,7,'Magento_AdobeStockAsset::adobe_stock_asset',NULL,'deny'),(893,7,'Magento_AdobeStockAsset::actions',NULL,'deny'),(894,7,'Magento_AdobeStockAsset::actions_delete',NULL,'deny'),(895,7,'Magento_AdobeStockAsset::actions_save',NULL,'deny'),(896,7,'Magento_AdobeStockAsset::actions_view',NULL,'deny'),(897,7,'Magento_AdobeStockAsset::actions_get',NULL,'deny'),(898,7,'Magento_Backend::convert',NULL,'deny'),(899,7,'Magento_ImportExport::import',NULL,'deny'),(900,7,'Magento_ImportExport::export',NULL,'deny'),(901,7,'Magento_TaxImportExport::import_export',NULL,'deny'),(902,7,'Magento_ImportExport::history',NULL,'deny'),(903,7,'Magento_Backend::extensions',NULL,'deny'),(904,7,'Magento_Backend::local',NULL,'deny'),(905,7,'Magento_Backend::custom',NULL,'deny'),(906,7,'Magento_GraphQlServer::admin_graphql',NULL,'deny'),(907,7,'Magento_Integration::extensions',NULL,'deny'),(908,7,'Magento_Integration::integrations',NULL,'deny'),(909,7,'Magento_Backend::tools',NULL,'allow'),(910,7,'Magento_Backend::cache',NULL,'allow'),(911,7,'Magento_Backend::main_actions',NULL,'allow'),(912,7,'Magento_Backend::flush_cache_storage',NULL,'allow'),(913,7,'Magento_Backend::flush_magento_cache',NULL,'allow'),(914,7,'Magento_Backend::mass_actions',NULL,'allow'),(915,7,'Magento_Backend::toggling_cache_type',NULL,'allow'),(916,7,'Magento_Backend::refresh_cache_type',NULL,'allow'),(917,7,'Magento_Backend::additional_cache_management',NULL,'allow'),(918,7,'Magento_Backend::flush_catalog_images',NULL,'allow'),(919,7,'Magento_Backend::flush_js_css',NULL,'allow'),(920,7,'Magento_Backend::flush_static_files',NULL,'allow'),(921,7,'Magento_Backup::backup',NULL,'deny'),(922,7,'Magento_Backup::rollback',NULL,'deny'),(923,7,'Magento_Indexer::index',NULL,'allow'),(924,7,'Magento_Indexer::changeMode',NULL,'allow'),(925,7,'Magento_Indexer::invalidate',NULL,'allow'),(926,7,'Magento_User::acl',NULL,'deny'),(927,7,'Magento_User::acl_users',NULL,'deny'),(928,7,'Magento_User::locks',NULL,'deny'),(929,7,'Magento_User::acl_roles',NULL,'deny'),(930,7,'Magento_Logging::magento_logging',NULL,'deny'),(931,7,'Magento_Logging::magento_logging_events',NULL,'deny'),(932,7,'Magento_Logging::system_magento_logging_bulk_operations',NULL,'deny'),(933,7,'Magento_Backend::system_other_settings',NULL,'deny'),(934,7,'Magento_AdminNotification::adminnotification',NULL,'deny'),(935,7,'Magento_AdminNotification::show_toolbar',NULL,'deny'),(936,7,'Magento_AdminNotification::show_list',NULL,'deny'),(937,7,'Magento_AdminNotification::mark_as_read',NULL,'deny'),(938,7,'Magento_AdminNotification::adminnotification_remove',NULL,'deny'),(939,7,'Magento_Variable::variable',NULL,'deny'),(940,7,'Magento_EncryptionKey::crypt_key',NULL,'deny'),(941,7,'Magento_ServicesId::services',NULL,'deny'),(942,7,'Magento_ServicesId::configuration',NULL,'deny'),(943,7,'Magento_Backend::global_search',NULL,'deny'),(944,8,'Magento_Backend::all',NULL,'deny'),(945,8,'Magento_Backend::admin',NULL,'allow'),(946,8,'Magento_Backend::dashboard',NULL,'allow'),(947,8,'Magento_Analytics::analytics',NULL,'deny'),(948,8,'Magento_Analytics::analytics_api',NULL,'deny'),(949,8,'Letscms_Blog::config',NULL,'deny'),(950,8,'Letscms_BuyNowBtn::BuyNowBtn_menu',NULL,'deny'),(951,8,'Letscms_BuyNowBtn::BuyNowBtn_Submenu',NULL,'deny'),(952,8,'Letscms_Faq::Faq_menu',NULL,'deny'),(953,8,'Letscms_Faq::Faq_submenu',NULL,'deny'),(954,8,'Letscms_Faq::Faq_Listing',NULL,'deny'),(955,8,'Letscms_Faq::FaqGroup_Listing',NULL,'deny'),(956,8,'Letscms_PinCodeBasedCharges::main',NULL,'deny'),(957,8,'Letscms_PinCodeBasedCharges::config',NULL,'deny'),(958,8,'Letscms_PinCodeBasedProductPrice::PinCodeBasedProductPrice_menu',NULL,'deny'),(959,8,'Letscms_PinCodeBasedProductPrice::Letscms_PinCodeBasedCharges_Submenu',NULL,'deny'),(960,8,'Letscms_ProductAttachmentFile::main_menu',NULL,'allow'),(961,8,'Letscms_ProductAttachmentFile::attachments',NULL,'allow'),(962,8,'Letscms_Unilevel::unilevel_menu',NULL,'deny'),(963,8,'Letscms_Unilevel::configs',NULL,'deny'),(964,8,'Letscms_Unilevel::unilevel_configuration',NULL,'deny'),(965,8,'Letscms_Unilevel::create_root_user',NULL,'deny'),(966,8,'Letscms_Unilevel::payout',NULL,'deny'),(967,8,'Letscms_Unilevel::payout_commissions',NULL,'deny'),(968,8,'Letscms_Unilevel::payout_bonuses',NULL,'deny'),(969,8,'Letscms_Unilevel::proccess_payout',NULL,'deny'),(970,8,'Letscms_Unilevel::reports',NULL,'deny'),(971,8,'Letscms_Unilevel::genealogy',NULL,'deny'),(972,8,'Letscms_Unilevel::customers_reports',NULL,'deny'),(973,8,'Letscms_Unilevel::withdrawals_list',NULL,'deny'),(974,8,'Magento_Sales::sales',NULL,'deny'),(975,8,'Magento_Sales::sales_operation',NULL,'deny'),(976,8,'Magento_Sales::sales_order',NULL,'deny'),(977,8,'Magento_Sales::actions',NULL,'deny'),(978,8,'Magento_Sales::create',NULL,'deny'),(979,8,'Magento_PaymentServicesPaypal::ordercreate',NULL,'deny'),(980,8,'Magento_Sales::actions_view',NULL,'deny'),(981,8,'Magento_Sales::email',NULL,'deny'),(982,8,'Magento_Sales::reorder',NULL,'deny'),(983,8,'Magento_Sales::actions_edit',NULL,'deny'),(984,8,'Magento_Sales::cancel',NULL,'deny'),(985,8,'Magento_Sales::review_payment',NULL,'deny'),(986,8,'Magento_Sales::capture',NULL,'deny'),(987,8,'Magento_Sales::invoice',NULL,'deny'),(988,8,'Magento_Sales::creditmemo',NULL,'deny'),(989,8,'Magento_Sales::hold',NULL,'deny'),(990,8,'Magento_Sales::unhold',NULL,'deny'),(991,8,'Magento_Sales::ship',NULL,'deny'),(992,8,'Magento_Sales::comment',NULL,'deny'),(993,8,'Magento_Sales::emails',NULL,'deny'),(994,8,'Magento_Paypal::authorization',NULL,'deny'),(995,8,'Magento_PaymentServicesDashboard::paymentservices',NULL,'deny'),(996,8,'Magento_PaymentServicesDashboard::paymentservicesdashboard',NULL,'deny'),(997,8,'Magento_ServiceProxy::services',NULL,'deny'),(998,8,'Magento_Sales::sales_invoice',NULL,'deny'),(999,8,'Magento_Sales::shipment',NULL,'deny'),(1000,8,'Magento_Sales::sales_creditmemo',NULL,'deny'),(1001,8,'Magento_Paypal::billing_agreement',NULL,'deny'),(1002,8,'Magento_Paypal::billing_agreement_actions',NULL,'deny'),(1003,8,'Magento_Paypal::billing_agreement_actions_view',NULL,'deny'),(1004,8,'Magento_Paypal::actions_manage',NULL,'deny'),(1005,8,'Magento_Paypal::use',NULL,'deny'),(1006,8,'Magento_Sales::transactions',NULL,'deny'),(1007,8,'Magento_Sales::transactions_fetch',NULL,'deny'),(1008,8,'Magento_Catalog::catalog',NULL,'allow'),(1009,8,'Magento_Catalog::catalog_inventory',NULL,'allow'),(1010,8,'Magento_Catalog::products',NULL,'allow'),(1011,8,'Magento_Catalog::update_attributes',NULL,'allow'),(1012,8,'Magento_Catalog::edit_product_design',NULL,'allow'),(1013,8,'Magento_Catalog::categories',NULL,'allow'),(1014,8,'Magento_Catalog::edit_category_design',NULL,'allow'),(1015,8,'Magento_Customer::customer',NULL,'deny'),(1016,8,'Magento_Customer::manage',NULL,'deny'),(1017,8,'Magento_Customer::actions',NULL,'deny'),(1018,8,'Magento_Customer::delete',NULL,'deny'),(1019,8,'Magento_Customer::reset_password',NULL,'deny'),(1020,8,'Magento_Customer::invalidate_tokens',NULL,'deny'),(1021,8,'Magento_LoginAsCustomer::allow_shopping_assistance',NULL,'deny'),(1022,8,'Magento_Customer::online',NULL,'deny'),(1023,8,'Magento_Customer::group',NULL,'deny'),(1024,8,'Magento_LoginAsCustomer::login',NULL,'deny'),(1025,8,'Magento_LoginAsCustomerLog::login_log',NULL,'deny'),(1026,8,'Magento_Cart::cart',NULL,'deny'),(1027,8,'Magento_Cart::manage',NULL,'deny'),(1028,8,'Magento_Backend::myaccount',NULL,'deny'),(1029,8,'Magento_Backend::marketing',NULL,'deny'),(1030,8,'Magento_CatalogRule::promo',NULL,'deny'),(1031,8,'Magento_CatalogRule::promo_catalog',NULL,'deny'),(1032,8,'Magento_SalesRule::quote',NULL,'deny'),(1033,8,'Magento_Backend::marketing_communications',NULL,'deny'),(1034,8,'Magento_Email::template',NULL,'deny'),(1035,8,'Magento_Newsletter::template',NULL,'deny'),(1036,8,'Magento_Newsletter::queue',NULL,'deny'),(1037,8,'Magento_Newsletter::subscriber',NULL,'deny'),(1038,8,'Magento_Backend::marketing_seo',NULL,'deny'),(1039,8,'Magento_Search::search',NULL,'deny'),(1040,8,'Magento_Search::synonyms',NULL,'deny'),(1041,8,'Magento_UrlRewrite::urlrewrite',NULL,'deny'),(1042,8,'Magento_Sitemap::sitemap',NULL,'deny'),(1043,8,'Magento_Backend::marketing_user_content',NULL,'deny'),(1044,8,'Magento_Review::reviews_all',NULL,'deny'),(1045,8,'Magento_Review::pending',NULL,'deny'),(1046,8,'Magento_Backend::content',NULL,'deny'),(1047,8,'Magento_Backend::content_elements',NULL,'deny'),(1048,8,'Magento_Cms::page',NULL,'deny'),(1049,8,'Magento_Cms::save',NULL,'deny'),(1050,8,'Magento_Cms::save_design',NULL,'deny'),(1051,8,'Magento_Cms::page_delete',NULL,'deny'),(1052,8,'Magento_Cms::block',NULL,'deny'),(1053,8,'Magento_Widget::widget_instance',NULL,'deny'),(1054,8,'Magento_Cms::media_gallery',NULL,'deny'),(1055,8,'Magento_MediaGalleryUiApi::insert_assets',NULL,'deny'),(1056,8,'Magento_MediaGalleryUiApi::upload_assets',NULL,'deny'),(1057,8,'Magento_MediaGalleryUiApi::edit_assets',NULL,'deny'),(1058,8,'Magento_AdobeStockImageAdminUi::media_gallery',NULL,'deny'),(1059,8,'Magento_AdobeStockImageAdminUi::save_preview_images',NULL,'deny'),(1060,8,'Magento_AdobeStockImageAdminUi::license_images',NULL,'deny'),(1061,8,'Magento_MediaGalleryUiApi::delete_assets',NULL,'deny'),(1062,8,'Magento_MediaGalleryUiApi::create_folder',NULL,'deny'),(1063,8,'Magento_MediaGalleryUiApi::delete_folder',NULL,'deny'),(1064,8,'Magento_PageBuilder::templates',NULL,'deny'),(1065,8,'Magento_PageBuilder::template_save',NULL,'deny'),(1066,8,'Magento_PageBuilder::template_apply',NULL,'deny'),(1067,8,'Magento_PageBuilder::template_delete',NULL,'deny'),(1068,8,'Magento_Backend::design',NULL,'deny'),(1069,8,'Magento_Theme::theme',NULL,'deny'),(1070,8,'Magento_Backend::schedule',NULL,'deny'),(1071,8,'Magento_Backend::content_translation',NULL,'deny'),(1072,8,'Magento_Reports::report',NULL,'deny'),(1073,8,'Magento_Reports::report_marketing',NULL,'deny'),(1074,8,'Magento_Reports::shopcart',NULL,'deny'),(1075,8,'Magento_Reports::product',NULL,'deny'),(1076,8,'Magento_Reports::abandoned',NULL,'deny'),(1077,8,'Magento_Reports::report_search',NULL,'deny'),(1078,8,'Magento_Newsletter::problem',NULL,'deny'),(1079,8,'Magento_Reports::review',NULL,'deny'),(1080,8,'Magento_Reports::review_customer',NULL,'deny'),(1081,8,'Magento_Reports::review_product',NULL,'deny'),(1082,8,'Magento_Reports::salesroot',NULL,'deny'),(1083,8,'Magento_Reports::salesroot_sales',NULL,'deny'),(1084,8,'Magento_Reports::tax',NULL,'deny'),(1085,8,'Magento_Reports::invoiced',NULL,'deny'),(1086,8,'Magento_Reports::shipping',NULL,'deny'),(1087,8,'Magento_Reports::refunded',NULL,'deny'),(1088,8,'Magento_Reports::coupons',NULL,'deny'),(1089,8,'Magento_Paypal::paypal_settlement_reports',NULL,'deny'),(1090,8,'Magento_Paypal::paypal_settlement_reports_view',NULL,'deny'),(1091,8,'Magento_Paypal::fetch',NULL,'deny'),(1092,8,'PayPal_Braintree::settlement_report',NULL,'deny'),(1093,8,'Magento_Reports::customers',NULL,'deny'),(1094,8,'Magento_Reports::totals',NULL,'deny'),(1095,8,'Magento_Reports::customers_orders',NULL,'deny'),(1096,8,'Magento_Reports::accounts',NULL,'deny'),(1097,8,'Magento_Reports::report_products',NULL,'deny'),(1098,8,'Magento_Reports::viewed',NULL,'deny'),(1099,8,'Magento_Reports::bestsellers',NULL,'deny'),(1100,8,'Magento_Reports::lowstock',NULL,'deny'),(1101,8,'Magento_Reports::sold',NULL,'deny'),(1102,8,'Magento_Reports::downloads',NULL,'deny'),(1103,8,'Magento_Reports::statistics',NULL,'deny'),(1104,8,'Magento_Reports::statistics_refresh',NULL,'deny'),(1105,8,'Magento_Analytics::business_intelligence',NULL,'deny'),(1106,8,'Magento_Analytics::advanced_reporting',NULL,'deny'),(1107,8,'Magento_Analytics::bi_essentials',NULL,'deny'),(1108,8,'Magento_Backend::stores',NULL,'allow'),(1109,8,'Magento_Backend::stores_settings',NULL,'allow'),(1110,8,'Magento_Backend::store',NULL,'deny'),(1111,8,'Magento_Config::config',NULL,'allow'),(1112,8,'Magento_Cms::config_cms',NULL,'deny'),(1113,8,'Magento_Catalog::config_catalog',NULL,'deny'),(1114,8,'Magento_CatalogSearch::config_catalog_search',NULL,'deny'),(1115,8,'Magento_CatalogInventory::cataloginventory',NULL,'deny'),(1116,8,'Magento_Payment::payment',NULL,'deny'),(1117,8,'Magento_Payment::payment_services',NULL,'deny'),(1118,8,'Magento_Contact::contact',NULL,'deny'),(1119,8,'Magento_Downloadable::downloadable',NULL,'deny'),(1120,8,'Magento_Newsletter::newsletter',NULL,'deny'),(1121,8,'Magento_GoogleAnalytics::google',NULL,'deny'),(1122,8,'Magento_LoginAsCustomer::config_section',NULL,'deny'),(1123,8,'Magento_Shipping::carriers',NULL,'deny'),(1124,8,'Magento_InventoryInStorePickupApi::inStorePickup',NULL,'deny'),(1125,8,'Magento_InventoryInStorePickupApi::notify_orders_are_ready_for_pickup',NULL,'deny'),(1126,8,'Magento_Shipping::config_shipping',NULL,'deny'),(1127,8,'Magento_Shipping::shipping_policy',NULL,'deny'),(1128,8,'Magento_Multishipping::config_multishipping',NULL,'deny'),(1129,8,'Magento_ReCaptchaUi::config',NULL,'deny'),(1130,8,'Magento_Securitytxt::config',NULL,'deny'),(1131,8,'Letscms_BuyNowBtn::main',NULL,'deny'),(1132,8,'Letscms_BuyNowBtn::config',NULL,'deny'),(1133,8,'Letscms_Faq::main',NULL,'deny'),(1134,8,'Letscms_Faq::config',NULL,'deny'),(1135,8,'Letscms_PinCodeBasedProductPrice::main',NULL,'deny'),(1136,8,'Letscms_PinCodeBasedProductPrice::Configuration',NULL,'deny'),(1137,8,'Letscms_ProductAttachmentFile::main',NULL,'allow'),(1138,8,'Letscms_ProductAttachmentFile::config',NULL,'allow'),(1139,8,'Letscms_Unilevel::main',NULL,'deny'),(1140,8,'Letscms_Unilevel::config',NULL,'deny'),(1141,8,'Letscms_Unilevel::unilevel_eligibility',NULL,'deny'),(1142,8,'Letscms_Unilevel::unilevel_bonus',NULL,'deny'),(1143,8,'Letscms_Unilevel::unilevel_level_commissions',NULL,'deny'),(1144,8,'Letscms_Unilevel::payout_settings',NULL,'deny'),(1145,8,'Letscms_Unilevel::unilevel_email_templates',NULL,'deny'),(1146,8,'Magento_Config::config_general',NULL,'deny'),(1147,8,'Magento_Integration::config_oauth',NULL,'deny'),(1148,8,'Magento_Webapi::config_webapi',NULL,'deny'),(1149,8,'Magento_Config::web',NULL,'deny'),(1150,8,'Magento_Config::config_design',NULL,'deny'),(1151,8,'Magento_Customer::config_customer',NULL,'deny'),(1152,8,'Magento_Paypal::paypal',NULL,'deny'),(1153,8,'Magento_Tax::config_tax',NULL,'deny'),(1154,8,'Magento_Checkout::checkout',NULL,'deny'),(1155,8,'Magento_Sales::config_sales',NULL,'deny'),(1156,8,'Magento_Persistent::persistent',NULL,'deny'),(1157,8,'Magento_Sales::sales_email',NULL,'deny'),(1158,8,'Magento_Sales::sales_pdf',NULL,'deny'),(1159,8,'Magento_Reports::reports',NULL,'deny'),(1160,8,'Magento_Sitemap::config_sitemap',NULL,'deny'),(1161,8,'Magento_Config::config_system',NULL,'deny'),(1162,8,'Magento_Wishlist::config_wishlist',NULL,'deny'),(1163,8,'Magento_SalesRule::config_promo',NULL,'deny'),(1164,8,'Magento_Config::config_admin',NULL,'deny'),(1165,8,'Magento_Config::trans_email',NULL,'deny'),(1166,8,'Magento_Config::dev',NULL,'deny'),(1167,8,'Magento_Config::currency',NULL,'deny'),(1168,8,'Magento_Rss::rss',NULL,'deny'),(1169,8,'Magento_Config::sendfriend',NULL,'deny'),(1170,8,'Magento_Csp::config',NULL,'deny'),(1171,8,'Magento_Analytics::analytics_settings',NULL,'deny'),(1172,8,'Magento_NewRelicReporting::config_newrelicreporting',NULL,'deny'),(1173,8,'Magento_CheckoutAgreements::checkoutagreement',NULL,'deny'),(1174,8,'Magento_Sales::order_statuses',NULL,'deny'),(1175,8,'Magento_InventoryApi::inventory',NULL,'deny'),(1176,8,'Magento_InventoryApi::source',NULL,'deny'),(1177,8,'Magento_InventoryApi::source_edit',NULL,'deny'),(1178,8,'Magento_InventoryApi::ship_source_selection',NULL,'deny'),(1179,8,'Magento_InventorySourceSelectionApi::source_selection_algorithm',NULL,'deny'),(1180,8,'Magento_InventorySourceSelectionApi::source_selection_algorithm_post',NULL,'deny'),(1181,8,'Magento_InventoryApi::stock',NULL,'deny'),(1182,8,'Magento_InventoryApi::stock_edit',NULL,'deny'),(1183,8,'Magento_InventoryApi::stock_delete',NULL,'deny'),(1184,8,'Magento_InventoryLowQuantityNotificationApi::low_quantity_notification',NULL,'deny'),(1185,8,'Magento_InventoryLowQuantityNotificationApi::stock_create_low_quantity_notification',NULL,'deny'),(1186,8,'Magento_InventoryLowQuantityNotificationApi::stock_delete_low_quantity_notification',NULL,'deny'),(1187,8,'Magento_InventoryApi::stock_source_link',NULL,'deny'),(1188,8,'Magento_InventoryApi::stock_source_item_assign',NULL,'deny'),(1189,8,'Magento_InventorySalesApi::stock',NULL,'deny'),(1190,8,'Magento_Tax::manage_tax',NULL,'deny'),(1191,8,'Magento_CurrencySymbol::system_currency',NULL,'deny'),(1192,8,'Magento_CurrencySymbol::currency_rates',NULL,'deny'),(1193,8,'Magento_CurrencySymbol::symbols',NULL,'deny'),(1194,8,'Magento_Backend::stores_attributes',NULL,'deny'),(1195,8,'Magento_Catalog::attributes_attributes',NULL,'deny'),(1196,8,'Magento_Catalog::sets',NULL,'deny'),(1197,8,'Magento_Review::ratings',NULL,'deny'),(1198,8,'Magento_Swatches::iframe',NULL,'deny'),(1199,8,'Magento_Backend::stores_other_settings',NULL,'deny'),(1200,8,'Magento_Backend::system',NULL,'allow'),(1201,8,'Magento_AdobeIms::adobe_ims',NULL,'deny'),(1202,8,'Magento_AdobeIms::actions',NULL,'deny'),(1203,8,'Magento_AdobeIms::login',NULL,'deny'),(1204,8,'Magento_AdobeIms::logout',NULL,'deny'),(1205,8,'Magento_AdobeStockAsset::adobe_stock_asset',NULL,'deny'),(1206,8,'Magento_AdobeStockAsset::actions',NULL,'deny'),(1207,8,'Magento_AdobeStockAsset::actions_delete',NULL,'deny'),(1208,8,'Magento_AdobeStockAsset::actions_save',NULL,'deny'),(1209,8,'Magento_AdobeStockAsset::actions_view',NULL,'deny'),(1210,8,'Magento_AdobeStockAsset::actions_get',NULL,'deny'),(1211,8,'Magento_Backend::convert',NULL,'deny'),(1212,8,'Magento_ImportExport::import',NULL,'deny'),(1213,8,'Magento_ImportExport::export',NULL,'deny'),(1214,8,'Magento_TaxImportExport::import_export',NULL,'deny'),(1215,8,'Magento_ImportExport::history',NULL,'deny'),(1216,8,'Magento_Backend::extensions',NULL,'deny'),(1217,8,'Magento_Backend::local',NULL,'deny'),(1218,8,'Magento_Backend::custom',NULL,'deny'),(1219,8,'Magento_GraphQlServer::admin_graphql',NULL,'deny'),(1220,8,'Magento_Integration::extensions',NULL,'deny'),(1221,8,'Magento_Integration::integrations',NULL,'deny'),(1222,8,'Magento_Backend::tools',NULL,'allow'),(1223,8,'Magento_Backend::cache',NULL,'allow'),(1224,8,'Magento_Backend::main_actions',NULL,'allow'),(1225,8,'Magento_Backend::flush_cache_storage',NULL,'allow'),(1226,8,'Magento_Backend::flush_magento_cache',NULL,'allow'),(1227,8,'Magento_Backend::mass_actions',NULL,'allow'),(1228,8,'Magento_Backend::toggling_cache_type',NULL,'allow'),(1229,8,'Magento_Backend::refresh_cache_type',NULL,'allow'),(1230,8,'Magento_Backend::additional_cache_management',NULL,'allow'),(1231,8,'Magento_Backend::flush_catalog_images',NULL,'allow'),(1232,8,'Magento_Backend::flush_js_css',NULL,'allow'),(1233,8,'Magento_Backend::flush_static_files',NULL,'allow'),(1234,8,'Magento_Backup::backup',NULL,'deny'),(1235,8,'Magento_Backup::rollback',NULL,'deny'),(1236,8,'Magento_Indexer::index',NULL,'allow'),(1237,8,'Magento_Indexer::changeMode',NULL,'allow'),(1238,8,'Magento_Indexer::invalidate',NULL,'allow'),(1239,8,'Magento_User::acl',NULL,'deny'),(1240,8,'Magento_User::acl_users',NULL,'deny'),(1241,8,'Magento_User::locks',NULL,'deny'),(1242,8,'Magento_User::acl_roles',NULL,'deny'),(1243,8,'Magento_Logging::magento_logging',NULL,'deny'),(1244,8,'Magento_Logging::magento_logging_events',NULL,'deny'),(1245,8,'Magento_Logging::system_magento_logging_bulk_operations',NULL,'deny'),(1246,8,'Magento_Backend::system_other_settings',NULL,'deny'),(1247,8,'Magento_AdminNotification::adminnotification',NULL,'deny'),(1248,8,'Magento_AdminNotification::show_toolbar',NULL,'deny'),(1249,8,'Magento_AdminNotification::show_list',NULL,'deny'),(1250,8,'Magento_AdminNotification::mark_as_read',NULL,'deny'),(1251,8,'Magento_AdminNotification::adminnotification_remove',NULL,'deny'),(1252,8,'Magento_Variable::variable',NULL,'deny'),(1253,8,'Magento_EncryptionKey::crypt_key',NULL,'deny'),(1254,8,'Magento_ServicesId::services',NULL,'deny'),(1255,8,'Magento_ServicesId::configuration',NULL,'deny'),(1256,8,'Magento_Backend::global_search',NULL,'deny'),(1257,9,'Magento_Backend::all',NULL,'deny'),(1258,9,'Magento_Backend::admin',NULL,'allow'),(1259,9,'Magento_Backend::dashboard',NULL,'deny'),(1260,9,'Magento_Analytics::analytics',NULL,'deny'),(1261,9,'Magento_Analytics::analytics_api',NULL,'deny'),(1262,9,'Letscms_Blog::config',NULL,'deny'),(1263,9,'Letscms_BuyNowBtn::BuyNowBtn_menu',NULL,'deny'),(1264,9,'Letscms_BuyNowBtn::BuyNowBtn_Submenu',NULL,'deny'),(1265,9,'Letscms_Faq::Faq_menu',NULL,'deny'),(1266,9,'Letscms_Faq::Faq_submenu',NULL,'deny'),(1267,9,'Letscms_Faq::Faq_Listing',NULL,'deny'),(1268,9,'Letscms_Faq::FaqGroup_Listing',NULL,'deny'),(1269,9,'Letscms_PinCodeBasedCharges::main',NULL,'deny'),(1270,9,'Letscms_PinCodeBasedCharges::config',NULL,'deny'),(1271,9,'Letscms_PinCodeBasedProductPrice::PinCodeBasedProductPrice_menu',NULL,'allow'),(1272,9,'Letscms_PinCodeBasedProductPrice::Letscms_PinCodeBasedCharges_Submenu',NULL,'allow'),(1273,9,'Letscms_ProductAttachmentFile::main_menu',NULL,'deny'),(1274,9,'Letscms_ProductAttachmentFile::attachments',NULL,'deny'),(1275,9,'Letscms_Unilevel::unilevel_menu',NULL,'deny'),(1276,9,'Letscms_Unilevel::configs',NULL,'deny'),(1277,9,'Letscms_Unilevel::unilevel_configuration',NULL,'deny'),(1278,9,'Letscms_Unilevel::create_root_user',NULL,'deny'),(1279,9,'Letscms_Unilevel::payout',NULL,'deny'),(1280,9,'Letscms_Unilevel::payout_commissions',NULL,'deny'),(1281,9,'Letscms_Unilevel::payout_bonuses',NULL,'deny'),(1282,9,'Letscms_Unilevel::proccess_payout',NULL,'deny'),(1283,9,'Letscms_Unilevel::reports',NULL,'deny'),(1284,9,'Letscms_Unilevel::genealogy',NULL,'deny'),(1285,9,'Letscms_Unilevel::customers_reports',NULL,'deny'),(1286,9,'Letscms_Unilevel::withdrawals_list',NULL,'deny'),(1287,9,'Magento_Sales::sales',NULL,'deny'),(1288,9,'Magento_Sales::sales_operation',NULL,'deny'),(1289,9,'Magento_Sales::sales_order',NULL,'deny'),(1290,9,'Magento_Sales::actions',NULL,'deny'),(1291,9,'Magento_Sales::create',NULL,'deny'),(1292,9,'Magento_PaymentServicesPaypal::ordercreate',NULL,'deny'),(1293,9,'Magento_Sales::actions_view',NULL,'deny'),(1294,9,'Magento_Sales::email',NULL,'deny'),(1295,9,'Magento_Sales::reorder',NULL,'deny'),(1296,9,'Magento_Sales::actions_edit',NULL,'deny'),(1297,9,'Magento_Sales::cancel',NULL,'deny'),(1298,9,'Magento_Sales::review_payment',NULL,'deny'),(1299,9,'Magento_Sales::capture',NULL,'deny'),(1300,9,'Magento_Sales::invoice',NULL,'deny'),(1301,9,'Magento_Sales::creditmemo',NULL,'deny'),(1302,9,'Magento_Sales::hold',NULL,'deny'),(1303,9,'Magento_Sales::unhold',NULL,'deny'),(1304,9,'Magento_Sales::ship',NULL,'deny'),(1305,9,'Magento_Sales::comment',NULL,'deny'),(1306,9,'Magento_Sales::emails',NULL,'deny'),(1307,9,'Magento_Paypal::authorization',NULL,'deny'),(1308,9,'Magento_PaymentServicesDashboard::paymentservices',NULL,'deny'),(1309,9,'Magento_PaymentServicesDashboard::paymentservicesdashboard',NULL,'deny'),(1310,9,'Magento_ServiceProxy::services',NULL,'deny'),(1311,9,'Magento_Sales::sales_invoice',NULL,'deny'),(1312,9,'Magento_Sales::shipment',NULL,'deny'),(1313,9,'Magento_Sales::sales_creditmemo',NULL,'deny'),(1314,9,'Magento_Paypal::billing_agreement',NULL,'deny'),(1315,9,'Magento_Paypal::billing_agreement_actions',NULL,'deny'),(1316,9,'Magento_Paypal::billing_agreement_actions_view',NULL,'deny'),(1317,9,'Magento_Paypal::actions_manage',NULL,'deny'),(1318,9,'Magento_Paypal::use',NULL,'deny'),(1319,9,'Magento_Sales::transactions',NULL,'deny'),(1320,9,'Magento_Sales::transactions_fetch',NULL,'deny'),(1321,9,'Magento_Catalog::catalog',NULL,'allow'),(1322,9,'Magento_Catalog::catalog_inventory',NULL,'allow'),(1323,9,'Magento_Catalog::products',NULL,'allow'),(1324,9,'Magento_Catalog::update_attributes',NULL,'allow'),(1325,9,'Magento_Catalog::edit_product_design',NULL,'allow'),(1326,9,'Magento_Catalog::categories',NULL,'allow'),(1327,9,'Magento_Catalog::edit_category_design',NULL,'allow'),(1328,9,'Magento_Customer::customer',NULL,'deny'),(1329,9,'Magento_Customer::manage',NULL,'deny'),(1330,9,'Magento_Customer::actions',NULL,'deny'),(1331,9,'Magento_Customer::delete',NULL,'deny'),(1332,9,'Magento_Customer::reset_password',NULL,'deny'),(1333,9,'Magento_Customer::invalidate_tokens',NULL,'deny'),(1334,9,'Magento_LoginAsCustomer::allow_shopping_assistance',NULL,'deny'),(1335,9,'Magento_Customer::online',NULL,'deny'),(1336,9,'Magento_Customer::group',NULL,'deny'),(1337,9,'Magento_LoginAsCustomer::login',NULL,'deny'),(1338,9,'Magento_LoginAsCustomerLog::login_log',NULL,'deny'),(1339,9,'Magento_Cart::cart',NULL,'deny'),(1340,9,'Magento_Cart::manage',NULL,'deny'),(1341,9,'Magento_Backend::myaccount',NULL,'deny'),(1342,9,'Magento_Backend::marketing',NULL,'deny'),(1343,9,'Magento_CatalogRule::promo',NULL,'deny'),(1344,9,'Magento_CatalogRule::promo_catalog',NULL,'deny'),(1345,9,'Magento_SalesRule::quote',NULL,'deny'),(1346,9,'Magento_Backend::marketing_communications',NULL,'deny'),(1347,9,'Magento_Email::template',NULL,'deny'),(1348,9,'Magento_Newsletter::template',NULL,'deny'),(1349,9,'Magento_Newsletter::queue',NULL,'deny'),(1350,9,'Magento_Newsletter::subscriber',NULL,'deny'),(1351,9,'Magento_Backend::marketing_seo',NULL,'deny'),(1352,9,'Magento_Search::search',NULL,'deny'),(1353,9,'Magento_Search::synonyms',NULL,'deny'),(1354,9,'Magento_UrlRewrite::urlrewrite',NULL,'deny'),(1355,9,'Magento_Sitemap::sitemap',NULL,'deny'),(1356,9,'Magento_Backend::marketing_user_content',NULL,'deny'),(1357,9,'Magento_Review::reviews_all',NULL,'deny'),(1358,9,'Magento_Review::pending',NULL,'deny'),(1359,9,'Magento_Backend::content',NULL,'deny'),(1360,9,'Magento_Backend::content_elements',NULL,'deny'),(1361,9,'Magento_Cms::page',NULL,'deny'),(1362,9,'Magento_Cms::save',NULL,'deny'),(1363,9,'Magento_Cms::save_design',NULL,'deny'),(1364,9,'Magento_Cms::page_delete',NULL,'deny'),(1365,9,'Magento_Cms::block',NULL,'deny'),(1366,9,'Magento_Widget::widget_instance',NULL,'deny'),(1367,9,'Magento_Cms::media_gallery',NULL,'deny'),(1368,9,'Magento_MediaGalleryUiApi::insert_assets',NULL,'deny'),(1369,9,'Magento_MediaGalleryUiApi::upload_assets',NULL,'deny'),(1370,9,'Magento_MediaGalleryUiApi::edit_assets',NULL,'deny'),(1371,9,'Magento_AdobeStockImageAdminUi::media_gallery',NULL,'deny'),(1372,9,'Magento_AdobeStockImageAdminUi::save_preview_images',NULL,'deny'),(1373,9,'Magento_AdobeStockImageAdminUi::license_images',NULL,'deny'),(1374,9,'Magento_MediaGalleryUiApi::delete_assets',NULL,'deny'),(1375,9,'Magento_MediaGalleryUiApi::create_folder',NULL,'deny'),(1376,9,'Magento_MediaGalleryUiApi::delete_folder',NULL,'deny'),(1377,9,'Magento_PageBuilder::templates',NULL,'deny'),(1378,9,'Magento_PageBuilder::template_save',NULL,'deny'),(1379,9,'Magento_PageBuilder::template_apply',NULL,'deny'),(1380,9,'Magento_PageBuilder::template_delete',NULL,'deny'),(1381,9,'Magento_Backend::design',NULL,'deny'),(1382,9,'Magento_Theme::theme',NULL,'deny'),(1383,9,'Magento_Backend::schedule',NULL,'deny'),(1384,9,'Magento_Backend::content_translation',NULL,'deny'),(1385,9,'Magento_Reports::report',NULL,'deny'),(1386,9,'Magento_Reports::report_marketing',NULL,'deny'),(1387,9,'Magento_Reports::shopcart',NULL,'deny'),(1388,9,'Magento_Reports::product',NULL,'deny'),(1389,9,'Magento_Reports::abandoned',NULL,'deny'),(1390,9,'Magento_Reports::report_search',NULL,'deny'),(1391,9,'Magento_Newsletter::problem',NULL,'deny'),(1392,9,'Magento_Reports::review',NULL,'deny'),(1393,9,'Magento_Reports::review_customer',NULL,'deny'),(1394,9,'Magento_Reports::review_product',NULL,'deny'),(1395,9,'Magento_Reports::salesroot',NULL,'deny'),(1396,9,'Magento_Reports::salesroot_sales',NULL,'deny'),(1397,9,'Magento_Reports::tax',NULL,'deny'),(1398,9,'Magento_Reports::invoiced',NULL,'deny'),(1399,9,'Magento_Reports::shipping',NULL,'deny'),(1400,9,'Magento_Reports::refunded',NULL,'deny'),(1401,9,'Magento_Reports::coupons',NULL,'deny'),(1402,9,'Magento_Paypal::paypal_settlement_reports',NULL,'deny'),(1403,9,'Magento_Paypal::paypal_settlement_reports_view',NULL,'deny'),(1404,9,'Magento_Paypal::fetch',NULL,'deny'),(1405,9,'PayPal_Braintree::settlement_report',NULL,'deny'),(1406,9,'Magento_Reports::customers',NULL,'deny'),(1407,9,'Magento_Reports::totals',NULL,'deny'),(1408,9,'Magento_Reports::customers_orders',NULL,'deny'),(1409,9,'Magento_Reports::accounts',NULL,'deny'),(1410,9,'Magento_Reports::report_products',NULL,'deny'),(1411,9,'Magento_Reports::viewed',NULL,'deny'),(1412,9,'Magento_Reports::bestsellers',NULL,'deny'),(1413,9,'Magento_Reports::lowstock',NULL,'deny'),(1414,9,'Magento_Reports::sold',NULL,'deny'),(1415,9,'Magento_Reports::downloads',NULL,'deny'),(1416,9,'Magento_Reports::statistics',NULL,'deny'),(1417,9,'Magento_Reports::statistics_refresh',NULL,'deny'),(1418,9,'Magento_Analytics::business_intelligence',NULL,'deny'),(1419,9,'Magento_Analytics::advanced_reporting',NULL,'deny'),(1420,9,'Magento_Analytics::bi_essentials',NULL,'deny'),(1421,9,'Magento_Backend::stores',NULL,'allow'),(1422,9,'Magento_Backend::stores_settings',NULL,'allow'),(1423,9,'Magento_Backend::store',NULL,'deny'),(1424,9,'Magento_Config::config',NULL,'allow'),(1425,9,'Magento_Cms::config_cms',NULL,'deny'),(1426,9,'Magento_Catalog::config_catalog',NULL,'deny'),(1427,9,'Magento_CatalogSearch::config_catalog_search',NULL,'deny'),(1428,9,'Magento_CatalogInventory::cataloginventory',NULL,'deny'),(1429,9,'Magento_Payment::payment',NULL,'deny'),(1430,9,'Magento_Payment::payment_services',NULL,'deny'),(1431,9,'Magento_Contact::contact',NULL,'deny'),(1432,9,'Magento_Downloadable::downloadable',NULL,'deny'),(1433,9,'Magento_Newsletter::newsletter',NULL,'deny'),(1434,9,'Magento_GoogleAnalytics::google',NULL,'deny'),(1435,9,'Magento_LoginAsCustomer::config_section',NULL,'deny'),(1436,9,'Magento_Shipping::carriers',NULL,'deny'),(1437,9,'Magento_InventoryInStorePickupApi::inStorePickup',NULL,'deny'),(1438,9,'Magento_InventoryInStorePickupApi::notify_orders_are_ready_for_pickup',NULL,'deny'),(1439,9,'Magento_Shipping::config_shipping',NULL,'deny'),(1440,9,'Magento_Shipping::shipping_policy',NULL,'deny'),(1441,9,'Magento_Multishipping::config_multishipping',NULL,'deny'),(1442,9,'Magento_ReCaptchaUi::config',NULL,'deny'),(1443,9,'Magento_Securitytxt::config',NULL,'deny'),(1444,9,'Letscms_BuyNowBtn::main',NULL,'deny'),(1445,9,'Letscms_BuyNowBtn::config',NULL,'deny'),(1446,9,'Letscms_Faq::main',NULL,'deny'),(1447,9,'Letscms_Faq::config',NULL,'deny'),(1448,9,'Letscms_PinCodeBasedProductPrice::main',NULL,'allow'),(1449,9,'Letscms_PinCodeBasedProductPrice::Configuration',NULL,'allow'),(1450,9,'Letscms_ProductAttachmentFile::main',NULL,'deny'),(1451,9,'Letscms_ProductAttachmentFile::config',NULL,'deny'),(1452,9,'Letscms_Unilevel::main',NULL,'deny'),(1453,9,'Letscms_Unilevel::config',NULL,'deny'),(1454,9,'Letscms_Unilevel::unilevel_eligibility',NULL,'deny'),(1455,9,'Letscms_Unilevel::unilevel_bonus',NULL,'deny'),(1456,9,'Letscms_Unilevel::unilevel_level_commissions',NULL,'deny'),(1457,9,'Letscms_Unilevel::payout_settings',NULL,'deny'),(1458,9,'Letscms_Unilevel::unilevel_email_templates',NULL,'deny'),(1459,9,'Magento_Config::config_general',NULL,'deny'),(1460,9,'Magento_Integration::config_oauth',NULL,'deny'),(1461,9,'Magento_Webapi::config_webapi',NULL,'deny'),(1462,9,'Magento_Config::web',NULL,'deny'),(1463,9,'Magento_Config::config_design',NULL,'deny'),(1464,9,'Magento_Customer::config_customer',NULL,'deny'),(1465,9,'Magento_Paypal::paypal',NULL,'deny'),(1466,9,'Magento_Tax::config_tax',NULL,'deny'),(1467,9,'Magento_Checkout::checkout',NULL,'deny'),(1468,9,'Magento_Sales::config_sales',NULL,'deny'),(1469,9,'Magento_Persistent::persistent',NULL,'deny'),(1470,9,'Magento_Sales::sales_email',NULL,'deny'),(1471,9,'Magento_Sales::sales_pdf',NULL,'deny'),(1472,9,'Magento_Reports::reports',NULL,'deny'),(1473,9,'Magento_Sitemap::config_sitemap',NULL,'deny'),(1474,9,'Magento_Config::config_system',NULL,'deny'),(1475,9,'Magento_Wishlist::config_wishlist',NULL,'deny'),(1476,9,'Magento_SalesRule::config_promo',NULL,'deny'),(1477,9,'Magento_Config::config_admin',NULL,'deny'),(1478,9,'Magento_Config::trans_email',NULL,'deny'),(1479,9,'Magento_Config::dev',NULL,'deny'),(1480,9,'Magento_Config::currency',NULL,'deny'),(1481,9,'Magento_Rss::rss',NULL,'deny'),(1482,9,'Magento_Config::sendfriend',NULL,'deny'),(1483,9,'Magento_Csp::config',NULL,'deny'),(1484,9,'Magento_Analytics::analytics_settings',NULL,'deny'),(1485,9,'Magento_NewRelicReporting::config_newrelicreporting',NULL,'deny'),(1486,9,'Magento_CheckoutAgreements::checkoutagreement',NULL,'deny'),(1487,9,'Magento_Sales::order_statuses',NULL,'deny'),(1488,9,'Magento_InventoryApi::inventory',NULL,'deny'),(1489,9,'Magento_InventoryApi::source',NULL,'deny'),(1490,9,'Magento_InventoryApi::source_edit',NULL,'deny'),(1491,9,'Magento_InventoryApi::ship_source_selection',NULL,'deny'),(1492,9,'Magento_InventorySourceSelectionApi::source_selection_algorithm',NULL,'deny'),(1493,9,'Magento_InventorySourceSelectionApi::source_selection_algorithm_post',NULL,'deny'),(1494,9,'Magento_InventoryApi::stock',NULL,'deny'),(1495,9,'Magento_InventoryApi::stock_edit',NULL,'deny'),(1496,9,'Magento_InventoryApi::stock_delete',NULL,'deny'),(1497,9,'Magento_InventoryLowQuantityNotificationApi::low_quantity_notification',NULL,'deny'),(1498,9,'Magento_InventoryLowQuantityNotificationApi::stock_create_low_quantity_notification',NULL,'deny'),(1499,9,'Magento_InventoryLowQuantityNotificationApi::stock_delete_low_quantity_notification',NULL,'deny'),(1500,9,'Magento_InventoryApi::stock_source_link',NULL,'deny'),(1501,9,'Magento_InventoryApi::stock_source_item_assign',NULL,'deny'),(1502,9,'Magento_InventorySalesApi::stock',NULL,'deny'),(1503,9,'Magento_Tax::manage_tax',NULL,'deny'),(1504,9,'Magento_CurrencySymbol::system_currency',NULL,'deny'),(1505,9,'Magento_CurrencySymbol::currency_rates',NULL,'deny'),(1506,9,'Magento_CurrencySymbol::symbols',NULL,'deny'),(1507,9,'Magento_Backend::stores_attributes',NULL,'deny'),(1508,9,'Magento_Catalog::attributes_attributes',NULL,'deny'),(1509,9,'Magento_Catalog::sets',NULL,'deny'),(1510,9,'Magento_Review::ratings',NULL,'deny'),(1511,9,'Magento_Swatches::iframe',NULL,'deny'),(1512,9,'Magento_Backend::stores_other_settings',NULL,'deny'),(1513,9,'Magento_Backend::system',NULL,'allow'),(1514,9,'Magento_AdobeIms::adobe_ims',NULL,'deny'),(1515,9,'Magento_AdobeIms::actions',NULL,'deny'),(1516,9,'Magento_AdobeIms::login',NULL,'deny'),(1517,9,'Magento_AdobeIms::logout',NULL,'deny'),(1518,9,'Magento_AdobeStockAsset::adobe_stock_asset',NULL,'deny'),(1519,9,'Magento_AdobeStockAsset::actions',NULL,'deny'),(1520,9,'Magento_AdobeStockAsset::actions_delete',NULL,'deny'),(1521,9,'Magento_AdobeStockAsset::actions_save',NULL,'deny'),(1522,9,'Magento_AdobeStockAsset::actions_view',NULL,'deny'),(1523,9,'Magento_AdobeStockAsset::actions_get',NULL,'deny'),(1524,9,'Magento_Backend::convert',NULL,'deny'),(1525,9,'Magento_ImportExport::import',NULL,'deny'),(1526,9,'Magento_ImportExport::export',NULL,'deny'),(1527,9,'Magento_TaxImportExport::import_export',NULL,'deny'),(1528,9,'Magento_ImportExport::history',NULL,'deny'),(1529,9,'Magento_Backend::extensions',NULL,'deny'),(1530,9,'Magento_Backend::local',NULL,'deny'),(1531,9,'Magento_Backend::custom',NULL,'deny'),(1532,9,'Magento_GraphQlServer::admin_graphql',NULL,'deny'),(1533,9,'Magento_Integration::extensions',NULL,'deny'),(1534,9,'Magento_Integration::integrations',NULL,'deny'),(1535,9,'Magento_Backend::tools',NULL,'allow'),(1536,9,'Magento_Backend::cache',NULL,'allow'),(1537,9,'Magento_Backend::main_actions',NULL,'allow'),(1538,9,'Magento_Backend::flush_cache_storage',NULL,'allow'),(1539,9,'Magento_Backend::flush_magento_cache',NULL,'allow'),(1540,9,'Magento_Backend::mass_actions',NULL,'allow'),(1541,9,'Magento_Backend::toggling_cache_type',NULL,'allow'),(1542,9,'Magento_Backend::refresh_cache_type',NULL,'allow'),(1543,9,'Magento_Backend::additional_cache_management',NULL,'allow'),(1544,9,'Magento_Backend::flush_catalog_images',NULL,'allow'),(1545,9,'Magento_Backend::flush_js_css',NULL,'allow'),(1546,9,'Magento_Backend::flush_static_files',NULL,'allow'),(1547,9,'Magento_Backup::backup',NULL,'deny'),(1548,9,'Magento_Backup::rollback',NULL,'deny'),(1549,9,'Magento_Indexer::index',NULL,'allow'),(1550,9,'Magento_Indexer::changeMode',NULL,'allow'),(1551,9,'Magento_Indexer::invalidate',NULL,'allow'),(1552,9,'Magento_User::acl',NULL,'deny'),(1553,9,'Magento_User::acl_users',NULL,'deny'),(1554,9,'Magento_User::locks',NULL,'deny'),(1555,9,'Magento_User::acl_roles',NULL,'deny'),(1556,9,'Magento_Logging::magento_logging',NULL,'deny'),(1557,9,'Magento_Logging::magento_logging_events',NULL,'deny'),(1558,9,'Magento_Logging::system_magento_logging_bulk_operations',NULL,'deny'),(1559,9,'Magento_Backend::system_other_settings',NULL,'deny'),(1560,9,'Magento_AdminNotification::adminnotification',NULL,'deny'),(1561,9,'Magento_AdminNotification::show_toolbar',NULL,'deny'),(1562,9,'Magento_AdminNotification::show_list',NULL,'deny'),(1563,9,'Magento_AdminNotification::mark_as_read',NULL,'deny'),(1564,9,'Magento_AdminNotification::adminnotification_remove',NULL,'deny'),(1565,9,'Magento_Variable::variable',NULL,'deny'),(1566,9,'Magento_EncryptionKey::crypt_key',NULL,'deny'),(1567,9,'Magento_ServicesId::services',NULL,'deny'),(1568,9,'Magento_ServicesId::configuration',NULL,'deny'),(1569,9,'Magento_Backend::global_search',NULL,'deny'),(1883,3,'Magento_Backend::all',NULL,'deny'),(1884,3,'Magento_Backend::admin',NULL,'allow'),(1885,3,'Magento_Backend::dashboard',NULL,'allow'),(1886,3,'Magento_Analytics::analytics',NULL,'deny'),(1887,3,'Magento_Analytics::analytics_api',NULL,'deny'),(1888,3,'Letscms_Blog::config',NULL,'deny'),(1889,3,'Letscms_BuyNowBtn::BuyNowBtn_menu',NULL,'deny'),(1890,3,'Letscms_BuyNowBtn::BuyNowBtn_Submenu',NULL,'deny'),(1891,3,'Letscms_Faq::Faq_menu',NULL,'deny'),(1892,3,'Letscms_Faq::Faq_submenu',NULL,'deny'),(1893,3,'Letscms_Faq::Faq_Listing',NULL,'deny'),(1894,3,'Letscms_Faq::FaqGroup_Listing',NULL,'deny'),(1895,3,'Letscms_PinCodeBasedCharges::main',NULL,'deny'),(1896,3,'Letscms_PinCodeBasedCharges::config',NULL,'deny'),(1897,3,'Letscms_PinCodeBasedProductPrice::PinCodeBasedProductPrice_menu',NULL,'deny'),(1898,3,'Letscms_PinCodeBasedProductPrice::Letscms_PinCodeBasedCharges_Submenu',NULL,'deny'),(1899,3,'Letscms_ProductAttachmentFile::main_menu',NULL,'deny'),(1900,3,'Letscms_ProductAttachmentFile::attachments',NULL,'deny'),(1901,3,'Letscms_Unilevel::unilevel_menu',NULL,'allow'),(1902,3,'Letscms_Unilevel::configs',NULL,'allow'),(1903,3,'Letscms_Unilevel::unilevel_configuration',NULL,'allow'),(1904,3,'Letscms_Unilevel::create_root_user',NULL,'allow'),(1905,3,'Letscms_Unilevel::payout',NULL,'allow'),(1906,3,'Letscms_Unilevel::payout_commissions',NULL,'allow'),(1907,3,'Letscms_Unilevel::payout_bonuses',NULL,'allow'),(1908,3,'Letscms_Unilevel::proccess_payout',NULL,'allow'),(1909,3,'Letscms_Unilevel::reports',NULL,'allow'),(1910,3,'Letscms_Unilevel::genealogy',NULL,'allow'),(1911,3,'Letscms_Unilevel::customers_reports',NULL,'allow'),(1912,3,'Letscms_Unilevel::payouts_reports',NULL,'allow'),(1913,3,'Letscms_Unilevel::withdrawals_list',NULL,'allow'),(1914,3,'Magento_Sales::sales',NULL,'allow'),(1915,3,'Magento_Sales::sales_operation',NULL,'allow'),(1916,3,'Magento_Sales::sales_order',NULL,'allow'),(1917,3,'Magento_Sales::actions',NULL,'allow'),(1918,3,'Magento_Sales::create',NULL,'allow'),(1919,3,'Magento_PaymentServicesPaypal::ordercreate',NULL,'allow'),(1920,3,'Magento_Sales::actions_view',NULL,'allow'),(1921,3,'Magento_Sales::email',NULL,'allow'),(1922,3,'Magento_Sales::reorder',NULL,'allow'),(1923,3,'Magento_Sales::actions_edit',NULL,'allow'),(1924,3,'Magento_Sales::cancel',NULL,'allow'),(1925,3,'Magento_Sales::review_payment',NULL,'allow'),(1926,3,'Magento_Sales::capture',NULL,'allow'),(1927,3,'Magento_Sales::invoice',NULL,'allow'),(1928,3,'Magento_Sales::creditmemo',NULL,'allow'),(1929,3,'Magento_Sales::hold',NULL,'allow'),(1930,3,'Magento_Sales::unhold',NULL,'allow'),(1931,3,'Magento_Sales::ship',NULL,'allow'),(1932,3,'Magento_Sales::comment',NULL,'allow'),(1933,3,'Magento_Sales::emails',NULL,'allow'),(1934,3,'Magento_Paypal::authorization',NULL,'allow'),(1935,3,'Magento_PaymentServicesDashboard::paymentservices',NULL,'allow'),(1936,3,'Magento_PaymentServicesDashboard::paymentservicesdashboard',NULL,'allow'),(1937,3,'Magento_ServiceProxy::services',NULL,'allow'),(1938,3,'Magento_Sales::sales_invoice',NULL,'allow'),(1939,3,'Magento_Sales::shipment',NULL,'allow'),(1940,3,'Magento_Sales::sales_creditmemo',NULL,'allow'),(1941,3,'Magento_Paypal::billing_agreement',NULL,'allow'),(1942,3,'Magento_Paypal::billing_agreement_actions',NULL,'allow'),(1943,3,'Magento_Paypal::billing_agreement_actions_view',NULL,'allow'),(1944,3,'Magento_Paypal::actions_manage',NULL,'allow'),(1945,3,'Magento_Paypal::use',NULL,'allow'),(1946,3,'Magento_Sales::transactions',NULL,'allow'),(1947,3,'Magento_Sales::transactions_fetch',NULL,'allow'),(1948,3,'Magento_Catalog::catalog',NULL,'allow'),(1949,3,'Magento_Catalog::catalog_inventory',NULL,'allow'),(1950,3,'Magento_Catalog::products',NULL,'allow'),(1951,3,'Magento_Catalog::update_attributes',NULL,'allow'),(1952,3,'Magento_Catalog::edit_product_design',NULL,'allow'),(1953,3,'Magento_Catalog::categories',NULL,'deny'),(1954,3,'Magento_Catalog::edit_category_design',NULL,'deny'),(1955,3,'Magento_Customer::customer',NULL,'deny'),(1956,3,'Magento_Customer::manage',NULL,'deny'),(1957,3,'Magento_Customer::actions',NULL,'deny'),(1958,3,'Magento_Customer::delete',NULL,'deny'),(1959,3,'Magento_Customer::reset_password',NULL,'deny'),(1960,3,'Magento_Customer::invalidate_tokens',NULL,'deny'),(1961,3,'Magento_LoginAsCustomer::allow_shopping_assistance',NULL,'deny'),(1962,3,'Magento_Customer::online',NULL,'deny'),(1963,3,'Magento_Customer::group',NULL,'deny'),(1964,3,'Magento_LoginAsCustomer::login',NULL,'deny'),(1965,3,'Magento_LoginAsCustomerLog::login_log',NULL,'deny'),(1966,3,'Magento_Cart::cart',NULL,'deny'),(1967,3,'Magento_Cart::manage',NULL,'deny'),(1968,3,'Magento_Backend::myaccount',NULL,'deny'),(1969,3,'Magento_Backend::marketing',NULL,'deny'),(1970,3,'Magento_CatalogRule::promo',NULL,'deny'),(1971,3,'Magento_CatalogRule::promo_catalog',NULL,'deny'),(1972,3,'Magento_SalesRule::quote',NULL,'deny'),(1973,3,'Magento_Backend::marketing_communications',NULL,'deny'),(1974,3,'Magento_Email::template',NULL,'deny'),(1975,3,'Magento_Newsletter::template',NULL,'deny'),(1976,3,'Magento_Newsletter::queue',NULL,'deny'),(1977,3,'Magento_Newsletter::subscriber',NULL,'deny'),(1978,3,'Magento_Backend::marketing_seo',NULL,'deny'),(1979,3,'Magento_Search::search',NULL,'deny'),(1980,3,'Magento_Search::synonyms',NULL,'deny'),(1981,3,'Magento_UrlRewrite::urlrewrite',NULL,'deny'),(1982,3,'Magento_Sitemap::sitemap',NULL,'deny'),(1983,3,'Magento_Backend::marketing_user_content',NULL,'deny'),(1984,3,'Magento_Review::reviews_all',NULL,'deny'),(1985,3,'Magento_Review::pending',NULL,'deny'),(1986,3,'Magento_Backend::content',NULL,'deny'),(1987,3,'Magento_Backend::content_elements',NULL,'deny'),(1988,3,'Magento_Cms::page',NULL,'deny'),(1989,3,'Magento_Cms::save',NULL,'deny'),(1990,3,'Magento_Cms::save_design',NULL,'deny'),(1991,3,'Magento_Cms::page_delete',NULL,'deny'),(1992,3,'Magento_Cms::block',NULL,'deny'),(1993,3,'Magento_Widget::widget_instance',NULL,'deny'),(1994,3,'Magento_Cms::media_gallery',NULL,'deny'),(1995,3,'Magento_MediaGalleryUiApi::insert_assets',NULL,'deny'),(1996,3,'Magento_MediaGalleryUiApi::upload_assets',NULL,'deny'),(1997,3,'Magento_MediaGalleryUiApi::edit_assets',NULL,'deny'),(1998,3,'Magento_AdobeStockImageAdminUi::media_gallery',NULL,'deny'),(1999,3,'Magento_AdobeStockImageAdminUi::save_preview_images',NULL,'deny'),(2000,3,'Magento_AdobeStockImageAdminUi::license_images',NULL,'deny'),(2001,3,'Magento_MediaGalleryUiApi::delete_assets',NULL,'deny'),(2002,3,'Magento_MediaGalleryUiApi::create_folder',NULL,'deny'),(2003,3,'Magento_MediaGalleryUiApi::delete_folder',NULL,'deny'),(2004,3,'Magento_PageBuilder::templates',NULL,'deny'),(2005,3,'Magento_PageBuilder::template_save',NULL,'deny'),(2006,3,'Magento_PageBuilder::template_apply',NULL,'deny'),(2007,3,'Magento_PageBuilder::template_delete',NULL,'deny'),(2008,3,'Magento_Backend::design',NULL,'deny'),(2009,3,'Magento_Theme::theme',NULL,'deny'),(2010,3,'Magento_Backend::schedule',NULL,'deny'),(2011,3,'Magento_Backend::content_translation',NULL,'deny'),(2012,3,'Magento_Reports::report',NULL,'deny'),(2013,3,'Magento_Reports::report_marketing',NULL,'deny'),(2014,3,'Magento_Reports::shopcart',NULL,'deny'),(2015,3,'Magento_Reports::product',NULL,'deny'),(2016,3,'Magento_Reports::abandoned',NULL,'deny'),(2017,3,'Magento_Reports::report_search',NULL,'deny'),(2018,3,'Magento_Newsletter::problem',NULL,'deny'),(2019,3,'Magento_Reports::review',NULL,'deny'),(2020,3,'Magento_Reports::review_customer',NULL,'deny'),(2021,3,'Magento_Reports::review_product',NULL,'deny'),(2022,3,'Magento_Reports::salesroot',NULL,'deny'),(2023,3,'Magento_Reports::salesroot_sales',NULL,'deny'),(2024,3,'Magento_Reports::tax',NULL,'deny'),(2025,3,'Magento_Reports::invoiced',NULL,'deny'),(2026,3,'Magento_Reports::shipping',NULL,'deny'),(2027,3,'Magento_Reports::refunded',NULL,'deny'),(2028,3,'Magento_Reports::coupons',NULL,'deny'),(2029,3,'Magento_Paypal::paypal_settlement_reports',NULL,'deny'),(2030,3,'Magento_Paypal::paypal_settlement_reports_view',NULL,'deny'),(2031,3,'Magento_Paypal::fetch',NULL,'deny'),(2032,3,'PayPal_Braintree::settlement_report',NULL,'deny'),(2033,3,'Magento_Reports::customers',NULL,'deny'),(2034,3,'Magento_Reports::totals',NULL,'deny'),(2035,3,'Magento_Reports::customers_orders',NULL,'deny'),(2036,3,'Magento_Reports::accounts',NULL,'deny'),(2037,3,'Magento_Reports::report_products',NULL,'deny'),(2038,3,'Magento_Reports::viewed',NULL,'deny'),(2039,3,'Magento_Reports::bestsellers',NULL,'deny'),(2040,3,'Magento_Reports::lowstock',NULL,'deny'),(2041,3,'Magento_Reports::sold',NULL,'deny'),(2042,3,'Magento_Reports::downloads',NULL,'deny'),(2043,3,'Magento_Reports::statistics',NULL,'deny'),(2044,3,'Magento_Reports::statistics_refresh',NULL,'deny'),(2045,3,'Magento_Analytics::business_intelligence',NULL,'deny'),(2046,3,'Magento_Analytics::advanced_reporting',NULL,'deny'),(2047,3,'Magento_Analytics::bi_essentials',NULL,'deny'),(2048,3,'Magento_Backend::stores',NULL,'allow'),(2049,3,'Magento_Backend::stores_settings',NULL,'allow'),(2050,3,'Magento_Backend::store',NULL,'deny'),(2051,3,'Magento_Config::config',NULL,'allow'),(2052,3,'Magento_Cms::config_cms',NULL,'deny'),(2053,3,'Magento_Catalog::config_catalog',NULL,'deny'),(2054,3,'Magento_CatalogSearch::config_catalog_search',NULL,'deny'),(2055,3,'Magento_CatalogInventory::cataloginventory',NULL,'deny'),(2056,3,'Magento_Payment::payment',NULL,'deny'),(2057,3,'Magento_Payment::payment_services',NULL,'deny'),(2058,3,'Magento_Contact::contact',NULL,'deny'),(2059,3,'Magento_Downloadable::downloadable',NULL,'deny'),(2060,3,'Magento_Newsletter::newsletter',NULL,'deny'),(2061,3,'Magento_GoogleAnalytics::google',NULL,'deny'),(2062,3,'Magento_LoginAsCustomer::config_section',NULL,'deny'),(2063,3,'Magento_Shipping::carriers',NULL,'deny'),(2064,3,'Magento_InventoryInStorePickupApi::inStorePickup',NULL,'deny'),(2065,3,'Magento_InventoryInStorePickupApi::notify_orders_are_ready_for_pickup',NULL,'deny'),(2066,3,'Magento_Shipping::config_shipping',NULL,'deny'),(2067,3,'Magento_Shipping::shipping_policy',NULL,'deny'),(2068,3,'Magento_Multishipping::config_multishipping',NULL,'deny'),(2069,3,'Magento_ReCaptchaUi::config',NULL,'deny'),(2070,3,'Magento_Securitytxt::config',NULL,'deny'),(2071,3,'Letscms_BuyNowBtn::main',NULL,'deny'),(2072,3,'Letscms_BuyNowBtn::config',NULL,'deny'),(2073,3,'Letscms_Faq::main',NULL,'deny'),(2074,3,'Letscms_Faq::config',NULL,'deny'),(2075,3,'Letscms_PinCodeBasedProductPrice::main',NULL,'deny'),(2076,3,'Letscms_PinCodeBasedProductPrice::Configuration',NULL,'deny'),(2077,3,'Letscms_ProductAttachmentFile::main',NULL,'deny'),(2078,3,'Letscms_ProductAttachmentFile::config',NULL,'deny'),(2079,3,'Letscms_Unilevel::main',NULL,'allow'),(2080,3,'Letscms_Unilevel::config',NULL,'allow'),(2081,3,'Letscms_Unilevel::unilevel_eligibility',NULL,'allow'),(2082,3,'Letscms_Unilevel::unilevel_bonus',NULL,'allow'),(2083,3,'Letscms_Unilevel::unilevel_level_commissions',NULL,'allow'),(2084,3,'Letscms_Unilevel::payout_settings',NULL,'allow'),(2085,3,'Letscms_Unilevel::unilevel_email_templates',NULL,'allow'),(2086,3,'Magento_Config::config_general',NULL,'deny'),(2087,3,'Magento_Integration::config_oauth',NULL,'deny'),(2088,3,'Magento_Webapi::config_webapi',NULL,'deny'),(2089,3,'Magento_Config::web',NULL,'deny'),(2090,3,'Magento_Config::config_design',NULL,'deny'),(2091,3,'Magento_Customer::config_customer',NULL,'deny'),(2092,3,'Magento_Paypal::paypal',NULL,'deny'),(2093,3,'Magento_Tax::config_tax',NULL,'deny'),(2094,3,'Magento_Checkout::checkout',NULL,'deny'),(2095,3,'Magento_Sales::config_sales',NULL,'deny'),(2096,3,'Magento_Persistent::persistent',NULL,'deny'),(2097,3,'Magento_Sales::sales_email',NULL,'deny'),(2098,3,'Magento_Sales::sales_pdf',NULL,'deny'),(2099,3,'Magento_Reports::reports',NULL,'deny'),(2100,3,'Magento_Sitemap::config_sitemap',NULL,'deny'),(2101,3,'Magento_Config::config_system',NULL,'deny'),(2102,3,'Magento_Wishlist::config_wishlist',NULL,'deny'),(2103,3,'Magento_SalesRule::config_promo',NULL,'deny'),(2104,3,'Magento_Config::config_admin',NULL,'deny'),(2105,3,'Magento_Config::trans_email',NULL,'deny'),(2106,3,'Magento_Config::dev',NULL,'deny'),(2107,3,'Magento_Config::currency',NULL,'deny'),(2108,3,'Magento_Rss::rss',NULL,'deny'),(2109,3,'Magento_Config::sendfriend',NULL,'deny'),(2110,3,'Magento_Csp::config',NULL,'deny'),(2111,3,'Magento_Analytics::analytics_settings',NULL,'deny'),(2112,3,'Magento_NewRelicReporting::config_newrelicreporting',NULL,'deny'),(2113,3,'Magento_CheckoutAgreements::checkoutagreement',NULL,'deny'),(2114,3,'Magento_Sales::order_statuses',NULL,'deny'),(2115,3,'Magento_InventoryApi::inventory',NULL,'deny'),(2116,3,'Magento_InventoryApi::source',NULL,'deny'),(2117,3,'Magento_InventoryApi::source_edit',NULL,'deny'),(2118,3,'Magento_InventoryApi::ship_source_selection',NULL,'deny'),(2119,3,'Magento_InventorySourceSelectionApi::source_selection_algorithm',NULL,'deny'),(2120,3,'Magento_InventorySourceSelectionApi::source_selection_algorithm_post',NULL,'deny'),(2121,3,'Magento_InventoryApi::stock',NULL,'deny'),(2122,3,'Magento_InventoryApi::stock_edit',NULL,'deny'),(2123,3,'Magento_InventoryApi::stock_delete',NULL,'deny'),(2124,3,'Magento_InventoryLowQuantityNotificationApi::low_quantity_notification',NULL,'deny'),(2125,3,'Magento_InventoryLowQuantityNotificationApi::stock_create_low_quantity_notification',NULL,'deny'),(2126,3,'Magento_InventoryLowQuantityNotificationApi::stock_delete_low_quantity_notification',NULL,'deny'),(2127,3,'Magento_InventoryApi::stock_source_link',NULL,'deny'),(2128,3,'Magento_InventoryApi::stock_source_item_assign',NULL,'deny'),(2129,3,'Magento_InventorySalesApi::stock',NULL,'deny'),(2130,3,'Magento_Tax::manage_tax',NULL,'deny'),(2131,3,'Magento_CurrencySymbol::system_currency',NULL,'allow'),(2132,3,'Magento_CurrencySymbol::currency_rates',NULL,'allow'),(2133,3,'Magento_CurrencySymbol::symbols',NULL,'allow'),(2134,3,'Magento_Backend::stores_attributes',NULL,'deny'),(2135,3,'Magento_Catalog::attributes_attributes',NULL,'deny'),(2136,3,'Magento_Catalog::sets',NULL,'deny'),(2137,3,'Magento_Review::ratings',NULL,'deny'),(2138,3,'Magento_Swatches::iframe',NULL,'deny'),(2139,3,'Magento_Backend::stores_other_settings',NULL,'deny'),(2140,3,'Magento_Backend::system',NULL,'allow'),(2141,3,'Magento_AdobeIms::adobe_ims',NULL,'deny'),(2142,3,'Magento_AdobeIms::actions',NULL,'deny'),(2143,3,'Magento_AdobeIms::login',NULL,'deny'),(2144,3,'Magento_AdobeIms::logout',NULL,'deny'),(2145,3,'Magento_AdobeStockAsset::adobe_stock_asset',NULL,'deny'),(2146,3,'Magento_AdobeStockAsset::actions',NULL,'deny'),(2147,3,'Magento_AdobeStockAsset::actions_delete',NULL,'deny'),(2148,3,'Magento_AdobeStockAsset::actions_save',NULL,'deny'),(2149,3,'Magento_AdobeStockAsset::actions_view',NULL,'deny'),(2150,3,'Magento_AdobeStockAsset::actions_get',NULL,'deny'),(2151,3,'Magento_Backend::convert',NULL,'deny'),(2152,3,'Magento_ImportExport::import',NULL,'deny'),(2153,3,'Magento_ImportExport::export',NULL,'deny'),(2154,3,'Magento_TaxImportExport::import_export',NULL,'deny'),(2155,3,'Magento_ImportExport::history',NULL,'deny'),(2156,3,'Magento_Backend::extensions',NULL,'deny'),(2157,3,'Magento_Backend::local',NULL,'deny'),(2158,3,'Magento_Backend::custom',NULL,'deny'),(2159,3,'Magento_GraphQlServer::admin_graphql',NULL,'deny'),(2160,3,'Magento_Integration::extensions',NULL,'deny'),(2161,3,'Magento_Integration::integrations',NULL,'deny'),(2162,3,'Magento_Backend::tools',NULL,'allow'),(2163,3,'Magento_Backend::cache',NULL,'allow'),(2164,3,'Magento_Backend::main_actions',NULL,'allow'),(2165,3,'Magento_Backend::flush_cache_storage',NULL,'allow'),(2166,3,'Magento_Backend::flush_magento_cache',NULL,'allow'),(2167,3,'Magento_Backend::mass_actions',NULL,'allow'),(2168,3,'Magento_Backend::toggling_cache_type',NULL,'allow'),(2169,3,'Magento_Backend::refresh_cache_type',NULL,'allow'),(2170,3,'Magento_Backend::additional_cache_management',NULL,'allow'),(2171,3,'Magento_Backend::flush_catalog_images',NULL,'allow'),(2172,3,'Magento_Backend::flush_js_css',NULL,'allow'),(2173,3,'Magento_Backend::flush_static_files',NULL,'allow'),(2174,3,'Magento_Backup::backup',NULL,'deny'),(2175,3,'Magento_Backup::rollback',NULL,'deny'),(2176,3,'Magento_Indexer::index',NULL,'allow'),(2177,3,'Magento_Indexer::changeMode',NULL,'allow'),(2178,3,'Magento_Indexer::invalidate',NULL,'allow'),(2179,3,'Magento_User::acl',NULL,'deny'),(2180,3,'Magento_User::acl_users',NULL,'deny'),(2181,3,'Magento_User::locks',NULL,'deny'),(2182,3,'Magento_User::acl_roles',NULL,'deny'),(2183,3,'Magento_Logging::magento_logging',NULL,'deny'),(2184,3,'Magento_Logging::magento_logging_events',NULL,'deny'),(2185,3,'Magento_Logging::system_magento_logging_bulk_operations',NULL,'deny'),(2186,3,'Magento_Backend::system_other_settings',NULL,'deny'),(2187,3,'Magento_AdminNotification::adminnotification',NULL,'deny'),(2188,3,'Magento_AdminNotification::show_toolbar',NULL,'deny'),(2189,3,'Magento_AdminNotification::show_list',NULL,'deny'),(2190,3,'Magento_AdminNotification::mark_as_read',NULL,'deny'),(2191,3,'Magento_AdminNotification::adminnotification_remove',NULL,'deny'),(2192,3,'Magento_Variable::variable',NULL,'deny'),(2193,3,'Magento_EncryptionKey::crypt_key',NULL,'deny'),(2194,3,'Magento_ServicesId::services',NULL,'deny'),(2195,3,'Magento_ServicesId::configuration',NULL,'deny'),(2196,3,'Magento_Backend::global_search',NULL,'deny');

--
-- Table structure for table `braintree_credit_prices`
--

CREATE TABLE `braintree_credit_prices` (
  `id` int unsigned NOT NULL AUTO_INCREMENT COMMENT 'Row ID',
  `product_id` int unsigned NOT NULL COMMENT 'Product Id',
  `term` int NOT NULL COMMENT 'Credit Term',
  `monthly_payment` decimal(12,2) NOT NULL COMMENT 'Monthly Payment',
  `instalment_rate` decimal(12,2) NOT NULL COMMENT 'Instalment Rate',
  `cost_of_purchase` decimal(12,2) NOT NULL COMMENT 'Cost of purchase',
  `total_inc_interest` decimal(12,2) NOT NULL COMMENT 'Total Inc Interest',
  PRIMARY KEY (`id`),
  UNIQUE KEY `BRAINTREE_CREDIT_PRICES_PRODUCT_ID_TERM` (`product_id`,`term`),
  KEY `BRAINTREE_CREDIT_PRICES_PRODUCT_ID` (`product_id`)
) ENGINE=InnoDB DEFAULT CHARSET=utf8mb3 COMMENT='Braintree credit rates';

--
-- Dumping data for table `braintree_credit_prices`
--


--
-- Table structure for table `braintree_transaction_details`
--

CREATE TABLE `braintree_transaction_details` (
  `entity_id` int unsigned NOT NULL AUTO_INCREMENT COMMENT 'Entity ID',
  `order_id` int unsigned NOT NULL COMMENT 'Order Id',
  `transaction_source` varchar(12) DEFAULT NULL COMMENT 'Transaction Source',
  PRIMARY KEY (`entity_id`),
  KEY `BRAINTREE_TRANSACTION_DETAILS_ORDER_ID` (`order_id`),
  CONSTRAINT `BRAINTREE_TRANSACTION_DETAILS_ORDER_ID_SALES_ORDER_ENTITY_ID` FOREIGN KEY (`order_id`) REFERENCES `sales_order` (`entity_id`) ON DELETE CASCADE
) ENGINE=InnoDB DEFAULT CHARSET=utf8mb3 COMMENT='Braintree transaction details table';

--
-- Dumping data for table `braintree_transaction_details`
--


--
-- Table structure for table `cache`
--

CREATE TABLE `cache` (
  `id` varchar(200) NOT NULL COMMENT 'Cache Id',
  `data` mediumblob COMMENT 'Cache Data',
  `create_time` int DEFAULT NULL COMMENT 'Cache Creation Time',
  `update_time` int DEFAULT NULL COMMENT 'Time of Cache Updating',
  `expire_time` int DEFAULT NULL COMMENT 'Cache Expiration Time',
  PRIMARY KEY (`id`),
  KEY `CACHE_EXPIRE_TIME` (`expire_time`)
) ENGINE=InnoDB DEFAULT CHARSET=utf8mb3 COMMENT='Caches';

--
-- Dumping data for table `cache`
--


--
-- Table structure for table `cache_tag`
--

CREATE TABLE `cache_tag` (
  `tag` varchar(100) NOT NULL COMMENT 'Tag',
  `cache_id` varchar(200) NOT NULL COMMENT 'Cache Id',
  PRIMARY KEY (`tag`,`cache_id`),
  KEY `CACHE_TAG_CACHE_ID` (`cache_id`)
) ENGINE=InnoDB DEFAULT CHARSET=utf8mb3 COMMENT='Tag Caches';

--
-- Dumping data for table `cache_tag`
--


--
-- Table structure for table `captcha_log`
--

CREATE TABLE `captcha_log` (
  `type` varchar(32) NOT NULL COMMENT 'Type',
  `value` varchar(255) NOT NULL COMMENT 'Value',
  `count` int unsigned NOT NULL DEFAULT '0' COMMENT 'Count',
  `updated_at` timestamp NULL DEFAULT NULL COMMENT 'Update Time',
  PRIMARY KEY (`type`,`value`)
) ENGINE=InnoDB DEFAULT CHARSET=utf8mb3 COMMENT='Count Login Attempts';

--
-- Dumping data for table `captcha_log`
--

INSERT INTO `captcha_log` VALUES ('2','Unilevel_Admin',3,'2025-05-14 05:24:12'),('2','user2@gmail.com',3,'2025-05-17 03:45:57');

--
-- Table structure for table `catalog_category_entity`
--

CREATE TABLE `catalog_category_entity` (
  `entity_id` int unsigned NOT NULL AUTO_INCREMENT COMMENT 'Entity ID',
  `attribute_set_id` smallint unsigned NOT NULL DEFAULT '0' COMMENT 'Attribute Set ID',
  `parent_id` int unsigned NOT NULL DEFAULT '0' COMMENT 'Parent Category ID',
  `created_at` timestamp NOT NULL DEFAULT CURRENT_TIMESTAMP COMMENT 'Creation Time',
  `updated_at` timestamp NOT NULL DEFAULT CURRENT_TIMESTAMP ON UPDATE CURRENT_TIMESTAMP COMMENT 'Update Time',
  `path` varchar(255) NOT NULL COMMENT 'Tree Path',
  `position` int NOT NULL COMMENT 'Position',
  `level` int NOT NULL DEFAULT '0' COMMENT 'Tree Level',
  `children_count` int NOT NULL COMMENT 'Child Count',
  PRIMARY KEY (`entity_id`),
  KEY `CATALOG_CATEGORY_ENTITY_LEVEL` (`level`),
  KEY `CATALOG_CATEGORY_ENTITY_PATH` (`path`)
) ENGINE=InnoDB AUTO_INCREMENT=47 DEFAULT CHARSET=utf8mb3 COMMENT='Catalog Category Table';

--
-- Dumping data for table `catalog_category_entity`
--

INSERT INTO `catalog_category_entity` VALUES (1,3,0,'2025-02-05 07:39:59','2025-06-11 07:53:57','1',0,0,43),(2,3,1,'2025-02-05 07:40:00','2025-06-11 07:53:57','1/2',1,1,42),(3,3,2,'2025-02-06 08:34:24','2025-05-29 11:17:47','1/2/3',1,2,1),(4,3,2,'2025-02-06 08:34:26','2025-06-11 06:52:17','1/2/4',2,2,8),(5,3,2,'2025-02-06 08:34:27','2025-06-11 06:52:21','1/2/5',3,2,8),(6,3,2,'2025-02-06 08:34:27','2025-02-06 08:34:28','1/2/6',4,2,0),(7,3,2,'2025-02-08 05:41:31','2025-02-08 05:41:31','1/2/7',5,2,0),(10,3,3,'2025-05-29 11:17:47','2025-05-29 11:17:47','1/2/3/10',1,3,0),(11,3,2,'2025-06-11 06:50:31','2025-06-11 06:50:33','1/2/11',4,2,3),(12,3,11,'2025-06-11 06:50:32','2025-06-11 06:50:32','1/2/11/12',1,3,0),(13,3,11,'2025-06-11 06:50:33','2025-06-11 06:50:33','1/2/11/13',2,3,0),(14,3,11,'2025-06-11 06:50:33','2025-06-11 06:50:33','1/2/11/14',3,3,0),(15,3,2,'2025-06-11 06:50:34','2025-06-11 07:53:57','1/2/15',6,2,6),(16,3,15,'2025-06-11 06:50:34','2025-06-11 06:50:35','1/2/15/16',1,3,0),(17,3,2,'2025-06-11 06:51:55','2025-06-11 06:51:57','1/2/17',5,2,1),(18,3,17,'2025-06-11 06:51:57','2025-06-11 06:51:57','1/2/17/18',1,3,0),(19,3,4,'2025-06-11 06:52:13','2025-06-11 06:52:16','1/2/4/19',1,3,4),(20,3,4,'2025-06-11 06:52:13','2025-06-11 06:52:17','1/2/4/20',2,3,2),(21,3,19,'2025-06-11 06:52:14','2025-06-11 06:52:14','1/2/4/19/21',1,4,0),(22,3,19,'2025-06-11 06:52:15','2025-06-11 06:52:15','1/2/4/19/22',2,4,0),(23,3,19,'2025-06-11 06:52:15','2025-06-11 06:52:15','1/2/4/19/23',3,4,0),(24,3,19,'2025-06-11 06:52:16','2025-06-11 06:52:16','1/2/4/19/24',4,4,0),(25,3,20,'2025-06-11 06:52:16','2025-06-11 06:52:16','1/2/4/20/25',1,4,0),(26,3,20,'2025-06-11 06:52:17','2025-06-11 06:52:17','1/2/4/20/26',2,4,0),(27,3,5,'2025-06-11 06:52:17','2025-06-11 06:52:20','1/2/5/27',1,3,4),(28,3,5,'2025-06-11 06:52:18','2025-06-11 06:52:21','1/2/5/28',2,3,2),(29,3,27,'2025-06-11 06:52:19','2025-06-11 06:52:19','1/2/5/27/29',1,4,0),(30,3,27,'2025-06-11 06:52:19','2025-06-11 06:52:19','1/2/5/27/30',2,4,0),(31,3,27,'2025-06-11 06:52:20','2025-06-11 06:52:20','1/2/5/27/31',3,4,0),(32,3,27,'2025-06-11 06:52:20','2025-06-11 06:52:20','1/2/5/27/32',4,4,0),(33,3,28,'2025-06-11 06:52:21','2025-06-11 06:52:21','1/2/5/28/33',1,4,0),(34,3,28,'2025-06-11 06:52:21','2025-06-11 06:52:21','1/2/5/28/34',2,4,0),(35,3,2,'2025-06-11 06:52:22','2025-06-11 06:52:24','1/2/35',7,2,4),(36,3,35,'2025-06-11 06:52:23','2025-06-11 06:52:23','1/2/35/36',1,3,0),(37,3,35,'2025-06-11 06:52:23','2025-06-11 06:52:23','1/2/35/37',2,3,0),(38,3,35,'2025-06-11 06:52:24','2025-06-11 06:52:24','1/2/35/38',3,3,0),(39,3,35,'2025-06-11 06:52:24','2025-06-11 06:52:24','1/2/35/39',4,3,0),(40,3,15,'2025-06-11 06:52:25','2025-06-11 06:52:25','1/2/15/40',2,3,0),(41,3,15,'2025-06-11 06:52:25','2025-06-11 06:52:25','1/2/15/41',3,3,0),(42,3,15,'2025-06-11 06:52:26','2025-06-11 06:52:26','1/2/15/42',4,3,0),(43,3,2,'2025-06-11 07:53:55','2025-06-11 07:53:56','1/2/43',6,2,0),(44,3,2,'2025-06-11 07:53:56','2025-06-11 07:53:56','1/2/44',1,2,0),(45,3,15,'2025-06-11 07:53:57','2025-06-11 07:53:57','1/2/15/45',5,3,0),(46,3,15,'2025-06-11 07:53:57','2025-06-11 07:53:57','1/2/15/46',6,3,0);
DELIMITER ;;
/*!50003 CREATE*/ /*!50017 DEFINER=`magentomysql`@`%`*/ /*!50003 TRIGGER `trg_catalog_category_entity_after_insert` AFTER INSERT ON `catalog_category_entity` FOR EACH ROW BEGIN
INSERT IGNORE INTO `catalog_category_product_cl` (`entity_id`) VALUES (NEW.`entity_id`);
END */;;
DELIMITER ;
DELIMITER ;;
/*!50003 CREATE*/ /*!50017 DEFINER=`magentomysql`@`%`*/ /*!50003 TRIGGER `trg_catalog_category_entity_after_update` AFTER UPDATE ON `catalog_category_entity` FOR EACH ROW BEGIN
IF (NOT(NEW.`entity_id` <=> OLD.`entity_id`) OR NOT(NEW.`attribute_set_id` <=> OLD.`attribute_set_id`) OR NOT(NEW.`parent_id` <=> OLD.`parent_id`) OR NOT(NEW.`created_at` <=> OLD.`created_at`) OR NOT(NEW.`path` <=> OLD.`path`) OR NOT(NEW.`position` <=> OLD.`position`) OR NOT(NEW.`level` <=> OLD.`level`) OR NOT(NEW.`children_count` <=> OLD.`children_count`)) THEN INSERT IGNORE INTO `catalog_category_product_cl` (`entity_id`) VALUES (NEW.`entity_id`); END IF;
END */;;
DELIMITER ;
DELIMITER ;;
/*!50003 CREATE*/ /*!50017 DEFINER=`magentomysql`@`%`*/ /*!50003 TRIGGER `trg_catalog_category_entity_after_delete` AFTER DELETE ON `catalog_category_entity` FOR EACH ROW BEGIN
INSERT IGNORE INTO `catalog_category_product_cl` (`entity_id`) VALUES (OLD.`entity_id`);
END */;;
DELIMITER ;

--
-- Table structure for table `catalog_category_entity_datetime`
--

CREATE TABLE `catalog_category_entity_datetime` (
  `value_id` int NOT NULL AUTO_INCREMENT COMMENT 'Value ID',
  `attribute_id` smallint unsigned NOT NULL DEFAULT '0' COMMENT 'Attribute ID',
  `store_id` smallint unsigned NOT NULL DEFAULT '0' COMMENT 'Store ID',
  `entity_id` int unsigned NOT NULL DEFAULT '0' COMMENT 'Entity ID',
  `value` datetime DEFAULT NULL COMMENT 'Value',
  PRIMARY KEY (`value_id`),
  UNIQUE KEY `CATALOG_CATEGORY_ENTITY_DATETIME_ENTITY_ID_ATTRIBUTE_ID_STORE_ID` (`entity_id`,`attribute_id`,`store_id`),
  KEY `CATALOG_CATEGORY_ENTITY_DATETIME_ENTITY_ID` (`entity_id`),
  KEY `CATALOG_CATEGORY_ENTITY_DATETIME_ATTRIBUTE_ID` (`attribute_id`),
  KEY `CATALOG_CATEGORY_ENTITY_DATETIME_STORE_ID` (`store_id`),
  CONSTRAINT `CAT_CTGR_ENTT_DTIME_ATTR_ID_EAV_ATTR_ATTR_ID` FOREIGN KEY (`attribute_id`) REFERENCES `eav_attribute` (`attribute_id`) ON DELETE CASCADE,
  CONSTRAINT `CAT_CTGR_ENTT_DTIME_ENTT_ID_CAT_CTGR_ENTT_ENTT_ID` FOREIGN KEY (`entity_id`) REFERENCES `catalog_category_entity` (`entity_id`) ON DELETE CASCADE,
  CONSTRAINT `CATALOG_CATEGORY_ENTITY_DATETIME_STORE_ID_STORE_STORE_ID` FOREIGN KEY (`store_id`) REFERENCES `store` (`store_id`) ON DELETE CASCADE
) ENGINE=InnoDB AUTO_INCREMENT=5 DEFAULT CHARSET=utf8mb3 COMMENT='Catalog Category Datetime Attribute Backend Table';

--
-- Dumping data for table `catalog_category_entity_datetime`
--

INSERT INTO `catalog_category_entity_datetime` VALUES (1,61,0,3,NULL),(2,62,0,3,NULL),(3,61,0,4,NULL),(4,62,0,4,NULL);

--
-- Table structure for table `catalog_category_entity_decimal`
--

CREATE TABLE `catalog_category_entity_decimal` (
  `value_id` int NOT NULL AUTO_INCREMENT COMMENT 'Value ID',
  `attribute_id` smallint unsigned NOT NULL DEFAULT '0' COMMENT 'Attribute ID',
  `store_id` smallint unsigned NOT NULL DEFAULT '0' COMMENT 'Store ID',
  `entity_id` int unsigned NOT NULL DEFAULT '0' COMMENT 'Entity ID',
  `value` decimal(20,6) DEFAULT NULL COMMENT 'Value',
  PRIMARY KEY (`value_id`),
  UNIQUE KEY `CATALOG_CATEGORY_ENTITY_DECIMAL_ENTITY_ID_ATTRIBUTE_ID_STORE_ID` (`entity_id`,`attribute_id`,`store_id`),
  KEY `CATALOG_CATEGORY_ENTITY_DECIMAL_ENTITY_ID` (`entity_id`),
  KEY `CATALOG_CATEGORY_ENTITY_DECIMAL_ATTRIBUTE_ID` (`attribute_id`),
  KEY `CATALOG_CATEGORY_ENTITY_DECIMAL_STORE_ID` (`store_id`),
  CONSTRAINT `CAT_CTGR_ENTT_DEC_ATTR_ID_EAV_ATTR_ATTR_ID` FOREIGN KEY (`attribute_id`) REFERENCES `eav_attribute` (`attribute_id`) ON DELETE CASCADE,
  CONSTRAINT `CAT_CTGR_ENTT_DEC_ENTT_ID_CAT_CTGR_ENTT_ENTT_ID` FOREIGN KEY (`entity_id`) REFERENCES `catalog_category_entity` (`entity_id`) ON DELETE CASCADE,
  CONSTRAINT `CATALOG_CATEGORY_ENTITY_DECIMAL_STORE_ID_STORE_STORE_ID` FOREIGN KEY (`store_id`) REFERENCES `store` (`store_id`) ON DELETE CASCADE
) ENGINE=InnoDB DEFAULT CHARSET=utf8mb3 COMMENT='Catalog Category Decimal Attribute Backend Table';

--
-- Dumping data for table `catalog_category_entity_decimal`
--


--
-- Table structure for table `catalog_category_entity_int`
--

CREATE TABLE `catalog_category_entity_int` (
  `value_id` int NOT NULL AUTO_INCREMENT COMMENT 'Value ID',
  `attribute_id` smallint unsigned NOT NULL DEFAULT '0' COMMENT 'Attribute ID',
  `store_id` smallint unsigned NOT NULL DEFAULT '0' COMMENT 'Store ID',
  `entity_id` int unsigned NOT NULL DEFAULT '0' COMMENT 'Entity ID',
  `value` int DEFAULT NULL COMMENT 'Value',
  PRIMARY KEY (`value_id`),
  UNIQUE KEY `CATALOG_CATEGORY_ENTITY_INT_ENTITY_ID_ATTRIBUTE_ID_STORE_ID` (`entity_id`,`attribute_id`,`store_id`),
  KEY `CATALOG_CATEGORY_ENTITY_INT_ENTITY_ID` (`entity_id`),
  KEY `CATALOG_CATEGORY_ENTITY_INT_ATTRIBUTE_ID` (`attribute_id`),
  KEY `CATALOG_CATEGORY_ENTITY_INT_STORE_ID` (`store_id`),
  CONSTRAINT `CAT_CTGR_ENTT_INT_ATTR_ID_EAV_ATTR_ATTR_ID` FOREIGN KEY (`attribute_id`) REFERENCES `eav_attribute` (`attribute_id`) ON DELETE CASCADE,
  CONSTRAINT `CAT_CTGR_ENTT_INT_ENTT_ID_CAT_CTGR_ENTT_ENTT_ID` FOREIGN KEY (`entity_id`) REFERENCES `catalog_category_entity` (`entity_id`) ON DELETE CASCADE,
  CONSTRAINT `CATALOG_CATEGORY_ENTITY_INT_STORE_ID_STORE_STORE_ID` FOREIGN KEY (`store_id`) REFERENCES `store` (`store_id`) ON DELETE CASCADE
) ENGINE=InnoDB AUTO_INCREMENT=150 DEFAULT CHARSET=utf8mb3 COMMENT='Catalog Category Integer Attribute Backend Table';

--
-- Dumping data for table `catalog_category_entity_int`
--

INSERT INTO `catalog_category_entity_int` VALUES (1,69,0,1,1),(2,69,0,2,1),(3,46,0,2,1),(4,46,0,3,1),(5,54,0,3,1),(6,69,0,3,1),(7,46,0,4,1),(8,54,0,4,1),(9,69,0,4,1),(10,46,0,5,1),(11,54,0,5,1),(12,69,0,5,1),(13,46,0,6,1),(14,54,0,6,1),(15,69,0,6,1),(16,46,0,7,1),(17,54,0,7,1),(18,69,0,7,1),(19,70,0,7,0),(20,71,0,7,0),(31,53,0,3,NULL),(32,70,0,3,0),(33,71,0,3,0),(34,53,0,4,NULL),(35,70,0,4,0),(36,71,0,4,0),(37,46,0,10,1),(38,54,0,10,1),(39,69,0,10,1),(40,70,0,10,0),(41,71,0,10,0),(42,46,0,11,1),(43,54,0,11,0),(44,69,0,11,1),(45,46,0,12,1),(46,54,0,12,1),(47,69,0,12,1),(48,46,0,13,1),(49,54,0,13,1),(50,69,0,13,1),(51,46,0,14,1),(52,54,0,14,1),(53,69,0,14,1),(54,46,0,15,0),(55,54,0,15,0),(56,69,0,15,0),(57,46,0,16,1),(58,54,0,16,1),(59,69,0,16,0),(60,46,0,17,1),(61,54,0,17,0),(62,69,0,17,1),(63,46,0,18,1),(64,54,0,18,1),(65,69,0,18,1),(66,46,0,19,1),(67,54,0,19,1),(68,69,0,19,1),(69,46,0,20,1),(70,54,0,20,1),(71,69,0,20,1),(72,46,0,21,1),(73,54,0,21,1),(74,69,0,21,1),(75,46,0,22,1),(76,54,0,22,1),(77,69,0,22,1),(78,46,0,23,1),(79,54,0,23,1),(80,69,0,23,1),(81,46,0,24,1),(82,54,0,24,1),(83,69,0,24,1),(84,46,0,25,1),(85,54,0,25,1),(86,69,0,25,1),(87,46,0,26,1),(88,54,0,26,1),(89,69,0,26,1),(90,46,0,27,1),(91,54,0,27,1),(92,69,0,27,1),(93,46,0,28,1),(94,54,0,28,1),(95,69,0,28,1),(96,46,0,29,1),(97,54,0,29,1),(98,69,0,29,1),(99,46,0,30,1),(100,54,0,30,1),(101,69,0,30,1),(102,46,0,31,1),(103,54,0,31,1),(104,69,0,31,1),(105,46,0,32,1),(106,54,0,32,1),(107,69,0,32,1),(108,46,0,33,1),(109,54,0,33,1),(110,69,0,33,1),(111,46,0,34,1),(112,54,0,34,1),(113,69,0,34,1),(114,46,0,35,0),(115,54,0,35,0),(116,69,0,35,0),(117,46,0,36,1),(118,54,0,36,1),(119,69,0,36,0),(120,46,0,37,1),(121,54,0,37,1),(122,69,0,37,0),(123,46,0,38,1),(124,54,0,38,1),(125,69,0,38,0),(126,46,0,39,1),(127,54,0,39,1),(128,69,0,39,0),(129,46,0,40,1),(130,54,0,40,1),(131,69,0,40,0),(132,46,0,41,1),(133,54,0,41,1),(134,69,0,41,0),(135,46,0,42,1),(136,54,0,42,1),(137,69,0,42,0),(138,46,0,43,1),(139,54,0,43,0),(140,69,0,43,1),(141,46,0,44,1),(142,54,0,44,0),(143,69,0,44,1),(144,46,0,45,1),(145,54,0,45,0),(146,69,0,45,0),(147,46,0,46,1),(148,54,0,46,0),(149,69,0,46,0);
DELIMITER ;;
/*!50003 CREATE*/ /*!50017 DEFINER=`magentomysql`@`%`*/ /*!50003 TRIGGER `trg_catalog_category_entity_int_after_insert` AFTER INSERT ON `catalog_category_entity_int` FOR EACH ROW BEGIN
INSERT IGNORE INTO `catalog_category_product_cl` (`entity_id`) VALUES (NEW.`entity_id`);
END */;;
DELIMITER ;
DELIMITER ;;
/*!50003 CREATE*/ /*!50017 DEFINER=`magentomysql`@`%`*/ /*!50003 TRIGGER `trg_catalog_category_entity_int_after_update` AFTER UPDATE ON `catalog_category_entity_int` FOR EACH ROW BEGIN
IF (NOT(NEW.`value_id` <=> OLD.`value_id`) OR NOT(NEW.`attribute_id` <=> OLD.`attribute_id`) OR NOT(NEW.`store_id` <=> OLD.`store_id`) OR NOT(NEW.`entity_id` <=> OLD.`entity_id`) OR NOT(NEW.`value` <=> OLD.`value`)) THEN INSERT IGNORE INTO `catalog_category_product_cl` (`entity_id`) VALUES (NEW.`entity_id`); END IF;
END */;;
DELIMITER ;
DELIMITER ;;
/*!50003 CREATE*/ /*!50017 DEFINER=`magentomysql`@`%`*/ /*!50003 TRIGGER `trg_catalog_category_entity_int_after_delete` AFTER DELETE ON `catalog_category_entity_int` FOR EACH ROW BEGIN
INSERT IGNORE INTO `catalog_category_product_cl` (`entity_id`) VALUES (OLD.`entity_id`);
END */;;
DELIMITER ;

--
-- Table structure for table `catalog_category_entity_text`
--

CREATE TABLE `catalog_category_entity_text` (
  `value_id` int NOT NULL AUTO_INCREMENT COMMENT 'Value ID',
  `attribute_id` smallint unsigned NOT NULL DEFAULT '0' COMMENT 'Attribute ID',
  `store_id` smallint unsigned NOT NULL DEFAULT '0' COMMENT 'Store ID',
  `entity_id` int unsigned NOT NULL DEFAULT '0' COMMENT 'Entity ID',
  `value` mediumtext COMMENT 'Value',
  PRIMARY KEY (`value_id`),
  UNIQUE KEY `CATALOG_CATEGORY_ENTITY_TEXT_ENTITY_ID_ATTRIBUTE_ID_STORE_ID` (`entity_id`,`attribute_id`,`store_id`),
  KEY `CATALOG_CATEGORY_ENTITY_TEXT_ENTITY_ID` (`entity_id`),
  KEY `CATALOG_CATEGORY_ENTITY_TEXT_ATTRIBUTE_ID` (`attribute_id`),
  KEY `CATALOG_CATEGORY_ENTITY_TEXT_STORE_ID` (`store_id`),
  CONSTRAINT `CAT_CTGR_ENTT_TEXT_ATTR_ID_EAV_ATTR_ATTR_ID` FOREIGN KEY (`attribute_id`) REFERENCES `eav_attribute` (`attribute_id`) ON DELETE CASCADE,
  CONSTRAINT `CAT_CTGR_ENTT_TEXT_ENTT_ID_CAT_CTGR_ENTT_ENTT_ID` FOREIGN KEY (`entity_id`) REFERENCES `catalog_category_entity` (`entity_id`) ON DELETE CASCADE,
  CONSTRAINT `CATALOG_CATEGORY_ENTITY_TEXT_STORE_ID_STORE_STORE_ID` FOREIGN KEY (`store_id`) REFERENCES `store` (`store_id`) ON DELETE CASCADE
) ENGINE=InnoDB AUTO_INCREMENT=7 DEFAULT CHARSET=utf8mb3 COMMENT='Catalog Category Text Attribute Backend Table';

--
-- Dumping data for table `catalog_category_entity_text`
--

INSERT INTO `catalog_category_entity_text` VALUES (1,47,0,3,NULL),(2,50,0,3,'mobiles'),(3,51,0,3,'mobiles'),(4,47,0,4,NULL),(5,50,0,4,'men men ,men,men'),(6,51,0,4,'menmenmenmenmenmenmenmenmenmenmenmenmenmenmenmenmenmenmenmen');

--
-- Table structure for table `catalog_category_entity_varchar`
--

CREATE TABLE `catalog_category_entity_varchar` (
  `value_id` int NOT NULL AUTO_INCREMENT COMMENT 'Value ID',
  `attribute_id` smallint unsigned NOT NULL DEFAULT '0' COMMENT 'Attribute ID',
  `store_id` smallint unsigned NOT NULL DEFAULT '0' COMMENT 'Store ID',
  `entity_id` int unsigned NOT NULL DEFAULT '0' COMMENT 'Entity ID',
  `value` varchar(255) DEFAULT NULL COMMENT 'Value',
  PRIMARY KEY (`value_id`),
  UNIQUE KEY `CATALOG_CATEGORY_ENTITY_VARCHAR_ENTITY_ID_ATTRIBUTE_ID_STORE_ID` (`entity_id`,`attribute_id`,`store_id`),
  KEY `CATALOG_CATEGORY_ENTITY_VARCHAR_ENTITY_ID` (`entity_id`),
  KEY `CATALOG_CATEGORY_ENTITY_VARCHAR_ATTRIBUTE_ID` (`attribute_id`),
  KEY `CATALOG_CATEGORY_ENTITY_VARCHAR_STORE_ID` (`store_id`),
  CONSTRAINT `CAT_CTGR_ENTT_VCHR_ATTR_ID_EAV_ATTR_ATTR_ID` FOREIGN KEY (`attribute_id`) REFERENCES `eav_attribute` (`attribute_id`) ON DELETE CASCADE,
  CONSTRAINT `CAT_CTGR_ENTT_VCHR_ENTT_ID_CAT_CTGR_ENTT_ENTT_ID` FOREIGN KEY (`entity_id`) REFERENCES `catalog_category_entity` (`entity_id`) ON DELETE CASCADE,
  CONSTRAINT `CATALOG_CATEGORY_ENTITY_VARCHAR_STORE_ID_STORE_STORE_ID` FOREIGN KEY (`store_id`) REFERENCES `store` (`store_id`) ON DELETE CASCADE
) ENGINE=InnoDB AUTO_INCREMENT=170 DEFAULT CHARSET=utf8mb3 COMMENT='Catalog Category Varchar Attribute Backend Table';

--
-- Dumping data for table `catalog_category_entity_varchar`
--

INSERT INTO `catalog_category_entity_varchar` VALUES (1,45,0,1,'Root Catalog'),(2,52,0,2,'PRODUCTS'),(3,45,0,2,'Default Category'),(4,45,0,3,'Mobiles'),(5,119,0,3,'mobiles'),(6,120,0,3,'mobiles'),(7,45,0,4,'Men'),(8,119,0,4,'men'),(9,120,0,4,'men'),(10,45,0,5,'Women'),(11,119,0,5,'women'),(12,120,0,5,'women'),(13,45,0,6,'Kids'),(14,119,0,6,'kids'),(15,120,0,6,'kids'),(16,45,0,7,'Watch'),(17,52,0,7,'PRODUCTS'),(18,63,0,7,'category-full-width'),(19,119,0,7,'watch'),(20,120,0,7,'watch'),(36,48,0,3,NULL),(37,49,0,3,'mobiles'),(38,52,0,3,'PRODUCTS'),(39,60,0,3,NULL),(40,63,0,3,NULL),(42,48,0,4,NULL),(43,49,0,4,'men'),(44,52,0,4,'PRODUCTS'),(45,60,0,4,NULL),(46,63,0,4,NULL),(47,45,0,10,'Android'),(48,52,0,10,'PRODUCTS'),(49,63,0,10,'category-full-width'),(50,119,0,10,'android'),(51,120,0,10,'mobiles/android'),(52,45,0,11,'Gear'),(53,52,0,11,'PAGE'),(54,119,0,11,'gear'),(55,120,0,11,'gear'),(56,45,0,12,'Bags'),(57,119,0,12,'bags'),(58,120,0,12,'gear/bags'),(59,45,0,13,'Fitness Equipment'),(60,119,0,13,'fitness-equipment'),(61,120,0,13,'gear/fitness-equipment'),(62,45,0,14,'Watches'),(63,119,0,14,'watches'),(64,120,0,14,'gear/watches'),(65,45,0,15,'Collections'),(66,52,0,15,'PAGE'),(67,119,0,15,'collections'),(68,120,0,15,'collections'),(69,45,0,16,'New Luma Yoga Collection'),(70,119,0,16,'yoga-new'),(71,120,0,16,'collections/yoga-new'),(72,45,0,17,'Training'),(73,52,0,17,'PAGE'),(74,119,0,17,'training'),(75,120,0,17,'training'),(76,45,0,18,'Video Download'),(77,119,0,18,'training-video'),(78,120,0,18,'training/training-video'),(79,45,0,19,'Tops'),(80,119,0,19,'tops-men'),(81,120,0,19,'men/tops-men'),(82,45,0,20,'Bottoms'),(83,119,0,20,'bottoms-men'),(84,120,0,20,'men/bottoms-men'),(85,45,0,21,'Jackets'),(86,119,0,21,'jackets-men'),(87,120,0,21,'men/tops-men/jackets-men'),(88,45,0,22,'Hoodies & Sweatshirts'),(89,119,0,22,'hoodies-and-sweatshirts-men'),(90,120,0,22,'men/tops-men/hoodies-and-sweatshirts-men'),(91,45,0,23,'Tees'),(92,119,0,23,'tees-men'),(93,120,0,23,'men/tops-men/tees-men'),(94,45,0,24,'Tanks'),(95,119,0,24,'tanks-men'),(96,120,0,24,'men/tops-men/tanks-men'),(97,45,0,25,'Pants'),(98,119,0,25,'pants-men'),(99,120,0,25,'men/bottoms-men/pants-men'),(100,45,0,26,'Shorts'),(101,119,0,26,'shorts-men'),(102,120,0,26,'men/bottoms-men/shorts-men'),(103,45,0,27,'Tops'),(104,119,0,27,'tops-women'),(105,120,0,27,'women/tops-women'),(106,45,0,28,'Bottoms'),(107,119,0,28,'bottoms-women'),(108,120,0,28,'women/bottoms-women'),(109,45,0,29,'Jackets'),(110,119,0,29,'jackets-women'),(111,120,0,29,'women/tops-women/jackets-women'),(112,45,0,30,'Hoodies & Sweatshirts'),(113,119,0,30,'hoodies-and-sweatshirts-women'),(114,120,0,30,'women/tops-women/hoodies-and-sweatshirts-women'),(115,45,0,31,'Tees'),(116,119,0,31,'tees-women'),(117,120,0,31,'women/tops-women/tees-women'),(118,45,0,32,'Bras & Tanks'),(119,119,0,32,'tanks-women'),(120,120,0,32,'women/tops-women/tanks-women'),(121,45,0,33,'Pants'),(122,119,0,33,'pants-women'),(123,120,0,33,'women/bottoms-women/pants-women'),(124,45,0,34,'Shorts'),(125,119,0,34,'shorts-women'),(126,120,0,34,'women/bottoms-women/shorts-women'),(127,45,0,35,'Promotions'),(128,52,0,35,'PAGE'),(129,119,0,35,'promotions'),(130,120,0,35,'promotions'),(131,45,0,36,'Women Sale'),(132,119,0,36,'women-sale'),(133,120,0,36,'promotions/women-sale'),(134,45,0,37,'Men Sale'),(135,119,0,37,'men-sale'),(136,120,0,37,'promotions/men-sale'),(137,45,0,38,'Pants'),(138,119,0,38,'pants-all'),(139,120,0,38,'promotions/pants-all'),(140,45,0,39,'Tees'),(141,119,0,39,'tees-all'),(142,120,0,39,'promotions/tees-all'),(143,45,0,40,'Erin Recommends'),(144,119,0,40,'erin-recommends'),(145,120,0,40,'collections/erin-recommends'),(146,45,0,41,'Performance Fabrics'),(147,119,0,41,'performance-fabrics'),(148,120,0,41,'collections/performance-fabrics'),(149,45,0,42,'Eco Friendly'),(150,119,0,42,'eco-friendly'),(151,120,0,42,'collections/eco-friendly'),(152,45,0,43,'Sale'),(153,52,0,43,'PAGE'),(154,119,0,43,'sale'),(155,120,0,43,'sale'),(156,45,0,44,'What\'s New'),(157,52,0,44,'PAGE'),(158,119,0,44,'what-is-new'),(159,120,0,44,'what-is-new'),(160,45,0,45,'Performance Sportswear New'),(161,52,0,45,'PAGE'),(162,63,0,45,'1column'),(163,119,0,45,'performance-new'),(164,120,0,45,'collections/performance-new'),(165,45,0,46,'Eco Collection New'),(166,52,0,46,'PAGE'),(167,63,0,46,'1column'),(168,119,0,46,'eco-new'),(169,120,0,46,'collections/eco-new');

--
