
--
-- Table structure for table `catalog_product_relation`
--

CREATE TABLE `catalog_product_relation` (
  `parent_id` int unsigned NOT NULL COMMENT 'Parent ID',
  `child_id` int unsigned NOT NULL COMMENT 'Child ID',
  PRIMARY KEY (`parent_id`,`child_id`),
  KEY `CATALOG_PRODUCT_RELATION_CHILD_ID` (`child_id`),
  CONSTRAINT `CAT_PRD_RELATION_CHILD_ID_CAT_PRD_ENTT_ENTT_ID` FOREIGN KEY (`child_id`) REFERENCES `catalog_product_entity` (`entity_id`) ON DELETE CASCADE,
  CONSTRAINT `CAT_PRD_RELATION_PARENT_ID_CAT_PRD_ENTT_ENTT_ID` FOREIGN KEY (`parent_id`) REFERENCES `catalog_product_entity` (`entity_id`) ON DELETE CASCADE
) ENGINE=InnoDB DEFAULT CHARSET=utf8mb3 COMMENT='Catalog Product Relation Table';

--
-- Dumping data for table `catalog_product_relation`
--

INSERT INTO `catalog_product_relation` VALUES (3,12),(3,13),(60,36),(60,37),(60,41),(60,44),(60,47),(60,48),(61,48),(60,49),(61,49),(60,50),(61,50),(77,62),(77,63),(77,64),(77,65),(77,66),(77,67),(77,68),(77,69),(77,70),(77,71),(77,72),(77,73),(77,74),(77,75),(77,76),(93,78),(93,79),(93,80),(93,81),(93,82),(93,83),(93,84),(93,85),(93,86),(93,87),(93,88),(93,89),(93,90),(93,91),(93,92),(109,94),(109,95),(109,96),(109,97),(109,98),(109,99),(109,100),(109,101),(109,102),(109,103),(109,104),(109,105),(109,106),(109,107),(109,108),(125,110),(125,111),(125,112),(125,113),(125,114),(125,115),(125,116),(125,117),(125,118),(125,119),(125,120),(125,121),(125,122),(125,123),(125,124),(141,126),(141,127),(141,128),(141,129),(141,130),(141,131),(141,132),(141,133),(141,134),(141,135),(141,136),(141,137),(141,138),(141,139),(141,140),(157,142),(157,143),(157,144),(157,145),(157,146),(157,147),(157,148),(157,149),(157,150),(157,151),(157,152),(157,153),(157,154),(157,155),(157,156),(173,158),(173,159),(173,160),(173,161),(173,162),(173,163),(173,164),(173,165),(173,166),(173,167),(173,168),(173,169),(173,170),(173,171),(173,172),(189,174),(189,175),(189,176),(189,177),(189,178),(189,179),(189,180),(189,181),(189,182),(189,183),(189,184),(189,185),(189,186),(189,187),(189,188),(205,190),(205,191),(205,192),(205,193),(205,194),(205,195),(205,196),(205,197),(205,198),(205,199),(205,200),(205,201),(205,202),(205,203),(205,204),(221,206),(221,207),(221,208),(221,209),(221,210),(221,211),(221,212),(221,213),(221,214),(221,215),(221,216),(221,217),(221,218),(221,219),(221,220),(237,222),(237,223),(237,224),(237,225),(237,226),(237,227),(237,228),(237,229),(237,230),(237,231),(237,232),(237,233),(237,234),(237,235),(237,236),(253,238),(253,239),(253,240),(253,241),(253,242),(253,243),(253,244),(253,245),(253,246),(253,247),(253,248),(253,249),(253,250),(253,251),(253,252),(269,254),(269,255),(269,256),(269,257),(269,258),(269,259),(269,260),(269,261),(269,262),(269,263),(269,264),(269,265),(269,266),(269,267),(269,268),(285,270),(285,271),(285,272),(285,273),(285,274),(285,275),(285,276),(285,277),(285,278),(285,279),(285,280),(285,281),(285,282),(285,283),(285,284),(301,286),(301,287),(301,288),(301,289),(301,290),(301,291),(301,292),(301,293),(301,294),(301,295),(301,296),(301,297),(301,298),(301,299),(301,300),(317,302),(317,303),(317,304),(317,305),(317,306),(317,307),(317,308),(317,309),(317,310),(317,311),(317,312),(317,313),(317,314),(317,315),(317,316),(333,318),(333,319),(333,320),(333,321),(333,322),(333,323),(333,324),(333,325),(333,326),(333,327),(333,328),(333,329),(333,330),(333,331),(333,332),(349,334),(349,335),(349,336),(349,337),(349,338),(349,339),(349,340),(349,341),(349,342),(349,343),(349,344),(349,345),(349,346),(349,347),(349,348),(365,350),(365,351),(365,352),(365,353),(365,354),(365,355),(365,356),(365,357),(365,358),(365,359),(365,360),(365,361),(365,362),(365,363),(365,364),(381,366),(381,367),(381,368),(381,369),(381,370),(381,371),(381,372),(381,373),(381,374),(381,375),(381,376),(381,377),(381,378),(381,379),(381,380),(397,382),(397,383),(397,384),(397,385),(397,386),(397,387),(397,388),(397,389),(397,390),(397,391),(397,392),(397,393),(397,394),(397,395),(397,396),(413,398),(413,399),(413,400),(413,401),(413,402),(413,403),(413,404),(413,405),(413,406),(413,407),(413,408),(413,409),(413,410),(413,411),(413,412),(429,414),(429,415),(429,416),(429,417),(429,418),(429,419),(429,420),(429,421),(429,422),(429,423),(429,424),(429,425),(429,426),(429,427),(429,428),(445,430),(445,431),(445,432),(445,433),(445,434),(445,435),(445,436),(445,437),(445,438),(445,439),(445,440),(445,441),(445,442),(445,443),(445,444),(461,446),(461,447),(461,448),(461,449),(461,450),(461,451),(461,452),(461,453),(461,454),(461,455),(461,456),(461,457),(461,458),(461,459),(461,460),(477,462),(477,463),(477,464),(477,465),(477,466),(477,467),(477,468),(477,469),(477,470),(477,471),(477,472),(477,473),(477,474),(477,475),(477,476),(493,478),(493,479),(493,480),(493,481),(493,482),(493,483),(493,484),(493,485),(493,486),(493,487),(493,488),(493,489),(493,490),(493,491),(493,492),(509,494),(509,495),(509,496),(509,497),(509,498),(509,499),(509,500),(509,501),(509,502),(509,503),(509,504),(509,505),(509,506),(509,507),(509,508),(525,510),(525,511),(525,512),(525,513),(525,514),(525,515),(525,516),(525,517),(525,518),(525,519),(525,520),(525,521),(525,522),(525,523),(525,524),(541,526),(541,527),(541,528),(541,529),(541,530),(541,531),(541,532),(541,533),(541,534),(541,535),(541,536),(541,537),(541,538),(541,539),(541,540),(557,542),(557,543),(557,544),(557,545),(557,546),(557,547),(557,548),(557,549),(557,550),(557,551),(557,552),(557,553),(557,554),(557,555),(557,556),(573,558),(573,559),(573,560),(573,561),(573,562),(573,563),(573,564),(573,565),(573,566),(573,567),(573,568),(573,569),(573,570),(573,571),(573,572),(589,574),(589,575),(589,576),(589,577),(589,578),(589,579),(589,580),(589,581),(589,582),(589,583),(589,584),(589,585),(589,586),(589,587),(589,588),(605,590),(605,591),(605,592),(605,593),(605,594),(605,595),(605,596),(605,597),(605,598),(605,599),(605,600),(605,601),(605,602),(605,603),(605,604),(621,606),(621,607),(621,608),(621,609),(621,610),(621,611),(621,612),(621,613),(621,614),(621,615),(621,616),(621,617),(621,618),(621,619),(621,620),(637,622),(637,623),(637,624),(637,625),(637,626),(637,627),(637,628),(637,629),(637,630),(637,631),(637,632),(637,633),(637,634),(637,635),(637,636),(653,638),(653,639),(653,640),(653,641),(653,642),(653,643),(653,644),(653,645),(653,646),(653,647),(653,648),(653,649),(653,650),(653,651),(653,652),(669,654),(669,655),(669,656),(669,657),(669,658),(669,659),(669,660),(669,661),(669,662),(669,663),(669,664),(669,665),(669,666),(669,667),(669,668),(685,670),(685,671),(685,672),(685,673),(685,674),(685,675),(685,676),(685,677),(685,678),(685,679),(685,680),(685,681),(685,682),(685,683),(685,684),(691,686),(691,687),(691,688),(691,689),(691,690),(697,692),(697,693),(697,694),(697,695),(697,696),(703,698),(703,699),(703,700),(703,701),(703,702),(709,704),(709,705),(709,706),(709,707),(709,708),(715,710),(715,711),(715,712),(715,713),(715,714),(721,716),(721,717),(721,718),(721,719),(721,720),(727,722),(727,723),(727,724),(727,725),(727,726),(733,728),(733,729),(733,730),(733,731),(733,732),(739,734),(739,735),(739,736),(739,737),(739,738),(752,740),(752,741),(752,742),(752,743),(752,744),(752,745),(752,746),(752,747),(752,748),(752,749),(752,750),(752,751),(765,753),(765,754),(765,755),(765,756),(765,757),(765,758),(765,759),(765,760),(765,761),(765,762),(765,763),(765,764),(778,766),(778,767),(778,768),(778,769),(778,770),(778,771),(778,772),(778,773),(778,774),(778,775),(778,776),(778,777),(791,779),(791,780),(791,781),(791,782),(791,783),(791,784),(791,785),(791,786),(791,787),(791,788),(791,789),(791,790),(804,792),(804,793),(804,794),(804,795),(804,796),(804,797),(804,798),(804,799),(804,800),(804,801),(804,802),(804,803),(817,805),(817,806),(817,807),(817,808),(817,809),(817,810),(817,811),(817,812),(817,813),(817,814),(817,815),(817,816),(830,818),(830,819),(830,820),(830,821),(830,822),(830,823),(830,824),(830,825),(830,826),(830,827),(830,828),(830,829),(843,831),(843,832),(843,833),(843,834),(843,835),(843,836),(843,837),(843,838),(843,839),(843,840),(843,841),(843,842),(856,844),(856,845),(856,846),(856,847),(856,848),(856,849),(856,850),(856,851),(856,852),(856,853),(856,854),(856,855),(869,857),(869,858),(869,859),(869,860),(869,861),(869,862),(869,863),(869,864),(869,865),(869,866),(869,867),(869,868),(882,870),(882,871),(882,872),(882,873),(882,874),(882,875),(882,876),(882,877),(882,878),(882,879),(882,880),(882,881),(895,883),(895,884),(895,885),(895,886),(895,887),(895,888),(895,889),(895,890),(895,891),(895,892),(895,893),(895,894),(908,896),(908,897),(908,898),(908,899),(908,900),(908,901),(908,902),(908,903),(908,904),(908,905),(908,906),(908,907),(913,909),(913,910),(913,911),(913,912),(926,914),(926,915),(926,916),(926,917),(926,918),(926,919),(926,920),(926,921),(926,922),(926,923),(926,924),(926,925),(939,927),(939,928),(939,929),(939,930),(939,931),(939,932),(939,933),(939,934),(939,935),(939,936),(939,937),(939,938),(952,940),(952,941),(952,942),(952,943),(952,944),(952,945),(952,946),(952,947),(952,948),(952,949),(952,950),(952,951),(965,953),(965,954),(965,955),(965,956),(965,957),(965,958),(965,959),(965,960),(965,961),(965,962),(965,963),(965,964),(978,966),(978,967),(978,968),(978,969),(978,970),(978,971),(978,972),(978,973),(978,974),(978,975),(978,976),(978,977),(991,979),(991,980),(991,981),(991,982),(991,983),(991,984),(991,985),(991,986),(991,987),(991,988),(991,989),(991,990),(1004,992),(1004,993),(1004,994),(1004,995),(1004,996),(1004,997),(1004,998),(1004,999),(1004,1000),(1004,1001),(1004,1002),(1004,1003),(1017,1005),(1017,1006),(1017,1007),(1017,1008),(1017,1009),(1017,1010),(1017,1011),(1017,1012),(1017,1013),(1017,1014),(1017,1015),(1017,1016),(1030,1018),(1030,1019),(1030,1020),(1030,1021),(1030,1022),(1030,1023),(1030,1024),(1030,1025),(1030,1026),(1030,1027),(1030,1028),(1030,1029),(1043,1031),(1043,1032),(1043,1033),(1043,1034),(1043,1035),(1043,1036),(1043,1037),(1043,1038),(1043,1039),(1043,1040),(1043,1041),(1043,1042),(1059,1044),(1059,1045),(1059,1046),(1059,1047),(1059,1048),(1059,1049),(1059,1050),(1059,1051),(1059,1052),(1059,1053),(1059,1054),(1059,1055),(1059,1056),(1059,1057),(1059,1058),(1075,1060),(1075,1061),(1075,1062),(1075,1063),(1075,1064),(1075,1065),(1075,1066),(1075,1067),(1075,1068),(1075,1069),(1075,1070),(1075,1071),(1075,1072),(1075,1073),(1075,1074),(1091,1076),(1091,1077),(1091,1078),(1091,1079),(1091,1080),(1091,1081),(1091,1082),(1091,1083),(1091,1084),(1091,1085),(1091,1086),(1091,1087),(1091,1088),(1091,1089),(1091,1090),(1107,1092),(1107,1093),(1107,1094),(1107,1095),(1107,1096),(1107,1097),(1107,1098),(1107,1099),(1107,1100),(1107,1101),(1107,1102),(1107,1103),(1107,1104),(1107,1105),(1107,1106),(1123,1108),(1123,1109),(1123,1110),(1123,1111),(1123,1112),(1123,1113),(1123,1114),(1123,1115),(1123,1116),(1123,1117),(1123,1118),(1123,1119),(1123,1120),(1123,1121),(1123,1122),(1129,1124),(1129,1125),(1129,1126),(1129,1127),(1129,1128),(1145,1130),(1145,1131),(1145,1132),(1145,1133),(1145,1134),(1145,1135),(1145,1136),(1145,1137),(1145,1138),(1145,1139),(1145,1140),(1145,1141),(1145,1142),(1145,1143),(1145,1144),(1161,1146),(1161,1147),(1161,1148),(1161,1149),(1161,1150),(1161,1151),(1161,1152),(1161,1153),(1161,1154),(1161,1155),(1161,1156),(1161,1157),(1161,1158),(1161,1159),(1161,1160),(1177,1162),(1177,1163),(1177,1164),(1177,1165),(1177,1166),(1177,1167),(1177,1168),(1177,1169),(1177,1170),(1177,1171),(1177,1172),(1177,1173),(1177,1174),(1177,1175),(1177,1176),(1193,1178),(1193,1179),(1193,1180),(1193,1181),(1193,1182),(1193,1183),(1193,1184),(1193,1185),(1193,1186),(1193,1187),(1193,1188),(1193,1189),(1193,1190),(1193,1191),(1193,1192),(1209,1194),(1209,1195),(1209,1196),(1209,1197),(1209,1198),(1209,1199),(1209,1200),(1209,1201),(1209,1202),(1209,1203),(1209,1204),(1209,1205),(1209,1206),(1209,1207),(1209,1208),(1225,1210),(1225,1211),(1225,1212),(1225,1213),(1225,1214),(1225,1215),(1225,1216),(1225,1217),(1225,1218),(1225,1219),(1225,1220),(1225,1221),(1225,1222),(1225,1223),(1225,1224),(1235,1226),(1235,1227),(1235,1228),(1235,1229),(1235,1230),(1235,1231),(1235,1232),(1235,1233),(1235,1234),(1251,1236),(1251,1237),(1251,1238),(1251,1239),(1251,1240),(1251,1241),(1251,1242),(1251,1243),(1251,1244),(1251,1245),(1251,1246),(1251,1247),(1251,1248),(1251,1249),(1251,1250),(1267,1252),(1267,1253),(1267,1254),(1267,1255),(1267,1256),(1267,1257),(1267,1258),(1267,1259),(1267,1260),(1267,1261),(1267,1262),(1267,1263),(1267,1264),(1267,1265),(1267,1266),(1283,1268),(1283,1269),(1283,1270),(1283,1271),(1283,1272),(1283,1273),(1283,1274),(1283,1275),(1283,1276),(1283,1277),(1283,1278),(1283,1279),(1283,1280),(1283,1281),(1283,1282),(1299,1284),(1299,1285),(1299,1286),(1299,1287),(1299,1288),(1299,1289),(1299,1290),(1299,1291),(1299,1292),(1299,1293),(1299,1294),(1299,1295),(1299,1296),(1299,1297),(1299,1298),(1315,1300),(1315,1301),(1315,1302),(1315,1303),(1315,1304),(1315,1305),(1315,1306),(1315,1307),(1315,1308),(1315,1309),(1315,1310),(1315,1311),(1315,1312),(1315,1313),(1315,1314),(1331,1316),(1331,1317),(1331,1318),(1331,1319),(1331,1320),(1331,1321),(1331,1322),(1331,1323),(1331,1324),(1331,1325),(1331,1326),(1331,1327),(1331,1328),(1331,1329),(1331,1330),(1347,1332),(1347,1333),(1347,1334),(1347,1335),(1347,1336),(1347,1337),(1347,1338),(1347,1339),(1347,1340),(1347,1341),(1347,1342),(1347,1343),(1347,1344),(1347,1345),(1347,1346),(1363,1348),(1363,1349),(1363,1350),(1363,1351),(1363,1352),(1363,1353),(1363,1354),(1363,1355),(1363,1356),(1363,1357),(1363,1358),(1363,1359),(1363,1360),(1363,1361),(1363,1362),(1379,1364),(1379,1365),(1379,1366),(1379,1367),(1379,1368),(1379,1369),(1379,1370),(1379,1371),(1379,1372),(1379,1373),(1379,1374),(1379,1375),(1379,1376),(1379,1377),(1379,1378),(1395,1380),(1395,1381),(1395,1382),(1395,1383),(1395,1384),(1395,1385),(1395,1386),(1395,1387),(1395,1388),(1395,1389),(1395,1390),(1395,1391),(1395,1392),(1395,1393),(1395,1394),(1411,1396),(1411,1397),(1411,1398),(1411,1399),(1411,1400),(1411,1401),(1411,1402),(1411,1403),(1411,1404),(1411,1405),(1411,1406),(1411,1407),(1411,1408),(1411,1409),(1411,1410),(1427,1412),(1427,1413),(1427,1414),(1427,1415),(1427,1416),(1427,1417),(1427,1418),(1427,1419),(1427,1420),(1427,1421),(1427,1422),(1427,1423),(1427,1424),(1427,1425),(1427,1426),(1443,1428),(1443,1429),(1443,1430),(1443,1431),(1443,1432),(1443,1433),(1443,1434),(1443,1435),(1443,1436),(1443,1437),(1443,1438),(1443,1439),(1443,1440),(1443,1441),(1443,1442),(1459,1444),(1459,1445),(1459,1446),(1459,1447),(1459,1448),(1459,1449),(1459,1450),(1459,1451),(1459,1452),(1459,1453),(1459,1454),(1459,1455),(1459,1456),(1459,1457),(1459,1458),(1475,1460),(1475,1461),(1475,1462),(1475,1463),(1475,1464),(1475,1465),(1475,1466),(1475,1467),(1475,1468),(1475,1469),(1475,1470),(1475,1471),(1475,1472),(1475,1473),(1475,1474),(1491,1476),(1491,1477),(1491,1478),(1491,1479),(1491,1480),(1491,1481),(1491,1482),(1491,1483),(1491,1484),(1491,1485),(1491,1486),(1491,1487),(1491,1488),(1491,1489),(1491,1490),(1507,1492),(1507,1493),(1507,1494),(1507,1495),(1507,1496),(1507,1497),(1507,1498),(1507,1499),(1507,1500),(1507,1501),(1507,1502),(1507,1503),(1507,1504),(1507,1505),(1507,1506),(1523,1508),(1523,1509),(1523,1510),(1523,1511),(1523,1512),(1523,1513),(1523,1514),(1523,1515),(1523,1516),(1523,1517),(1523,1518),(1523,1519),(1523,1520),(1523,1521),(1523,1522),(1539,1524),(1539,1525),(1539,1526),(1539,1527),(1539,1528),(1539,1529),(1539,1530),(1539,1531),(1539,1532),(1539,1533),(1539,1534),(1539,1535),(1539,1536),(1539,1537),(1539,1538),(1555,1540),(1555,1541),(1555,1542),(1555,1543),(1555,1544),(1555,1545),(1555,1546),(1555,1547),(1555,1548),(1555,1549),(1555,1550),(1555,1551),(1555,1552),(1555,1553),(1555,1554),(1571,1556),(1571,1557),(1571,1558),(1571,1559),(1571,1560),(1571,1561),(1571,1562),(1571,1563),(1571,1564),(1571,1565),(1571,1566),(1571,1567),(1571,1568),(1571,1569),(1571,1570),(1587,1572),(1587,1573),(1587,1574),(1587,1575),(1587,1576),(1587,1577),(1587,1578),(1587,1579),(1587,1580),(1587,1581),(1587,1582),(1587,1583),(1587,1584),(1587,1585),(1587,1586),(1603,1588),(1603,1589),(1603,1590),(1603,1591),(1603,1592),(1603,1593),(1603,1594),(1603,1595),(1603,1596),(1603,1597),(1603,1598),(1603,1599),(1603,1600),(1603,1601),(1603,1602),(1619,1604),(1619,1605),(1619,1606),(1619,1607),(1619,1608),(1619,1609),(1619,1610),(1619,1611),(1619,1612),(1619,1613),(1619,1614),(1619,1615),(1619,1616),(1619,1617),(1619,1618),(1635,1620),(1635,1621),(1635,1622),(1635,1623),(1635,1624),(1635,1625),(1635,1626),(1635,1627),(1635,1628),(1635,1629),(1635,1630),(1635,1631),(1635,1632),(1635,1633),(1635,1634),(1651,1636),(1651,1637),(1651,1638),(1651,1639),(1651,1640),(1651,1641),(1651,1642),(1651,1643),(1651,1644),(1651,1645),(1651,1646),(1651,1647),(1651,1648),(1651,1649),(1651,1650),(1667,1652),(1667,1653),(1667,1654),(1667,1655),(1667,1656),(1667,1657),(1667,1658),(1667,1659),(1667,1660),(1667,1661),(1667,1662),(1667,1663),(1667,1664),(1667,1665),(1667,1666),(1683,1668),(1683,1669),(1683,1670),(1683,1671),(1683,1672),(1683,1673),(1683,1674),(1683,1675),(1683,1676),(1683,1677),(1683,1678),(1683,1679),(1683,1680),(1683,1681),(1683,1682),(1699,1684),(1699,1685),(1699,1686),(1699,1687),(1699,1688),(1699,1689),(1699,1690),(1699,1691),(1699,1692),(1699,1693),(1699,1694),(1699,1695),(1699,1696),(1699,1697),(1699,1698),(1715,1700),(1715,1701),(1715,1702),(1715,1703),(1715,1704),(1715,1705),(1715,1706),(1715,1707),(1715,1708),(1715,1709),(1715,1710),(1715,1711),(1715,1712),(1715,1713),(1715,1714),(1731,1716),(1731,1717),(1731,1718),(1731,1719),(1731,1720),(1731,1721),(1731,1722),(1731,1723),(1731,1724),(1731,1725),(1731,1726),(1731,1727),(1731,1728),(1731,1729),(1731,1730),(1747,1732),(1747,1733),(1747,1734),(1747,1735),(1747,1736),(1747,1737),(1747,1738),(1747,1739),(1747,1740),(1747,1741),(1747,1742),(1747,1743),(1747,1744),(1747,1745),(1747,1746),(1763,1748),(1763,1749),(1763,1750),(1763,1751),(1763,1752),(1763,1753),(1763,1754),(1763,1755),(1763,1756),(1763,1757),(1763,1758),(1763,1759),(1763,1760),(1763,1761),(1763,1762),(1779,1764),(1779,1765),(1779,1766),(1779,1767),(1779,1768),(1779,1769),(1779,1770),(1779,1771),(1779,1772),(1779,1773),(1779,1774),(1779,1775),(1779,1776),(1779,1777),(1779,1778),(1795,1780),(1795,1781),(1795,1782),(1795,1783),(1795,1784),(1795,1785),(1795,1786),(1795,1787),(1795,1788),(1795,1789),(1795,1790),(1795,1791),(1795,1792),(1795,1793),(1795,1794),(1811,1796),(1811,1797),(1811,1798),(1811,1799),(1811,1800),(1811,1801),(1811,1802),(1811,1803),(1811,1804),(1811,1805),(1811,1806),(1811,1807),(1811,1808),(1811,1809),(1811,1810),(1827,1812),(1827,1813),(1827,1814),(1827,1815),(1827,1816),(1827,1817),(1827,1818),(1827,1819),(1827,1820),(1827,1821),(1827,1822),(1827,1823),(1827,1824),(1827,1825),(1827,1826),(1834,1828),(1834,1829),(1834,1830),(1834,1831),(1834,1832),(1834,1833),(1841,1835),(1841,1836),(1841,1837),(1841,1838),(1841,1839),(1841,1840),(1848,1842),(1848,1843),(1848,1844),(1848,1845),(1848,1846),(1848,1847),(1855,1849),(1855,1850),(1855,1851),(1855,1852),(1855,1853),(1855,1854),(1862,1856),(1862,1857),(1862,1858),(1862,1859),(1862,1860),(1862,1861),(1869,1863),(1869,1864),(1869,1865),(1869,1866),(1869,1867),(1869,1868),(1876,1870),(1876,1871),(1876,1872),(1876,1873),(1876,1874),(1876,1875),(1883,1877),(1883,1878),(1883,1879),(1883,1880),(1883,1881),(1883,1882),(1890,1884),(1890,1885),(1890,1886),(1890,1887),(1890,1888),(1890,1889),(1897,1891),(1897,1892),(1897,1893),(1897,1894),(1897,1895),(1897,1896),(1904,1898),(1904,1899),(1904,1900),(1904,1901),(1904,1902),(1904,1903),(1911,1905),(1911,1906),(1911,1907),(1911,1908),(1911,1909),(1911,1910),(1918,1912),(1918,1913),(1918,1914),(1918,1915),(1918,1916),(1918,1917),(1934,1919),(1934,1920),(1934,1921),(1934,1922),(1934,1923),(1934,1924),(1934,1925),(1934,1926),(1934,1927),(1934,1928),(1934,1929),(1934,1930),(1934,1931),(1934,1932),(1934,1933),(1950,1935),(1950,1936),(1950,1937),(1950,1938),(1950,1939),(1950,1940),(1950,1941),(1950,1942),(1950,1943),(1950,1944),(1950,1945),(1950,1946),(1950,1947),(1950,1948),(1950,1949),(1966,1951),(1966,1952),(1966,1953),(1966,1954),(1966,1955),(1966,1956),(1966,1957),(1966,1958),(1966,1959),(1966,1960),(1966,1961),(1966,1962),(1966,1963),(1966,1964),(1966,1965),(1982,1967),(1982,1968),(1982,1969),(1982,1970),(1982,1971),(1982,1972),(1982,1973),(1982,1974),(1982,1975),(1982,1976),(1982,1977),(1982,1978),(1982,1979),(1982,1980),(1982,1981),(1998,1983),(1998,1984),(1998,1985),(1998,1986),(1998,1987),(1998,1988),(1998,1989),(1998,1990),(1998,1991),(1998,1992),(1998,1993),(1998,1994),(1998,1995),(1998,1996),(1998,1997),(2005,1999),(2005,2000),(2005,2001),(2005,2002),(2005,2003),(2005,2004),(2012,2006),(2012,2007),(2012,2008),(2012,2009),(2012,2010),(2012,2011),(2018,2013),(2018,2014),(2018,2015),(2018,2016),(2018,2017),(2025,2019),(2025,2020),(2025,2021),(2025,2022),(2025,2023),(2025,2024),(2032,2026),(2032,2027),(2032,2028),(2032,2029),(2032,2030),(2032,2031),(2039,2033),(2039,2034),(2039,2035),(2039,2036),(2039,2037),(2039,2038),(2055,2040),(2055,2041),(2055,2042),(2055,2043),(2055,2044),(2055,2045),(2055,2046),(2055,2047),(2055,2048),(2055,2049),(2055,2050),(2055,2051),(2055,2052),(2055,2053),(2055,2054);

--
-- Table structure for table `catalog_product_super_attribute`
--

CREATE TABLE `catalog_product_super_attribute` (
  `product_super_attribute_id` int unsigned NOT NULL AUTO_INCREMENT COMMENT 'Product Super Attribute ID',
  `product_id` int unsigned NOT NULL DEFAULT '0' COMMENT 'Product ID',
  `attribute_id` smallint unsigned NOT NULL DEFAULT '0' COMMENT 'Attribute ID',
  `position` smallint unsigned NOT NULL DEFAULT '0' COMMENT 'Position',
  PRIMARY KEY (`product_super_attribute_id`),
  UNIQUE KEY `CATALOG_PRODUCT_SUPER_ATTRIBUTE_PRODUCT_ID_ATTRIBUTE_ID` (`product_id`,`attribute_id`),
  CONSTRAINT `CAT_PRD_SPR_ATTR_PRD_ID_CAT_PRD_ENTT_ENTT_ID` FOREIGN KEY (`product_id`) REFERENCES `catalog_product_entity` (`entity_id`) ON DELETE CASCADE
) ENGINE=InnoDB AUTO_INCREMENT=297 DEFAULT CHARSET=utf8mb3 COMMENT='Catalog Product Super Attribute Table';

--
-- Dumping data for table `catalog_product_super_attribute`
--

INSERT INTO `catalog_product_super_attribute` VALUES (1,3,93,0),(3,77,139,0),(4,77,93,1),(5,93,139,0),(6,93,93,1),(7,109,139,0),(8,109,93,1),(9,125,139,0),(10,125,93,1),(11,141,139,0),(12,141,93,1),(13,157,139,0),(14,157,93,1),(15,173,139,0),(16,173,93,1),(17,189,139,0),(18,189,93,1),(19,205,139,0),(20,205,93,1),(21,221,139,0),(22,221,93,1),(23,237,139,0),(24,237,93,1),(25,253,139,0),(26,253,93,1),(27,269,139,0),(28,269,93,1),(29,285,139,0),(30,285,93,1),(31,301,139,0),(32,301,93,1),(33,317,139,0),(34,317,93,1),(35,333,139,0),(36,333,93,1),(37,349,139,0),(38,349,93,1),(39,365,139,0),(40,365,93,1),(41,381,139,0),(42,381,93,1),(43,397,139,0),(44,397,93,1),(45,413,139,0),(46,413,93,1),(47,429,139,0),(48,429,93,1),(49,445,139,0),(50,445,93,1),(51,461,139,0),(52,461,93,1),(53,477,139,0),(54,477,93,1),(55,493,139,0),(56,493,93,1),(57,509,139,0),(58,509,93,1),(59,525,139,0),(60,525,93,1),(61,541,139,0),(62,541,93,1),(63,557,139,0),(64,557,93,1),(65,573,139,0),(66,573,93,1),(67,589,139,0),(68,589,93,1),(69,605,139,0),(70,605,93,1),(71,621,139,0),(72,621,93,1),(73,637,139,0),(74,637,93,1),(75,653,139,0),(76,653,93,1),(77,669,139,0),(78,669,93,1),(79,685,139,0),(80,685,93,1),(81,691,139,0),(82,691,93,1),(83,697,139,0),(84,697,93,1),(85,703,139,0),(86,703,93,1),(87,709,139,0),(88,709,93,1),(89,715,139,0),(90,715,93,1),(91,721,139,0),(92,721,93,1),(93,727,139,0),(94,727,93,1),(95,733,139,0),(96,733,93,1),(97,739,139,0),(98,739,93,1),(99,752,139,0),(100,752,93,1),(101,765,139,0),(102,765,93,1),(103,778,139,0),(104,778,93,1),(105,791,139,0),(106,791,93,1),(107,804,139,0),(108,804,93,1),(109,817,139,0),(110,817,93,1),(111,830,139,0),(112,830,93,1),(113,843,139,0),(114,843,93,1),(115,856,139,0),(116,856,93,1),(117,869,139,0),(118,869,93,1),(119,882,139,0),(120,882,93,1),(121,895,139,0),(122,895,93,1),(123,908,139,0),(124,908,93,1),(125,913,139,0),(126,913,93,1),(127,926,139,0),(128,926,93,1),(129,939,139,0),(130,939,93,1),(131,952,139,0),(132,952,93,1),(133,965,139,0),(134,965,93,1),(135,978,139,0),(136,978,93,1),(137,991,139,0),(138,991,93,1),(139,1004,139,0),(140,1004,93,1),(141,1017,139,0),(142,1017,93,1),(143,1030,139,0),(144,1030,93,1),(145,1043,139,0),(146,1043,93,1),(147,1059,139,0),(148,1059,93,1),(149,1075,139,0),(150,1075,93,1),(151,1091,139,0),(152,1091,93,1),(153,1107,139,0),(154,1107,93,1),(155,1123,139,0),(156,1123,93,1),(157,1129,139,0),(158,1129,93,1),(159,1145,139,0),(160,1145,93,1),(161,1161,139,0),(162,1161,93,1),(163,1177,139,0),(164,1177,93,1),(165,1193,139,0),(166,1193,93,1),(167,1209,139,0),(168,1209,93,1),(169,1225,139,0),(170,1225,93,1),(171,1235,139,0),(172,1235,93,1),(173,1251,139,0),(174,1251,93,1),(175,1267,139,0),(176,1267,93,1),(177,1283,139,0),(178,1283,93,1),(179,1299,139,0),(180,1299,93,1),(181,1315,139,0),(182,1315,93,1),(183,1331,139,0),(184,1331,93,1),(185,1347,139,0),(186,1347,93,1),(187,1363,139,0),(188,1363,93,1),(189,1379,139,0),(190,1379,93,1),(191,1395,139,0),(192,1395,93,1),(193,1411,139,0),(194,1411,93,1),(195,1427,139,0),(196,1427,93,1),(197,1443,139,0),(198,1443,93,1),(199,1459,139,0),(200,1459,93,1),(201,1475,139,0),(202,1475,93,1),(203,1491,139,0),(204,1491,93,1),(205,1507,139,0),(206,1507,93,1),(207,1523,139,0),(208,1523,93,1),(209,1539,139,0),(210,1539,93,1),(211,1555,139,0),(212,1555,93,1),(213,1571,139,0),(214,1571,93,1),(215,1587,139,0),(216,1587,93,1),(217,1603,139,0),(218,1603,93,1),(219,1619,139,0),(220,1619,93,1),(221,1635,139,0),(222,1635,93,1),(223,1651,139,0),(224,1651,93,1),(225,1667,139,0),(226,1667,93,1),(227,1683,139,0),(228,1683,93,1),(229,1699,139,0),(230,1699,93,1),(231,1715,139,0),(232,1715,93,1),(233,1731,139,0),(234,1731,93,1),(235,1747,139,0),(236,1747,93,1),(237,1763,139,0),(238,1763,93,1),(239,1779,139,0),(240,1779,93,1),(241,1795,139,0),(242,1795,93,1),(243,1811,139,0),(244,1811,93,1),(245,1827,139,0),(246,1827,93,1),(247,1834,139,0),(248,1834,93,1),(249,1841,139,0),(250,1841,93,1),(251,1848,139,0),(252,1848,93,1),(253,1855,139,0),(254,1855,93,1),(255,1862,139,0),(256,1862,93,1),(257,1869,139,0),(258,1869,93,1),(259,1876,139,0),(260,1876,93,1),(261,1883,139,0),(262,1883,93,1),(263,1890,139,0),(264,1890,93,1),(265,1897,139,0),(266,1897,93,1),(267,1904,139,0),(268,1904,93,1),(269,1911,139,0),(270,1911,93,1),(271,1918,139,0),(272,1918,93,1),(273,1934,139,0),(274,1934,93,1),(275,1950,139,0),(276,1950,93,1),(277,1966,139,0),(278,1966,93,1),(279,1982,139,0),(280,1982,93,1),(281,1998,139,0),(282,1998,93,1),(283,2005,139,0),(284,2005,93,1),(285,2012,139,0),(286,2012,93,1),(287,2018,139,0),(288,2018,93,1),(289,2025,139,0),(290,2025,93,1),(291,2032,139,0),(292,2032,93,1),(293,2039,139,0),(294,2039,93,1),(295,2055,139,0),(296,2055,93,1);

--
-- Table structure for table `catalog_product_super_attribute_label`
--

CREATE TABLE `catalog_product_super_attribute_label` (
  `value_id` int unsigned NOT NULL AUTO_INCREMENT COMMENT 'Value ID',
  `product_super_attribute_id` int unsigned NOT NULL DEFAULT '0' COMMENT 'Product Super Attribute ID',
  `store_id` smallint unsigned NOT NULL DEFAULT '0' COMMENT 'Store ID',
  `use_default` smallint unsigned DEFAULT '0' COMMENT 'Use Default Value',
  `value` varchar(255) DEFAULT NULL COMMENT 'Value',
  PRIMARY KEY (`value_id`),
  UNIQUE KEY `CAT_PRD_SPR_ATTR_LBL_PRD_SPR_ATTR_ID_STORE_ID` (`product_super_attribute_id`,`store_id`),
  KEY `CATALOG_PRODUCT_SUPER_ATTRIBUTE_LABEL_STORE_ID` (`store_id`),
  CONSTRAINT `CATALOG_PRODUCT_SUPER_ATTRIBUTE_LABEL_STORE_ID_STORE_STORE_ID` FOREIGN KEY (`store_id`) REFERENCES `store` (`store_id`) ON DELETE CASCADE,
  CONSTRAINT `FK_309442281DF7784210ED82B2CC51E5D5` FOREIGN KEY (`product_super_attribute_id`) REFERENCES `catalog_product_super_attribute` (`product_super_attribute_id`) ON DELETE CASCADE
) ENGINE=InnoDB AUTO_INCREMENT=296 DEFAULT CHARSET=utf8mb3 COMMENT='Catalog Product Super Attribute Label Table';

--
-- Dumping data for table `catalog_product_super_attribute_label`
--

INSERT INTO `catalog_product_super_attribute_label` VALUES (1,1,0,0,'Color'),(2,3,0,0,'Size'),(3,4,0,0,'Color'),(4,5,0,0,'Size'),(5,6,0,0,'Color'),(6,7,0,0,'Size'),(7,8,0,0,'Color'),(8,9,0,0,'Size'),(9,10,0,0,'Color'),(10,11,0,0,'Size'),(11,12,0,0,'Color'),(12,13,0,0,'Size'),(13,14,0,0,'Color'),(14,15,0,0,'Size'),(15,16,0,0,'Color'),(16,17,0,0,'Size'),(17,18,0,0,'Color'),(18,19,0,0,'Size'),(19,20,0,0,'Color'),(20,21,0,0,'Size'),(21,22,0,0,'Color'),(22,23,0,0,'Size'),(23,24,0,0,'Color'),(24,25,0,0,'Size'),(25,26,0,0,'Color'),(26,27,0,0,'Size'),(27,28,0,0,'Color'),(28,29,0,0,'Size'),(29,30,0,0,'Color'),(30,31,0,0,'Size'),(31,32,0,0,'Color'),(32,33,0,0,'Size'),(33,34,0,0,'Color'),(34,35,0,0,'Size'),(35,36,0,0,'Color'),(36,37,0,0,'Size'),(37,38,0,0,'Color'),(38,39,0,0,'Size'),(39,40,0,0,'Color'),(40,41,0,0,'Size'),(41,42,0,0,'Color'),(42,43,0,0,'Size'),(43,44,0,0,'Color'),(44,45,0,0,'Size'),(45,46,0,0,'Color'),(46,47,0,0,'Size'),(47,48,0,0,'Color'),(48,49,0,0,'Size'),(49,50,0,0,'Color'),(50,51,0,0,'Size'),(51,52,0,0,'Color'),(52,53,0,0,'Size'),(53,54,0,0,'Color'),(54,55,0,0,'Size'),(55,56,0,0,'Color'),(56,57,0,0,'Size'),(57,58,0,0,'Color'),(58,59,0,0,'Size'),(59,60,0,0,'Color'),(60,61,0,0,'Size'),(61,62,0,0,'Color'),(62,63,0,0,'Size'),(63,64,0,0,'Color'),(64,65,0,0,'Size'),(65,66,0,0,'Color'),(66,67,0,0,'Size'),(67,68,0,0,'Color'),(68,69,0,0,'Size'),(69,70,0,0,'Color'),(70,71,0,0,'Size'),(71,72,0,0,'Color'),(72,73,0,0,'Size'),(73,74,0,0,'Color'),(74,75,0,0,'Size'),(75,76,0,0,'Color'),(76,77,0,0,'Size'),(77,78,0,0,'Color'),(78,79,0,0,'Size'),(79,80,0,0,'Color'),(80,81,0,0,'Size'),(81,82,0,0,'Color'),(82,83,0,0,'Size'),(83,84,0,0,'Color'),(84,85,0,0,'Size'),(85,86,0,0,'Color'),(86,87,0,0,'Size'),(87,88,0,0,'Color'),(88,89,0,0,'Size'),(89,90,0,0,'Color'),(90,91,0,0,'Size'),(91,92,0,0,'Color'),(92,93,0,0,'Size'),(93,94,0,0,'Color'),(94,95,0,0,'Size'),(95,96,0,0,'Color'),(96,97,0,0,'Size'),(97,98,0,0,'Color'),(98,99,0,0,'Size'),(99,100,0,0,'Color'),(100,101,0,0,'Size'),(101,102,0,0,'Color'),(102,103,0,0,'Size'),(103,104,0,0,'Color'),(104,105,0,0,'Size'),(105,106,0,0,'Color'),(106,107,0,0,'Size'),(107,108,0,0,'Color'),(108,109,0,0,'Size'),(109,110,0,0,'Color'),(110,111,0,0,'Size'),(111,112,0,0,'Color'),(112,113,0,0,'Size'),(113,114,0,0,'Color'),(114,115,0,0,'Size'),(115,116,0,0,'Color'),(116,117,0,0,'Size'),(117,118,0,0,'Color'),(118,119,0,0,'Size'),(119,120,0,0,'Color'),(120,121,0,0,'Size'),(121,122,0,0,'Color'),(122,123,0,0,'Size'),(123,124,0,0,'Color'),(124,125,0,0,'Size'),(125,126,0,0,'Color'),(126,127,0,0,'Size'),(127,128,0,0,'Color'),(128,129,0,0,'Size'),(129,130,0,0,'Color'),(130,131,0,0,'Size'),(131,132,0,0,'Color'),(132,133,0,0,'Size'),(133,134,0,0,'Color'),(134,135,0,0,'Size'),(135,136,0,0,'Color'),(136,137,0,0,'Size'),(137,138,0,0,'Color'),(138,139,0,0,'Size'),(139,140,0,0,'Color'),(140,141,0,0,'Size'),(141,142,0,0,'Color'),(142,143,0,0,'Size'),(143,144,0,0,'Color'),(144,145,0,0,'Size'),(145,146,0,0,'Color'),(146,147,0,0,'Size'),(147,148,0,0,'Color'),(148,149,0,0,'Size'),(149,150,0,0,'Color'),(150,151,0,0,'Size'),(151,152,0,0,'Color'),(152,153,0,0,'Size'),(153,154,0,0,'Color'),(154,155,0,0,'Size'),(155,156,0,0,'Color'),(156,157,0,0,'Size'),(157,158,0,0,'Color'),(158,159,0,0,'Size'),(159,160,0,0,'Color'),(160,161,0,0,'Size'),(161,162,0,0,'Color'),(162,163,0,0,'Size'),(163,164,0,0,'Color'),(164,165,0,0,'Size'),(165,166,0,0,'Color'),(166,167,0,0,'Size'),(167,168,0,0,'Color'),(168,169,0,0,'Size'),(169,170,0,0,'Color'),(170,171,0,0,'Size'),(171,172,0,0,'Color'),(172,173,0,0,'Size'),(173,174,0,0,'Color'),(174,175,0,0,'Size'),(175,176,0,0,'Color'),(176,177,0,0,'Size'),(177,178,0,0,'Color'),(178,179,0,0,'Size'),(179,180,0,0,'Color'),(180,181,0,0,'Size'),(181,182,0,0,'Color'),(182,183,0,0,'Size'),(183,184,0,0,'Color'),(184,185,0,0,'Size'),(185,186,0,0,'Color'),(186,187,0,0,'Size'),(187,188,0,0,'Color'),(188,189,0,0,'Size'),(189,190,0,0,'Color'),(190,191,0,0,'Size'),(191,192,0,0,'Color'),(192,193,0,0,'Size'),(193,194,0,0,'Color'),(194,195,0,0,'Size'),(195,196,0,0,'Color'),(196,197,0,0,'Size'),(197,198,0,0,'Color'),(198,199,0,0,'Size'),(199,200,0,0,'Color'),(200,201,0,0,'Size'),(201,202,0,0,'Color'),(202,203,0,0,'Size'),(203,204,0,0,'Color'),(204,205,0,0,'Size'),(205,206,0,0,'Color'),(206,207,0,0,'Size'),(207,208,0,0,'Color'),(208,209,0,0,'Size'),(209,210,0,0,'Color'),(210,211,0,0,'Size'),(211,212,0,0,'Color'),(212,213,0,0,'Size'),(213,214,0,0,'Color'),(214,215,0,0,'Size'),(215,216,0,0,'Color'),(216,217,0,0,'Size'),(217,218,0,0,'Color'),(218,219,0,0,'Size'),(219,220,0,0,'Color'),(220,221,0,0,'Size'),(221,222,0,0,'Color'),(222,223,0,0,'Size'),(223,224,0,0,'Color'),(224,225,0,0,'Size'),(225,226,0,0,'Color'),(226,227,0,0,'Size'),(227,228,0,0,'Color'),(228,229,0,0,'Size'),(229,230,0,0,'Color'),(230,231,0,0,'Size'),(231,232,0,0,'Color'),(232,233,0,0,'Size'),(233,234,0,0,'Color'),(234,235,0,0,'Size'),(235,236,0,0,'Color'),(236,237,0,0,'Size'),(237,238,0,0,'Color'),(238,239,0,0,'Size'),(239,240,0,0,'Color'),(240,241,0,0,'Size'),(241,242,0,0,'Color'),(242,243,0,0,'Size'),(243,244,0,0,'Color'),(244,245,0,0,'Size'),(245,246,0,0,'Color'),(246,247,0,0,'Size'),(247,248,0,0,'Color'),(248,249,0,0,'Size'),(249,250,0,0,'Color'),(250,251,0,0,'Size'),(251,252,0,0,'Color'),(252,253,0,0,'Size'),(253,254,0,0,'Color'),(254,255,0,0,'Size'),(255,256,0,0,'Color'),(256,257,0,0,'Size'),(257,258,0,0,'Color'),(258,259,0,0,'Size'),(259,260,0,0,'Color'),(260,261,0,0,'Size'),(261,262,0,0,'Color'),(262,263,0,0,'Size'),(263,264,0,0,'Color'),(264,265,0,0,'Size'),(265,266,0,0,'Color'),(266,267,0,0,'Size'),(267,268,0,0,'Color'),(268,269,0,0,'Size'),(269,270,0,0,'Color'),(270,271,0,0,'Size'),(271,272,0,0,'Color'),(272,273,0,0,'Size'),(273,274,0,0,'Color'),(274,275,0,0,'Size'),(275,276,0,0,'Color'),(276,277,0,0,'Size'),(277,278,0,0,'Color'),(278,279,0,0,'Size'),(279,280,0,0,'Color'),(280,281,0,0,'Size'),(281,282,0,0,'Color'),(282,283,0,0,'Size'),(283,284,0,0,'Color'),(284,285,0,0,'Size'),(285,286,0,0,'Color'),(286,287,0,0,'Size'),(287,288,0,0,'Color'),(288,289,0,0,'Size'),(289,290,0,0,'Color'),(290,291,0,0,'Size'),(291,292,0,0,'Color'),(292,293,0,0,'Size'),(293,294,0,0,'Color'),(294,295,0,0,'Size'),(295,296,0,0,'Color');

--
-- Table structure for table `catalog_product_super_link`
--

CREATE TABLE `catalog_product_super_link` (
  `link_id` int unsigned NOT NULL AUTO_INCREMENT COMMENT 'Link ID',
  `product_id` int unsigned NOT NULL DEFAULT '0' COMMENT 'Product ID',
  `parent_id` int unsigned NOT NULL DEFAULT '0' COMMENT 'Parent ID',
  PRIMARY KEY (`link_id`),
  UNIQUE KEY `CATALOG_PRODUCT_SUPER_LINK_PRODUCT_ID_PARENT_ID` (`product_id`,`parent_id`),
  KEY `CATALOG_PRODUCT_SUPER_LINK_PARENT_ID` (`parent_id`),
  CONSTRAINT `CAT_PRD_SPR_LNK_PARENT_ID_CAT_PRD_ENTT_ENTT_ID` FOREIGN KEY (`parent_id`) REFERENCES `catalog_product_entity` (`entity_id`) ON DELETE CASCADE,
  CONSTRAINT `CAT_PRD_SPR_LNK_PRD_ID_CAT_PRD_ENTT_ENTT_ID` FOREIGN KEY (`product_id`) REFERENCES `catalog_product_entity` (`entity_id`) ON DELETE CASCADE
) ENGINE=InnoDB AUTO_INCREMENT=4109 DEFAULT CHARSET=utf8mb3 COMMENT='Catalog Product Super Link Table';

--
-- Dumping data for table `catalog_product_super_link`
--

INSERT INTO `catalog_product_super_link` VALUES (3,12,3),(4,13,3),(5,62,77),(6,63,77),(7,64,77),(8,65,77),(9,66,77),(10,67,77),(11,68,77),(12,69,77),(13,70,77),(14,71,77),(15,72,77),(16,73,77),(17,74,77),(18,75,77),(19,76,77),(20,78,93),(21,79,93),(22,80,93),(23,81,93),(24,82,93),(25,83,93),(26,84,93),(27,85,93),(28,86,93),(29,87,93),(30,88,93),(31,89,93),(32,90,93),(33,91,93),(34,92,93),(35,94,109),(36,95,109),(37,96,109),(38,97,109),(39,98,109),(40,99,109),(41,100,109),(42,101,109),(43,102,109),(44,103,109),(45,104,109),(46,105,109),(47,106,109),(48,107,109),(49,108,109),(50,110,125),(51,111,125),(52,112,125),(53,113,125),(54,114,125),(55,115,125),(56,116,125),(57,117,125),(58,118,125),(59,119,125),(60,120,125),(61,121,125),(62,122,125),(63,123,125),(64,124,125),(65,126,141),(66,127,141),(67,128,141),(68,129,141),(69,130,141),(70,131,141),(71,132,141),(72,133,141),(73,134,141),(74,135,141),(75,136,141),(76,137,141),(77,138,141),(78,139,141),(79,140,141),(80,142,157),(81,143,157),(82,144,157),(83,145,157),(84,146,157),(85,147,157),(86,148,157),(87,149,157),(88,150,157),(89,151,157),(90,152,157),(91,153,157),(92,154,157),(93,155,157),(94,156,157),(95,158,173),(96,159,173),(97,160,173),(98,161,173),(99,162,173),(100,163,173),(101,164,173),(102,165,173),(103,166,173),(104,167,173),(105,168,173),(106,169,173),(107,170,173),(108,171,173),(109,172,173),(110,174,189),(111,175,189),(112,176,189),(113,177,189),(114,178,189),(115,179,189),(116,180,189),(117,181,189),(118,182,189),(119,183,189),(120,184,189),(121,185,189),(122,186,189),(123,187,189),(124,188,189),(125,190,205),(126,191,205),(127,192,205),(128,193,205),(129,194,205),(130,195,205),(131,196,205),(132,197,205),(133,198,205),(134,199,205),(135,200,205),(136,201,205),(137,202,205),(138,203,205),(139,204,205),(140,206,221),(141,207,221),(142,208,221),(143,209,221),(144,210,221),(145,211,221),(146,212,221),(147,213,221),(148,214,221),(149,215,221),(150,216,221),(151,217,221),(152,218,221),(153,219,221),(154,220,221),(155,222,237),(156,223,237),(157,224,237),(158,225,237),(159,226,237),(160,227,237),(161,228,237),(162,229,237),(163,230,237),(164,231,237),(165,232,237),(166,233,237),(167,234,237),(168,235,237),(169,236,237),(170,238,253),(171,239,253),(172,240,253),(173,241,253),(174,242,253),(175,243,253),(176,244,253),(177,245,253),(178,246,253),(179,247,253),(180,248,253),(181,249,253),(182,250,253),(183,251,253),(184,252,253),(200,254,269),(201,255,269),(202,256,269),(203,257,269),(204,258,269),(205,259,269),(206,260,269),(207,261,269),(208,262,269),(209,263,269),(210,264,269),(211,265,269),(212,266,269),(213,267,269),(214,268,269),(215,270,285),(216,271,285),(217,272,285),(218,273,285),(219,274,285),(220,275,285),(221,276,285),(222,277,285),(223,278,285),(224,279,285),(225,280,285),(226,281,285),(227,282,285),(228,283,285),(229,284,285),(230,286,301),(231,287,301),(232,288,301),(233,289,301),(234,290,301),(235,291,301),(236,292,301),(237,293,301),(238,294,301),(239,295,301),(240,296,301),(241,297,301),(242,298,301),(243,299,301),(244,300,301),(245,302,317),(246,303,317),(247,304,317),(248,305,317),(249,306,317),(250,307,317),(251,308,317),(252,309,317),(253,310,317),(254,311,317),(255,312,317),(256,313,317),(257,314,317),(258,315,317),(259,316,317),(260,318,333),(261,319,333),(262,320,333),(263,321,333),(264,322,333),(265,323,333),(266,324,333),(267,325,333),(268,326,333),(269,327,333),(270,328,333),(271,329,333),(272,330,333),(273,331,333),(274,332,333),(275,334,349),(276,335,349),(277,336,349),(278,337,349),(279,338,349),(280,339,349),(281,340,349),(282,341,349),(283,342,349),(284,343,349),(285,344,349),(286,345,349),(287,346,349),(288,347,349),(289,348,349),(305,350,365),(306,351,365),(307,352,365),(308,353,365),(309,354,365),(310,355,365),(311,356,365),(312,357,365),(313,358,365),(314,359,365),(315,360,365),(316,361,365),(317,362,365),(318,363,365),(319,364,365),(320,366,381),(321,367,381),(322,368,381),(323,369,381),(324,370,381),(325,371,381),(326,372,381),(327,373,381),(328,374,381),(329,375,381),(330,376,381),(331,377,381),(332,378,381),(333,379,381),(334,380,381),(335,382,397),(336,383,397),(337,384,397),(338,385,397),(339,386,397),(340,387,397),(341,388,397),(342,389,397),(343,390,397),(344,391,397),(345,392,397),(346,393,397),(347,394,397),(348,395,397),(349,396,397),(350,398,413),(351,399,413),(352,400,413),(353,401,413),(354,402,413),(355,403,413),(356,404,413),(357,405,413),(358,406,413),(359,407,413),(360,408,413),(361,409,413),(362,410,413),(363,411,413),(364,412,413),(365,414,429),(366,415,429),(367,416,429),(368,417,429),(369,418,429),(370,419,429),(371,420,429),(372,421,429),(373,422,429),(374,423,429),(375,424,429),(376,425,429),(377,426,429),(378,427,429),(379,428,429),(380,430,445),(381,431,445),(382,432,445),(383,433,445),(384,434,445),(385,435,445),(386,436,445),(387,437,445),(388,438,445),(389,439,445),(390,440,445),(391,441,445),(392,442,445),(393,443,445),(394,444,445),(395,446,461),(396,447,461),(397,448,461),(398,449,461),(399,450,461),(400,451,461),(401,452,461),(402,453,461),(403,454,461),(404,455,461),(405,456,461),(406,457,461),(407,458,461),(408,459,461),(409,460,461),(425,462,477),(426,463,477),(427,464,477),(428,465,477),(429,466,477),(430,467,477),(431,468,477),(432,469,477),(433,470,477),(434,471,477),(435,472,477),(436,473,477),(437,474,477),(438,475,477),(439,476,477),(440,478,493),(441,479,493),(442,480,493),(443,481,493),(444,482,493),(445,483,493),(446,484,493),(447,485,493),(448,486,493),(449,487,493),(450,488,493),(451,489,493),(452,490,493),(453,491,493),(454,492,493),(455,494,509),(456,495,509),(457,496,509),(458,497,509),(459,498,509),(460,499,509),(461,500,509),(462,501,509),(463,502,509),(464,503,509),(465,504,509),(466,505,509),(467,506,509),(468,507,509),(469,508,509),(470,510,525),(471,511,525),(472,512,525),(473,513,525),(474,514,525),(475,515,525),(476,516,525),(477,517,525),(478,518,525),(479,519,525),(480,520,525),(481,521,525),(482,522,525),(483,523,525),(484,524,525),(485,526,541),(486,527,541),(487,528,541),(488,529,541),(489,530,541),(490,531,541),(491,532,541),(492,533,541),(493,534,541),(494,535,541),(495,536,541),(496,537,541),(497,538,541),(498,539,541),(499,540,541),(500,542,557),(501,543,557),(502,544,557),(503,545,557),(504,546,557),(505,547,557),(506,548,557),(507,549,557),(508,550,557),(509,551,557),(510,552,557),(511,553,557),(512,554,557),(513,555,557),(514,556,557),(530,558,573),(531,559,573),(532,560,573),(533,561,573),(534,562,573),(535,563,573),(536,564,573),(537,565,573),(538,566,573),(539,567,573),(540,568,573),(541,569,573),(542,570,573),(543,571,573),(544,572,573),(545,574,589),(546,575,589),(547,576,589),(548,577,589),(549,578,589),(550,579,589),(551,580,589),(552,581,589),(553,582,589),(554,583,589),(555,584,589),(556,585,589),(557,586,589),(558,587,589),(559,588,589),(560,590,605),(561,591,605),(562,592,605),(563,593,605),(564,594,605),(565,595,605),(566,596,605),(567,597,605),(568,598,605),(569,599,605),(570,600,605),(571,601,605),(572,602,605),(573,603,605),(574,604,605),(575,606,621),(576,607,621),(577,608,621),(578,609,621),(579,610,621),(580,611,621),(581,612,621),(582,613,621),(583,614,621),(584,615,621),(585,616,621),(586,617,621),(587,618,621),(588,619,621),(589,620,621),(590,622,637),(591,623,637),(592,624,637),(593,625,637),(594,626,637),(595,627,637),(596,628,637),(597,629,637),(598,630,637),(599,631,637),(600,632,637),(601,633,637),(602,634,637),(603,635,637),(604,636,637),(605,638,653),(606,639,653),(607,640,653),(608,641,653),(609,642,653),(610,643,653),(611,644,653),(612,645,653),(613,646,653),(614,647,653),(615,648,653),(616,649,653),(617,650,653),(618,651,653),(619,652,653),(635,654,669),(636,655,669),(637,656,669),(638,657,669),(639,658,669),(640,659,669),(641,660,669),(642,661,669),(643,662,669),(644,663,669),(645,664,669),(646,665,669),(647,666,669),(648,667,669),(649,668,669),(650,670,685),(651,671,685),(652,672,685),(653,673,685),(654,674,685),(655,675,685),(656,676,685),(657,677,685),(658,678,685),(659,679,685),(660,680,685),(661,681,685),(662,682,685),(663,683,685),(664,684,685),(665,686,691),(666,687,691),(667,688,691),(668,689,691),(669,690,691),(670,692,697),(671,693,697),(672,694,697),(673,695,697),(674,696,697),(675,698,703),(676,699,703),(677,700,703),(678,701,703),(679,702,703),(680,704,709),(681,705,709),(682,706,709),(683,707,709),(684,708,709),(685,710,715),(686,711,715),(687,712,715),(688,713,715),(689,714,715),(690,716,721),(691,717,721),(692,718,721),(693,719,721),(694,720,721),(695,722,727),(696,723,727),(697,724,727),(698,725,727),(699,726,727),(700,728,733),(701,729,733),(702,730,733),(703,731,733),(704,732,733),(705,734,739),(706,735,739),(707,736,739),(708,737,739),(709,738,739),(710,740,752),(711,741,752),(712,742,752),(713,743,752),(714,744,752),(715,745,752),(716,746,752),(717,747,752),(718,748,752),(719,749,752),(720,750,752),(721,751,752),(737,753,765),(738,754,765),(739,755,765),(740,756,765),(741,757,765),(742,758,765),(743,759,765),(744,760,765),(745,761,765),(746,762,765),(747,763,765),(748,764,765),(749,766,778),(750,767,778),(751,768,778),(752,769,778),(753,770,778),(754,771,778),(755,772,778),(756,773,778),(757,774,778),(758,775,778),(759,776,778),(760,777,778),(761,779,791),(762,780,791),(763,781,791),(764,782,791),(765,783,791),(766,784,791),(767,785,791),(768,786,791),(769,787,791),(770,788,791),(771,789,791),(772,790,791),(773,792,804),(774,793,804),(775,794,804),(776,795,804),(777,796,804),(778,797,804),(779,798,804),(780,799,804),(781,800,804),(782,801,804),(783,802,804),(784,803,804),(785,805,817),(786,806,817),(787,807,817),(788,808,817),(789,809,817),(790,810,817),(791,811,817),(792,812,817),(793,813,817),(794,814,817),(795,815,817),(796,816,817),(797,818,830),(798,819,830),(799,820,830),(800,821,830),(801,822,830),(802,823,830),(803,824,830),(804,825,830),(805,826,830),(806,827,830),(807,828,830),(808,829,830),(809,831,843),(810,832,843),(811,833,843),(812,834,843),(813,835,843),(814,836,843),(815,837,843),(816,838,843),(817,839,843),(818,840,843),(819,841,843),(820,842,843),(821,844,856),(822,845,856),(823,846,856),(824,847,856),(825,848,856),(826,849,856),(827,850,856),(828,851,856),(829,852,856),(830,853,856),(831,854,856),(832,855,856),(845,857,869),(846,858,869),(847,859,869),(848,860,869),(849,861,869),(850,862,869),(851,863,869),(852,864,869),(853,865,869),(854,866,869),(855,867,869),(856,868,869),(857,870,882),(858,871,882),(859,872,882),(860,873,882),(861,874,882),(862,875,882),(863,876,882),(864,877,882),(865,878,882),(866,879,882),(867,880,882),(868,881,882),(869,883,895),(870,884,895),(871,885,895),(872,886,895),(873,887,895),(874,888,895),(875,889,895),(876,890,895),(877,891,895),(878,892,895),(879,893,895),(880,894,895),(881,896,908),(882,897,908),(883,898,908),(884,899,908),(885,900,908),(886,901,908),(887,902,908),(888,903,908),(889,904,908),(890,905,908),(891,906,908),(892,907,908),(893,909,913),(894,910,913),(895,911,913),(896,912,913),(897,914,926),(898,915,926),(899,916,926),(900,917,926),(901,918,926),(902,919,926),(903,920,926),(904,921,926),(905,922,926),(906,923,926),(907,924,926),(908,925,926),(909,927,939),(910,928,939),(911,929,939),(912,930,939),(913,931,939),(914,932,939),(915,933,939),(916,934,939),(917,935,939),(918,936,939),(919,937,939),(920,938,939),(921,940,952),(922,941,952),(923,942,952),(924,943,952),(925,944,952),(926,945,952),(927,946,952),(928,947,952),(929,948,952),(930,949,952),(931,950,952),(932,951,952),(945,953,965),(946,954,965),(947,955,965),(948,956,965),(949,957,965),(950,958,965),(951,959,965),(952,960,965),(953,961,965),(954,962,965),(955,963,965),(956,964,965),(957,966,978),(958,967,978),(959,968,978),(960,969,978),(961,970,978),(962,971,978),(963,972,978),(964,973,978),(965,974,978),(966,975,978),(967,976,978),(968,977,978),(969,979,991),(970,980,991),(971,981,991),(972,982,991),(973,983,991),(974,984,991),(975,985,991),(976,986,991),(977,987,991),(978,988,991),(979,989,991),(980,990,991),(981,992,1004),(982,993,1004),(983,994,1004),(984,995,1004),(985,996,1004),(986,997,1004),(987,998,1004),(988,999,1004),(989,1000,1004),(990,1001,1004),(991,1002,1004),(992,1003,1004),(993,1005,1017),(994,1006,1017),(995,1007,1017),(996,1008,1017),(997,1009,1017),(998,1010,1017),(999,1011,1017),(1000,1012,1017),(1001,1013,1017),(1002,1014,1017),(1003,1015,1017),(1004,1016,1017),(1005,1018,1030),(1006,1019,1030),(1007,1020,1030),(1008,1021,1030),(1009,1022,1030),(1010,1023,1030),(1011,1024,1030),(1012,1025,1030),(1013,1026,1030),(1014,1027,1030),(1015,1028,1030),(1016,1029,1030),(1017,1031,1043),(1018,1032,1043),(1019,1033,1043),(1020,1034,1043),(1021,1035,1043),(1022,1036,1043),(1023,1037,1043),(1024,1038,1043),(1025,1039,1043),(1026,1040,1043),(1027,1041,1043),(1028,1042,1043),(1029,1044,1059),(1030,1045,1059),(1031,1046,1059),(1032,1047,1059),(1033,1048,1059),(1034,1049,1059),(1035,1050,1059),(1036,1051,1059),(1037,1052,1059),(1038,1053,1059),(1039,1054,1059),(1040,1055,1059),(1041,1056,1059),(1042,1057,1059),(1043,1058,1059),(1056,1060,1075),(1057,1061,1075),(1058,1062,1075),(1059,1063,1075),(1060,1064,1075),(1061,1065,1075),(1062,1066,1075),(1063,1067,1075),(1064,1068,1075),(1065,1069,1075),(1066,1070,1075),(1067,1071,1075),(1068,1072,1075),(1069,1073,1075),(1070,1074,1075),(1071,1076,1091),(1072,1077,1091),(1073,1078,1091),(1074,1079,1091),(1075,1080,1091),(1076,1081,1091),(1077,1082,1091),(1078,1083,1091),(1079,1084,1091),(1080,1085,1091),(1081,1086,1091),(1082,1087,1091),(1083,1088,1091),(1084,1089,1091),(1085,1090,1091),(1086,1092,1107),(1087,1093,1107),(1088,1094,1107),(1089,1095,1107),(1090,1096,1107),(1091,1097,1107),(1092,1098,1107),(1093,1099,1107),(1094,1100,1107),(1095,1101,1107),(1096,1102,1107),(1097,1103,1107),(1098,1104,1107),(1099,1105,1107),(1100,1106,1107),(1101,1108,1123),(1102,1109,1123),(1103,1110,1123),(1104,1111,1123),(1105,1112,1123),(1106,1113,1123),(1107,1114,1123),(1108,1115,1123),(1109,1116,1123),(1110,1117,1123),(1111,1118,1123),(1112,1119,1123),(1113,1120,1123),(1114,1121,1123),(1115,1122,1123),(1116,1124,1129),(1117,1125,1129),(1118,1126,1129),(1119,1127,1129),(1120,1128,1129),(1121,1130,1145),(1122,1131,1145),(1123,1132,1145),(1124,1133,1145),(1125,1134,1145),(1126,1135,1145),(1127,1136,1145),(1128,1137,1145),(1129,1138,1145),(1130,1139,1145),(1131,1140,1145),(1132,1141,1145),(1133,1142,1145),(1134,1143,1145),(1135,1144,1145),(1136,1146,1161),(1137,1147,1161),(1138,1148,1161),(1139,1149,1161),(1140,1150,1161),(1141,1151,1161),(1142,1152,1161),(1143,1153,1161),(1144,1154,1161),(1145,1155,1161),(1146,1156,1161),(1147,1157,1161),(1148,1158,1161),(1149,1159,1161),(1150,1160,1161),(1166,1162,1177),(1167,1163,1177),(1168,1164,1177),(1169,1165,1177),(1170,1166,1177),(1171,1167,1177),(1172,1168,1177),(1173,1169,1177),(1174,1170,1177),(1175,1171,1177),(1176,1172,1177),(1177,1173,1177),(1178,1174,1177),(1179,1175,1177),(1180,1176,1177),(1181,1178,1193),(1182,1179,1193),(1183,1180,1193),(1184,1181,1193),(1185,1182,1193),(1186,1183,1193),(1187,1184,1193),(1188,1185,1193),(1189,1186,1193),(1190,1187,1193),(1191,1188,1193),(1192,1189,1193),(1193,1190,1193),(1194,1191,1193),(1195,1192,1193),(1196,1194,1209),(1197,1195,1209),(1198,1196,1209),(1199,1197,1209),(1200,1198,1209),(1201,1199,1209),(1202,1200,1209),(1203,1201,1209),(1204,1202,1209),(1205,1203,1209),(1206,1204,1209),(1207,1205,1209),(1208,1206,1209),(1209,1207,1209),(1210,1208,1209),(1211,1210,1225),(1212,1211,1225),(1213,1212,1225),(1214,1213,1225),(1215,1214,1225),(1216,1215,1225),(1217,1216,1225),(1218,1217,1225),(1219,1218,1225),(1220,1219,1225),(1221,1220,1225),(1222,1221,1225),(1223,1222,1225),(1224,1223,1225),(1225,1224,1225),(1226,1226,1235),(1227,1227,1235),(1228,1228,1235),(1229,1229,1235),(1230,1230,1235),(1231,1231,1235),(1232,1232,1235),(1233,1233,1235),(1234,1234,1235),(1235,1236,1251),(1236,1237,1251),(1237,1238,1251),(1238,1239,1251),(1239,1240,1251),(1240,1241,1251),(1241,1242,1251),(1242,1243,1251),(1243,1244,1251),(1244,1245,1251),(1245,1246,1251),(1246,1247,1251),(1247,1248,1251),(1248,1249,1251),(1249,1250,1251),(1265,1252,1267),(1266,1253,1267),(1267,1254,1267),(1268,1255,1267),(1269,1256,1267),(1270,1257,1267),(1271,1258,1267),(1272,1259,1267),(1273,1260,1267),(1274,1261,1267),(1275,1262,1267),(1276,1263,1267),(1277,1264,1267),(1278,1265,1267),(1279,1266,1267),(1280,1268,1283),(1281,1269,1283),(1282,1270,1283),(1283,1271,1283),(1284,1272,1283),(1285,1273,1283),(1286,1274,1283),(1287,1275,1283),(1288,1276,1283),(1289,1277,1283),(1290,1278,1283),(1291,1279,1283),(1292,1280,1283),(1293,1281,1283),(1294,1282,1283),(1295,1284,1299),(1296,1285,1299),(1297,1286,1299),(1298,1287,1299),(1299,1288,1299),(1300,1289,1299),(1301,1290,1299),(1302,1291,1299),(1303,1292,1299),(1304,1293,1299),(1305,1294,1299),(1306,1295,1299),(1307,1296,1299),(1308,1297,1299),(1309,1298,1299),(1310,1300,1315),(1311,1301,1315),(1312,1302,1315),(1313,1303,1315),(1314,1304,1315),(1315,1305,1315),(1316,1306,1315),(1317,1307,1315),(1318,1308,1315),(1319,1309,1315),(1320,1310,1315),(1321,1311,1315),(1322,1312,1315),(1323,1313,1315),(1324,1314,1315),(1325,1316,1331),(1326,1317,1331),(1327,1318,1331),(1328,1319,1331),(1329,1320,1331),(1330,1321,1331),(1331,1322,1331),(1332,1323,1331),(1333,1324,1331),(1334,1325,1331),(1335,1326,1331),(1336,1327,1331),(1337,1328,1331),(1338,1329,1331),(1339,1330,1331),(1340,1332,1347),(1341,1333,1347),(1342,1334,1347),(1343,1335,1347),(1344,1336,1347),(1345,1337,1347),(1346,1338,1347),(1347,1339,1347),(1348,1340,1347),(1349,1341,1347),(1350,1342,1347),(1351,1343,1347),(1352,1344,1347),(1353,1345,1347),(1354,1346,1347),(1370,1348,1363),(1371,1349,1363),(1372,1350,1363),(1373,1351,1363),(1374,1352,1363),(1375,1353,1363),(1376,1354,1363),(1377,1355,1363),(1378,1356,1363),(1379,1357,1363),(1380,1358,1363),(1381,1359,1363),(1382,1360,1363),(1383,1361,1363),(1384,1362,1363),(1385,1364,1379),(1386,1365,1379),(1387,1366,1379),(1388,1367,1379),(1389,1368,1379),(1390,1369,1379),(1391,1370,1379),(1392,1371,1379),(1393,1372,1379),(1394,1373,1379),(1395,1374,1379),(1396,1375,1379),(1397,1376,1379),(1398,1377,1379),(1399,1378,1379),(1400,1380,1395),(1401,1381,1395),(1402,1382,1395),(1403,1383,1395),(1404,1384,1395),(1405,1385,1395),(1406,1386,1395),(1407,1387,1395),(1408,1388,1395),(1409,1389,1395),(1410,1390,1395),(1411,1391,1395),(1412,1392,1395),(1413,1393,1395),(1414,1394,1395),(1415,1396,1411),(1416,1397,1411),(1417,1398,1411),(1418,1399,1411),(1419,1400,1411),(1420,1401,1411),(1421,1402,1411),(1422,1403,1411),(1423,1404,1411),(1424,1405,1411),(1425,1406,1411),(1426,1407,1411),(1427,1408,1411),(1428,1409,1411),(1429,1410,1411),(1430,1412,1427),(1431,1413,1427),(1432,1414,1427),(1433,1415,1427),(1434,1416,1427),(1435,1417,1427),(1436,1418,1427),(1437,1419,1427),(1438,1420,1427),(1439,1421,1427),(1440,1422,1427),(1441,1423,1427),(1442,1424,1427),(1443,1425,1427),(1444,1426,1427),(1445,1428,1443),(1446,1429,1443),(1447,1430,1443),(1448,1431,1443),(1449,1432,1443),(1450,1433,1443),(1451,1434,1443),(1452,1435,1443),(1453,1436,1443),(1454,1437,1443),(1455,1438,1443),(1456,1439,1443),(1457,1440,1443),(1458,1441,1443),(1459,1442,1443),(1460,1444,1459),(1461,1445,1459),(1462,1446,1459),(1463,1447,1459),(1464,1448,1459),(1465,1449,1459),(1466,1450,1459),(1467,1451,1459),(1468,1452,1459),(1469,1453,1459),(1470,1454,1459),(1471,1455,1459),(1472,1456,1459),(1473,1457,1459),(1474,1458,1459),(1490,1460,1475),(1491,1461,1475),(1492,1462,1475),(1493,1463,1475),(1494,1464,1475),(1495,1465,1475),(1496,1466,1475),(1497,1467,1475),(1498,1468,1475),(1499,1469,1475),(1500,1470,1475),(1501,1471,1475),(1502,1472,1475),(1503,1473,1475),(1504,1474,1475),(1505,1476,1491),(1506,1477,1491),(1507,1478,1491),(1508,1479,1491),(1509,1480,1491),(1510,1481,1491),(1511,1482,1491),(1512,1483,1491),(1513,1484,1491),(1514,1485,1491),(1515,1486,1491),(1516,1487,1491),(1517,1488,1491),(1518,1489,1491),(1519,1490,1491),(1520,1492,1507),(1521,1493,1507),(1522,1494,1507),(1523,1495,1507),(1524,1496,1507),(1525,1497,1507),(1526,1498,1507),(1527,1499,1507),(1528,1500,1507),(1529,1501,1507),(1530,1502,1507),(1531,1503,1507),(1532,1504,1507),(1533,1505,1507),(1534,1506,1507),(1535,1508,1523),(1536,1509,1523),(1537,1510,1523),(1538,1511,1523),(1539,1512,1523),(1540,1513,1523),(1541,1514,1523),(1542,1515,1523),(1543,1516,1523),(1544,1517,1523),(1545,1518,1523),(1546,1519,1523),(1547,1520,1523),(1548,1521,1523),(1549,1522,1523),(1550,1524,1539),(1551,1525,1539),(1552,1526,1539),(1553,1527,1539),(1554,1528,1539),(1555,1529,1539),(1556,1530,1539),(1557,1531,1539),(1558,1532,1539),(1559,1533,1539),(1560,1534,1539),(1561,1535,1539),(1562,1536,1539),(1563,1537,1539),(1564,1538,1539),(1565,1540,1555),(1566,1541,1555),(1567,1542,1555),(1568,1543,1555),(1569,1544,1555),(1570,1545,1555),(1571,1546,1555),(1572,1547,1555),(1573,1548,1555),(1574,1549,1555),(1575,1550,1555),(1576,1551,1555),(1577,1552,1555),(1578,1553,1555),(1579,1554,1555),(1595,1556,1571),(1596,1557,1571),(1597,1558,1571),(1598,1559,1571),(1599,1560,1571),(1600,1561,1571),(1601,1562,1571),(1602,1563,1571),(1603,1564,1571),(1604,1565,1571),(1605,1566,1571),(1606,1567,1571),(1607,1568,1571),(1608,1569,1571),(1609,1570,1571),(1610,1572,1587),(1611,1573,1587),(1612,1574,1587),(1613,1575,1587),(1614,1576,1587),(1615,1577,1587),(1616,1578,1587),(1617,1579,1587),(1618,1580,1587),(1619,1581,1587),(1620,1582,1587),(1621,1583,1587),(1622,1584,1587),(1623,1585,1587),(1624,1586,1587),(1625,1588,1603),(1626,1589,1603),(1627,1590,1603),(1628,1591,1603),(1629,1592,1603),(1630,1593,1603),(1631,1594,1603),(1632,1595,1603),(1633,1596,1603),(1634,1597,1603),(1635,1598,1603),(1636,1599,1603),(1637,1600,1603),(1638,1601,1603),(1639,1602,1603),(1640,1604,1619),(1641,1605,1619),(1642,1606,1619),(1643,1607,1619),(1644,1608,1619),(1645,1609,1619),(1646,1610,1619),(1647,1611,1619),(1648,1612,1619),(1649,1613,1619),(1650,1614,1619),(1651,1615,1619),(1652,1616,1619),(1653,1617,1619),(1654,1618,1619),(1655,1620,1635),(1656,1621,1635),(1657,1622,1635),(1658,1623,1635),(1659,1624,1635),(1660,1625,1635),(1661,1626,1635),(1662,1627,1635),(1663,1628,1635),(1664,1629,1635),(1665,1630,1635),(1666,1631,1635),(1667,1632,1635),(1668,1633,1635),(1669,1634,1635),(1670,1636,1651),(1671,1637,1651),(1672,1638,1651),(1673,1639,1651),(1674,1640,1651),(1675,1641,1651),(1676,1642,1651),(1677,1643,1651),(1678,1644,1651),(1679,1645,1651),(1680,1646,1651),(1681,1647,1651),(1682,1648,1651),(1683,1649,1651),(1684,1650,1651),(1700,1652,1667),(1701,1653,1667),(1702,1654,1667),(1703,1655,1667),(1704,1656,1667),(1705,1657,1667),(1706,1658,1667),(1707,1659,1667),(1708,1660,1667),(1709,1661,1667),(1710,1662,1667),(1711,1663,1667),(1712,1664,1667),(1713,1665,1667),(1714,1666,1667),(1715,1668,1683),(1716,1669,1683),(1717,1670,1683),(1718,1671,1683),(1719,1672,1683),(1720,1673,1683),(1721,1674,1683),(1722,1675,1683),(1723,1676,1683),(1724,1677,1683),(1725,1678,1683),(1726,1679,1683),(1727,1680,1683),(1728,1681,1683),(1729,1682,1683),(1730,1684,1699),(1731,1685,1699),(1732,1686,1699),(1733,1687,1699),(1734,1688,1699),(1735,1689,1699),(1736,1690,1699),(1737,1691,1699),(1738,1692,1699),(1739,1693,1699),(1740,1694,1699),(1741,1695,1699),(1742,1696,1699),(1743,1697,1699),(1744,1698,1699),(1745,1700,1715),(1746,1701,1715),(1747,1702,1715),(1748,1703,1715),(1749,1704,1715),(1750,1705,1715),(1751,1706,1715),(1752,1707,1715),(1753,1708,1715),(1754,1709,1715),(1755,1710,1715),(1756,1711,1715),(1757,1712,1715),(1758,1713,1715),(1759,1714,1715),(1760,1716,1731),(1761,1717,1731),(1762,1718,1731),(1763,1719,1731),(1764,1720,1731),(1765,1721,1731),(1766,1722,1731),(1767,1723,1731),(1768,1724,1731),(1769,1725,1731),(1770,1726,1731),(1771,1727,1731),(1772,1728,1731),(1773,1729,1731),(1774,1730,1731),(1775,1732,1747),(1776,1733,1747),(1777,1734,1747),(1778,1735,1747),(1779,1736,1747),(1780,1737,1747),(1781,1738,1747),(1782,1739,1747),(1783,1740,1747),(1784,1741,1747),(1785,1742,1747),(1786,1743,1747),(1787,1744,1747),(1788,1745,1747),(1789,1746,1747),(1805,1748,1763),(1806,1749,1763),(1807,1750,1763),(1808,1751,1763),(1809,1752,1763),(1810,1753,1763),(1811,1754,1763),(1812,1755,1763),(1813,1756,1763),(1814,1757,1763),(1815,1758,1763),(1816,1759,1763),(1817,1760,1763),(1818,1761,1763),(1819,1762,1763),(1820,1764,1779),(1821,1765,1779),(1822,1766,1779),(1823,1767,1779),(1824,1768,1779),(1825,1769,1779),(1826,1770,1779),(1827,1771,1779),(1828,1772,1779),(1829,1773,1779),(1830,1774,1779),(1831,1775,1779),(1832,1776,1779),(1833,1777,1779),(1834,1778,1779),(1835,1780,1795),(1836,1781,1795),(1837,1782,1795),(1838,1783,1795),(1839,1784,1795),(1840,1785,1795),(1841,1786,1795),(1842,1787,1795),(1843,1788,1795),(1844,1789,1795),(1845,1790,1795),(1846,1791,1795),(1847,1792,1795),(1848,1793,1795),(1849,1794,1795),(1850,1796,1811),(1851,1797,1811),(1852,1798,1811),(1853,1799,1811),(1854,1800,1811),(1855,1801,1811),(1856,1802,1811),(1857,1803,1811),(1858,1804,1811),(1859,1805,1811),(1860,1806,1811),(1861,1807,1811),(1862,1808,1811),(1863,1809,1811),(1864,1810,1811),(1865,1812,1827),(1866,1813,1827),(1867,1814,1827),(1868,1815,1827),(1869,1816,1827),(1870,1817,1827),(1871,1818,1827),(1872,1819,1827),(1873,1820,1827),(1874,1821,1827),(1875,1822,1827),(1876,1823,1827),(1877,1824,1827),(1878,1825,1827),(1879,1826,1827),(1880,1828,1834),(1881,1829,1834),(1882,1830,1834),(1883,1831,1834),(1884,1832,1834),(1885,1833,1834),(1886,1835,1841),(1887,1836,1841),(1888,1837,1841),(1889,1838,1841),(1890,1839,1841),(1891,1840,1841),(1892,1842,1848),(1893,1843,1848),(1894,1844,1848),(1895,1845,1848),(1896,1846,1848),(1897,1847,1848),(1898,1849,1855),(1899,1850,1855),(1900,1851,1855),(1901,1852,1855),(1902,1853,1855),(1903,1854,1855),(1919,1856,1862),(1920,1857,1862),(1921,1858,1862),(1922,1859,1862),(1923,1860,1862),(1924,1861,1862),(1925,1863,1869),(1926,1864,1869),(1927,1865,1869),(1928,1866,1869),(1929,1867,1869),(1930,1868,1869),(1931,1870,1876),(1932,1871,1876),(1933,1872,1876),(1934,1873,1876),(1935,1874,1876),(1936,1875,1876),(1937,1877,1883),(1938,1878,1883),(1939,1879,1883),(1940,1880,1883),(1941,1881,1883),(1942,1882,1883),(1943,1884,1890),(1944,1885,1890),(1945,1886,1890),(1946,1887,1890),(1947,1888,1890),(1948,1889,1890),(1949,1891,1897),(1950,1892,1897),(1951,1893,1897),(1952,1894,1897),(1953,1895,1897),(1954,1896,1897),(1955,1898,1904),(1956,1899,1904),(1957,1900,1904),(1958,1901,1904),(1959,1902,1904),(1960,1903,1904),(1961,1905,1911),(1962,1906,1911),(1963,1907,1911),(1964,1908,1911),(1965,1909,1911),(1966,1910,1911),(1967,1912,1918),(1968,1913,1918),(1969,1914,1918),(1970,1915,1918),(1971,1916,1918),(1972,1917,1918),(1973,1919,1934),(1974,1920,1934),(1975,1921,1934),(1976,1922,1934),(1977,1923,1934),(1978,1924,1934),(1979,1925,1934),(1980,1926,1934),(1981,1927,1934),(1982,1928,1934),(1983,1929,1934),(1984,1930,1934),(1985,1931,1934),(1986,1932,1934),(1987,1933,1934),(1988,1935,1950),(1989,1936,1950),(1990,1937,1950),(1991,1938,1950),(1992,1939,1950),(1993,1940,1950),(1994,1941,1950),(1995,1942,1950),(1996,1943,1950),(1997,1944,1950),(1998,1945,1950),(1999,1946,1950),(2000,1947,1950),(2001,1948,1950),(2002,1949,1950),(2009,1951,1966),(2010,1952,1966),(2011,1953,1966),(2012,1954,1966),(2013,1955,1966),(2014,1956,1966),(2015,1957,1966),(2016,1958,1966),(2017,1959,1966),(2018,1960,1966),(2019,1961,1966),(2020,1962,1966),(2021,1963,1966),(2022,1964,1966),(2023,1965,1966),(2024,1967,1982),(2025,1968,1982),(2026,1969,1982),(2027,1970,1982),(2028,1971,1982),(2029,1972,1982),(2030,1973,1982),(2031,1974,1982),(2032,1975,1982),(2033,1976,1982),(2034,1977,1982),(2035,1978,1982),(2036,1979,1982),(2037,1980,1982),(2038,1981,1982),(2039,1983,1998),(2040,1984,1998),(2041,1985,1998),(2042,1986,1998),(2043,1987,1998),(2044,1988,1998),(2045,1989,1998),(2046,1990,1998),(2047,1991,1998),(2048,1992,1998),(2049,1993,1998),(2050,1994,1998),(2051,1995,1998),(2052,1996,1998),(2053,1997,1998),(2054,1999,2005),(2055,2000,2005),(2056,2001,2005),(2057,2002,2005),(2058,2003,2005),(2059,2004,2005),(2060,2006,2012),(2061,2007,2012),(2062,2008,2012),(2063,2009,2012),(2064,2010,2012),(2065,2011,2012),(2066,2013,2018),(2067,2014,2018),(2068,2015,2018),(2069,2016,2018),(2070,2017,2018),(2071,2019,2025),(2072,2020,2025),(2073,2021,2025),(2074,2022,2025),(2075,2023,2025),(2076,2024,2025),(2077,2026,2032),(2078,2027,2032),(2079,2028,2032),(2080,2029,2032),(2081,2030,2032),(2082,2031,2032),(2083,2033,2039),(2084,2034,2039),(2085,2035,2039),(2086,2036,2039),(2087,2037,2039),(2088,2038,2039),(2089,2040,2055),(2090,2041,2055),(2091,2042,2055),(2092,2043,2055),(2093,2044,2055),(2094,2045,2055),(2095,2046,2055),(2096,2047,2055),(2097,2048,2055),(2098,2049,2055),(2099,2050,2055),(2100,2051,2055),(2101,2052,2055),(2102,2053,2055),(2103,2054,2055);
DELIMITER ;;
/*!50003 CREATE*/ /*!50017 DEFINER=`magentomysql`@`%`*/ /*!50003 TRIGGER `trg_catalog_product_super_link_after_insert` AFTER INSERT ON `catalog_product_super_link` FOR EACH ROW BEGIN
INSERT IGNORE INTO `catalogsearch_fulltext_cl` (`entity_id`) VALUES (NEW.`product_id`);
END */;;
DELIMITER ;
DELIMITER ;;
/*!50003 CREATE*/ /*!50017 DEFINER=`magentomysql`@`%`*/ /*!50003 TRIGGER `trg_catalog_product_super_link_after_update` AFTER UPDATE ON `catalog_product_super_link` FOR EACH ROW BEGIN
IF (NOT(NEW.`link_id` <=> OLD.`link_id`) OR NOT(NEW.`product_id` <=> OLD.`product_id`) OR NOT(NEW.`parent_id` <=> OLD.`parent_id`)) THEN INSERT IGNORE INTO `catalogsearch_fulltext_cl` (`entity_id`) VALUES (NEW.`product_id`); END IF;
END */;;
DELIMITER ;
DELIMITER ;;
/*!50003 CREATE*/ /*!50017 DEFINER=`magentomysql`@`%`*/ /*!50003 TRIGGER `trg_catalog_product_super_link_after_delete` AFTER DELETE ON `catalog_product_super_link` FOR EACH ROW BEGIN
INSERT IGNORE INTO `catalogsearch_fulltext_cl` (`entity_id`) VALUES (OLD.`product_id`);
END */;;
DELIMITER ;

--
-- Table structure for table `catalog_product_website`
--

CREATE TABLE `catalog_product_website` (
  `product_id` int unsigned NOT NULL COMMENT 'Product ID',
  `website_id` smallint unsigned NOT NULL COMMENT 'Website ID',
  PRIMARY KEY (`product_id`,`website_id`),
  KEY `CATALOG_PRODUCT_WEBSITE_WEBSITE_ID` (`website_id`),
  CONSTRAINT `CAT_PRD_WS_PRD_ID_CAT_PRD_ENTT_ENTT_ID` FOREIGN KEY (`product_id`) REFERENCES `catalog_product_entity` (`entity_id`) ON DELETE CASCADE,
  CONSTRAINT `CATALOG_PRODUCT_WEBSITE_WEBSITE_ID_STORE_WEBSITE_WEBSITE_ID` FOREIGN KEY (`website_id`) REFERENCES `store_website` (`website_id`) ON DELETE CASCADE
) ENGINE=InnoDB DEFAULT CHARSET=utf8mb3 COMMENT='Catalog Product To Website Linkage Table';

--
-- Dumping data for table `catalog_product_website`
--

INSERT INTO `catalog_product_website` VALUES (1,1),(2,1),(3,1),(4,1),(5,1),(6,1),(7,1),(8,1),(9,1),(12,1),(13,1),(14,1),(15,1),(16,1),(17,1),(18,1),(19,1),(20,1),(21,1),(22,1),(23,1),(24,1),(25,1),(26,1),(27,1),(28,1),(29,1),(30,1),(31,1),(32,1),(33,1),(34,1),(35,1),(36,1),(37,1),(38,1),(39,1),(40,1),(41,1),(42,1),(43,1),(44,1),(45,1),(46,1),(47,1),(48,1),(49,1),(50,1),(51,1),(52,1),(53,1),(54,1),(55,1),(56,1),(57,1),(58,1),(59,1),(60,1),(61,1),(62,1),(63,1),(64,1),(65,1),(66,1),(67,1),(68,1),(69,1),(70,1),(71,1),(72,1),(73,1),(74,1),(75,1),(76,1),(77,1),(78,1),(79,1),(80,1),(81,1),(82,1),(83,1),(84,1),(85,1),(86,1),(87,1),(88,1),(89,1),(90,1),(91,1),(92,1),(93,1),(94,1),(95,1),(96,1),(97,1),(98,1),(99,1),(100,1),(101,1),(102,1),(103,1),(104,1),(105,1),(106,1),(107,1),(108,1),(109,1),(110,1),(111,1),(112,1),(113,1),(114,1),(115,1),(116,1),(117,1),(118,1),(119,1),(120,1),(121,1),(122,1),(123,1),(124,1),(125,1),(126,1),(127,1),(128,1),(129,1),(130,1),(131,1),(132,1),(133,1),(134,1),(135,1),(136,1),(137,1),(138,1),(139,1),(140,1),(141,1),(142,1),(143,1),(144,1),(145,1),(146,1),(147,1),(148,1),(149,1),(150,1),(151,1),(152,1),(153,1),(154,1),(155,1),(156,1),(157,1),(158,1),(159,1),(160,1),(161,1),(162,1),(163,1),(164,1),(165,1),(166,1),(167,1),(168,1),(169,1),(170,1),(171,1),(172,1),(173,1),(174,1),(175,1),(176,1),(177,1),(178,1),(179,1),(180,1),(181,1),(182,1),(183,1),(184,1),(185,1),(186,1),(187,1),(188,1),(189,1),(190,1),(191,1),(192,1),(193,1),(194,1),(195,1),(196,1),(197,1),(198,1),(199,1),(200,1),(201,1),(202,1),(203,1),(204,1),(205,1),(206,1),(207,1),(208,1),(209,1),(210,1),(211,1),(212,1),(213,1),(214,1),(215,1),(216,1),(217,1),(218,1),(219,1),(220,1),(221,1),(222,1),(223,1),(224,1),(225,1),(226,1),(227,1),(228,1),(229,1),(230,1),(231,1),(232,1),(233,1),(234,1),(235,1),(236,1),(237,1),(238,1),(239,1),(240,1),(241,1),(242,1),(243,1),(244,1),(245,1),(246,1),(247,1),(248,1),(249,1),(250,1),(251,1),(252,1),(253,1),(254,1),(255,1),(256,1),(257,1),(258,1),(259,1),(260,1),(261,1),(262,1),(263,1),(264,1),(265,1),(266,1),(267,1),(268,1),(269,1),(270,1),(271,1),(272,1),(273,1),(274,1),(275,1),(276,1),(277,1),(278,1),(279,1),(280,1),(281,1),(282,1),(283,1),(284,1),(285,1),(286,1),(287,1),(288,1),(289,1),(290,1),(291,1),(292,1),(293,1),(294,1),(295,1),(296,1),(297,1),(298,1),(299,1),(300,1),(301,1),(302,1),(303,1),(304,1),(305,1),(306,1),(307,1),(308,1),(309,1),(310,1),(311,1),(312,1),(313,1),(314,1),(315,1),(316,1),(317,1),(318,1),(319,1),(320,1),(321,1),(322,1),(323,1),(324,1),(325,1),(326,1),(327,1),(328,1),(329,1),(330,1),(331,1),(332,1),(333,1),(334,1),(335,1),(336,1),(337,1),(338,1),(339,1),(340,1),(341,1),(342,1),(343,1),(344,1),(345,1),(346,1),(347,1),(348,1),(349,1),(350,1),(351,1),(352,1),(353,1),(354,1),(355,1),(356,1),(357,1),(358,1),(359,1),(360,1),(361,1),(362,1),(363,1),(364,1),(365,1),(366,1),(367,1),(368,1),(369,1),(370,1),(371,1),(372,1),(373,1),(374,1),(375,1),(376,1),(377,1),(378,1),(379,1),(380,1),(381,1),(382,1),(383,1),(384,1),(385,1),(386,1),(387,1),(388,1),(389,1),(390,1),(391,1),(392,1),(393,1),(394,1),(395,1),(396,1),(397,1),(398,1),(399,1),(400,1),(401,1),(402,1),(403,1),(404,1),(405,1),(406,1),(407,1),(408,1),(409,1),(410,1),(411,1),(412,1),(413,1),(414,1),(415,1),(416,1),(417,1),(418,1),(419,1),(420,1),(421,1),(422,1),(423,1),(424,1),(425,1),(426,1),(427,1),(428,1),(429,1),(430,1),(431,1),(432,1),(433,1),(434,1),(435,1),(436,1),(437,1),(438,1),(439,1),(440,1),(441,1),(442,1),(443,1),(444,1),(445,1),(446,1),(447,1),(448,1),(449,1),(450,1),(451,1),(452,1),(453,1),(454,1),(455,1),(456,1),(457,1),(458,1),(459,1),(460,1),(461,1),(462,1),(463,1),(464,1),(465,1),(466,1),(467,1),(468,1),(469,1),(470,1),(471,1),(472,1),(473,1),(474,1),(475,1),(476,1),(477,1),(478,1),(479,1),(480,1),(481,1),(482,1),(483,1),(484,1),(485,1),(486,1),(487,1),(488,1),(489,1),(490,1),(491,1),(492,1),(493,1),(494,1),(495,1),(496,1),(497,1),(498,1),(499,1),(500,1),(501,1),(502,1),(503,1),(504,1),(505,1),(506,1),(507,1),(508,1),(509,1),(510,1),(511,1),(512,1),(513,1),(514,1),(515,1),(516,1),(517,1),(518,1),(519,1),(520,1),(521,1),(522,1),(523,1),(524,1),(525,1),(526,1),(527,1),(528,1),(529,1),(530,1),(531,1),(532,1),(533,1),(534,1),(535,1),(536,1),(537,1),(538,1),(539,1),(540,1),(541,1),(542,1),(543,1),(544,1),(545,1),(546,1),(547,1),(548,1),(549,1),(550,1),(551,1),(552,1),(553,1),(554,1),(555,1),(556,1),(557,1),(558,1),(559,1),(560,1),(561,1),(562,1),(563,1),(564,1),(565,1),(566,1),(567,1),(568,1),(569,1),(570,1),(571,1),(572,1),(573,1),(574,1),(575,1),(576,1),(577,1),(578,1),(579,1),(580,1),(581,1),(582,1),(583,1),(584,1),(585,1),(586,1),(587,1),(588,1),(589,1),(590,1),(591,1),(592,1),(593,1),(594,1),(595,1),(596,1),(597,1),(598,1),(599,1),(600,1),(601,1),(602,1),(603,1),(604,1),(605,1),(606,1),(607,1),(608,1),(609,1),(610,1),(611,1),(612,1),(613,1),(614,1),(615,1),(616,1),(617,1),(618,1),(619,1),(620,1),(621,1),(622,1),(623,1),(624,1),(625,1),(626,1),(627,1),(628,1),(629,1),(630,1),(631,1),(632,1),(633,1),(634,1),(635,1),(636,1),(637,1),(638,1),(639,1),(640,1),(641,1),(642,1),(643,1),(644,1),(645,1),(646,1),(647,1),(648,1),(649,1),(650,1),(651,1),(652,1),(653,1),(654,1),(655,1),(656,1),(657,1),(658,1),(659,1),(660,1),(661,1),(662,1),(663,1),(664,1),(665,1),(666,1),(667,1),(668,1),(669,1),(670,1),(671,1),(672,1),(673,1),(674,1),(675,1),(676,1),(677,1),(678,1),(679,1),(680,1),(681,1),(682,1),(683,1),(684,1),(685,1),(686,1),(687,1),(688,1),(689,1),(690,1),(691,1),(692,1),(693,1),(694,1),(695,1),(696,1),(697,1),(698,1),(699,1),(700,1),(701,1),(702,1),(703,1),(704,1),(705,1),(706,1),(707,1),(708,1),(709,1),(710,1),(711,1),(712,1),(713,1),(714,1),(715,1),(716,1),(717,1),(718,1),(719,1),(720,1),(721,1),(722,1),(723,1),(724,1),(725,1),(726,1),(727,1),(728,1),(729,1),(730,1),(731,1),(732,1),(733,1),(734,1),(735,1),(736,1),(737,1),(738,1),(739,1),(740,1),(741,1),(742,1),(743,1),(744,1),(745,1),(746,1),(747,1),(748,1),(749,1),(750,1),(751,1),(752,1),(753,1),(754,1),(755,1),(756,1),(757,1),(758,1),(759,1),(760,1),(761,1),(762,1),(763,1),(764,1),(765,1),(766,1),(767,1),(768,1),(769,1),(770,1),(771,1),(772,1),(773,1),(774,1),(775,1),(776,1),(777,1),(778,1),(779,1),(780,1),(781,1),(782,1),(783,1),(784,1),(785,1),(786,1),(787,1),(788,1),(789,1),(790,1),(791,1),(792,1),(793,1),(794,1),(795,1),(796,1),(797,1),(798,1),(799,1),(800,1),(801,1),(802,1),(803,1),(804,1),(805,1),(806,1),(807,1),(808,1),(809,1),(810,1),(811,1),(812,1),(813,1),(814,1),(815,1),(816,1),(817,1),(818,1),(819,1),(820,1),(821,1),(822,1),(823,1),(824,1),(825,1),(826,1),(827,1),(828,1),(829,1),(830,1),(831,1),(832,1),(833,1),(834,1),(835,1),(836,1),(837,1),(838,1),(839,1),(840,1),(841,1),(842,1),(843,1),(844,1),(845,1),(846,1),(847,1),(848,1),(849,1),(850,1),(851,1),(852,1),(853,1),(854,1),(855,1),(856,1),(857,1),(858,1),(859,1),(860,1),(861,1),(862,1),(863,1),(864,1),(865,1),(866,1),(867,1),(868,1),(869,1),(870,1),(871,1),(872,1),(873,1),(874,1),(875,1),(876,1),(877,1),(878,1),(879,1),(880,1),(881,1),(882,1),(883,1),(884,1),(885,1),(886,1),(887,1),(888,1),(889,1),(890,1),(891,1),(892,1),(893,1),(894,1),(895,1),(896,1),(897,1),(898,1),(899,1),(900,1),(901,1),(902,1),(903,1),(904,1),(905,1),(906,1),(907,1),(908,1),(909,1),(910,1),(911,1),(912,1),(913,1),(914,1),(915,1),(916,1),(917,1),(918,1),(919,1),(920,1),(921,1),(922,1),(923,1),(924,1),(925,1),(926,1),(927,1),(928,1),(929,1),(930,1),(931,1),(932,1),(933,1),(934,1),(935,1),(936,1),(937,1),(938,1),(939,1),(940,1),(941,1),(942,1),(943,1),(944,1),(945,1),(946,1),(947,1),(948,1),(949,1),(950,1),(951,1),(952,1),(953,1),(954,1),(955,1),(956,1),(957,1),(958,1),(959,1),(960,1),(961,1),(962,1),(963,1),(964,1),(965,1),(966,1),(967,1),(968,1),(969,1),(970,1),(971,1),(972,1),(973,1),(974,1),(975,1),(976,1),(977,1),(978,1),(979,1),(980,1),(981,1),(982,1),(983,1),(984,1),(985,1),(986,1),(987,1),(988,1),(989,1),(990,1),(991,1),(992,1),(993,1),(994,1),(995,1),(996,1),(997,1),(998,1),(999,1),(1000,1),(1001,1),(1002,1),(1003,1),(1004,1),(1005,1),(1006,1),(1007,1),(1008,1),(1009,1),(1010,1),(1011,1),(1012,1),(1013,1),(1014,1),(1015,1),(1016,1),(1017,1),(1018,1),(1019,1),(1020,1),(1021,1),(1022,1),(1023,1),(1024,1),(1025,1),(1026,1),(1027,1),(1028,1),(1029,1),(1030,1),(1031,1),(1032,1),(1033,1),(1034,1),(1035,1),(1036,1),(1037,1),(1038,1),(1039,1),(1040,1),(1041,1),(1042,1),(1043,1),(1044,1),(1045,1),(1046,1),(1047,1),(1048,1),(1049,1),(1050,1),(1051,1),(1052,1),(1053,1),(1054,1),(1055,1),(1056,1),(1057,1),(1058,1),(1059,1),(1060,1),(1061,1),(1062,1),(1063,1),(1064,1),(1065,1),(1066,1),(1067,1),(1068,1),(1069,1),(1070,1),(1071,1),(1072,1),(1073,1),(1074,1),(1075,1),(1076,1),(1077,1),(1078,1),(1079,1),(1080,1),(1081,1),(1082,1),(1083,1),(1084,1),(1085,1),(1086,1),(1087,1),(1088,1),(1089,1),(1090,1),(1091,1),(1092,1),(1093,1),(1094,1),(1095,1),(1096,1),(1097,1),(1098,1),(1099,1),(1100,1),(1101,1),(1102,1),(1103,1),(1104,1),(1105,1),(1106,1),(1107,1),(1108,1),(1109,1),(1110,1),(1111,1),(1112,1),(1113,1),(1114,1),(1115,1),(1116,1),(1117,1),(1118,1),(1119,1),(1120,1),(1121,1),(1122,1),(1123,1),(1124,1),(1125,1),(1126,1),(1127,1),(1128,1),(1129,1),(1130,1),(1131,1),(1132,1),(1133,1),(1134,1),(1135,1),(1136,1),(1137,1),(1138,1),(1139,1),(1140,1),(1141,1),(1142,1),(1143,1),(1144,1),(1145,1),(1146,1),(1147,1),(1148,1),(1149,1),(1150,1),(1151,1),(1152,1),(1153,1),(1154,1),(1155,1),(1156,1),(1157,1),(1158,1),(1159,1),(1160,1),(1161,1),(1162,1),(1163,1),(1164,1),(1165,1),(1166,1),(1167,1),(1168,1),(1169,1),(1170,1),(1171,1),(1172,1),(1173,1),(1174,1),(1175,1),(1176,1),(1177,1),(1178,1),(1179,1),(1180,1),(1181,1),(1182,1),(1183,1),(1184,1),(1185,1),(1186,1),(1187,1),(1188,1),(1189,1),(1190,1),(1191,1),(1192,1),(1193,1),(1194,1),(1195,1),(1196,1),(1197,1),(1198,1),(1199,1),(1200,1),(1201,1),(1202,1),(1203,1),(1204,1),(1205,1),(1206,1),(1207,1),(1208,1),(1209,1),(1210,1),(1211,1),(1212,1),(1213,1),(1214,1),(1215,1),(1216,1),(1217,1),(1218,1),(1219,1),(1220,1),(1221,1),(1222,1),(1223,1),(1224,1),(1225,1),(1226,1),(1227,1),(1228,1),(1229,1),(1230,1),(1231,1),(1232,1),(1233,1),(1234,1),(1235,1),(1236,1),(1237,1),(1238,1),(1239,1),(1240,1),(1241,1),(1242,1),(1243,1),(1244,1),(1245,1),(1246,1),(1247,1),(1248,1),(1249,1),(1250,1),(1251,1),(1252,1),(1253,1),(1254,1),(1255,1),(1256,1),(1257,1),(1258,1),(1259,1),(1260,1),(1261,1),(1262,1),(1263,1),(1264,1),(1265,1),(1266,1),(1267,1),(1268,1),(1269,1),(1270,1),(1271,1),(1272,1),(1273,1),(1274,1),(1275,1),(1276,1),(1277,1),(1278,1),(1279,1),(1280,1),(1281,1),(1282,1),(1283,1),(1284,1),(1285,1),(1286,1),(1287,1),(1288,1),(1289,1),(1290,1),(1291,1),(1292,1),(1293,1),(1294,1),(1295,1),(1296,1),(1297,1),(1298,1),(1299,1),(1300,1),(1301,1),(1302,1),(1303,1),(1304,1),(1305,1),(1306,1),(1307,1),(1308,1),(1309,1),(1310,1),(1311,1),(1312,1),(1313,1),(1314,1),(1315,1),(1316,1),(1317,1),(1318,1),(1319,1),(1320,1),(1321,1),(1322,1),(1323,1),(1324,1),(1325,1),(1326,1),(1327,1),(1328,1),(1329,1),(1330,1),(1331,1),(1332,1),(1333,1),(1334,1),(1335,1),(1336,1),(1337,1),(1338,1),(1339,1),(1340,1),(1341,1),(1342,1),(1343,1),(1344,1),(1345,1),(1346,1),(1347,1),(1348,1),(1349,1),(1350,1),(1351,1),(1352,1),(1353,1),(1354,1),(1355,1),(1356,1),(1357,1),(1358,1),(1359,1),(1360,1),(1361,1),(1362,1),(1363,1),(1364,1),(1365,1),(1366,1),(1367,1),(1368,1),(1369,1),(1370,1),(1371,1),(1372,1),(1373,1),(1374,1),(1375,1),(1376,1),(1377,1),(1378,1),(1379,1),(1380,1),(1381,1),(1382,1),(1383,1),(1384,1),(1385,1),(1386,1),(1387,1),(1388,1),(1389,1),(1390,1),(1391,1),(1392,1),(1393,1),(1394,1),(1395,1),(1396,1),(1397,1),(1398,1),(1399,1),(1400,1),(1401,1),(1402,1),(1403,1),(1404,1),(1405,1),(1406,1),(1407,1),(1408,1),(1409,1),(1410,1),(1411,1),(1412,1),(1413,1),(1414,1),(1415,1),(1416,1),(1417,1),(1418,1),(1419,1),(1420,1),(1421,1),(1422,1),(1423,1),(1424,1),(1425,1),(1426,1),(1427,1),(1428,1),(1429,1),(1430,1),(1431,1),(1432,1),(1433,1),(1434,1),(1435,1),(1436,1),(1437,1),(1438,1),(1439,1),(1440,1),(1441,1),(1442,1),(1443,1),(1444,1),(1445,1),(1446,1),(1447,1),(1448,1),(1449,1),(1450,1),(1451,1),(1452,1),(1453,1),(1454,1),(1455,1),(1456,1),(1457,1),(1458,1),(1459,1),(1460,1),(1461,1),(1462,1),(1463,1),(1464,1),(1465,1),(1466,1),(1467,1),(1468,1),(1469,1),(1470,1),(1471,1),(1472,1),(1473,1),(1474,1),(1475,1),(1476,1),(1477,1),(1478,1),(1479,1),(1480,1),(1481,1),(1482,1),(1483,1),(1484,1),(1485,1),(1486,1),(1487,1),(1488,1),(1489,1),(1490,1),(1491,1),(1492,1),(1493,1),(1494,1),(1495,1),(1496,1),(1497,1),(1498,1),(1499,1),(1500,1),(1501,1),(1502,1),(1503,1),(1504,1),(1505,1),(1506,1),(1507,1),(1508,1),(1509,1),(1510,1),(1511,1),(1512,1),(1513,1),(1514,1),(1515,1),(1516,1),(1517,1),(1518,1),(1519,1),(1520,1),(1521,1),(1522,1),(1523,1),(1524,1),(1525,1),(1526,1),(1527,1),(1528,1),(1529,1),(1530,1),(1531,1),(1532,1),(1533,1),(1534,1),(1535,1),(1536,1),(1537,1),(1538,1),(1539,1),(1540,1),(1541,1),(1542,1),(1543,1),(1544,1),(1545,1),(1546,1),(1547,1),(1548,1),(1549,1),(1550,1),(1551,1),(1552,1),(1553,1),(1554,1),(1555,1),(1556,1),(1557,1),(1558,1),(1559,1),(1560,1),(1561,1),(1562,1),(1563,1),(1564,1),(1565,1),(1566,1),(1567,1),(1568,1),(1569,1),(1570,1),(1571,1),(1572,1),(1573,1),(1574,1),(1575,1),(1576,1),(1577,1),(1578,1),(1579,1),(1580,1),(1581,1),(1582,1),(1583,1),(1584,1),(1585,1),(1586,1),(1587,1),(1588,1),(1589,1),(1590,1),(1591,1),(1592,1),(1593,1),(1594,1),(1595,1),(1596,1),(1597,1),(1598,1),(1599,1),(1600,1),(1601,1),(1602,1),(1603,1),(1604,1),(1605,1),(1606,1),(1607,1),(1608,1),(1609,1),(1610,1),(1611,1),(1612,1),(1613,1),(1614,1),(1615,1),(1616,1),(1617,1),(1618,1),(1619,1),(1620,1),(1621,1),(1622,1),(1623,1),(1624,1),(1625,1),(1626,1),(1627,1),(1628,1),(1629,1),(1630,1),(1631,1),(1632,1),(1633,1),(1634,1),(1635,1),(1636,1),(1637,1),(1638,1),(1639,1),(1640,1),(1641,1),(1642,1),(1643,1),(1644,1),(1645,1),(1646,1),(1647,1),(1648,1),(1649,1),(1650,1),(1651,1),(1652,1),(1653,1),(1654,1),(1655,1),(1656,1),(1657,1),(1658,1),(1659,1),(1660,1),(1661,1),(1662,1),(1663,1),(1664,1),(1665,1),(1666,1),(1667,1),(1668,1),(1669,1),(1670,1),(1671,1),(1672,1),(1673,1),(1674,1),(1675,1),(1676,1),(1677,1),(1678,1),(1679,1),(1680,1),(1681,1),(1682,1),(1683,1),(1684,1),(1685,1),(1686,1),(1687,1),(1688,1),(1689,1),(1690,1),(1691,1),(1692,1),(1693,1),(1694,1),(1695,1),(1696,1),(1697,1),(1698,1),(1699,1),(1700,1),(1701,1),(1702,1),(1703,1),(1704,1),(1705,1),(1706,1),(1707,1),(1708,1),(1709,1),(1710,1),(1711,1),(1712,1),(1713,1),(1714,1),(1715,1),(1716,1),(1717,1),(1718,1),(1719,1),(1720,1),(1721,1),(1722,1),(1723,1),(1724,1),(1725,1),(1726,1),(1727,1),(1728,1),(1729,1),(1730,1),(1731,1),(1732,1),(1733,1),(1734,1),(1735,1),(1736,1),(1737,1),(1738,1),(1739,1),(1740,1),(1741,1),(1742,1),(1743,1),(1744,1),(1745,1),(1746,1),(1747,1),(1748,1),(1749,1),(1750,1),(1751,1),(1752,1),(1753,1),(1754,1),(1755,1),(1756,1),(1757,1),(1758,1),(1759,1),(1760,1),(1761,1),(1762,1),(1763,1),(1764,1),(1765,1),(1766,1),(1767,1),(1768,1),(1769,1),(1770,1),(1771,1),(1772,1),(1773,1),(1774,1),(1775,1),(1776,1),(1777,1),(1778,1),(1779,1),(1780,1),(1781,1),(1782,1),(1783,1),(1784,1),(1785,1),(1786,1),(1787,1),(1788,1),(1789,1),(1790,1),(1791,1),(1792,1),(1793,1),(1794,1),(1795,1),(1796,1),(1797,1),(1798,1),(1799,1),(1800,1),(1801,1),(1802,1),(1803,1),(1804,1),(1805,1),(1806,1),(1807,1),(1808,1),(1809,1),(1810,1),(1811,1),(1812,1),(1813,1),(1814,1),(1815,1),(1816,1),(1817,1),(1818,1),(1819,1),(1820,1),(1821,1),(1822,1),(1823,1),(1824,1),(1825,1),(1826,1),(1827,1),(1828,1),(1829,1),(1830,1),(1831,1),(1832,1),(1833,1),(1834,1),(1835,1),(1836,1),(1837,1),(1838,1),(1839,1),(1840,1),(1841,1),(1842,1),(1843,1),(1844,1),(1845,1),(1846,1),(1847,1),(1848,1),(1849,1),(1850,1),(1851,1),(1852,1),(1853,1),(1854,1),(1855,1),(1856,1),(1857,1),(1858,1),(1859,1),(1860,1),(1861,1),(1862,1),(1863,1),(1864,1),(1865,1),(1866,1),(1867,1),(1868,1),(1869,1),(1870,1),(1871,1),(1872,1),(1873,1),(1874,1),(1875,1),(1876,1),(1877,1),(1878,1),(1879,1),(1880,1),(1881,1),(1882,1),(1883,1),(1884,1),(1885,1),(1886,1),(1887,1),(1888,1),(1889,1),(1890,1),(1891,1),(1892,1),(1893,1),(1894,1),(1895,1),(1896,1),(1897,1),(1898,1),(1899,1),(1900,1),(1901,1),(1902,1),(1903,1),(1904,1),(1905,1),(1906,1),(1907,1),(1908,1),(1909,1),(1910,1),(1911,1),(1912,1),(1913,1),(1914,1),(1915,1),(1916,1),(1917,1),(1918,1),(1919,1),(1920,1),(1921,1),(1922,1),(1923,1),(1924,1),(1925,1),(1926,1),(1927,1),(1928,1),(1929,1),(1930,1),(1931,1),(1932,1),(1933,1),(1934,1),(1935,1),(1936,1),(1937,1),(1938,1),(1939,1),(1940,1),(1941,1),(1942,1),(1943,1),(1944,1),(1945,1),(1946,1),(1947,1),(1948,1),(1949,1),(1950,1),(1951,1),(1952,1),(1953,1),(1954,1),(1955,1),(1956,1),(1957,1),(1958,1),(1959,1),(1960,1),(1961,1),(1962,1),(1963,1),(1964,1),(1965,1),(1966,1),(1967,1),(1968,1),(1969,1),(1970,1),(1971,1),(1972,1),(1973,1),(1974,1),(1975,1),(1976,1),(1977,1),(1978,1),(1979,1),(1980,1),(1981,1),(1982,1),(1983,1),(1984,1),(1985,1),(1986,1),(1987,1),(1988,1),(1989,1),(1990,1),(1991,1),(1992,1),(1993,1),(1994,1),(1995,1),(1996,1),(1997,1),(1998,1),(1999,1),(2000,1),(2001,1),(2002,1),(2003,1),(2004,1),(2005,1),(2006,1),(2007,1),(2008,1),(2009,1),(2010,1),(2011,1),(2012,1),(2013,1),(2014,1),(2015,1),(2016,1),(2017,1),(2018,1),(2019,1),(2020,1),(2021,1),(2022,1),(2023,1),(2024,1),(2025,1),(2026,1),(2027,1),(2028,1),(2029,1),(2030,1),(2031,1),(2032,1),(2033,1),(2034,1),(2035,1),(2036,1),(2037,1),(2038,1),(2039,1),(2040,1),(2041,1),(2042,1),(2043,1),(2044,1),(2045,1),(2046,1),(2047,1),(2048,1),(2049,1),(2050,1),(2051,1),(2052,1),(2053,1),(2054,1),(2055,1);
DELIMITER ;;
/*!50003 CREATE*/ /*!50017 DEFINER=`magentomysql`@`%`*/ /*!50003 TRIGGER `trg_catalog_product_website_after_insert` AFTER INSERT ON `catalog_product_website` FOR EACH ROW BEGIN
INSERT IGNORE INTO `catalogsearch_fulltext_cl` (`entity_id`) VALUES (NEW.`product_id`);
INSERT IGNORE INTO `catalog_product_category_cl` (`entity_id`) VALUES (NEW.`product_id`);
INSERT IGNORE INTO `catalog_product_price_cl` (`entity_id`) VALUES (NEW.`product_id`);
END */;;
DELIMITER ;
DELIMITER ;;
/*!50003 CREATE*/ /*!50017 DEFINER=`magentomysql`@`%`*/ /*!50003 TRIGGER `trg_catalog_product_website_after_update` AFTER UPDATE ON `catalog_product_website` FOR EACH ROW BEGIN
IF (NOT(NEW.`product_id` <=> OLD.`product_id`) OR NOT(NEW.`website_id` <=> OLD.`website_id`)) THEN INSERT IGNORE INTO `catalogsearch_fulltext_cl` (`entity_id`) VALUES (NEW.`product_id`); END IF;
IF (NOT(NEW.`product_id` <=> OLD.`product_id`) OR NOT(NEW.`website_id` <=> OLD.`website_id`)) THEN INSERT IGNORE INTO `catalog_product_category_cl` (`entity_id`) VALUES (NEW.`product_id`); END IF;
IF (NOT(NEW.`product_id` <=> OLD.`product_id`) OR NOT(NEW.`website_id` <=> OLD.`website_id`)) THEN INSERT IGNORE INTO `catalog_product_price_cl` (`entity_id`) VALUES (NEW.`product_id`); END IF;
END */;;
DELIMITER ;
DELIMITER ;;
/*!50003 CREATE*/ /*!50017 DEFINER=`magentomysql`@`%`*/ /*!50003 TRIGGER `trg_catalog_product_website_after_delete` AFTER DELETE ON `catalog_product_website` FOR EACH ROW BEGIN
INSERT IGNORE INTO `catalogsearch_fulltext_cl` (`entity_id`) VALUES (OLD.`product_id`);
INSERT IGNORE INTO `catalog_product_category_cl` (`entity_id`) VALUES (OLD.`product_id`);
INSERT IGNORE INTO `catalog_product_price_cl` (`entity_id`) VALUES (OLD.`product_id`);
END */;;
DELIMITER ;

--
-- Table structure for table `catalog_url_rewrite_product_category`
--

CREATE TABLE `catalog_url_rewrite_product_category` (
  `url_rewrite_id` int unsigned NOT NULL COMMENT 'url_rewrite_id',
  `category_id` int unsigned NOT NULL COMMENT 'category_id',
  `product_id` int unsigned NOT NULL COMMENT 'product_id',
  PRIMARY KEY (`url_rewrite_id`),
  KEY `CAT_URL_REWRITE_PRD_CTGR_PRD_ID_CAT_PRD_ENTT_ENTT_ID` (`product_id`),
  KEY `CATALOG_URL_REWRITE_PRODUCT_CATEGORY_CATEGORY_ID_PRODUCT_ID` (`category_id`,`product_id`),
  CONSTRAINT `CAT_URL_REWRITE_PRD_CTGR_CTGR_ID_CAT_CTGR_ENTT_ENTT_ID` FOREIGN KEY (`category_id`) REFERENCES `catalog_category_entity` (`entity_id`) ON DELETE CASCADE,
  CONSTRAINT `CAT_URL_REWRITE_PRD_CTGR_PRD_ID_CAT_PRD_ENTT_ENTT_ID` FOREIGN KEY (`product_id`) REFERENCES `catalog_product_entity` (`entity_id`) ON DELETE CASCADE,
  CONSTRAINT `FK_BB79E64705D7F17FE181F23144528FC8` FOREIGN KEY (`url_rewrite_id`) REFERENCES `url_rewrite` (`url_rewrite_id`) ON DELETE CASCADE
) ENGINE=InnoDB DEFAULT CHARSET=utf8mb3 COMMENT='url_rewrite_relation';

--
-- Dumping data for table `catalog_url_rewrite_product_category`
--

INSERT INTO `catalog_url_rewrite_product_category` VALUES (32,3,6),(34,3,7),(37,7,9),(46,7,14),(55,11,16),(58,11,17),(62,11,18),(65,11,19),(70,11,20),(75,11,21),(78,11,22),(81,11,23),(84,11,24),(87,11,25),(91,11,26),(95,11,27),(98,11,28),(103,11,29),(107,11,30),(110,11,31),(114,11,32),(117,11,33),(120,11,34),(125,11,35),(128,11,36),(131,11,37),(134,11,38),(137,11,51),(140,11,52),(143,11,53),(148,11,54),(153,11,55),(158,11,56),(161,11,57),(164,11,58),(167,11,59),(172,11,60),(175,11,61),(56,12,16),(59,12,17),(63,12,18),(66,12,19),(71,12,20),(76,12,21),(79,12,22),(82,12,23),(85,12,24),(88,12,25),(92,12,26),(96,12,27),(99,12,28),(104,12,29),(108,13,30),(111,13,31),(115,13,32),(118,13,33),(121,13,34),(126,13,35),(129,13,36),(132,13,37),(135,13,38),(173,13,60),(176,13,61),(138,14,51),(141,14,52),(144,14,53),(149,14,54),(154,14,55),(159,14,56),(162,14,57),(165,14,58),(168,14,59),(60,15,17),(67,15,19),(72,15,20),(89,15,25),(93,15,26),(100,15,28),(105,15,29),(112,15,31),(122,15,34),(145,15,53),(150,15,54),(155,15,55),(169,15,59),(68,16,19),(73,16,20),(101,16,28),(123,16,34),(146,16,53),(151,16,54),(156,16,55),(170,16,59);

--
-- Table structure for table `cataloginventory_stock`
--

CREATE TABLE `cataloginventory_stock` (
  `stock_id` smallint unsigned NOT NULL AUTO_INCREMENT COMMENT 'Stock ID',
  `website_id` smallint unsigned NOT NULL COMMENT 'Website ID',
  `stock_name` varchar(255) DEFAULT NULL COMMENT 'Stock Name',
  PRIMARY KEY (`stock_id`),
  KEY `CATALOGINVENTORY_STOCK_WEBSITE_ID` (`website_id`)
) ENGINE=InnoDB AUTO_INCREMENT=2 DEFAULT CHARSET=utf8mb3 COMMENT='Cataloginventory Stock';

--
-- Dumping data for table `cataloginventory_stock`
--

INSERT INTO `cataloginventory_stock` VALUES (1,0,'Default');

--
-- Table structure for table `cataloginventory_stock_cl`
--

CREATE TABLE `cataloginventory_stock_cl` (
  `version_id` int unsigned NOT NULL AUTO_INCREMENT COMMENT 'Version ID',
  `entity_id` int unsigned NOT NULL DEFAULT '0' COMMENT 'Entity ID',
  PRIMARY KEY (`version_id`)
) ENGINE=InnoDB AUTO_INCREMENT=20044 DEFAULT CHARSET=utf8mb3 COMMENT='cataloginventory_stock_cl';

--
-- Dumping data for table `cataloginventory_stock_cl`
--

INSERT INTO `cataloginventory_stock_cl` VALUES (1,1),(2,1),(3,1),(4,1),(5,1),(6,2),(7,2),(8,2),(9,2),(10,2),(11,3),(12,3),(13,3),(14,3),(15,3),(16,4),(17,4),(18,4),(19,4),(20,4),(21,1),(22,2),(23,3),(24,4),(25,2),(26,5),(27,5),(28,5),(29,5),(30,5),(31,5),(32,2),(33,2),(34,4),(35,2),(36,3),(37,5),(38,5),(39,6),(40,6),(41,6),(42,6),(43,6),(44,7),(45,7),(46,7),(47,7),(48,7),(49,8),(50,8),(51,8),(52,8),(53,8),(54,9),(55,9),(56,9),(57,9),(58,9),(59,10),(60,10),(61,10),(62,10),(63,10),(64,10),(65,11),(66,11),(67,11),(68,11),(69,11),(70,11),(71,3),(72,3),(73,12),(74,12),(75,12),(76,12),(77,12),(78,12),(79,13),(80,13),(81,13),(82,13),(83,13),(84,13),(85,14),(86,14),(87,14),(88,14),(89,14),(90,14),(91,15),(92,15),(93,15),(94,15),(95,15),(96,15),(97,16),(98,16),(99,16),(100,17),(101,17),(102,17),(103,17),(104,17),(105,17),(106,17),(107,18),(108,18),(109,18),(110,18),(111,18),(112,19),(113,19),(114,19),(115,19),(116,19),(117,19),(118,20),(119,20),(120,20),(121,20),(122,20),(123,20),(124,21),(125,21),(126,21),(127,21),(128,21),(129,22),(130,22),(131,22),(132,22),(133,22),(134,23),(135,23),(136,23),(137,23),(138,23),(139,24),(140,24),(141,24),(142,24),(143,24),(144,25),(145,25),(146,25),(147,25),(148,25),(149,25),(150,25),(151,26),(152,26),(153,26),(154,26),(155,26),(156,26),(157,26),(158,27),(159,27),(160,27),(161,27),(162,27),(163,28),(164,28),(165,28),(166,28),(167,28),(168,28),(169,29),(170,29),(171,29),(172,29),(173,29),(174,29),(175,30),(176,30),(177,30),(178,31),(179,31),(180,31),(181,31),(182,31),(183,31),(184,31),(185,32),(186,32),(187,32),(188,32),(189,32),(190,33),(191,33),(192,33),(193,33),(194,33),(195,34),(196,34),(197,34),(198,34),(199,34),(200,34),(201,34),(202,35),(203,35),(204,35),(205,35),(206,35),(207,36),(208,36),(209,36),(210,36),(211,36),(212,37),(213,37),(214,37),(215,37),(216,37),(217,38),(218,38),(219,38),(220,38),(221,38),(222,39),(223,39),(224,39),(225,39),(226,39),(227,40),(228,40),(229,40),(230,40),(231,40),(232,40),(233,40),(234,41),(235,41),(236,41),(237,41),(238,41),(239,41),(240,41),(241,42),(242,42),(243,42),(244,42),(245,42),(246,42),(247,42),(248,43),(249,43),(250,43),(251,43),(252,43),(253,43),(254,43),(255,44),(256,44),(257,44),(258,44),(259,44),(260,44),(261,44),(262,45),(263,45),(264,45),(265,45),(266,45),(267,45),(268,45),(269,46),(270,46),(271,46),(272,46),(273,46),(274,46),(275,46),(276,47),(277,47),(278,47),(279,47),(280,47),(281,47),(282,47),(283,48),(284,48),(285,48),(286,48),(287,49),(288,49),(289,49),(290,49),(291,49),(292,49),(293,50),(294,50),(295,50),(296,50),(297,50),(298,50),(299,51),(300,51),(301,51),(302,51),(303,51),(304,52),(305,52),(306,52),(307,52),(308,52),(309,53),(310,53),(311,53),(312,53),(313,53),(314,53),(315,54),(316,54),(317,54),(318,54),(319,54),(320,54),(321,55),(322,55),(323,55),(324,55),(325,55),(326,55),(327,56),(328,56),(329,56),(330,56),(331,56),(332,56),(333,57),(334,57),(335,57),(336,57),(337,57),(338,57),(339,58),(340,58),(341,58),(342,58),(343,58),(344,59),(345,59),(346,59),(347,59),(348,59),(349,59),(350,60),(351,60),(352,60),(353,60),(354,60),(355,60),(356,60),(357,60),(358,60),(359,60),(360,61),(361,61),(362,61),(363,61),(364,61),(365,61),(366,61),(367,62),(368,62),(369,62),(370,62),(371,62),(372,62),(373,62),(374,63),(375,63),(376,63),(377,63),(378,63),(379,63),(380,63),(381,64),(382,64),(383,64),(384,64),(385,64),(386,64),(387,64),(388,65),(389,65),(390,65),(391,65),(392,65),(393,65),(394,65),(395,66),(396,66),(397,66),(398,66),(399,66),(400,66),(401,66),(402,67),(403,67),(404,67),(405,67),(406,67),(407,67),(408,67),(409,68),(410,68),(411,68),(412,68),(413,68),(414,68),(415,68),(416,69),(417,69),(418,69),(419,69),(420,69),(421,69),(422,69),(423,70),(424,70),(425,70),(426,70),(427,70),(428,70),(429,70),(430,71),(431,71),(432,71),(433,71),(434,71),(435,71),(436,71),(437,72),(438,72),(439,72),(440,72),(441,72),(442,72),(443,72),(444,73),(445,73),(446,73),(447,73),(448,73),(449,73),(450,73),(451,74),(452,74),(453,74),(454,74),(455,74),(456,74),(457,74),(458,75),(459,75),(460,75),(461,75),(462,75),(463,75),(464,75),(465,76),(466,76),(467,76),(468,76),(469,76),(470,76),(471,76),(472,77),(473,77),(474,77),(475,77),(476,77),(477,77),(478,77),(479,77),(480,77),(481,77),(482,78),(483,78),(484,78),(485,78),(486,78),(487,78),(488,78),(489,79),(490,79),(491,79),(492,79),(493,79),(494,79),(495,79),(496,80),(497,80),(498,80),(499,80),(500,80),(501,80),(502,80),(503,81),(504,81),(505,81),(506,81),(507,81),(508,81),(509,81),(510,82),(511,82),(512,82),(513,82),(514,82),(515,82),(516,82),(517,83),(518,83),(519,83),(520,83),(521,83),(522,83),(523,83),(524,84),(525,84),(526,84),(527,84),(528,84),(529,84),(530,84),(531,85),(532,85),(533,85),(534,85),(535,85),(536,85),(537,85),(538,86),(539,86),(540,86),(541,86),(542,86),(543,86),(544,86),(545,87),(546,87),(547,87),(548,87),(549,87),(550,87),(551,87),(552,88),(553,88),(554,88),(555,88),(556,88),(557,88),(558,88),(559,89),(560,89),(561,89),(562,89),(563,89),(564,89),(565,89),(566,90),(567,90),(568,90),(569,90),(570,90),(571,90),(572,90),(573,91),(574,91),(575,91),(576,91),(577,91),(578,91),(579,91),(580,92),(581,92),(582,92),(583,92),(584,92),(585,92),(586,92),(587,93),(588,93),(589,93),(590,93),(591,93),(592,93),(593,93),(594,93),(595,93),(596,93),(597,94),(598,94),(599,94),(600,94),(601,94),(602,94),(603,94),(604,95),(605,95),(606,95),(607,95),(608,95),(609,95),(610,95),(611,96),(612,96),(613,96),(614,96),(615,96),(616,96),(617,96),(618,97),(619,97),(620,97),(621,97),(622,97),(623,97),(624,97),(625,98),(626,98),(627,98),(628,98),(629,98),(630,98),(631,98),(632,99),(633,99),(634,99),(635,99),(636,99),(637,99),(638,99),(639,100),(640,100),(641,100),(642,100),(643,100),(644,100),(645,100),(646,101),(647,101),(648,101),(649,101),(650,101),(651,101),(652,101),(653,102),(654,102),(655,102),(656,102),(657,102),(658,102),(659,102),(660,103),(661,103),(662,103),(663,103),(664,103),(665,103),(666,103),(667,104),(668,104),(669,104),(670,104),(671,104),(672,104),(673,104),(674,105),(675,105),(676,105),(677,105),(678,105),(679,105),(680,105),(681,106),(682,106),(683,106),(684,106),(685,106),(686,106),(687,106),(688,107),(689,107),(690,107),(691,107),(692,107),(693,107),(694,107),(695,108),(696,108),(697,108),(698,108),(699,108),(700,108),(701,108),(702,109),(703,109),(704,109),(705,109),(706,109),(707,109),(708,109),(709,109),(710,109),(711,109),(712,110),(713,110),(714,110),(715,110),(716,110),(717,110),(718,110),(719,111),(720,111),(721,111),(722,111),(723,111),(724,111),(725,111),(726,112),(727,112),(728,112),(729,112),(730,112),(731,112),(732,112),(733,113),(734,113),(735,113),(736,113),(737,113),(738,113),(739,113),(740,114),(741,114),(742,114),(743,114),(744,114),(745,114),(746,114),(747,115),(748,115),(749,115),(750,115),(751,115),(752,115),(753,115),(754,116),(755,116),(756,116),(757,116),(758,116),(759,116),(760,116),(761,117),(762,117),(763,117),(764,117),(765,117),(766,117),(767,117),(768,118),(769,118),(770,118),(771,118),(772,118),(773,118),(774,118),(775,119),(776,119),(777,119),(778,119),(779,119),(780,119),(781,119),(782,120),(783,120),(784,120),(785,120),(786,120),(787,120),(788,120),(789,121),(790,121),(791,121),(792,121),(793,121),(794,121),(795,121),(796,122),(797,122),(798,122),(799,122),(800,122),(801,122),(802,122),(803,123),(804,123),(805,123),(806,123),(807,123),(808,123),(809,123),(810,124),(811,124),(812,124),(813,124),(814,124),(815,124),(816,124),(817,125),(818,125),(819,125),(820,125),(821,125),(822,125),(823,125),(824,125),(825,125),(826,125),(827,126),(828,126),(829,126),(830,126),(831,126),(832,126),(833,126),(834,127),(835,127),(836,127),(837,127),(838,127),(839,127),(840,127),(841,128),(842,128),(843,128),(844,128),(845,128),(846,128),(847,128),(848,129),(849,129),(850,129),(851,129),(852,129),(853,129),(854,129),(855,130),(856,130),(857,130),(858,130),(859,130),(860,130),(861,130),(862,131),(863,131),(864,131),(865,131),(866,131),(867,131),(868,131),(869,132),(870,132),(871,132),(872,132),(873,132),(874,132),(875,132),(876,133),(877,133),(878,133),(879,133),(880,133),(881,133),(882,133),(883,134),(884,134),(885,134),(886,134),(887,134),(888,134),(889,134),(890,135),(891,135),(892,135),(893,135),(894,135),(895,135),(896,135),(897,136),(898,136),(899,136),(900,136),(901,136),(902,136),(903,136),(904,137),(905,137),(906,137),(907,137),(908,137),(909,137),(910,137),(911,138),(912,138),(913,138),(914,138),(915,138),(916,138),(917,138),(918,139),(919,139),(920,139),(921,139),(922,139),(923,139),(924,139),(925,140),(926,140),(927,140),(928,140),(929,140),(930,140),(931,140),(932,141),(933,141),(934,141),(935,141),(936,141),(937,141),(938,141),(939,141),(940,141),(941,141),(942,142),(943,142),(944,142),(945,142),(946,142),(947,142),(948,142),(949,143),(950,143),(951,143),(952,143),(953,143),(954,143),(955,143),(956,144),(957,144),(958,144),(959,144),(960,144),(961,144),(962,144),(963,145),(964,145),(965,145),(966,145),(967,145),(968,145),(969,145),(970,146),(971,146),(972,146),(973,146),(974,146),(975,146),(976,146),(977,147),(978,147),(979,147),(980,147),(981,147),(982,147),(983,147),(984,148),(985,148),(986,148),(987,148),(988,148),(989,148),(990,148),(991,149),(992,149),(993,149),(994,149),(995,149),(996,149),(997,149),(998,150),(999,150),(1000,150),(1001,150),(1002,150),(1003,150),(1004,150),(1005,151),(1006,151),(1007,151),(1008,151),(1009,151),(1010,151),(1011,151),(1012,152),(1013,152),(1014,152),(1015,152),(1016,152),(1017,152),(1018,152),(1019,153),(1020,153),(1021,153),(1022,153),(1023,153),(1024,153),(1025,153),(1026,154),(1027,154),(1028,154),(1029,154),(1030,154),(1031,154),(1032,154),(1033,155),(1034,155),(1035,155),(1036,155),(1037,155),(1038,155),(1039,155),(1040,156),(1041,156),(1042,156),(1043,156),(1044,156),(1045,156),(1046,156),(1047,157),(1048,157),(1049,157),(1050,157),(1051,157),(1052,157),(1053,157),(1054,157),(1055,157),(1056,157),(1057,158),(1058,158),(1059,158),(1060,158),(1061,158),(1062,158),(1063,158),(1064,159),(1065,159),(1066,159),(1067,159),(1068,159),(1069,159),(1070,159),(1071,160),(1072,160),(1073,160),(1074,160),(1075,160),(1076,160),(1077,160),(1078,161),(1079,161),(1080,161),(1081,161),(1082,161),(1083,161),(1084,161),(1085,162),(1086,162),(1087,162),(1088,162),(1089,162),(1090,162),(1091,162),(1092,163),(1093,163),(1094,163),(1095,163),(1096,163),(1097,163),(1098,163),(1099,164),(1100,164),(1101,164),(1102,164),(1103,164),(1104,164),(1105,164),(1106,165),(1107,165),(1108,165),(1109,165),(1110,165),(1111,165),(1112,165),(1113,166),(1114,166),(1115,166),(1116,166),(1117,166),(1118,166),(1119,166),(1120,167),(1121,167),(1122,167),(1123,167),(1124,167),(1125,167),(1126,167),(1127,168),(1128,168),(1129,168),(1130,168),(1131,168),(1132,168),(1133,168),(1134,169),(1135,169),(1136,169),(1137,169),(1138,169),(1139,169),(1140,169),(1141,170),(1142,170),(1143,170),(1144,170),(1145,170),(1146,170),(1147,170),(1148,171),(1149,171),(1150,171),(1151,171),(1152,171),(1153,171),(1154,171),(1155,172),(1156,172),(1157,172),(1158,172),(1159,172),(1160,172),(1161,172),(1162,173),(1163,173),(1164,173),(1165,173),(1166,173),(1167,173),(1168,173),(1169,173),(1170,173),(1171,173),(1172,174),(1173,174),(1174,174),(1175,174),(1176,174),(1177,174),(1178,174),(1179,175),(1180,175),(1181,175),(1182,175),(1183,175),(1184,175),(1185,175),(1186,176),(1187,176),(1188,176),(1189,176),(1190,176),(1191,176),(1192,176),(1193,177),(1194,177),(1195,177),(1196,177),(1197,177),(1198,177),(1199,177),(1200,178),(1201,178),(1202,178),(1203,178),(1204,178),(1205,178),(1206,178),(1207,179),(1208,179),(1209,179),(1210,179),(1211,179),(1212,179),(1213,179),(1214,180),(1215,180),(1216,180),(1217,180),(1218,180),(1219,180),(1220,180),(1221,181),(1222,181),(1223,181),(1224,181),(1225,181),(1226,181),(1227,181),(1228,182),(1229,182),(1230,182),(1231,182),(1232,182),(1233,182),(1234,182),(1235,183),(1236,183),(1237,183),(1238,183),(1239,183),(1240,183),(1241,183),(1242,184),(1243,184),(1244,184),(1245,184),(1246,184),(1247,184),(1248,184),(1249,185),(1250,185),(1251,185),(1252,185),(1253,185),(1254,185),(1255,185),(1256,186),(1257,186),(1258,186),(1259,186),(1260,186),(1261,186),(1262,186),(1263,187),(1264,187),(1265,187),(1266,187),(1267,187),(1268,187),(1269,187),(1270,188),(1271,188),(1272,188),(1273,188),(1274,188),(1275,188),(1276,188),(1277,189),(1278,189),(1279,189),(1280,189),(1281,189),(1282,189),(1283,189),(1284,189),(1285,189),(1286,189),(1287,190),(1288,190),(1289,190),(1290,190),(1291,190),(1292,190),(1293,190),(1294,191),(1295,191),(1296,191),(1297,191),(1298,191),(1299,191),(1300,191),(1301,192),(1302,192),(1303,192),(1304,192),(1305,192),(1306,192),(1307,192),(1308,193),(1309,193),(1310,193),(1311,193),(1312,193),(1313,193),(1314,193),(1315,194),(1316,194),(1317,194),(1318,194),(1319,194),(1320,194),(1321,194),(1322,195),(1323,195),(1324,195),(1325,195),(1326,195),(1327,195),(1328,195),(1329,196),(1330,196),(1331,196),(1332,196),(1333,196),(1334,196),(1335,196),(1336,197),(1337,197),(1338,197),(1339,197),(1340,197),(1341,197),(1342,197),(1343,198),(1344,198),(1345,198),(1346,198),(1347,198),(1348,198),(1349,198),(1350,199),(1351,199),(1352,199),(1353,199),(1354,199),(1355,199),(1356,199),(1357,200),(1358,200),(1359,200),(1360,200),(1361,200),(1362,200),(1363,200),(1364,201),(1365,201),(1366,201),(1367,201),(1368,201),(1369,201),(1370,201),(1371,202),(1372,202),(1373,202),(1374,202),(1375,202),(1376,202),(1377,202),(1378,203),(1379,203),(1380,203),(1381,203),(1382,203),(1383,203),(1384,203),(1385,204),(1386,204),(1387,204),(1388,204),(1389,204),(1390,204),(1391,204),(1392,205),(1393,205),(1394,205),(1395,205),(1396,205),(1397,205),(1398,205),(1399,205),(1400,205),(1401,205),(1402,206),(1403,206),(1404,206),(1405,206),(1406,206),(1407,206),(1408,206),(1409,207),(1410,207),(1411,207),(1412,207),(1413,207),(1414,207),(1415,207),(1416,208),(1417,208),(1418,208),(1419,208),(1420,208),(1421,208),(1422,208),(1423,209),(1424,209),(1425,209),(1426,209),(1427,209),(1428,209),(1429,209),(1430,210),(1431,210),(1432,210),(1433,210),(1434,210),(1435,210),(1436,210),(1437,211),(1438,211),(1439,211),(1440,211),(1441,211),(1442,211),(1443,211),(1444,212),(1445,212),(1446,212),(1447,212),(1448,212),(1449,212),(1450,212),(1451,213),(1452,213),(1453,213),(1454,213),(1455,213),(1456,213),(1457,213),(1458,214),(1459,214),(1460,214),(1461,214),(1462,214),(1463,214),(1464,214),(1465,215),(1466,215),(1467,215),(1468,215),(1469,215),(1470,215),(1471,215),(1472,216),(1473,216),(1474,216),(1475,216),(1476,216),(1477,216),(1478,216),(1479,217),(1480,217),(1481,217),(1482,217),(1483,217),(1484,217),(1485,217),(1486,218),(1487,218),(1488,218),(1489,218),(1490,218),(1491,218),(1492,218),(1493,219),(1494,219),(1495,219),(1496,219),(1497,219),(1498,219),(1499,219),(1500,220),(1501,220),(1502,220),(1503,220),(1504,220),(1505,220),(1506,220),(1507,221),(1508,221),(1509,221),(1510,221),(1511,221),(1512,221),(1513,221),(1514,221),(1515,221),(1516,221),(1517,222),(1518,222),(1519,222),(1520,222),(1521,222),(1522,222),(1523,222),(1524,223),(1525,223),(1526,223),(1527,223),(1528,223),(1529,223),(1530,223),(1531,224),(1532,224),(1533,224),(1534,224),(1535,224),(1536,224),(1537,224),(1538,225),(1539,225),(1540,225),(1541,225),(1542,225),(1543,225),(1544,225),(1545,226),(1546,226),(1547,226),(1548,226),(1549,226),(1550,226),(1551,226),(1552,227),(1553,227),(1554,227),(1555,227),(1556,227),(1557,227),(1558,227),(1559,228),(1560,228),(1561,228),(1562,228),(1563,228),(1564,228),(1565,228),(1566,229),(1567,229),(1568,229),(1569,229),(1570,229),(1571,229),(1572,229),(1573,230),(1574,230),(1575,230),(1576,230),(1577,230),(1578,230),(1579,230),(1580,231),(1581,231),(1582,231),(1583,231),(1584,231),(1585,231),(1586,231),(1587,232),(1588,232),(1589,232),(1590,232),(1591,232),(1592,232),(1593,232),(1594,233),(1595,233),(1596,233),(1597,233),(1598,233),(1599,233),(1600,233),(1601,234),(1602,234),(1603,234),(1604,234),(1605,234),(1606,234),(1607,234),(1608,235),(1609,235),(1610,235),(1611,235),(1612,235),(1613,235),(1614,235),(1615,236),(1616,236),(1617,236),(1618,236),(1619,236),(1620,236),(1621,236),(1622,237),(1623,237),(1624,237),(1625,237),(1626,237),(1627,237),(1628,237),(1629,237),(1630,237),(1631,237),(1632,238),(1633,238),(1634,238),(1635,238),(1636,238),(1637,238),(1638,238),(1639,239),(1640,239),(1641,239),(1642,239),(1643,239),(1644,239),(1645,239),(1646,240),(1647,240),(1648,240),(1649,240),(1650,240),(1651,240),(1652,240),(1653,241),(1654,241),(1655,241),(1656,241),(1657,241),(1658,241),(1659,241),(1660,242),(1661,242),(1662,242),(1663,242),(1664,242),(1665,242),(1666,242),(1667,243),(1668,243),(1669,243),(1670,243),(1671,243),(1672,243),(1673,243),(1674,244),(1675,244),(1676,244),(1677,244),(1678,244),(1679,244),(1680,244),(1681,245),(1682,245),(1683,245),(1684,245),(1685,245),(1686,245),(1687,245),(1688,246),(1689,246),(1690,246),(1691,246),(1692,246),(1693,246),(1694,246),(1695,247),(1696,247),(1697,247),(1698,247),(1699,247),(1700,247),(1701,247),(1702,248),(1703,248),(1704,248),(1705,248),(1706,248),(1707,248),(1708,248),(1709,249),(1710,249),(1711,249),(1712,249),(1713,249),(1714,249),(1715,249),(1716,250),(1717,250),(1718,250),(1719,250),(1720,250),(1721,250),(1722,250),(1723,251),(1724,251),(1725,251),(1726,251),(1727,251),(1728,251),(1729,251),(1730,252),(1731,252),(1732,252),(1733,252),(1734,252),(1735,252),(1736,252),(1737,253),(1738,253),(1739,253),(1740,253),(1741,253),(1742,253),(1743,253),(1744,253),(1745,253),(1746,253),(1747,254),(1748,254),(1749,254),(1750,254),(1751,254),(1752,254),(1753,254),(1754,255),(1755,255),(1756,255),(1757,255),(1758,255),(1759,255),(1760,255),(1761,256),(1762,256),(1763,256),(1764,256),(1765,256),(1766,256),(1767,256),(1768,257),(1769,257),(1770,257),(1771,257),(1772,257),(1773,257),(1774,257),(1775,258),(1776,258),(1777,258),(1778,258),(1779,258),(1780,258),(1781,258),(1782,259),(1783,259),(1784,259),(1785,259),(1786,259),(1787,259),(1788,259),(1789,260),(1790,260),(1791,260),(1792,260),(1793,260),(1794,260),(1795,260),(1796,261),(1797,261),(1798,261),(1799,261),(1800,261),(1801,261),(1802,261),(1803,262),(1804,262),(1805,262),(1806,262),(1807,262),(1808,262),(1809,262),(1810,263),(1811,263),(1812,263),(1813,263),(1814,263),(1815,263),(1816,263),(1817,264),(1818,264),(1819,264),(1820,264),(1821,264),(1822,264),(1823,264),(1824,265),(1825,265),(1826,265),(1827,265),(1828,265),(1829,265),(1830,265),(1831,266),(1832,266),(1833,266),(1834,266),(1835,266),(1836,266),(1837,266),(1838,267),(1839,267),(1840,267),(1841,267),(1842,267),(1843,267),(1844,267),(1845,268),(1846,268),(1847,268),(1848,268),(1849,268),(1850,268),(1851,268),(1852,269),(1853,269),(1854,269),(1855,269),(1856,269),(1857,269),(1858,269),(1859,269),(1860,269),(1861,269),(1862,270),(1863,270),(1864,270),(1865,270),(1866,270),(1867,270),(1868,270),(1869,271),(1870,271),(1871,271),(1872,271),(1873,271),(1874,271),(1875,271),(1876,272),(1877,272),(1878,272),(1879,272),(1880,272),(1881,272),(1882,272),(1883,273),(1884,273),(1885,273),(1886,273),(1887,273),(1888,273),(1889,273),(1890,274),(1891,274),(1892,274),(1893,274),(1894,274),(1895,274),(1896,274),(1897,275),(1898,275),(1899,275),(1900,275),(1901,275),(1902,275),(1903,275),(1904,276),(1905,276),(1906,276),(1907,276),(1908,276),(1909,276),(1910,276),(1911,277),(1912,277),(1913,277),(1914,277),(1915,277),(1916,277),(1917,277),(1918,278),(1919,278),(1920,278),(1921,278),(1922,278),(1923,278),(1924,278),(1925,279),(1926,279),(1927,279),(1928,279),(1929,279),(1930,279),(1931,279),(1932,280),(1933,280),(1934,280),(1935,280),(1936,280),(1937,280),(1938,280),(1939,281),(1940,281),(1941,281),(1942,281),(1943,281),(1944,281),(1945,281),(1946,282),(1947,282),(1948,282),(1949,282),(1950,282),(1951,282),(1952,282),(1953,283),(1954,283),(1955,283),(1956,283),(1957,283),(1958,283),(1959,283),(1960,284),(1961,284),(1962,284),(1963,284),(1964,284),(1965,284),(1966,284),(1967,285),(1968,285),(1969,285),(1970,285),(1971,285),(1972,285),(1973,285),(1974,285),(1975,285),(1976,285),(1977,286),(1978,286),(1979,286),(1980,286),(1981,286),(1982,286),(1983,286),(1984,287),(1985,287),(1986,287),(1987,287),(1988,287),(1989,287),(1990,287),(1991,288),(1992,288),(1993,288),(1994,288),(1995,288),(1996,288),(1997,288),(1998,289),(1999,289),(2000,289),(2001,289),(2002,289),(2003,289),(2004,289),(2005,290),(2006,290),(2007,290),(2008,290),(2009,290),(2010,290),(2011,290),(2012,291),(2013,291),(2014,291),(2015,291),(2016,291),(2017,291),(2018,291),(2019,292),(2020,292),(2021,292),(2022,292),(2023,292),(2024,292),(2025,292),(2026,293),(2027,293),(2028,293),(2029,293),(2030,293),(2031,293),(2032,293),(2033,294),(2034,294),(2035,294),(2036,294),(2037,294),(2038,294),(2039,294),(2040,295),(2041,295),(2042,295),(2043,295),(2044,295),(2045,295),(2046,295),(2047,296),(2048,296),(2049,296),(2050,296),(2051,296),(2052,296),(2053,296),(2054,297),(2055,297),(2056,297),(2057,297),(2058,297),(2059,297),(2060,297),(2061,298),(2062,298),(2063,298),(2064,298),(2065,298),(2066,298),(2067,298),(2068,299),(2069,299),(2070,299),(2071,299),(2072,299),(2073,299),(2074,299),(2075,300),(2076,300),(2077,300),(2078,300),(2079,300),(2080,300),(2081,300),(2082,301),(2083,301),(2084,301),(2085,301),(2086,301),(2087,301),(2088,301),(2089,301),(2090,301),(2091,301),(2092,302),(2093,302),(2094,302),(2095,302),(2096,302),(2097,302),(2098,302),(2099,303),(2100,303),(2101,303),(2102,303),(2103,303),(2104,303),(2105,303),(2106,304),(2107,304),(2108,304),(2109,304),(2110,304),(2111,304),(2112,304),(2113,305),(2114,305),(2115,305),(2116,305),(2117,305),(2118,305),(2119,305),(2120,306),(2121,306),(2122,306),(2123,306),(2124,306),(2125,306),(2126,306),(2127,307),(2128,307),(2129,307),(2130,307),(2131,307),(2132,307),(2133,307),(2134,308),(2135,308),(2136,308),(2137,308),(2138,308),(2139,308),(2140,308),(2141,309),(2142,309),(2143,309),(2144,309),(2145,309),(2146,309),(2147,309),(2148,310),(2149,310),(2150,310),(2151,310),(2152,310),(2153,310),(2154,310),(2155,311),(2156,311),(2157,311),(2158,311),(2159,311),(2160,311),(2161,311),(2162,312),(2163,312),(2164,312),(2165,312),(2166,312),(2167,312),(2168,312),(2169,313),(2170,313),(2171,313),(2172,313),(2173,313),(2174,313),(2175,313),(2176,314),(2177,314),(2178,314),(2179,314),(2180,314),(2181,314),(2182,314),(2183,315),(2184,315),(2185,315),(2186,315),(2187,315),(2188,315),(2189,315),(2190,316),(2191,316),(2192,316),(2193,316),(2194,316),(2195,316),(2196,316),(2197,317),(2198,317),(2199,317),(2200,317),(2201,317),(2202,317),(2203,317),(2204,317),(2205,317),(2206,317),(2207,318),(2208,318),(2209,318),(2210,318),(2211,318),(2212,318),(2213,318),(2214,319),(2215,319),(2216,319),(2217,319),(2218,319),(2219,319),(2220,319),(2221,320),(2222,320),(2223,320),(2224,320),(2225,320),(2226,320),(2227,320),(2228,321),(2229,321),(2230,321),(2231,321),(2232,321),(2233,321),(2234,321),(2235,322),(2236,322),(2237,322),(2238,322),(2239,322),(2240,322),(2241,322),(2242,323),(2243,323),(2244,323),(2245,323),(2246,323),(2247,323),(2248,323),(2249,324),(2250,324),(2251,324),(2252,324),(2253,324),(2254,324),(2255,324),(2256,325),(2257,325),(2258,325),(2259,325),(2260,325),(2261,325),(2262,325),(2263,326),(2264,326),(2265,326),(2266,326),(2267,326),(2268,326),(2269,326),(2270,327),(2271,327),(2272,327),(2273,327),(2274,327),(2275,327),(2276,327),(2277,328),(2278,328),(2279,328),(2280,328),(2281,328),(2282,328),(2283,328),(2284,329),(2285,329),(2286,329),(2287,329),(2288,329),(2289,329),(2290,329),(2291,330),(2292,330),(2293,330),(2294,330),(2295,330),(2296,330),(2297,330),(2298,331),(2299,331),(2300,331),(2301,331),(2302,331),(2303,331),(2304,331),(2305,332),(2306,332),(2307,332),(2308,332),(2309,332),(2310,332),(2311,332),(2312,333),(2313,333),(2314,333),(2315,333),(2316,333),(2317,333),(2318,333),(2319,333),(2320,333),(2321,333),(2322,334),(2323,334),(2324,334),(2325,334),(2326,334),(2327,334),(2328,334),(2329,335),(2330,335),(2331,335),(2332,335),(2333,335),(2334,335),(2335,335),(2336,336),(2337,336),(2338,336),(2339,336),(2340,336),(2341,336),(2342,336),(2343,337),(2344,337),(2345,337),(2346,337),(2347,337),(2348,337),(2349,337),(2350,338),(2351,338),(2352,338),(2353,338),(2354,338),(2355,338),(2356,338),(2357,339),(2358,339),(2359,339),(2360,339),(2361,339),(2362,339),(2363,339),(2364,340),(2365,340),(2366,340),(2367,340),(2368,340),(2369,340),(2370,340),(2371,341),(2372,341),(2373,341),(2374,341),(2375,341),(2376,341),(2377,341),(2378,342),(2379,342),(2380,342),(2381,342),(2382,342),(2383,342),(2384,342),(2385,343),(2386,343),(2387,343),(2388,343),(2389,343),(2390,343),(2391,343),(2392,344),(2393,344),(2394,344),(2395,344),(2396,344),(2397,344),(2398,344),(2399,345),(2400,345),(2401,345),(2402,345),(2403,345),(2404,345),(2405,345),(2406,346),(2407,346),(2408,346),(2409,346),(2410,346),(2411,346),(2412,346),(2413,347),(2414,347),(2415,347),(2416,347),(2417,347),(2418,347),(2419,347),(2420,348),(2421,348),(2422,348),(2423,348),(2424,348),(2425,348),(2426,348),(2427,349),(2428,349),(2429,349),(2430,349),(2431,349),(2432,349),(2433,349),(2434,349),(2435,349),(2436,349),(2437,350),(2438,350),(2439,350),(2440,350),(2441,350),(2442,350),(2443,350),(2444,351),(2445,351),(2446,351),(2447,351),(2448,351),(2449,351),(2450,351),(2451,352),(2452,352),(2453,352),(2454,352),(2455,352),(2456,352),(2457,352),(2458,353),(2459,353),(2460,353),(2461,353),(2462,353),(2463,353),(2464,353),(2465,354),(2466,354),(2467,354),(2468,354),(2469,354),(2470,354),(2471,354),(2472,355),(2473,355),(2474,355),(2475,355),(2476,355),(2477,355),(2478,355),(2479,356),(2480,356),(2481,356),(2482,356),(2483,356),(2484,356),(2485,356),(2486,357),(2487,357),(2488,357),(2489,357),(2490,357),(2491,357),(2492,357),(2493,358),(2494,358),(2495,358),(2496,358),(2497,358),(2498,358),(2499,358),(2500,359),(2501,359),(2502,359),(2503,359),(2504,359),(2505,359),(2506,359),(2507,360),(2508,360),(2509,360),(2510,360),(2511,360),(2512,360),(2513,360),(2514,361),(2515,361),(2516,361),(2517,361),(2518,361),(2519,361),(2520,361),(2521,362),(2522,362),(2523,362),(2524,362),(2525,362),(2526,362),(2527,362),(2528,363),(2529,363),(2530,363),(2531,363),(2532,363),(2533,363),(2534,363),(2535,364),(2536,364),(2537,364),(2538,364),(2539,364),(2540,364),(2541,364),(2542,365),(2543,365),(2544,365),(2545,365),(2546,365),(2547,365),(2548,365),(2549,365),(2550,365),(2551,365),(2552,366),(2553,366),(2554,366),(2555,366),(2556,366),(2557,366),(2558,366),(2559,367),(2560,367),(2561,367),(2562,367),(2563,367),(2564,367),(2565,367),(2566,368),(2567,368),(2568,368),(2569,368),(2570,368),(2571,368),(2572,368),(2573,369),(2574,369),(2575,369),(2576,369),(2577,369),(2578,369),(2579,369),(2580,370),(2581,370),(2582,370),(2583,370),(2584,370),(2585,370),(2586,370),(2587,371),(2588,371),(2589,371),(2590,371),(2591,371),(2592,371),(2593,371),(2594,372),(2595,372),(2596,372),(2597,372),(2598,372),(2599,372),(2600,372),(2601,373),(2602,373),(2603,373),(2604,373),(2605,373),(2606,373),(2607,373),(2608,374),(2609,374),(2610,374),(2611,374),(2612,374),(2613,374),(2614,374),(2615,375),(2616,375),(2617,375),(2618,375),(2619,375),(2620,375),(2621,375),(2622,376),(2623,376),(2624,376),(2625,376),(2626,376),(2627,376),(2628,376),(2629,377),(2630,377),(2631,377),(2632,377),(2633,377),(2634,377),(2635,377),(2636,378),(2637,378),(2638,378),(2639,378),(2640,378),(2641,378),(2642,378),(2643,379),(2644,379),(2645,379),(2646,379),(2647,379),(2648,379),(2649,379),(2650,380),(2651,380),(2652,380),(2653,380),(2654,380),(2655,380),(2656,380),(2657,381),(2658,381),(2659,381),(2660,381),(2661,381),(2662,381),(2663,381),(2664,381),(2665,381),(2666,381),(2667,382),(2668,382),(2669,382),(2670,382),(2671,382),(2672,382),(2673,382),(2674,383),(2675,383),(2676,383),(2677,383),(2678,383),(2679,383),(2680,383),(2681,384),(2682,384),(2683,384),(2684,384),(2685,384),(2686,384),(2687,384),(2688,385),(2689,385),(2690,385),(2691,385),(2692,385),(2693,385),(2694,385),(2695,386),(2696,386),(2697,386),(2698,386),(2699,386),(2700,386),(2701,386),(2702,387),(2703,387),(2704,387),(2705,387),(2706,387),(2707,387),(2708,387),(2709,388),(2710,388),(2711,388),(2712,388),(2713,388),(2714,388),(2715,388),(2716,389),(2717,389),(2718,389),(2719,389),(2720,389),(2721,389),(2722,389),(2723,390),(2724,390),(2725,390),(2726,390),(2727,390),(2728,390),(2729,390),(2730,391),(2731,391),(2732,391),(2733,391),(2734,391),(2735,391),(2736,391),(2737,392),(2738,392),(2739,392),(2740,392),(2741,392),(2742,392),(2743,392),(2744,393),(2745,393),(2746,393),(2747,393),(2748,393),(2749,393),(2750,393),(2751,394),(2752,394),(2753,394),(2754,394),(2755,394),(2756,394),(2757,394),(2758,395),(2759,395),(2760,395),(2761,395),(2762,395),(2763,395),(2764,395),(2765,396),(2766,396),(2767,396),(2768,396),(2769,396),(2770,396),(2771,396),(2772,397),(2773,397),(2774,397),(2775,397),(2776,397),(2777,397),(2778,397),(2779,397),(2780,397),(2781,397),(2782,398),(2783,398),(2784,398),(2785,398),(2786,398),(2787,398),(2788,398),(2789,399),(2790,399),(2791,399),(2792,399),(2793,399),(2794,399),(2795,399),(2796,400),(2797,400),(2798,400),(2799,400),(2800,400),(2801,400),(2802,400),(2803,401),(2804,401),(2805,401),(2806,401),(2807,401),(2808,401),(2809,401),(2810,402),(2811,402),(2812,402),(2813,402),(2814,402),(2815,402),(2816,402),(2817,403),(2818,403),(2819,403),(2820,403),(2821,403),(2822,403),(2823,403),(2824,404),(2825,404),(2826,404),(2827,404),(2828,404),(2829,404),(2830,404),(2831,405),(2832,405),(2833,405),(2834,405),(2835,405),(2836,405),(2837,405),(2838,406),(2839,406),(2840,406),(2841,406),(2842,406),(2843,406),(2844,406),(2845,407),(2846,407),(2847,407),(2848,407),(2849,407),(2850,407),(2851,407),(2852,408),(2853,408),(2854,408),(2855,408),(2856,408),(2857,408),(2858,408),(2859,409),(2860,409),(2861,409),(2862,409),(2863,409),(2864,409),(2865,409),(2866,410),(2867,410),(2868,410),(2869,410),(2870,410),(2871,410),(2872,410),(2873,411),(2874,411),(2875,411),(2876,411),(2877,411),(2878,411),(2879,411),(2880,412),(2881,412),(2882,412),(2883,412),(2884,412),(2885,412),(2886,412),(2887,413),(2888,413),(2889,413),(2890,413),(2891,413),(2892,413),(2893,413),(2894,413),(2895,413),(2896,413),(2897,414),(2898,414),(2899,414),(2900,414),(2901,414),(2902,414),(2903,414),(2904,415),(2905,415),(2906,415),(2907,415),(2908,415),(2909,415),(2910,415),(2911,416),(2912,416),(2913,416),(2914,416),(2915,416),(2916,416),(2917,416),(2918,417),(2919,417),(2920,417),(2921,417),(2922,417),(2923,417),(2924,417),(2925,418),(2926,418),(2927,418),(2928,418),(2929,418),(2930,418),(2931,418),(2932,419),(2933,419),(2934,419),(2935,419),(2936,419),(2937,419),(2938,419),(2939,420),(2940,420),(2941,420),(2942,420),(2943,420),(2944,420),(2945,420),(2946,421),(2947,421),(2948,421),(2949,421),(2950,421),(2951,421),(2952,421),(2953,422),(2954,422),(2955,422),(2956,422),(2957,422),(2958,422),(2959,422),(2960,423),(2961,423),(2962,423),(2963,423),(2964,423),(2965,423),(2966,423),(2967,424),(2968,424),(2969,424),(2970,424),(2971,424),(2972,424),(2973,424),(2974,425),(2975,425),(2976,425),(2977,425),(2978,425),(2979,425),(2980,425),(2981,426),(2982,426),(2983,426),(2984,426),(2985,426),(2986,426),(2987,426),(2988,427),(2989,427),(2990,427),(2991,427),(2992,427),(2993,427),(2994,427),(2995,428),(2996,428),(2997,428),(2998,428),(2999,428),(3000,428),(3001,428),(3002,429),(3003,429),(3004,429),(3005,429),(3006,429),(3007,429),(3008,429),(3009,429),(3010,429),(3011,429),(3012,430),(3013,430),(3014,430),(3015,430),(3016,430),(3017,430),(3018,430),(3019,431),(3020,431),(3021,431),(3022,431),(3023,431),(3024,431),(3025,431),(3026,432),(3027,432),(3028,432),(3029,432),(3030,432),(3031,432),(3032,432),(3033,433),(3034,433),(3035,433),(3036,433),(3037,433),(3038,433),(3039,433),(3040,434),(3041,434),(3042,434),(3043,434),(3044,434),(3045,434),(3046,434),(3047,435),(3048,435),(3049,435),(3050,435),(3051,435),(3052,435),(3053,435),(3054,436),(3055,436),(3056,436),(3057,436),(3058,436),(3059,436),(3060,436),(3061,437),(3062,437),(3063,437),(3064,437),(3065,437),(3066,437),(3067,437),(3068,438),(3069,438),(3070,438),(3071,438),(3072,438),(3073,438),(3074,438),(3075,439),(3076,439),(3077,439),(3078,439),(3079,439),(3080,439),(3081,439),(3082,440),(3083,440),(3084,440),(3085,440),(3086,440),(3087,440),(3088,440),(3089,441),(3090,441),(3091,441),(3092,441),(3093,441),(3094,441),(3095,441),(3096,442),(3097,442),(3098,442),(3099,442),(3100,442),(3101,442),(3102,442),(3103,443),(3104,443),(3105,443),(3106,443),(3107,443),(3108,443),(3109,443),(3110,444),(3111,444),(3112,444),(3113,444),(3114,444),(3115,444),(3116,444),(3117,445),(3118,445),(3119,445),(3120,445),(3121,445),(3122,445),(3123,445),(3124,445),(3125,445),(3126,445),(3127,446),(3128,446),(3129,446),(3130,446),(3131,446),(3132,446),(3133,446),(3134,447),(3135,447),(3136,447),(3137,447),(3138,447),(3139,447),(3140,447),(3141,448),(3142,448),(3143,448),(3144,448),(3145,448),(3146,448),(3147,448),(3148,449),(3149,449),(3150,449),(3151,449),(3152,449),(3153,449),(3154,449),(3155,450),(3156,450),(3157,450),(3158,450),(3159,450),(3160,450),(3161,450),(3162,451),(3163,451),(3164,451),(3165,451),(3166,451),(3167,451),(3168,451),(3169,452),(3170,452),(3171,452),(3172,452),(3173,452),(3174,452),(3175,452),(3176,453),(3177,453),(3178,453),(3179,453),(3180,453),(3181,453),(3182,453),(3183,454),(3184,454),(3185,454),(3186,454),(3187,454),(3188,454),(3189,454),(3190,455),(3191,455),(3192,455),(3193,455),(3194,455),(3195,455),(3196,455),(3197,456),(3198,456),(3199,456),(3200,456),(3201,456),(3202,456),(3203,456),(3204,457),(3205,457),(3206,457),(3207,457),(3208,457),(3209,457),(3210,457),(3211,458),(3212,458),(3213,458),(3214,458),(3215,458),(3216,458),(3217,458),(3218,459),(3219,459),(3220,459),(3221,459),(3222,459),(3223,459),(3224,459),(3225,460),(3226,460),(3227,460),(3228,460),(3229,460),(3230,460),(3231,460),(3232,461),(3233,461),(3234,461),(3235,461),(3236,461),(3237,461),(3238,461),(3239,461),(3240,461),(3241,461),(3242,462),(3243,462),(3244,462),(3245,462),(3246,462),(3247,462),(3248,462),(3249,463),(3250,463),(3251,463),(3252,463),(3253,463),(3254,463),(3255,463),(3256,464),(3257,464),(3258,464),(3259,464),(3260,464),(3261,464),(3262,464),(3263,465),(3264,465),(3265,465),(3266,465),(3267,465),(3268,465),(3269,465),(3270,466),(3271,466),(3272,466),(3273,466),(3274,466),(3275,466),(3276,466),(3277,467),(3278,467),(3279,467),(3280,467),(3281,467),(3282,467),(3283,467),(3284,468),(3285,468),(3286,468),(3287,468),(3288,468),(3289,468),(3290,468),(3291,469),(3292,469),(3293,469),(3294,469),(3295,469),(3296,469),(3297,469),(3298,470),(3299,470),(3300,470),(3301,470),(3302,470),(3303,470),(3304,470),(3305,471),(3306,471),(3307,471),(3308,471),(3309,471),(3310,471),(3311,471),(3312,472),(3313,472),(3314,472),(3315,472),(3316,472),(3317,472),(3318,472),(3319,473),(3320,473),(3321,473),(3322,473),(3323,473),(3324,473),(3325,473),(3326,474),(3327,474),(3328,474),(3329,474),(3330,474),(3331,474),(3332,474),(3333,475),(3334,475),(3335,475),(3336,475),(3337,475),(3338,475),(3339,475),(3340,476),(3341,476),(3342,476),(3343,476),(3344,476),(3345,476),(3346,476),(3347,477),(3348,477),(3349,477),(3350,477),(3351,477),(3352,477),(3353,477),(3354,477),(3355,477),(3356,477),(3357,478),(3358,478),(3359,478),(3360,478),(3361,478),(3362,478),(3363,478),(3364,479),(3365,479),(3366,479),(3367,479),(3368,479),(3369,479),(3370,479),(3371,480),(3372,480),(3373,480),(3374,480),(3375,480),(3376,480),(3377,480),(3378,481),(3379,481),(3380,481),(3381,481),(3382,481),(3383,481),(3384,481),(3385,482),(3386,482),(3387,482),(3388,482),(3389,482),(3390,482),(3391,482),(3392,483),(3393,483),(3394,483),(3395,483),(3396,483),(3397,483),(3398,483),(3399,484),(3400,484),(3401,484),(3402,484),(3403,484),(3404,484),(3405,484),(3406,485),(3407,485),(3408,485),(3409,485),(3410,485),(3411,485),(3412,485),(3413,486),(3414,486),(3415,486),(3416,486),(3417,486),(3418,486),(3419,486),(3420,487),(3421,487),(3422,487),(3423,487),(3424,487),(3425,487),(3426,487),(3427,488),(3428,488),(3429,488),(3430,488),(3431,488),(3432,488),(3433,488),(3434,489),(3435,489),(3436,489),(3437,489),(3438,489),(3439,489),(3440,489),(3441,490),(3442,490),(3443,490),(3444,490),(3445,490),(3446,490),(3447,490),(3448,491),(3449,491),(3450,491),(3451,491),(3452,491),(3453,491),(3454,491),(3455,492),(3456,492),(3457,492),(3458,492),(3459,492),(3460,492),(3461,492),(3462,493),(3463,493),(3464,493),(3465,493),(3466,493),(3467,493),(3468,493),(3469,493),(3470,493),(3471,493),(3472,494),(3473,494),(3474,494),(3475,494),(3476,494),(3477,494),(3478,494),(3479,495),(3480,495),(3481,495),(3482,495),(3483,495),(3484,495),(3485,495),(3486,496),(3487,496),(3488,496),(3489,496),(3490,496),(3491,496),(3492,496),(3493,497),(3494,497),(3495,497),(3496,497),(3497,497),(3498,497),(3499,497),(3500,498),(3501,498),(3502,498),(3503,498),(3504,498),(3505,498),(3506,498),(3507,499),(3508,499),(3509,499),(3510,499),(3511,499),(3512,499),(3513,499),(3514,500),(3515,500),(3516,500),(3517,500),(3518,500),(3519,500),(3520,500),(3521,501),(3522,501),(3523,501),(3524,501),(3525,501),(3526,501),(3527,501),(3528,502),(3529,502),(3530,502),(3531,502),(3532,502),(3533,502),(3534,502),(3535,503),(3536,503),(3537,503),(3538,503),(3539,503),(3540,503),(3541,503),(3542,504),(3543,504),(3544,504),(3545,504),(3546,504),(3547,504),(3548,504),(3549,505),(3550,505),(3551,505),(3552,505),(3553,505),(3554,505),(3555,505),(3556,506),(3557,506),(3558,506),(3559,506),(3560,506),(3561,506),(3562,506),(3563,507),(3564,507),(3565,507),(3566,507),(3567,507),(3568,507),(3569,507),(3570,508),(3571,508),(3572,508),(3573,508),(3574,508),(3575,508),(3576,508),(3577,509),(3578,509),(3579,509),(3580,509),(3581,509),(3582,509),(3583,509),(3584,509),(3585,509),(3586,509),(3587,510),(3588,510),(3589,510),(3590,510),(3591,510),(3592,510),(3593,510),(3594,511),(3595,511),(3596,511),(3597,511),(3598,511),(3599,511),(3600,511),(3601,512),(3602,512),(3603,512),(3604,512),(3605,512),(3606,512),(3607,512),(3608,513),(3609,513),(3610,513),(3611,513),(3612,513),(3613,513),(3614,513),(3615,514),(3616,514),(3617,514),(3618,514),(3619,514),(3620,514),(3621,514),(3622,515),(3623,515),(3624,515),(3625,515),(3626,515),(3627,515),(3628,515),(3629,516),(3630,516),(3631,516),(3632,516),(3633,516),(3634,516),(3635,516),(3636,517),(3637,517),(3638,517),(3639,517),(3640,517),(3641,517),(3642,517),(3643,518),(3644,518),(3645,518),(3646,518),(3647,518),(3648,518),(3649,518),(3650,519),(3651,519),(3652,519),(3653,519),(3654,519),(3655,519),(3656,519),(3657,520),(3658,520),(3659,520),(3660,520),(3661,520),(3662,520),(3663,520),(3664,521),(3665,521),(3666,521),(3667,521),(3668,521),(3669,521),(3670,521),(3671,522),(3672,522),(3673,522),(3674,522),(3675,522),(3676,522),(3677,522),(3678,523),(3679,523),(3680,523),(3681,523),(3682,523),(3683,523),(3684,523),(3685,524),(3686,524),(3687,524),(3688,524),(3689,524),(3690,524),(3691,524),(3692,525),(3693,525),(3694,525),(3695,525),(3696,525),(3697,525),(3698,525),(3699,525),(3700,525),(3701,525),(3702,526),(3703,526),(3704,526),(3705,526),(3706,526),(3707,526),(3708,526),(3709,527),(3710,527),(3711,527),(3712,527),(3713,527),(3714,527),(3715,527),(3716,528),(3717,528),(3718,528),(3719,528),(3720,528),(3721,528),(3722,528),(3723,529),(3724,529),(3725,529),(3726,529),(3727,529),(3728,529),(3729,529),(3730,530),(3731,530),(3732,530),(3733,530),(3734,530),(3735,530),(3736,530),(3737,531),(3738,531),(3739,531),(3740,531),(3741,531),(3742,531),(3743,531),(3744,532),(3745,532),(3746,532),(3747,532),(3748,532),(3749,532),(3750,532),(3751,533),(3752,533),(3753,533),(3754,533),(3755,533),(3756,533),(3757,533),(3758,534),(3759,534),(3760,534),(3761,534),(3762,534),(3763,534),(3764,534),(3765,535),(3766,535),(3767,535),(3768,535),(3769,535),(3770,535),(3771,535),(3772,536),(3773,536),(3774,536),(3775,536),(3776,536),(3777,536),(3778,536),(3779,537),(3780,537),(3781,537),(3782,537),(3783,537),(3784,537),(3785,537),(3786,538),(3787,538),(3788,538),(3789,538),(3790,538),(3791,538),(3792,538),(3793,539),(3794,539),(3795,539),(3796,539),(3797,539),(3798,539),(3799,539),(3800,540),(3801,540),(3802,540),(3803,540),(3804,540),(3805,540),(3806,540),(3807,541),(3808,541),(3809,541),(3810,541),(3811,541),(3812,541),(3813,541),(3814,541),(3815,541),(3816,541),(3817,542),(3818,542),(3819,542),(3820,542),(3821,542),(3822,542),(3823,542),(3824,543),(3825,543),(3826,543),(3827,543),(3828,543),(3829,543),(3830,543),(3831,544),(3832,544),(3833,544),(3834,544),(3835,544),(3836,544),(3837,544),(3838,545),(3839,545),(3840,545),(3841,545),(3842,545),(3843,545),(3844,545),(3845,546),(3846,546),(3847,546),(3848,546),(3849,546),(3850,546),(3851,546),(3852,547),(3853,547),(3854,547),(3855,547),(3856,547),(3857,547),(3858,547),(3859,548),(3860,548),(3861,548),(3862,548),(3863,548),(3864,548),(3865,548),(3866,549),(3867,549),(3868,549),(3869,549),(3870,549),(3871,549),(3872,549),(3873,550),(3874,550),(3875,550),(3876,550),(3877,550),(3878,550),(3879,550),(3880,551),(3881,551),(3882,551),(3883,551),(3884,551),(3885,551),(3886,551),(3887,552),(3888,552),(3889,552),(3890,552),(3891,552),(3892,552),(3893,552),(3894,553),(3895,553),(3896,553),(3897,553),(3898,553),(3899,553),(3900,553),(3901,554),(3902,554),(3903,554),(3904,554),(3905,554),(3906,554),(3907,554),(3908,555),(3909,555),(3910,555),(3911,555),(3912,555),(3913,555),(3914,555),(3915,556),(3916,556),(3917,556),(3918,556),(3919,556),(3920,556),(3921,556),(3922,557),(3923,557),(3924,557),(3925,557),(3926,557),(3927,557),(3928,557),(3929,557),(3930,557),(3931,557),(3932,558),(3933,558),(3934,558),(3935,558),(3936,558),(3937,558),(3938,558),(3939,559),(3940,559),(3941,559),(3942,559),(3943,559),(3944,559),(3945,559),(3946,560),(3947,560),(3948,560),(3949,560),(3950,560),(3951,560),(3952,560),(3953,561),(3954,561),(3955,561),(3956,561),(3957,561),(3958,561),(3959,561),(3960,562),(3961,562),(3962,562),(3963,562),(3964,562),(3965,562),(3966,562),(3967,563),(3968,563),(3969,563),(3970,563),(3971,563),(3972,563),(3973,563),(3974,564),(3975,564),(3976,564),(3977,564),(3978,564),(3979,564),(3980,564),(3981,565),(3982,565),(3983,565),(3984,565),(3985,565),(3986,565),(3987,565),(3988,566),(3989,566),(3990,566),(3991,566),(3992,566),(3993,566),(3994,566),(3995,567),(3996,567),(3997,567),(3998,567),(3999,567),(4000,567),(4001,567),(4002,568),(4003,568),(4004,568),(4005,568),(4006,568),(4007,568),(4008,568),(4009,569),(4010,569),(4011,569),(4012,569),(4013,569),(4014,569),(4015,569),(4016,570),(4017,570),(4018,570),(4019,570),(4020,570),(4021,570),(4022,570),(4023,571),(4024,571),(4025,571),(4026,571),(4027,571),(4028,571),(4029,571),(4030,572),(4031,572),(4032,572),(4033,572),(4034,572),(4035,572),(4036,572),(4037,573),(4038,573),(4039,573),(4040,573),(4041,573),(4042,573),(4043,573),(4044,573),(4045,573),(4046,573),(4047,574),(4048,574),(4049,574),(4050,574),(4051,574),(4052,574),(4053,574),(4054,575),(4055,575),(4056,575),(4057,575),(4058,575),(4059,575),(4060,575),(4061,576),(4062,576),(4063,576),(4064,576),(4065,576),(4066,576),(4067,576),(4068,577),(4069,577),(4070,577),(4071,577),(4072,577),(4073,577),(4074,577),(4075,578),(4076,578),(4077,578),(4078,578),(4079,578),(4080,578),(4081,578),(4082,579),(4083,579),(4084,579),(4085,579),(4086,579),(4087,579),(4088,579),(4089,580),(4090,580),(4091,580),(4092,580),(4093,580),(4094,580),(4095,580),(4096,581),(4097,581),(4098,581),(4099,581),(4100,581),(4101,581),(4102,581),(4103,582),(4104,582),(4105,582),(4106,582),(4107,582),(4108,582),(4109,582),(4110,583),(4111,583),(4112,583),(4113,583),(4114,583),(4115,583),(4116,583),(4117,584),(4118,584),(4119,584),(4120,584),(4121,584),(4122,584),(4123,584),(4124,585),(4125,585),(4126,585),(4127,585),(4128,585),(4129,585),(4130,585),(4131,586),(4132,586),(4133,586),(4134,586),(4135,586),(4136,586),(4137,586),(4138,587),(4139,587),(4140,587),(4141,587),(4142,587),(4143,587),(4144,587),(4145,588),(4146,588),(4147,588),(4148,588),(4149,588),(4150,588),(4151,588),(4152,589),(4153,589),(4154,589),(4155,589),(4156,589),(4157,589),(4158,589),(4159,589),(4160,589),(4161,589),(4162,590),(4163,590),(4164,590),(4165,590),(4166,590),(4167,590),(4168,590),(4169,591),(4170,591),(4171,591),(4172,591),(4173,591),(4174,591),(4175,591),(4176,592),(4177,592),(4178,592),(4179,592),(4180,592),(4181,592),(4182,592),(4183,593),(4184,593),(4185,593),(4186,593),(4187,593),(4188,593),(4189,593),(4190,594),(4191,594),(4192,594),(4193,594),(4194,594),(4195,594),(4196,594),(4197,595),(4198,595),(4199,595),(4200,595),(4201,595),(4202,595),(4203,595),(4204,596),(4205,596),(4206,596),(4207,596),(4208,596),(4209,596),(4210,596),(4211,597),(4212,597),(4213,597),(4214,597),(4215,597),(4216,597),(4217,597),(4218,598),(4219,598),(4220,598),(4221,598),(4222,598),(4223,598),(4224,598),(4225,599),(4226,599),(4227,599),(4228,599),(4229,599),(4230,599),(4231,599),(4232,600),(4233,600),(4234,600),(4235,600),(4236,600),(4237,600),(4238,600),(4239,601),(4240,601),(4241,601),(4242,601),(4243,601),(4244,601),(4245,601),(4246,602),(4247,602),(4248,602),(4249,602),(4250,602),(4251,602),(4252,602),(4253,603),(4254,603),(4255,603),(4256,603),(4257,603),(4258,603),(4259,603),(4260,604),(4261,604),(4262,604),(4263,604),(4264,604),(4265,604),(4266,604),(4267,605),(4268,605),(4269,605),(4270,605),(4271,605),(4272,605),(4273,605),(4274,605),(4275,605),(4276,605),(4277,606),(4278,606),(4279,606),(4280,606),(4281,606),(4282,606),(4283,606),(4284,607),(4285,607),(4286,607),(4287,607),(4288,607),(4289,607),(4290,607),(4291,608),(4292,608),(4293,608),(4294,608),(4295,608),(4296,608),(4297,608),(4298,609),(4299,609),(4300,609),(4301,609),(4302,609),(4303,609),(4304,609),(4305,610),(4306,610),(4307,610),(4308,610),(4309,610),(4310,610),(4311,610),(4312,611),(4313,611),(4314,611),(4315,611),(4316,611),(4317,611),(4318,611),(4319,612),(4320,612),(4321,612),(4322,612),(4323,612),(4324,612),(4325,612),(4326,613),(4327,613),(4328,613),(4329,613),(4330,613),(4331,613),(4332,613),(4333,614),(4334,614),(4335,614),(4336,614),(4337,614),(4338,614),(4339,614),(4340,615),(4341,615),(4342,615),(4343,615),(4344,615),(4345,615),(4346,615),(4347,616),(4348,616),(4349,616),(4350,616),(4351,616),(4352,616),(4353,616),(4354,617),(4355,617),(4356,617),(4357,617),(4358,617),(4359,617),(4360,617),(4361,618),(4362,618),(4363,618),(4364,618),(4365,618),(4366,618),(4367,618),(4368,619),(4369,619),(4370,619),(4371,619),(4372,619),(4373,619),(4374,619),(4375,620),(4376,620),(4377,620),(4378,620),(4379,620),(4380,620),(4381,620),(4382,621),(4383,621),(4384,621),(4385,621),(4386,621),(4387,621),(4388,621),(4389,621),(4390,621),(4391,621),(4392,622),(4393,622),(4394,622),(4395,622),(4396,622),(4397,622),(4398,622),(4399,623),(4400,623),(4401,623),(4402,623),(4403,623),(4404,623),(4405,623),(4406,624),(4407,624),(4408,624),(4409,624),(4410,624),(4411,624),(4412,624),(4413,625),(4414,625),(4415,625),(4416,625),(4417,625),(4418,625),(4419,625),(4420,626),(4421,626),(4422,626),(4423,626),(4424,626),(4425,626),(4426,626),(4427,627),(4428,627),(4429,627),(4430,627),(4431,627),(4432,627),(4433,627),(4434,628),(4435,628),(4436,628),(4437,628),(4438,628),(4439,628),(4440,628),(4441,629),(4442,629),(4443,629),(4444,629),(4445,629),(4446,629),(4447,629),(4448,630),(4449,630),(4450,630),(4451,630),(4452,630),(4453,630),(4454,630),(4455,631),(4456,631),(4457,631),(4458,631),(4459,631),(4460,631),(4461,631),(4462,632),(4463,632),(4464,632),(4465,632),(4466,632),(4467,632),(4468,632),(4469,633),(4470,633),(4471,633),(4472,633),(4473,633),(4474,633),(4475,633),(4476,634),(4477,634),(4478,634),(4479,634),(4480,634),(4481,634),(4482,634),(4483,635),(4484,635),(4485,635),(4486,635),(4487,635),(4488,635),(4489,635),(4490,636),(4491,636),(4492,636),(4493,636),(4494,636),(4495,636),(4496,636),(4497,637),(4498,637),(4499,637),(4500,637),(4501,637),(4502,637),(4503,637),(4504,637),(4505,637),(4506,637),(4507,638),(4508,638),(4509,638),(4510,638),(4511,638),(4512,638),(4513,638),(4514,639),(4515,639),(4516,639),(4517,639),(4518,639),(4519,639),(4520,639),(4521,640),(4522,640),(4523,640),(4524,640),(4525,640),(4526,640),(4527,640),(4528,641),(4529,641),(4530,641),(4531,641),(4532,641),(4533,641),(4534,641),(4535,642),(4536,642),(4537,642),(4538,642),(4539,642),(4540,642),(4541,642),(4542,643),(4543,643),(4544,643),(4545,643),(4546,643),(4547,643),(4548,643),(4549,644),(4550,644),(4551,644),(4552,644),(4553,644),(4554,644),(4555,644),(4556,645),(4557,645),(4558,645),(4559,645),(4560,645),(4561,645),(4562,645),(4563,646),(4564,646),(4565,646),(4566,646),(4567,646),(4568,646),(4569,646),(4570,647),(4571,647),(4572,647),(4573,647),(4574,647),(4575,647),(4576,647),(4577,648),(4578,648),(4579,648),(4580,648),(4581,648),(4582,648),(4583,648),(4584,649),(4585,649),(4586,649),(4587,649),(4588,649),(4589,649),(4590,649),(4591,650),(4592,650),(4593,650),(4594,650),(4595,650),(4596,650),(4597,650),(4598,651),(4599,651),(4600,651),(4601,651),(4602,651),(4603,651),(4604,651),(4605,652),(4606,652),(4607,652),(4608,652),(4609,652),(4610,652),(4611,652),(4612,653),(4613,653),(4614,653),(4615,653),(4616,653),(4617,653),(4618,653),(4619,653),(4620,653),(4621,653),(4622,654),(4623,654),(4624,654),(4625,654),(4626,654),(4627,654),(4628,654),(4629,655),(4630,655),(4631,655),(4632,655),(4633,655),(4634,655),(4635,655),(4636,656),(4637,656),(4638,656),(4639,656),(4640,656),(4641,656),(4642,656),(4643,657),(4644,657),(4645,657),(4646,657),(4647,657),(4648,657),(4649,657),(4650,658),(4651,658),(4652,658),(4653,658),(4654,658),(4655,658),(4656,658),(4657,659),(4658,659),(4659,659),(4660,659),(4661,659),(4662,659),(4663,659),(4664,660),(4665,660),(4666,660),(4667,660),(4668,660),(4669,660),(4670,660),(4671,661),(4672,661),(4673,661),(4674,661),(4675,661),(4676,661),(4677,661),(4678,662),(4679,662),(4680,662),(4681,662),(4682,662),(4683,662),(4684,662),(4685,663),(4686,663),(4687,663),(4688,663),(4689,663),(4690,663),(4691,663),(4692,664),(4693,664),(4694,664),(4695,664),(4696,664),(4697,664),(4698,664),(4699,665),(4700,665),(4701,665),(4702,665),(4703,665),(4704,665),(4705,665),(4706,666),(4707,666),(4708,666),(4709,666),(4710,666),(4711,666),(4712,666),(4713,667),(4714,667),(4715,667),(4716,667),(4717,667),(4718,667),(4719,667),(4720,668),(4721,668),(4722,668),(4723,668),(4724,668),(4725,668),(4726,668),(4727,669),(4728,669),(4729,669),(4730,669),(4731,669),(4732,669),(4733,669),(4734,669),(4735,669),(4736,669),(4737,670),(4738,670),(4739,670),(4740,670),(4741,670),(4742,670),(4743,670),(4744,671),(4745,671),(4746,671),(4747,671),(4748,671),(4749,671),(4750,671),(4751,672),(4752,672),(4753,672),(4754,672),(4755,672),(4756,672),(4757,672),(4758,673),(4759,673),(4760,673),(4761,673),(4762,673),(4763,673),(4764,673),(4765,674),(4766,674),(4767,674),(4768,674),(4769,674),(4770,674),(4771,674),(4772,675),(4773,675),(4774,675),(4775,675),(4776,675),(4777,675),(4778,675),(4779,676),(4780,676),(4781,676),(4782,676),(4783,676),(4784,676),(4785,676),(4786,677),(4787,677),(4788,677),(4789,677),(4790,677),(4791,677),(4792,677),(4793,678),(4794,678),(4795,678),(4796,678),(4797,678),(4798,678),(4799,678),(4800,679),(4801,679),(4802,679),(4803,679),(4804,679),(4805,679),(4806,679),(4807,680),(4808,680),(4809,680),(4810,680),(4811,680),(4812,680),(4813,680),(4814,681),(4815,681),(4816,681),(4817,681),(4818,681),(4819,681),(4820,681),(4821,682),(4822,682),(4823,682),(4824,682),(4825,682),(4826,682),(4827,682),(4828,683),(4829,683),(4830,683),(4831,683),(4832,683),(4833,683),(4834,683),(4835,684),(4836,684),(4837,684),(4838,684),(4839,684),(4840,684),(4841,684),(4842,685),(4843,685),(4844,685),(4845,685),(4846,685),(4847,685),(4848,685),(4849,685),(4850,685),(4851,685),(4852,686),(4853,686),(4854,686),(4855,686),(4856,686),(4857,686),(4858,686),(4859,687),(4860,687),(4861,687),(4862,687),(4863,687),(4864,687),(4865,687),(4866,688),(4867,688),(4868,688),(4869,688),(4870,688),(4871,688),(4872,688),(4873,689),(4874,689),(4875,689),(4876,689),(4877,689),(4878,689),(4879,689),(4880,690),(4881,690),(4882,690),(4883,690),(4884,690),(4885,690),(4886,690),(4887,691),(4888,691),(4889,691),(4890,691),(4891,691),(4892,691),(4893,691),(4894,691),(4895,691),(4896,691),(4897,692),(4898,692),(4899,692),(4900,692),(4901,692),(4902,692),(4903,692),(4904,693),(4905,693),(4906,693),(4907,693),(4908,693),(4909,693),(4910,693),(4911,694),(4912,694),(4913,694),(4914,694),(4915,694),(4916,694),(4917,694),(4918,695),(4919,695),(4920,695),(4921,695),(4922,695),(4923,695),(4924,695),(4925,696),(4926,696),(4927,696),(4928,696),(4929,696),(4930,696),(4931,696),(4932,697),(4933,697),(4934,697),(4935,697),(4936,697),(4937,697),(4938,697),(4939,697),(4940,697),(4941,697),(4942,698),(4943,698),(4944,698),(4945,698),(4946,698),(4947,698),(4948,698),(4949,699),(4950,699),(4951,699),(4952,699),(4953,699),(4954,699),(4955,699),(4956,700),(4957,700),(4958,700),(4959,700),(4960,700),(4961,700),(4962,700),(4963,701),(4964,701),(4965,701),(4966,701),(4967,701),(4968,701),(4969,701),(4970,702),(4971,702),(4972,702),(4973,702),(4974,702),(4975,702),(4976,702),(4977,703),(4978,703),(4979,703),(4980,703),(4981,703),(4982,703),(4983,703),(4984,703),(4985,703),(4986,703),(4987,704),(4988,704),(4989,704),(4990,704),(4991,704),(4992,704),(4993,704),(4994,705),(4995,705),(4996,705),(4997,705),(4998,705),(4999,705),(5000,705),(5001,706),(5002,706),(5003,706),(5004,706),(5005,706),(5006,706),(5007,706),(5008,707),(5009,707),(5010,707),(5011,707),(5012,707),(5013,707),(5014,707),(5015,708),(5016,708),(5017,708),(5018,708),(5019,708),(5020,708),(5021,708),(5022,709),(5023,709),(5024,709),(5025,709),(5026,709),(5027,709),(5028,709),(5029,709),(5030,709),(5031,709),(5032,710),(5033,710),(5034,710),(5035,710),(5036,710),(5037,710),(5038,710),(5039,711),(5040,711),(5041,711),(5042,711),(5043,711),(5044,711),(5045,711),(5046,712),(5047,712),(5048,712),(5049,712),(5050,712),(5051,712),(5052,712),(5053,713),(5054,713),(5055,713),(5056,713),(5057,713),(5058,713),(5059,713),(5060,714),(5061,714),(5062,714),(5063,714),(5064,714),(5065,714),(5066,714),(5067,715),(5068,715),(5069,715),(5070,715),(5071,715),(5072,715),(5073,715),(5074,715),(5075,715),(5076,715),(5077,716),(5078,716),(5079,716),(5080,716),(5081,716),(5082,716),(5083,716),(5084,717),(5085,717),(5086,717),(5087,717),(5088,717),(5089,717),(5090,717),(5091,718),(5092,718),(5093,718),(5094,718),(5095,718),(5096,718),(5097,718),(5098,719),(5099,719),(5100,719),(5101,719),(5102,719),(5103,719),(5104,719),(5105,720),(5106,720),(5107,720),(5108,720),(5109,720),(5110,720),(5111,720),(5112,721),(5113,721),(5114,721),(5115,721),(5116,721),(5117,721),(5118,721),(5119,721),(5120,721),(5121,721),(5122,722),(5123,722),(5124,722),(5125,722),(5126,722),(5127,722),(5128,722),(5129,723),(5130,723),(5131,723),(5132,723),(5133,723),(5134,723),(5135,723),(5136,724),(5137,724),(5138,724),(5139,724),(5140,724),(5141,724),(5142,724),(5143,725),(5144,725),(5145,725),(5146,725),(5147,725),(5148,725),(5149,725),(5150,726),(5151,726),(5152,726),(5153,726),(5154,726),(5155,726),(5156,726),(5157,727),(5158,727),(5159,727),(5160,727),(5161,727),(5162,727),(5163,727),(5164,727),(5165,727),(5166,727),(5167,728),(5168,728),(5169,728),(5170,728),(5171,728),(5172,728),(5173,728),(5174,729),(5175,729),(5176,729),(5177,729),(5178,729),(5179,729),(5180,729),(5181,730),(5182,730),(5183,730),(5184,730),(5185,730),(5186,730),(5187,730),(5188,731),(5189,731),(5190,731),(5191,731),(5192,731),(5193,731),(5194,731),(5195,732),(5196,732),(5197,732),(5198,732),(5199,732),(5200,732),(5201,732),(5202,733),(5203,733),(5204,733),(5205,733),(5206,733),(5207,733),(5208,733),(5209,733),(5210,733),(5211,733),(5212,734),(5213,734),(5214,734),(5215,734),(5216,734),(5217,734),(5218,734),(5219,735),(5220,735),(5221,735),(5222,735),(5223,735),(5224,735),(5225,735),(5226,736),(5227,736),(5228,736),(5229,736),(5230,736),(5231,736),(5232,736),(5233,737),(5234,737),(5235,737),(5236,737),(5237,737),(5238,737),(5239,737),(5240,738),(5241,738),(5242,738),(5243,738),(5244,738),(5245,738),(5246,738),(5247,739),(5248,739),(5249,739),(5250,739),(5251,739),(5252,739),(5253,739),(5254,739),(5255,739),(5256,739),(5257,740),(5258,740),(5259,740),(5260,740),(5261,740),(5262,740),(5263,740),(5264,741),(5265,741),(5266,741),(5267,741),(5268,741),(5269,741),(5270,741),(5271,742),(5272,742),(5273,742),(5274,742),(5275,742),(5276,742),(5277,742),(5278,743),(5279,743),(5280,743),(5281,743),(5282,743),(5283,743),(5284,743),(5285,744),(5286,744),(5287,744),(5288,744),(5289,744),(5290,744),(5291,744),(5292,745),(5293,745),(5294,745),(5295,745),(5296,745),(5297,745),(5298,745),(5299,746),(5300,746),(5301,746),(5302,746),(5303,746),(5304,746),(5305,746),(5306,747),(5307,747),(5308,747),(5309,747),(5310,747),(5311,747),(5312,747),(5313,748),(5314,748),(5315,748),(5316,748),(5317,748),(5318,748),(5319,748),(5320,749),(5321,749),(5322,749),(5323,749),(5324,749),(5325,749),(5326,749),(5327,750),(5328,750),(5329,750),(5330,750),(5331,750),(5332,750),(5333,750),(5334,751),(5335,751),(5336,751),(5337,751),(5338,751),(5339,751),(5340,751),(5341,752),(5342,752),(5343,752),(5344,752),(5345,752),(5346,752),(5347,752),(5348,752),(5349,752),(5350,752),(5351,753),(5352,753),(5353,753),(5354,753),(5355,753),(5356,753),(5357,753),(5358,754),(5359,754),(5360,754),(5361,754),(5362,754),(5363,754),(5364,754),(5365,755),(5366,755),(5367,755),(5368,755),(5369,755),(5370,755),(5371,755),(5372,756),(5373,756),(5374,756),(5375,756),(5376,756),(5377,756),(5378,756),(5379,757),(5380,757),(5381,757),(5382,757),(5383,757),(5384,757),(5385,757),(5386,758),(5387,758),(5388,758),(5389,758),(5390,758),(5391,758),(5392,758),(5393,759),(5394,759),(5395,759),(5396,759),(5397,759),(5398,759),(5399,759),(5400,760),(5401,760),(5402,760),(5403,760),(5404,760),(5405,760),(5406,760),(5407,761),(5408,761),(5409,761),(5410,761),(5411,761),(5412,761),(5413,761),(5414,762),(5415,762),(5416,762),(5417,762),(5418,762),(5419,762),(5420,762),(5421,763),(5422,763),(5423,763),(5424,763),(5425,763),(5426,763),(5427,763),(5428,764),(5429,764),(5430,764),(5431,764),(5432,764),(5433,764),(5434,764),(5435,765),(5436,765),(5437,765),(5438,765),(5439,765),(5440,765),(5441,765),(5442,765),(5443,765),(5444,765),(5445,766),(5446,766),(5447,766),(5448,766),(5449,766),(5450,766),(5451,766),(5452,767),(5453,767),(5454,767),(5455,767),(5456,767),(5457,767),(5458,767),(5459,768),(5460,768),(5461,768),(5462,768),(5463,768),(5464,768),(5465,768),(5466,769),(5467,769),(5468,769),(5469,769),(5470,769),(5471,769),(5472,769),(5473,770),(5474,770),(5475,770),(5476,770),(5477,770),(5478,770),(5479,770),(5480,771),(5481,771),(5482,771),(5483,771),(5484,771),(5485,771),(5486,771),(5487,772),(5488,772),(5489,772),(5490,772),(5491,772),(5492,772),(5493,772),(5494,773),(5495,773),(5496,773),(5497,773),(5498,773),(5499,773),(5500,773),(5501,774),(5502,774),(5503,774),(5504,774),(5505,774),(5506,774),(5507,774),(5508,775),(5509,775),(5510,775),(5511,775),(5512,775),(5513,775),(5514,775),(5515,776),(5516,776),(5517,776),(5518,776),(5519,776),(5520,776),(5521,776),(5522,777),(5523,777),(5524,777),(5525,777),(5526,777),(5527,777),(5528,777),(5529,778),(5530,778),(5531,778),(5532,778),(5533,778),(5534,778),(5535,778),(5536,778),(5537,778),(5538,778),(5539,779),(5540,779),(5541,779),(5542,779),(5543,779),(5544,779),(5545,779),(5546,780),(5547,780),(5548,780),(5549,780),(5550,780),(5551,780),(5552,780),(5553,781),(5554,781),(5555,781),(5556,781),(5557,781),(5558,781),(5559,781),(5560,782),(5561,782),(5562,782),(5563,782),(5564,782),(5565,782),(5566,782),(5567,783),(5568,783),(5569,783),(5570,783),(5571,783),(5572,783),(5573,783),(5574,784),(5575,784),(5576,784),(5577,784),(5578,784),(5579,784),(5580,784),(5581,785),(5582,785),(5583,785),(5584,785),(5585,785),(5586,785),(5587,785),(5588,786),(5589,786),(5590,786),(5591,786),(5592,786),(5593,786),(5594,786),(5595,787),(5596,787),(5597,787),(5598,787),(5599,787),(5600,787),(5601,787),(5602,788),(5603,788),(5604,788),(5605,788),(5606,788),(5607,788),(5608,788),(5609,789),(5610,789),(5611,789),(5612,789),(5613,789),(5614,789),(5615,789),(5616,790),(5617,790),(5618,790),(5619,790),(5620,790),(5621,790),(5622,790),(5623,791),(5624,791),(5625,791),(5626,791),(5627,791),(5628,791),(5629,791),(5630,791),(5631,791),(5632,791),(5633,792),(5634,792),(5635,792),(5636,792),(5637,792),(5638,792),(5639,792),(5640,793),(5641,793),(5642,793),(5643,793),(5644,793),(5645,793),(5646,793),(5647,794),(5648,794),(5649,794),(5650,794),(5651,794),(5652,794),(5653,794),(5654,795),(5655,795),(5656,795),(5657,795),(5658,795),(5659,795),(5660,795),(5661,796),(5662,796),(5663,796),(5664,796),(5665,796),(5666,796),(5667,796),(5668,797),(5669,797),(5670,797),(5671,797),(5672,797),(5673,797),(5674,797),(5675,798),(5676,798),(5677,798),(5678,798),(5679,798),(5680,798),(5681,798),(5682,799),(5683,799),(5684,799),(5685,799),(5686,799),(5687,799),(5688,799),(5689,800),(5690,800),(5691,800),(5692,800),(5693,800),(5694,800),(5695,800),(5696,801),(5697,801),(5698,801),(5699,801),(5700,801),(5701,801),(5702,801),(5703,802),(5704,802),(5705,802),(5706,802),(5707,802),(5708,802),(5709,802),(5710,803),(5711,803),(5712,803),(5713,803),(5714,803),(5715,803),(5716,803),(5717,804),(5718,804),(5719,804),(5720,804),(5721,804),(5722,804),(5723,804),(5724,804),(5725,804),(5726,804),(5727,805),(5728,805),(5729,805),(5730,805),(5731,805),(5732,805),(5733,805),(5734,806),(5735,806),(5736,806),(5737,806),(5738,806),(5739,806),(5740,806),(5741,807),(5742,807),(5743,807),(5744,807),(5745,807),(5746,807),(5747,807),(5748,808),(5749,808),(5750,808),(5751,808),(5752,808),(5753,808),(5754,808),(5755,809),(5756,809),(5757,809),(5758,809),(5759,809),(5760,809),(5761,809),(5762,810),(5763,810),(5764,810),(5765,810),(5766,810),(5767,810),(5768,810),(5769,811),(5770,811),(5771,811),(5772,811),(5773,811),(5774,811),(5775,811),(5776,812),(5777,812),(5778,812),(5779,812),(5780,812),(5781,812),(5782,812),(5783,813),(5784,813),(5785,813),(5786,813),(5787,813),(5788,813),(5789,813),(5790,814),(5791,814),(5792,814),(5793,814),(5794,814),(5795,814),(5796,814),(5797,815),(5798,815),(5799,815),(5800,815),(5801,815),(5802,815),(5803,815),(5804,816),(5805,816),(5806,816),(5807,816),(5808,816),(5809,816),(5810,816),(5811,817),(5812,817),(5813,817),(5814,817),(5815,817),(5816,817),(5817,817),(5818,817),(5819,817),(5820,817),(5821,818),(5822,818),(5823,818),(5824,818),(5825,818),(5826,818),(5827,818),(5828,819),(5829,819),(5830,819),(5831,819),(5832,819),(5833,819),(5834,819),(5835,820),(5836,820),(5837,820),(5838,820),(5839,820),(5840,820),(5841,820),(5842,821),(5843,821),(5844,821),(5845,821),(5846,821),(5847,821),(5848,821),(5849,822),(5850,822),(5851,822),(5852,822),(5853,822),(5854,822),(5855,822),(5856,823),(5857,823),(5858,823),(5859,823),(5860,823),(5861,823),(5862,823),(5863,824),(5864,824),(5865,824),(5866,824),(5867,824),(5868,824),(5869,824),(5870,825),(5871,825),(5872,825),(5873,825),(5874,825),(5875,825),(5876,825),(5877,826),(5878,826),(5879,826),(5880,826),(5881,826),(5882,826),(5883,826),(5884,827),(5885,827),(5886,827),(5887,827),(5888,827),(5889,827),(5890,827),(5891,828),(5892,828),(5893,828),(5894,828),(5895,828),(5896,828),(5897,828),(5898,829),(5899,829),(5900,829),(5901,829),(5902,829),(5903,829),(5904,829),(5905,830),(5906,830),(5907,830),(5908,830),(5909,830),(5910,830),(5911,830),(5912,830),(5913,830),(5914,830),(5915,831),(5916,831),(5917,831),(5918,831),(5919,831),(5920,831),(5921,831),(5922,832),(5923,832),(5924,832),(5925,832),(5926,832),(5927,832),(5928,832),(5929,833),(5930,833),(5931,833),(5932,833),(5933,833),(5934,833),(5935,833),(5936,834),(5937,834),(5938,834),(5939,834),(5940,834),(5941,834),(5942,834),(5943,835),(5944,835),(5945,835),(5946,835),(5947,835),(5948,835),(5949,835),(5950,836),(5951,836),(5952,836),(5953,836),(5954,836),(5955,836),(5956,836),(5957,837),(5958,837),(5959,837),(5960,837),(5961,837),(5962,837),(5963,837),(5964,838),(5965,838),(5966,838),(5967,838),(5968,838),(5969,838),(5970,838),(5971,839),(5972,839),(5973,839),(5974,839),(5975,839),(5976,839),(5977,839),(5978,840),(5979,840),(5980,840),(5981,840),(5982,840),(5983,840),(5984,840),(5985,841),(5986,841),(5987,841),(5988,841),(5989,841),(5990,841),(5991,841),(5992,842),(5993,842),(5994,842),(5995,842),(5996,842),(5997,842),(5998,842),(5999,843),(6000,843),(6001,843),(6002,843),(6003,843),(6004,843),(6005,843),(6006,843),(6007,843),(6008,843),(6009,844),(6010,844),(6011,844),(6012,844),(6013,844),(6014,844),(6015,844),(6016,845),(6017,845),(6018,845),(6019,845),(6020,845),(6021,845),(6022,845),(6023,846),(6024,846),(6025,846),(6026,846),(6027,846),(6028,846),(6029,846),(6030,847),(6031,847),(6032,847),(6033,847),(6034,847),(6035,847),(6036,847),(6037,848),(6038,848),(6039,848),(6040,848),(6041,848),(6042,848),(6043,848),(6044,849),(6045,849),(6046,849),(6047,849),(6048,849),(6049,849),(6050,849),(6051,850),(6052,850),(6053,850),(6054,850),(6055,850),(6056,850),(6057,850),(6058,851),(6059,851),(6060,851),(6061,851),(6062,851),(6063,851),(6064,851),(6065,852),(6066,852),(6067,852),(6068,852),(6069,852),(6070,852),(6071,852),(6072,853),(6073,853),(6074,853),(6075,853),(6076,853),(6077,853),(6078,853),(6079,854),(6080,854),(6081,854),(6082,854),(6083,854),(6084,854),(6085,854),(6086,855),(6087,855),(6088,855),(6089,855),(6090,855),(6091,855),(6092,855),(6093,856),(6094,856),(6095,856),(6096,856),(6097,856),(6098,856),(6099,856),(6100,856),(6101,856),(6102,856),(6103,857),(6104,857),(6105,857),(6106,857),(6107,857),(6108,857),(6109,857),(6110,858),(6111,858),(6112,858),(6113,858),(6114,858),(6115,858),(6116,858),(6117,859),(6118,859),(6119,859),(6120,859),(6121,859),(6122,859),(6123,859),(6124,860),(6125,860),(6126,860),(6127,860),(6128,860),(6129,860),(6130,860),(6131,861),(6132,861),(6133,861),(6134,861),(6135,861),(6136,861),(6137,861),(6138,862),(6139,862),(6140,862),(6141,862),(6142,862),(6143,862),(6144,862),(6145,863),(6146,863),(6147,863),(6148,863),(6149,863),(6150,863),(6151,863),(6152,864),(6153,864),(6154,864),(6155,864),(6156,864),(6157,864),(6158,864),(6159,865),(6160,865),(6161,865),(6162,865),(6163,865),(6164,865),(6165,865),(6166,866),(6167,866),(6168,866),(6169,866),(6170,866),(6171,866),(6172,866),(6173,867),(6174,867),(6175,867),(6176,867),(6177,867),(6178,867),(6179,867),(6180,868),(6181,868),(6182,868),(6183,868),(6184,868),(6185,868),(6186,868),(6187,869),(6188,869),(6189,869),(6190,869),(6191,869),(6192,869),(6193,869),(6194,869),(6195,869),(6196,869),(6197,870),(6198,870),(6199,870),(6200,870),(6201,870),(6202,870),(6203,870),(6204,871),(6205,871),(6206,871),(6207,871),(6208,871),(6209,871),(6210,871),(6211,872),(6212,872),(6213,872),(6214,872),(6215,872),(6216,872),(6217,872),(6218,873),(6219,873),(6220,873),(6221,873),(6222,873),(6223,873),(6224,873),(6225,874),(6226,874),(6227,874),(6228,874),(6229,874),(6230,874),(6231,874),(6232,875),(6233,875),(6234,875),(6235,875),(6236,875),(6237,875),(6238,875),(6239,876),(6240,876),(6241,876),(6242,876),(6243,876),(6244,876),(6245,876),(6246,877),(6247,877),(6248,877),(6249,877),(6250,877),(6251,877),(6252,877),(6253,878),(6254,878),(6255,878),(6256,878),(6257,878),(6258,878),(6259,878),(6260,879),(6261,879),(6262,879),(6263,879),(6264,879),(6265,879),(6266,879),(6267,880),(6268,880),(6269,880),(6270,880),(6271,880),(6272,880),(6273,880),(6274,881),(6275,881),(6276,881),(6277,881),(6278,881),(6279,881),(6280,881),(6281,882),(6282,882),(6283,882),(6284,882),(6285,882),(6286,882),(6287,882),(6288,882),(6289,882),(6290,882),(6291,883),(6292,883),(6293,883),(6294,883),(6295,883),(6296,883),(6297,883),(6298,884),(6299,884),(6300,884),(6301,884),(6302,884),(6303,884),(6304,884),(6305,885),(6306,885),(6307,885),(6308,885),(6309,885),(6310,885),(6311,885),(6312,886),(6313,886),(6314,886),(6315,886),(6316,886),(6317,886),(6318,886),(6319,887),(6320,887),(6321,887),(6322,887),(6323,887),(6324,887),(6325,887),(6326,888),(6327,888),(6328,888),(6329,888),(6330,888),(6331,888),(6332,888),(6333,889),(6334,889),(6335,889),(6336,889),(6337,889),(6338,889),(6339,889),(6340,890),(6341,890),(6342,890),(6343,890),(6344,890),(6345,890),(6346,890),(6347,891),(6348,891),(6349,891),(6350,891),(6351,891),(6352,891),(6353,891),(6354,892),(6355,892),(6356,892),(6357,892),(6358,892),(6359,892),(6360,892),(6361,893),(6362,893),(6363,893),(6364,893),(6365,893),(6366,893),(6367,893),(6368,894),(6369,894),(6370,894),(6371,894),(6372,894),(6373,894),(6374,894),(6375,895),(6376,895),(6377,895),(6378,895),(6379,895),(6380,895),(6381,895),(6382,895),(6383,895),(6384,895),(6385,896),(6386,896),(6387,896),(6388,896),(6389,896),(6390,896),(6391,896),(6392,897),(6393,897),(6394,897),(6395,897),(6396,897),(6397,897),(6398,897),(6399,898),(6400,898),(6401,898),(6402,898),(6403,898),(6404,898),(6405,898),(6406,899),(6407,899),(6408,899),(6409,899),(6410,899),(6411,899),(6412,899),(6413,900),(6414,900),(6415,900),(6416,900),(6417,900),(6418,900),(6419,900),(6420,901),(6421,901),(6422,901),(6423,901),(6424,901),(6425,901),(6426,901),(6427,902),(6428,902),(6429,902),(6430,902),(6431,902),(6432,902),(6433,902),(6434,903),(6435,903),(6436,903),(6437,903),(6438,903),(6439,903),(6440,903),(6441,904),(6442,904),(6443,904),(6444,904),(6445,904),(6446,904),(6447,904),(6448,905),(6449,905),(6450,905),(6451,905),(6452,905),(6453,905),(6454,905),(6455,906),(6456,906),(6457,906),(6458,906),(6459,906),(6460,906),(6461,906),(6462,907),(6463,907),(6464,907),(6465,907),(6466,907),(6467,907),(6468,907),(6469,908),(6470,908),(6471,908),(6472,908),(6473,908),(6474,908),(6475,908),(6476,908),(6477,908),(6478,908),(6479,909),(6480,909),(6481,909),(6482,909),(6483,909),(6484,909),(6485,909),(6486,910),(6487,910),(6488,910),(6489,910),(6490,910),(6491,910),(6492,910),(6493,911),(6494,911),(6495,911),(6496,911),(6497,911),(6498,911),(6499,911),(6500,912),(6501,912),(6502,912),(6503,912),(6504,912),(6505,912),(6506,912),(6507,913),(6508,913),(6509,913),(6510,913),(6511,913),(6512,913),(6513,913),(6514,913),(6515,913),(6516,913),(6517,914),(6518,914),(6519,914),(6520,914),(6521,914),(6522,914),(6523,914),(6524,915),(6525,915),(6526,915),(6527,915),(6528,915),(6529,915),(6530,915),(6531,916),(6532,916),(6533,916),(6534,916),(6535,916),(6536,916),(6537,916),(6538,917),(6539,917),(6540,917),(6541,917),(6542,917),(6543,917),(6544,917),(6545,918),(6546,918),(6547,918),(6548,918),(6549,918),(6550,918),(6551,918),(6552,919),(6553,919),(6554,919),(6555,919),(6556,919),(6557,919),(6558,919),(6559,920),(6560,920),(6561,920),(6562,920),(6563,920),(6564,920),(6565,920),(6566,921),(6567,921),(6568,921),(6569,921),(6570,921),(6571,921),(6572,921),(6573,922),(6574,922),(6575,922),(6576,922),(6577,922),(6578,922),(6579,922),(6580,923),(6581,923),(6582,923),(6583,923),(6584,923),(6585,923),(6586,923),(6587,924),(6588,924),(6589,924),(6590,924),(6591,924),(6592,924),(6593,924),(6594,925),(6595,925),(6596,925),(6597,925),(6598,925),(6599,925),(6600,925),(6601,926),(6602,926),(6603,926),(6604,926),(6605,926),(6606,926),(6607,926),(6608,926),(6609,926),(6610,926),(6611,927),(6612,927),(6613,927),(6614,927),(6615,927),(6616,927),(6617,927),(6618,928),(6619,928),(6620,928),(6621,928),(6622,928),(6623,928),(6624,928),(6625,929),(6626,929),(6627,929),(6628,929),(6629,929),(6630,929),(6631,929),(6632,930),(6633,930),(6634,930),(6635,930),(6636,930),(6637,930),(6638,930),(6639,931),(6640,931),(6641,931),(6642,931),(6643,931),(6644,931),(6645,931),(6646,932),(6647,932),(6648,932),(6649,932),(6650,932),(6651,932),(6652,932),(6653,933),(6654,933),(6655,933),(6656,933),(6657,933),(6658,933),(6659,933),(6660,934),(6661,934),(6662,934),(6663,934),(6664,934),(6665,934),(6666,934),(6667,935),(6668,935),(6669,935),(6670,935),(6671,935),(6672,935),(6673,935),(6674,936),(6675,936),(6676,936),(6677,936),(6678,936),(6679,936),(6680,936),(6681,937),(6682,937),(6683,937),(6684,937),(6685,937),(6686,937),(6687,937),(6688,938),(6689,938),(6690,938),(6691,938),(6692,938),(6693,938),(6694,938),(6695,939),(6696,939),(6697,939),(6698,939),(6699,939),(6700,939),(6701,939),(6702,939),(6703,939),(6704,939),(6705,940),(6706,940),(6707,940),(6708,940),(6709,940),(6710,940),(6711,940),(6712,941),(6713,941),(6714,941),(6715,941),(6716,941),(6717,941),(6718,941),(6719,942),(6720,942),(6721,942),(6722,942),(6723,942),(6724,942),(6725,942),(6726,943),(6727,943),(6728,943),(6729,943),(6730,943),(6731,943),(6732,943),(6733,944),(6734,944),(6735,944),(6736,944),(6737,944),(6738,944),(6739,944),(6740,945),(6741,945),(6742,945),(6743,945),(6744,945),(6745,945),(6746,945),(6747,946),(6748,946),(6749,946),(6750,946),(6751,946),(6752,946),(6753,946),(6754,947),(6755,947),(6756,947),(6757,947),(6758,947),(6759,947),(6760,947),(6761,948),(6762,948),(6763,948),(6764,948),(6765,948),(6766,948),(6767,948),(6768,949),(6769,949),(6770,949),(6771,949),(6772,949),(6773,949),(6774,949),(6775,950),(6776,950),(6777,950),(6778,950),(6779,950),(6780,950),(6781,950),(6782,951),(6783,951),(6784,951),(6785,951),(6786,951),(6787,951),(6788,951),(6789,952),(6790,952),(6791,952),(6792,952),(6793,952),(6794,952),(6795,952),(6796,952),(6797,952),(6798,952),(6799,953),(6800,953),(6801,953),(6802,953),(6803,953),(6804,953),(6805,953),(6806,954),(6807,954),(6808,954),(6809,954),(6810,954),(6811,954),(6812,954),(6813,955),(6814,955),(6815,955),(6816,955),(6817,955),(6818,955),(6819,955),(6820,956),(6821,956),(6822,956),(6823,956),(6824,956),(6825,956),(6826,956),(6827,957),(6828,957),(6829,957),(6830,957),(6831,957),(6832,957),(6833,957),(6834,958),(6835,958),(6836,958),(6837,958),(6838,958),(6839,958),(6840,958),(6841,959),(6842,959),(6843,959),(6844,959),(6845,959),(6846,959),(6847,959),(6848,960),(6849,960),(6850,960),(6851,960),(6852,960),(6853,960),(6854,960),(6855,961),(6856,961),(6857,961),(6858,961),(6859,961),(6860,961),(6861,961),(6862,962),(6863,962),(6864,962),(6865,962),(6866,962),(6867,962),(6868,962),(6869,963),(6870,963),(6871,963),(6872,963),(6873,963),(6874,963),(6875,963),(6876,964),(6877,964),(6878,964),(6879,964),(6880,964),(6881,964),(6882,964),(6883,965),(6884,965),(6885,965),(6886,965),(6887,965),(6888,965),(6889,965),(6890,965),(6891,965),(6892,965),(6893,966),(6894,966),(6895,966),(6896,966),(6897,966),(6898,966),(6899,966),(6900,967),(6901,967),(6902,967),(6903,967),(6904,967),(6905,967),(6906,967),(6907,968),(6908,968),(6909,968),(6910,968),(6911,968),(6912,968),(6913,968),(6914,969),(6915,969),(6916,969),(6917,969),(6918,969),(6919,969),(6920,969),(6921,970),(6922,970),(6923,970),(6924,970),(6925,970),(6926,970),(6927,970),(6928,971),(6929,971),(6930,971),(6931,971),(6932,971),(6933,971),(6934,971),(6935,972),(6936,972),(6937,972),(6938,972),(6939,972),(6940,972),(6941,972),(6942,973),(6943,973),(6944,973),(6945,973),(6946,973),(6947,973),(6948,973),(6949,974),(6950,974),(6951,974),(6952,974),(6953,974),(6954,974),(6955,974),(6956,975),(6957,975),(6958,975),(6959,975),(6960,975),(6961,975),(6962,975),(6963,976),(6964,976),(6965,976),(6966,976),(6967,976),(6968,976),(6969,976),(6970,977),(6971,977),(6972,977),(6973,977),(6974,977),(6975,977),(6976,977),(6977,978),(6978,978),(6979,978),(6980,978),(6981,978),(6982,978),(6983,978),(6984,978),(6985,978),(6986,978),(6987,979),(6988,979),(6989,979),(6990,979),(6991,979),(6992,979),(6993,979),(6994,980),(6995,980),(6996,980),(6997,980),(6998,980),(6999,980),(7000,980),(7001,981),(7002,981),(7003,981),(7004,981),(7005,981),(7006,981),(7007,981),(7008,982),(7009,982),(7010,982),(7011,982),(7012,982),(7013,982),(7014,982),(7015,983),(7016,983),(7017,983),(7018,983),(7019,983),(7020,983),(7021,983),(7022,984),(7023,984),(7024,984),(7025,984),(7026,984),(7027,984),(7028,984),(7029,985),(7030,985),(7031,985),(7032,985),(7033,985),(7034,985),(7035,985),(7036,986),(7037,986),(7038,986),(7039,986),(7040,986),(7041,986),(7042,986),(7043,987),(7044,987),(7045,987),(7046,987),(7047,987),(7048,987),(7049,987),(7050,988),(7051,988),(7052,988),(7053,988),(7054,988),(7055,988),(7056,988),(7057,989),(7058,989),(7059,989),(7060,989),(7061,989),(7062,989),(7063,989),(7064,990),(7065,990),(7066,990),(7067,990),(7068,990),(7069,990),(7070,990),(7071,991),(7072,991),(7073,991),(7074,991),(7075,991),(7076,991),(7077,991),(7078,991),(7079,991),(7080,991),(7081,992),(7082,992),(7083,992),(7084,992),(7085,992),(7086,992),(7087,992),(7088,993),(7089,993),(7090,993),(7091,993),(7092,993),(7093,993),(7094,993),(7095,994),(7096,994),(7097,994),(7098,994),(7099,994),(7100,994),(7101,994),(7102,995),(7103,995),(7104,995),(7105,995),(7106,995),(7107,995),(7108,995),(7109,996),(7110,996),(7111,996),(7112,996),(7113,996),(7114,996),(7115,996),(7116,997),(7117,997),(7118,997),(7119,997),(7120,997),(7121,997),(7122,997),(7123,998),(7124,998),(7125,998),(7126,998),(7127,998),(7128,998),(7129,998),(7130,999),(7131,999),(7132,999),(7133,999),(7134,999),(7135,999),(7136,999),(7137,1000),(7138,1000),(7139,1000),(7140,1000),(7141,1000),(7142,1000),(7143,1000),(7144,1001),(7145,1001),(7146,1001),(7147,1001),(7148,1001),(7149,1001),(7150,1001),(7151,1002),(7152,1002),(7153,1002),(7154,1002),(7155,1002),(7156,1002),(7157,1002),(7158,1003),(7159,1003),(7160,1003),(7161,1003),(7162,1003),(7163,1003),(7164,1003),(7165,1004),(7166,1004),(7167,1004),(7168,1004),(7169,1004),(7170,1004),(7171,1004),(7172,1004),(7173,1004),(7174,1004),(7175,1005),(7176,1005),(7177,1005),(7178,1005),(7179,1005),(7180,1005),(7181,1005),(7182,1006),(7183,1006),(7184,1006),(7185,1006),(7186,1006),(7187,1006),(7188,1006),(7189,1007),(7190,1007),(7191,1007),(7192,1007),(7193,1007),(7194,1007),(7195,1007),(7196,1008),(7197,1008),(7198,1008),(7199,1008),(7200,1008),(7201,1008),(7202,1008),(7203,1009),(7204,1009),(7205,1009),(7206,1009),(7207,1009),(7208,1009),(7209,1009),(7210,1010),(7211,1010),(7212,1010),(7213,1010),(7214,1010),(7215,1010),(7216,1010),(7217,1011),(7218,1011),(7219,1011),(7220,1011),(7221,1011),(7222,1011),(7223,1011),(7224,1012),(7225,1012),(7226,1012),(7227,1012),(7228,1012),(7229,1012),(7230,1012),(7231,1013),(7232,1013),(7233,1013),(7234,1013),(7235,1013),(7236,1013),(7237,1013),(7238,1014),(7239,1014),(7240,1014),(7241,1014),(7242,1014),(7243,1014),(7244,1014),(7245,1015),(7246,1015),(7247,1015),(7248,1015),(7249,1015),(7250,1015),(7251,1015),(7252,1016),(7253,1016),(7254,1016),(7255,1016),(7256,1016),(7257,1016),(7258,1016),(7259,1017),(7260,1017),(7261,1017),(7262,1017),(7263,1017),(7264,1017),(7265,1017),(7266,1017),(7267,1017),(7268,1017),(7269,1018),(7270,1018),(7271,1018),(7272,1018),(7273,1018),(7274,1018),(7275,1018),(7276,1019),(7277,1019),(7278,1019),(7279,1019),(7280,1019),(7281,1019),(7282,1019),(7283,1020),(7284,1020),(7285,1020),(7286,1020),(7287,1020),(7288,1020),(7289,1020),(7290,1021),(7291,1021),(7292,1021),(7293,1021),(7294,1021),(7295,1021),(7296,1021),(7297,1022),(7298,1022),(7299,1022),(7300,1022),(7301,1022),(7302,1022),(7303,1022),(7304,1023),(7305,1023),(7306,1023),(7307,1023),(7308,1023),(7309,1023),(7310,1023),(7311,1024),(7312,1024),(7313,1024),(7314,1024),(7315,1024),(7316,1024),(7317,1024),(7318,1025),(7319,1025),(7320,1025),(7321,1025),(7322,1025),(7323,1025),(7324,1025),(7325,1026),(7326,1026),(7327,1026),(7328,1026),(7329,1026),(7330,1026),(7331,1026),(7332,1027),(7333,1027),(7334,1027),(7335,1027),(7336,1027),(7337,1027),(7338,1027),(7339,1028),(7340,1028),(7341,1028),(7342,1028),(7343,1028),(7344,1028),(7345,1028),(7346,1029),(7347,1029),(7348,1029),(7349,1029),(7350,1029),(7351,1029),(7352,1029),(7353,1030),(7354,1030),(7355,1030),(7356,1030),(7357,1030),(7358,1030),(7359,1030),(7360,1030),(7361,1030),(7362,1030),(7363,1031),(7364,1031),(7365,1031),(7366,1031),(7367,1031),(7368,1031),(7369,1031),(7370,1032),(7371,1032),(7372,1032),(7373,1032),(7374,1032),(7375,1032),(7376,1032),(7377,1033),(7378,1033),(7379,1033),(7380,1033),(7381,1033),(7382,1033),(7383,1033),(7384,1034),(7385,1034),(7386,1034),(7387,1034),(7388,1034),(7389,1034),(7390,1034),(7391,1035),(7392,1035),(7393,1035),(7394,1035),(7395,1035),(7396,1035),(7397,1035),(7398,1036),(7399,1036),(7400,1036),(7401,1036),(7402,1036),(7403,1036),(7404,1036),(7405,1037),(7406,1037),(7407,1037),(7408,1037),(7409,1037),(7410,1037),(7411,1037),(7412,1038),(7413,1038),(7414,1038),(7415,1038),(7416,1038),(7417,1038),(7418,1038),(7419,1039),(7420,1039),(7421,1039),(7422,1039),(7423,1039),(7424,1039),(7425,1039),(7426,1040),(7427,1040),(7428,1040),(7429,1040),(7430,1040),(7431,1040),(7432,1040),(7433,1041),(7434,1041),(7435,1041),(7436,1041),(7437,1041),(7438,1041),(7439,1041),(7440,1042),(7441,1042),(7442,1042),(7443,1042),(7444,1042),(7445,1042),(7446,1042),(7447,1043),(7448,1043),(7449,1043),(7450,1043),(7451,1043),(7452,1043),(7453,1043),(7454,1043),(7455,1043),(7456,1043),(7457,1044),(7458,1044),(7459,1044),(7460,1044),(7461,1044),(7462,1044),(7463,1044),(7464,1045),(7465,1045),(7466,1045),(7467,1045),(7468,1045),(7469,1045),(7470,1045),(7471,1046),(7472,1046),(7473,1046),(7474,1046),(7475,1046),(7476,1046),(7477,1046),(7478,1047),(7479,1047),(7480,1047),(7481,1047),(7482,1047),(7483,1047),(7484,1047),(7485,1048),(7486,1048),(7487,1048),(7488,1048),(7489,1048),(7490,1048),(7491,1048),(7492,1049),(7493,1049),(7494,1049),(7495,1049),(7496,1049),(7497,1049),(7498,1049),(7499,1050),(7500,1050),(7501,1050),(7502,1050),(7503,1050),(7504,1050),(7505,1050),(7506,1051),(7507,1051),(7508,1051),(7509,1051),(7510,1051),(7511,1051),(7512,1051),(7513,1052),(7514,1052),(7515,1052),(7516,1052),(7517,1052),(7518,1052),(7519,1052),(7520,1053),(7521,1053),(7522,1053),(7523,1053),(7524,1053),(7525,1053),(7526,1053),(7527,1054),(7528,1054),(7529,1054),(7530,1054),(7531,1054),(7532,1054),(7533,1054),(7534,1055),(7535,1055),(7536,1055),(7537,1055),(7538,1055),(7539,1055),(7540,1055),(7541,1056),(7542,1056),(7543,1056),(7544,1056),(7545,1056),(7546,1056),(7547,1056),(7548,1057),(7549,1057),(7550,1057),(7551,1057),(7552,1057),(7553,1057),(7554,1057),(7555,1058),(7556,1058),(7557,1058),(7558,1058),(7559,1058),(7560,1058),(7561,1058),(7562,1059),(7563,1059),(7564,1059),(7565,1059),(7566,1059),(7567,1059),(7568,1059),(7569,1059),(7570,1059),(7571,1059),(7572,1060),(7573,1060),(7574,1060),(7575,1060),(7576,1060),(7577,1060),(7578,1060),(7579,1061),(7580,1061),(7581,1061),(7582,1061),(7583,1061),(7584,1061),(7585,1061),(7586,1062),(7587,1062),(7588,1062),(7589,1062),(7590,1062),(7591,1062),(7592,1062),(7593,1063),(7594,1063),(7595,1063),(7596,1063),(7597,1063),(7598,1063),(7599,1063),(7600,1064),(7601,1064),(7602,1064),(7603,1064),(7604,1064),(7605,1064),(7606,1064),(7607,1065),(7608,1065),(7609,1065),(7610,1065),(7611,1065),(7612,1065),(7613,1065),(7614,1066),(7615,1066),(7616,1066),(7617,1066),(7618,1066),(7619,1066),(7620,1066),(7621,1067),(7622,1067),(7623,1067),(7624,1067),(7625,1067),(7626,1067),(7627,1067),(7628,1068),(7629,1068),(7630,1068),(7631,1068),(7632,1068),(7633,1068),(7634,1068),(7635,1069),(7636,1069),(7637,1069),(7638,1069),(7639,1069),(7640,1069),(7641,1069),(7642,1070),(7643,1070),(7644,1070),(7645,1070),(7646,1070),(7647,1070),(7648,1070),(7649,1071),(7650,1071),(7651,1071),(7652,1071),(7653,1071),(7654,1071),(7655,1071),(7656,1072),(7657,1072),(7658,1072),(7659,1072),(7660,1072),(7661,1072),(7662,1072),(7663,1073),(7664,1073),(7665,1073),(7666,1073),(7667,1073),(7668,1073),(7669,1073),(7670,1074),(7671,1074),(7672,1074),(7673,1074),(7674,1074),(7675,1074),(7676,1074),(7677,1075),(7678,1075),(7679,1075),(7680,1075),(7681,1075),(7682,1075),(7683,1075),(7684,1075),(7685,1075),(7686,1075),(7687,1076),(7688,1076),(7689,1076),(7690,1076),(7691,1076),(7692,1076),(7693,1076),(7694,1077),(7695,1077),(7696,1077),(7697,1077),(7698,1077),(7699,1077),(7700,1077),(7701,1078),(7702,1078),(7703,1078),(7704,1078),(7705,1078),(7706,1078),(7707,1078),(7708,1079),(7709,1079),(7710,1079),(7711,1079),(7712,1079),(7713,1079),(7714,1079),(7715,1080),(7716,1080),(7717,1080),(7718,1080),(7719,1080),(7720,1080),(7721,1080),(7722,1081),(7723,1081),(7724,1081),(7725,1081),(7726,1081),(7727,1081),(7728,1081),(7729,1082),(7730,1082),(7731,1082),(7732,1082),(7733,1082),(7734,1082),(7735,1082),(7736,1083),(7737,1083),(7738,1083),(7739,1083),(7740,1083),(7741,1083),(7742,1083),(7743,1084),(7744,1084),(7745,1084),(7746,1084),(7747,1084),(7748,1084),(7749,1084),(7750,1085),(7751,1085),(7752,1085),(7753,1085),(7754,1085),(7755,1085),(7756,1085),(7757,1086),(7758,1086),(7759,1086),(7760,1086),(7761,1086),(7762,1086),(7763,1086),(7764,1087),(7765,1087),(7766,1087),(7767,1087),(7768,1087),(7769,1087),(7770,1087),(7771,1088),(7772,1088),(7773,1088),(7774,1088),(7775,1088),(7776,1088),(7777,1088),(7778,1089),(7779,1089),(7780,1089),(7781,1089),(7782,1089),(7783,1089),(7784,1089),(7785,1090),(7786,1090),(7787,1090),(7788,1090),(7789,1090),(7790,1090),(7791,1090),(7792,1091),(7793,1091),(7794,1091),(7795,1091),(7796,1091),(7797,1091),(7798,1091),(7799,1091),(7800,1091),(7801,1091),(7802,1092),(7803,1092),(7804,1092),(7805,1092),(7806,1092),(7807,1092),(7808,1092),(7809,1093),(7810,1093),(7811,1093),(7812,1093),(7813,1093),(7814,1093),(7815,1093),(7816,1094),(7817,1094),(7818,1094),(7819,1094),(7820,1094),(7821,1094),(7822,1094),(7823,1095),(7824,1095),(7825,1095),(7826,1095),(7827,1095),(7828,1095),(7829,1095),(7830,1096),(7831,1096),(7832,1096),(7833,1096),(7834,1096),(7835,1096),(7836,1096),(7837,1097),(7838,1097),(7839,1097),(7840,1097),(7841,1097),(7842,1097),(7843,1097),(7844,1098),(7845,1098),(7846,1098),(7847,1098),(7848,1098),(7849,1098),(7850,1098),(7851,1099),(7852,1099),(7853,1099),(7854,1099),(7855,1099),(7856,1099),(7857,1099),(7858,1100),(7859,1100),(7860,1100),(7861,1100),(7862,1100),(7863,1100),(7864,1100),(7865,1101),(7866,1101),(7867,1101),(7868,1101),(7869,1101),(7870,1101),(7871,1101),(7872,1102),(7873,1102),(7874,1102),(7875,1102),(7876,1102),(7877,1102),(7878,1102),(7879,1103),(7880,1103),(7881,1103),(7882,1103),(7883,1103),(7884,1103),(7885,1103),(7886,1104),(7887,1104),(7888,1104),(7889,1104),(7890,1104),(7891,1104),(7892,1104),(7893,1105),(7894,1105),(7895,1105),(7896,1105),(7897,1105),(7898,1105),(7899,1105),(7900,1106),(7901,1106),(7902,1106),(7903,1106),(7904,1106),(7905,1106),(7906,1106),(7907,1107),(7908,1107),(7909,1107),(7910,1107),(7911,1107),(7912,1107),(7913,1107),(7914,1107),(7915,1107),(7916,1107),(7917,1108),(7918,1108),(7919,1108),(7920,1108),(7921,1108),(7922,1108),(7923,1108),(7924,1109),(7925,1109),(7926,1109),(7927,1109),(7928,1109),(7929,1109),(7930,1109),(7931,1110),(7932,1110),(7933,1110),(7934,1110),(7935,1110),(7936,1110),(7937,1110),(7938,1111),(7939,1111),(7940,1111),(7941,1111),(7942,1111),(7943,1111),(7944,1111),(7945,1112),(7946,1112),(7947,1112),(7948,1112),(7949,1112),(7950,1112),(7951,1112),(7952,1113),(7953,1113),(7954,1113),(7955,1113),(7956,1113),(7957,1113),(7958,1113),(7959,1114),(7960,1114),(7961,1114),(7962,1114),(7963,1114),(7964,1114),(7965,1114),(7966,1115),(7967,1115),(7968,1115),(7969,1115),(7970,1115),(7971,1115),(7972,1115),(7973,1116),(7974,1116),(7975,1116),(7976,1116),(7977,1116),(7978,1116),(7979,1116),(7980,1117),(7981,1117),(7982,1117),(7983,1117),(7984,1117),(7985,1117),(7986,1117),(7987,1118),(7988,1118),(7989,1118),(7990,1118),(7991,1118),(7992,1118),(7993,1118),(7994,1119),(7995,1119),(7996,1119),(7997,1119),(7998,1119),(7999,1119),(8000,1119),(8001,1120),(8002,1120),(8003,1120),(8004,1120),(8005,1120),(8006,1120),(8007,1120),(8008,1121),(8009,1121),(8010,1121),(8011,1121),(8012,1121),(8013,1121),(8014,1121),(8015,1122),(8016,1122),(8017,1122),(8018,1122),(8019,1122),(8020,1122),(8021,1122),(8022,1123),(8023,1123),(8024,1123),(8025,1123),(8026,1123),(8027,1123),(8028,1123),(8029,1123),(8030,1123),(8031,1123),(8032,1124),(8033,1124),(8034,1124),(8035,1124),(8036,1124),(8037,1124),(8038,1124),(8039,1125),(8040,1125),(8041,1125),(8042,1125),(8043,1125),(8044,1125),(8045,1125),(8046,1126),(8047,1126),(8048,1126),(8049,1126),(8050,1126),(8051,1126),(8052,1126),(8053,1127),(8054,1127),(8055,1127),(8056,1127),(8057,1127),(8058,1127),(8059,1127),(8060,1128),(8061,1128),(8062,1128),(8063,1128),(8064,1128),(8065,1128),(8066,1128),(8067,1129),(8068,1129),(8069,1129),(8070,1129),(8071,1129),(8072,1129),(8073,1129),(8074,1129),(8075,1129),(8076,1129),(8077,1130),(8078,1130),(8079,1130),(8080,1130),(8081,1130),(8082,1130),(8083,1130),(8084,1131),(8085,1131),(8086,1131),(8087,1131),(8088,1131),(8089,1131),(8090,1131),(8091,1132),(8092,1132),(8093,1132),(8094,1132),(8095,1132),(8096,1132),(8097,1132),(8098,1133),(8099,1133),(8100,1133),(8101,1133),(8102,1133),(8103,1133),(8104,1133),(8105,1134),(8106,1134),(8107,1134),(8108,1134),(8109,1134),(8110,1134),(8111,1134),(8112,1135),(8113,1135),(8114,1135),(8115,1135),(8116,1135),(8117,1135),(8118,1135),(8119,1136),(8120,1136),(8121,1136),(8122,1136),(8123,1136),(8124,1136),(8125,1136),(8126,1137),(8127,1137),(8128,1137),(8129,1137),(8130,1137),(8131,1137),(8132,1137),(8133,1138),(8134,1138),(8135,1138),(8136,1138),(8137,1138),(8138,1138),(8139,1138),(8140,1139),(8141,1139),(8142,1139),(8143,1139),(8144,1139),(8145,1139),(8146,1139),(8147,1140),(8148,1140),(8149,1140),(8150,1140),(8151,1140),(8152,1140),(8153,1140),(8154,1141),(8155,1141),(8156,1141),(8157,1141),(8158,1141),(8159,1141),(8160,1141),(8161,1142),(8162,1142),(8163,1142),(8164,1142),(8165,1142),(8166,1142),(8167,1142),(8168,1143),(8169,1143),(8170,1143),(8171,1143),(8172,1143),(8173,1143),(8174,1143),(8175,1144),(8176,1144),(8177,1144),(8178,1144),(8179,1144),(8180,1144),(8181,1144),(8182,1145),(8183,1145),(8184,1145),(8185,1145),(8186,1145),(8187,1145),(8188,1145),(8189,1145),(8190,1145),(8191,1145),(8192,1146),(8193,1146),(8194,1146),(8195,1146),(8196,1146),(8197,1146),(8198,1146),(8199,1147),(8200,1147),(8201,1147),(8202,1147),(8203,1147),(8204,1147),(8205,1147),(8206,1148),(8207,1148),(8208,1148),(8209,1148),(8210,1148),(8211,1148),(8212,1148),(8213,1149),(8214,1149),(8215,1149),(8216,1149),(8217,1149),(8218,1149),(8219,1149),(8220,1150),(8221,1150),(8222,1150),(8223,1150),(8224,1150),(8225,1150),(8226,1150),(8227,1151),(8228,1151),(8229,1151),(8230,1151),(8231,1151),(8232,1151),(8233,1151),(8234,1152),(8235,1152),(8236,1152),(8237,1152),(8238,1152),(8239,1152),(8240,1152),(8241,1153),(8242,1153),(8243,1153),(8244,1153),(8245,1153),(8246,1153),(8247,1153),(8248,1154),(8249,1154),(8250,1154),(8251,1154),(8252,1154),(8253,1154),(8254,1154),(8255,1155),(8256,1155),(8257,1155),(8258,1155),(8259,1155),(8260,1155),(8261,1155),(8262,1156),(8263,1156),(8264,1156),(8265,1156),(8266,1156),(8267,1156),(8268,1156),(8269,1157),(8270,1157),(8271,1157),(8272,1157),(8273,1157),(8274,1157),(8275,1157),(8276,1158),(8277,1158),(8278,1158),(8279,1158),(8280,1158),(8281,1158),(8282,1158),(8283,1159),(8284,1159),(8285,1159),(8286,1159),(8287,1159),(8288,1159),(8289,1159),(8290,1160),(8291,1160),(8292,1160),(8293,1160),(8294,1160),(8295,1160),(8296,1160),(8297,1161),(8298,1161),(8299,1161),(8300,1161),(8301,1161),(8302,1161),(8303,1161),(8304,1161),(8305,1161),(8306,1161),(8307,1162),(8308,1162),(8309,1162),(8310,1162),(8311,1162),(8312,1162),(8313,1162),(8314,1163),(8315,1163),(8316,1163),(8317,1163),(8318,1163),(8319,1163),(8320,1163),(8321,1164),(8322,1164),(8323,1164),(8324,1164),(8325,1164),(8326,1164),(8327,1164),(8328,1165),(8329,1165),(8330,1165),(8331,1165),(8332,1165),(8333,1165),(8334,1165),(8335,1166),(8336,1166),(8337,1166),(8338,1166),(8339,1166),(8340,1166),(8341,1166),(8342,1167),(8343,1167),(8344,1167),(8345,1167),(8346,1167),(8347,1167),(8348,1167),(8349,1168),(8350,1168),(8351,1168),(8352,1168),(8353,1168),(8354,1168),(8355,1168),(8356,1169),(8357,1169),(8358,1169),(8359,1169),(8360,1169),(8361,1169),(8362,1169),(8363,1170),(8364,1170),(8365,1170),(8366,1170),(8367,1170),(8368,1170),(8369,1170),(8370,1171),(8371,1171),(8372,1171),(8373,1171),(8374,1171),(8375,1171),(8376,1171),(8377,1172),(8378,1172),(8379,1172),(8380,1172),(8381,1172),(8382,1172),(8383,1172),(8384,1173),(8385,1173),(8386,1173),(8387,1173),(8388,1173),(8389,1173),(8390,1173),(8391,1174),(8392,1174),(8393,1174),(8394,1174),(8395,1174),(8396,1174),(8397,1174),(8398,1175),(8399,1175),(8400,1175),(8401,1175),(8402,1175),(8403,1175),(8404,1175),(8405,1176),(8406,1176),(8407,1176),(8408,1176),(8409,1176),(8410,1176),(8411,1176),(8412,1177),(8413,1177),(8414,1177),(8415,1177),(8416,1177),(8417,1177),(8418,1177),(8419,1177),(8420,1177),(8421,1177),(8422,1178),(8423,1178),(8424,1178),(8425,1178),(8426,1178),(8427,1178),(8428,1178),(8429,1179),(8430,1179),(8431,1179),(8432,1179),(8433,1179),(8434,1179),(8435,1179),(8436,1180),(8437,1180),(8438,1180),(8439,1180),(8440,1180),(8441,1180),(8442,1180),(8443,1181),(8444,1181),(8445,1181),(8446,1181),(8447,1181),(8448,1181),(8449,1181),(8450,1182),(8451,1182),(8452,1182),(8453,1182),(8454,1182),(8455,1182),(8456,1182),(8457,1183),(8458,1183),(8459,1183),(8460,1183),(8461,1183),(8462,1183),(8463,1183),(8464,1184),(8465,1184),(8466,1184),(8467,1184),(8468,1184),(8469,1184),(8470,1184),(8471,1185),(8472,1185),(8473,1185),(8474,1185),(8475,1185),(8476,1185),(8477,1185),(8478,1186),(8479,1186),(8480,1186),(8481,1186),(8482,1186),(8483,1186),(8484,1186),(8485,1187),(8486,1187),(8487,1187),(8488,1187),(8489,1187),(8490,1187),(8491,1187),(8492,1188),(8493,1188),(8494,1188),(8495,1188),(8496,1188),(8497,1188),(8498,1188),(8499,1189),(8500,1189),(8501,1189),(8502,1189),(8503,1189),(8504,1189),(8505,1189),(8506,1190),(8507,1190),(8508,1190),(8509,1190),(8510,1190),(8511,1190),(8512,1190),(8513,1191),(8514,1191),(8515,1191),(8516,1191),(8517,1191),(8518,1191),(8519,1191),(8520,1192),(8521,1192),(8522,1192),(8523,1192),(8524,1192),(8525,1192),(8526,1192),(8527,1193),(8528,1193),(8529,1193),(8530,1193),(8531,1193),(8532,1193),(8533,1193),(8534,1193),(8535,1193),(8536,1193),(8537,1194),(8538,1194),(8539,1194),(8540,1194),(8541,1194),(8542,1194),(8543,1194),(8544,1195),(8545,1195),(8546,1195),(8547,1195),(8548,1195),(8549,1195),(8550,1195),(8551,1196),(8552,1196),(8553,1196),(8554,1196),(8555,1196),(8556,1196),(8557,1196),(8558,1197),(8559,1197),(8560,1197),(8561,1197),(8562,1197),(8563,1197),(8564,1197),(8565,1198),(8566,1198),(8567,1198),(8568,1198),(8569,1198),(8570,1198),(8571,1198),(8572,1199),(8573,1199),(8574,1199),(8575,1199),(8576,1199),(8577,1199),(8578,1199),(8579,1200),(8580,1200),(8581,1200),(8582,1200),(8583,1200),(8584,1200),(8585,1200),(8586,1201),(8587,1201),(8588,1201),(8589,1201),(8590,1201),(8591,1201),(8592,1201),(8593,1202),(8594,1202),(8595,1202),(8596,1202),(8597,1202),(8598,1202),(8599,1202),(8600,1203),(8601,1203),(8602,1203),(8603,1203),(8604,1203),(8605,1203),(8606,1203),(8607,1204),(8608,1204),(8609,1204),(8610,1204),(8611,1204),(8612,1204),(8613,1204),(8614,1205),(8615,1205),(8616,1205),(8617,1205),(8618,1205),(8619,1205),(8620,1205),(8621,1206),(8622,1206),(8623,1206),(8624,1206),(8625,1206),(8626,1206),(8627,1206),(8628,1207),(8629,1207),(8630,1207),(8631,1207),(8632,1207),(8633,1207),(8634,1207),(8635,1208),(8636,1208),(8637,1208),(8638,1208),(8639,1208),(8640,1208),(8641,1208),(8642,1209),(8643,1209),(8644,1209),(8645,1209),(8646,1209),(8647,1209),(8648,1209),(8649,1209),(8650,1209),(8651,1209),(8652,1210),(8653,1210),(8654,1210),(8655,1210),(8656,1210),(8657,1210),(8658,1210),(8659,1211),(8660,1211),(8661,1211),(8662,1211),(8663,1211),(8664,1211),(8665,1211),(8666,1212),(8667,1212),(8668,1212),(8669,1212),(8670,1212),(8671,1212),(8672,1212),(8673,1213),(8674,1213),(8675,1213),(8676,1213),(8677,1213),(8678,1213),(8679,1213),(8680,1214),(8681,1214),(8682,1214),(8683,1214),(8684,1214),(8685,1214),(8686,1214),(8687,1215),(8688,1215),(8689,1215),(8690,1215),(8691,1215),(8692,1215),(8693,1215),(8694,1216),(8695,1216),(8696,1216),(8697,1216),(8698,1216),(8699,1216),(8700,1216),(8701,1217),(8702,1217),(8703,1217),(8704,1217),(8705,1217),(8706,1217),(8707,1217),(8708,1218),(8709,1218),(8710,1218),(8711,1218),(8712,1218),(8713,1218),(8714,1218),(8715,1219),(8716,1219),(8717,1219),(8718,1219),(8719,1219),(8720,1219),(8721,1219),(8722,1220),(8723,1220),(8724,1220),(8725,1220),(8726,1220),(8727,1220),(8728,1220),(8729,1221),(8730,1221),(8731,1221),(8732,1221),(8733,1221),(8734,1221),(8735,1221),(8736,1222),(8737,1222),(8738,1222),(8739,1222),(8740,1222),(8741,1222),(8742,1222),(8743,1223),(8744,1223),(8745,1223),(8746,1223),(8747,1223),(8748,1223),(8749,1223),(8750,1224),(8751,1224),(8752,1224),(8753,1224),(8754,1224),(8755,1224),(8756,1224),(8757,1225),(8758,1225),(8759,1225),(8760,1225),(8761,1225),(8762,1225),(8763,1225),(8764,1225),(8765,1225),(8766,1225),(8767,1226),(8768,1226),(8769,1226),(8770,1226),(8771,1226),(8772,1226),(8773,1226),(8774,1227),(8775,1227),(8776,1227),(8777,1227),(8778,1227),(8779,1227),(8780,1227),(8781,1228),(8782,1228),(8783,1228),(8784,1228),(8785,1228),(8786,1228),(8787,1228),(8788,1229),(8789,1229),(8790,1229),(8791,1229),(8792,1229),(8793,1229),(8794,1229),(8795,1230),(8796,1230),(8797,1230),(8798,1230),(8799,1230),(8800,1230),(8801,1230),(8802,1231),(8803,1231),(8804,1231),(8805,1231),(8806,1231),(8807,1231),(8808,1231),(8809,1232),(8810,1232),(8811,1232),(8812,1232),(8813,1232),(8814,1232),(8815,1232),(8816,1233),(8817,1233),(8818,1233),(8819,1233),(8820,1233),(8821,1233),(8822,1233),(8823,1234),(8824,1234),(8825,1234),(8826,1234),(8827,1234),(8828,1234),(8829,1234),(8830,1235),(8831,1235),(8832,1235),(8833,1235),(8834,1235),(8835,1235),(8836,1235),(8837,1235),(8838,1235),(8839,1235),(8840,1236),(8841,1236),(8842,1236),(8843,1236),(8844,1236),(8845,1236),(8846,1236),(8847,1237),(8848,1237),(8849,1237),(8850,1237),(8851,1237),(8852,1237),(8853,1237),(8854,1238),(8855,1238),(8856,1238),(8857,1238),(8858,1238),(8859,1238),(8860,1238),(8861,1239),(8862,1239),(8863,1239),(8864,1239),(8865,1239),(8866,1239),(8867,1239),(8868,1240),(8869,1240),(8870,1240),(8871,1240),(8872,1240),(8873,1240),(8874,1240),(8875,1241),(8876,1241),(8877,1241),(8878,1241),(8879,1241),(8880,1241),(8881,1241),(8882,1242),(8883,1242),(8884,1242),(8885,1242),(8886,1242),(8887,1242),(8888,1242),(8889,1243),(8890,1243),(8891,1243),(8892,1243),(8893,1243),(8894,1243),(8895,1243),(8896,1244),(8897,1244),(8898,1244),(8899,1244),(8900,1244),(8901,1244),(8902,1244),(8903,1245),(8904,1245),(8905,1245),(8906,1245),(8907,1245),(8908,1245),(8909,1245),(8910,1246),(8911,1246),(8912,1246),(8913,1246),(8914,1246),(8915,1246),(8916,1246),(8917,1247),(8918,1247),(8919,1247),(8920,1247),(8921,1247),(8922,1247),(8923,1247),(8924,1248),(8925,1248),(8926,1248),(8927,1248),(8928,1248),(8929,1248),(8930,1248),(8931,1249),(8932,1249),(8933,1249),(8934,1249),(8935,1249),(8936,1249),(8937,1249),(8938,1250),(8939,1250),(8940,1250),(8941,1250),(8942,1250),(8943,1250),(8944,1250),(8945,1251),(8946,1251),(8947,1251),(8948,1251),(8949,1251),(8950,1251),(8951,1251),(8952,1251),(8953,1251),(8954,1251),(8955,1252),(8956,1252),(8957,1252),(8958,1252),(8959,1252),(8960,1252),(8961,1252),(8962,1253),(8963,1253),(8964,1253),(8965,1253),(8966,1253),(8967,1253),(8968,1253),(8969,1254),(8970,1254),(8971,1254),(8972,1254),(8973,1254),(8974,1254),(8975,1254),(8976,1255),(8977,1255),(8978,1255),(8979,1255),(8980,1255),(8981,1255),(8982,1255),(8983,1256),(8984,1256),(8985,1256),(8986,1256),(8987,1256),(8988,1256),(8989,1256),(8990,1257),(8991,1257),(8992,1257),(8993,1257),(8994,1257),(8995,1257),(8996,1257),(8997,1258),(8998,1258),(8999,1258),(9000,1258),(9001,1258),(9002,1258),(9003,1258),(9004,1259),(9005,1259),(9006,1259),(9007,1259),(9008,1259),(9009,1259),(9010,1259),(9011,1260),(9012,1260),(9013,1260),(9014,1260),(9015,1260),(9016,1260),(9017,1260),(9018,1261),(9019,1261),(9020,1261),(9021,1261),(9022,1261),(9023,1261),(9024,1261),(9025,1262),(9026,1262),(9027,1262),(9028,1262),(9029,1262),(9030,1262),(9031,1262),(9032,1263),(9033,1263),(9034,1263),(9035,1263),(9036,1263),(9037,1263),(9038,1263),(9039,1264),(9040,1264),(9041,1264),(9042,1264),(9043,1264),(9044,1264),(9045,1264),(9046,1265),(9047,1265),(9048,1265),(9049,1265),(9050,1265),(9051,1265),(9052,1265),(9053,1266),(9054,1266),(9055,1266),(9056,1266),(9057,1266),(9058,1266),(9059,1266),(9060,1267),(9061,1267),(9062,1267),(9063,1267),(9064,1267),(9065,1267),(9066,1267),(9067,1267),(9068,1267),(9069,1267),(9070,1268),(9071,1268),(9072,1268),(9073,1268),(9074,1268),(9075,1268),(9076,1268),(9077,1269),(9078,1269),(9079,1269),(9080,1269),(9081,1269),(9082,1269),(9083,1269),(9084,1270),(9085,1270),(9086,1270),(9087,1270),(9088,1270),(9089,1270),(9090,1270),(9091,1271),(9092,1271),(9093,1271),(9094,1271),(9095,1271),(9096,1271),(9097,1271),(9098,1272),(9099,1272),(9100,1272),(9101,1272),(9102,1272),(9103,1272),(9104,1272),(9105,1273),(9106,1273),(9107,1273),(9108,1273),(9109,1273),(9110,1273),(9111,1273),(9112,1274),(9113,1274),(9114,1274),(9115,1274),(9116,1274),(9117,1274),(9118,1274),(9119,1275),(9120,1275),(9121,1275),(9122,1275),(9123,1275),(9124,1275),(9125,1275),(9126,1276),(9127,1276),(9128,1276),(9129,1276),(9130,1276),(9131,1276),(9132,1276),(9133,1277),(9134,1277),(9135,1277),(9136,1277),(9137,1277),(9138,1277),(9139,1277),(9140,1278),(9141,1278),(9142,1278),(9143,1278),(9144,1278),(9145,1278),(9146,1278),(9147,1279),(9148,1279),(9149,1279),(9150,1279),(9151,1279),(9152,1279),(9153,1279),(9154,1280),(9155,1280),(9156,1280),(9157,1280),(9158,1280),(9159,1280),(9160,1280),(9161,1281),(9162,1281),(9163,1281),(9164,1281),(9165,1281),(9166,1281),(9167,1281),(9168,1282),(9169,1282),(9170,1282),(9171,1282),(9172,1282),(9173,1282),(9174,1282),(9175,1283),(9176,1283),(9177,1283),(9178,1283),(9179,1283),(9180,1283),(9181,1283),(9182,1283),(9183,1283),(9184,1283),(9185,1284),(9186,1284),(9187,1284),(9188,1284),(9189,1284),(9190,1284),(9191,1284),(9192,1285),(9193,1285),(9194,1285),(9195,1285),(9196,1285),(9197,1285),(9198,1285),(9199,1286),(9200,1286),(9201,1286),(9202,1286),(9203,1286),(9204,1286),(9205,1286),(9206,1287),(9207,1287),(9208,1287),(9209,1287),(9210,1287),(9211,1287),(9212,1287),(9213,1288),(9214,1288),(9215,1288),(9216,1288),(9217,1288),(9218,1288),(9219,1288),(9220,1289),(9221,1289),(9222,1289),(9223,1289),(9224,1289),(9225,1289),(9226,1289),(9227,1290),(9228,1290),(9229,1290),(9230,1290),(9231,1290),(9232,1290),(9233,1290),(9234,1291),(9235,1291),(9236,1291),(9237,1291),(9238,1291),(9239,1291),(9240,1291),(9241,1292),(9242,1292),(9243,1292),(9244,1292),(9245,1292),(9246,1292),(9247,1292),(9248,1293),(9249,1293),(9250,1293),(9251,1293),(9252,1293),(9253,1293),(9254,1293),(9255,1294),(9256,1294),(9257,1294),(9258,1294),(9259,1294),(9260,1294),(9261,1294),(9262,1295),(9263,1295),(9264,1295),(9265,1295),(9266,1295),(9267,1295),(9268,1295),(9269,1296),(9270,1296),(9271,1296),(9272,1296),(9273,1296),(9274,1296),(9275,1296),(9276,1297),(9277,1297),(9278,1297),(9279,1297),(9280,1297),(9281,1297),(9282,1297),(9283,1298),(9284,1298),(9285,1298),(9286,1298),(9287,1298),(9288,1298),(9289,1298),(9290,1299),(9291,1299),(9292,1299),(9293,1299),(9294,1299),(9295,1299),(9296,1299),(9297,1299),(9298,1299),(9299,1299),(9300,1300),(9301,1300),(9302,1300),(9303,1300),(9304,1300),(9305,1300),(9306,1300),(9307,1301),(9308,1301),(9309,1301),(9310,1301),(9311,1301),(9312,1301),(9313,1301),(9314,1302),(9315,1302),(9316,1302),(9317,1302),(9318,1302),(9319,1302),(9320,1302),(9321,1303),(9322,1303),(9323,1303),(9324,1303),(9325,1303),(9326,1303),(9327,1303),(9328,1304),(9329,1304),(9330,1304),(9331,1304),(9332,1304),(9333,1304),(9334,1304),(9335,1305),(9336,1305),(9337,1305),(9338,1305),(9339,1305),(9340,1305),(9341,1305),(9342,1306),(9343,1306),(9344,1306),(9345,1306),(9346,1306),(9347,1306),(9348,1306),(9349,1307),(9350,1307),(9351,1307),(9352,1307),(9353,1307),(9354,1307),(9355,1307),(9356,1308),(9357,1308),(9358,1308),(9359,1308),(9360,1308),(9361,1308),(9362,1308),(9363,1309),(9364,1309),(9365,1309),(9366,1309),(9367,1309),(9368,1309),(9369,1309),(9370,1310),(9371,1310),(9372,1310),(9373,1310),(9374,1310),(9375,1310),(9376,1310),(9377,1311),(9378,1311),(9379,1311),(9380,1311),(9381,1311),(9382,1311),(9383,1311),(9384,1312),(9385,1312),(9386,1312),(9387,1312),(9388,1312),(9389,1312),(9390,1312),(9391,1313),(9392,1313),(9393,1313),(9394,1313),(9395,1313),(9396,1313),(9397,1313),(9398,1314),(9399,1314),(9400,1314),(9401,1314),(9402,1314),(9403,1314),(9404,1314),(9405,1315),(9406,1315),(9407,1315),(9408,1315),(9409,1315),(9410,1315),(9411,1315),(9412,1315),(9413,1315),(9414,1315),(9415,1316),(9416,1316),(9417,1316),(9418,1316),(9419,1316),(9420,1316),(9421,1316),(9422,1317),(9423,1317),(9424,1317),(9425,1317),(9426,1317),(9427,1317),(9428,1317),(9429,1318),(9430,1318),(9431,1318),(9432,1318),(9433,1318),(9434,1318),(9435,1318),(9436,1319),(9437,1319),(9438,1319),(9439,1319),(9440,1319),(9441,1319),(9442,1319),(9443,1320),(9444,1320),(9445,1320),(9446,1320),(9447,1320),(9448,1320),(9449,1320),(9450,1321),(9451,1321),(9452,1321),(9453,1321),(9454,1321),(9455,1321),(9456,1321),(9457,1322),(9458,1322),(9459,1322),(9460,1322),(9461,1322),(9462,1322),(9463,1322),(9464,1323),(9465,1323),(9466,1323),(9467,1323),(9468,1323),(9469,1323),(9470,1323),(9471,1324),(9472,1324),(9473,1324),(9474,1324),(9475,1324),(9476,1324),(9477,1324),(9478,1325),(9479,1325),(9480,1325),(9481,1325),(9482,1325),(9483,1325),(9484,1325),(9485,1326),(9486,1326),(9487,1326),(9488,1326),(9489,1326),(9490,1326),(9491,1326),(9492,1327),(9493,1327),(9494,1327),(9495,1327),(9496,1327),(9497,1327),(9498,1327),(9499,1328),(9500,1328),(9501,1328),(9502,1328),(9503,1328),(9504,1328),(9505,1328),(9506,1329),(9507,1329),(9508,1329),(9509,1329),(9510,1329),(9511,1329),(9512,1329),(9513,1330),(9514,1330),(9515,1330),(9516,1330),(9517,1330),(9518,1330),(9519,1330),(9520,1331),(9521,1331),(9522,1331),(9523,1331),(9524,1331),(9525,1331),(9526,1331),(9527,1331),(9528,1331),(9529,1331),(9530,1332),(9531,1332),(9532,1332),(9533,1332),(9534,1332),(9535,1332),(9536,1332),(9537,1333),(9538,1333),(9539,1333),(9540,1333),(9541,1333),(9542,1333),(9543,1333),(9544,1334),(9545,1334),(9546,1334),(9547,1334),(9548,1334),(9549,1334),(9550,1334),(9551,1335),(9552,1335),(9553,1335),(9554,1335),(9555,1335),(9556,1335),(9557,1335),(9558,1336),(9559,1336),(9560,1336),(9561,1336),(9562,1336),(9563,1336),(9564,1336),(9565,1337),(9566,1337),(9567,1337),(9568,1337),(9569,1337),(9570,1337),(9571,1337),(9572,1338),(9573,1338),(9574,1338),(9575,1338),(9576,1338),(9577,1338),(9578,1338),(9579,1339),(9580,1339),(9581,1339),(9582,1339),(9583,1339),(9584,1339),(9585,1339),(9586,1340),(9587,1340),(9588,1340),(9589,1340),(9590,1340),(9591,1340),(9592,1340),(9593,1341),(9594,1341),(9595,1341),(9596,1341),(9597,1341),(9598,1341),(9599,1341),(9600,1342),(9601,1342),(9602,1342),(9603,1342),(9604,1342),(9605,1342),(9606,1342),(9607,1343),(9608,1343),(9609,1343),(9610,1343),(9611,1343),(9612,1343),(9613,1343),(9614,1344),(9615,1344),(9616,1344),(9617,1344),(9618,1344),(9619,1344),(9620,1344),(9621,1345),(9622,1345),(9623,1345),(9624,1345),(9625,1345),(9626,1345),(9627,1345),(9628,1346),(9629,1346),(9630,1346),(9631,1346),(9632,1346),(9633,1346),(9634,1346),(9635,1347),(9636,1347),(9637,1347),(9638,1347),(9639,1347),(9640,1347),(9641,1347),(9642,1347),(9643,1347),(9644,1347),(9645,1348),(9646,1348),(9647,1348),(9648,1348),(9649,1348),(9650,1348),(9651,1348),(9652,1349),(9653,1349),(9654,1349),(9655,1349),(9656,1349),(9657,1349),(9658,1349),(9659,1350),(9660,1350),(9661,1350),(9662,1350),(9663,1350),(9664,1350),(9665,1350),(9666,1351),(9667,1351),(9668,1351),(9669,1351),(9670,1351),(9671,1351),(9672,1351),(9673,1352),(9674,1352),(9675,1352),(9676,1352),(9677,1352),(9678,1352),(9679,1352),(9680,1353),(9681,1353),(9682,1353),(9683,1353),(9684,1353),(9685,1353),(9686,1353),(9687,1354),(9688,1354),(9689,1354),(9690,1354),(9691,1354),(9692,1354),(9693,1354),(9694,1355),(9695,1355),(9696,1355),(9697,1355),(9698,1355),(9699,1355),(9700,1355),(9701,1356),(9702,1356),(9703,1356),(9704,1356),(9705,1356),(9706,1356),(9707,1356),(9708,1357),(9709,1357),(9710,1357),(9711,1357),(9712,1357),(9713,1357),(9714,1357),(9715,1358),(9716,1358),(9717,1358),(9718,1358),(9719,1358),(9720,1358),(9721,1358),(9722,1359),(9723,1359),(9724,1359),(9725,1359),(9726,1359),(9727,1359),(9728,1359),(9729,1360),(9730,1360),(9731,1360),(9732,1360),(9733,1360),(9734,1360),(9735,1360),(9736,1361),(9737,1361),(9738,1361),(9739,1361),(9740,1361),(9741,1361),(9742,1361),(9743,1362),(9744,1362),(9745,1362),(9746,1362),(9747,1362),(9748,1362),(9749,1362),(9750,1363),(9751,1363),(9752,1363),(9753,1363),(9754,1363),(9755,1363),(9756,1363),(9757,1363),(9758,1363),(9759,1363),(9760,1364),(9761,1364),(9762,1364),(9763,1364),(9764,1364),(9765,1364),(9766,1364),(9767,1365),(9768,1365),(9769,1365),(9770,1365),(9771,1365),(9772,1365),(9773,1365),(9774,1366),(9775,1366),(9776,1366),(9777,1366),(9778,1366),(9779,1366),(9780,1366),(9781,1367),(9782,1367),(9783,1367),(9784,1367),(9785,1367),(9786,1367),(9787,1367),(9788,1368),(9789,1368),(9790,1368),(9791,1368),(9792,1368),(9793,1368),(9794,1368),(9795,1369),(9796,1369),(9797,1369),(9798,1369),(9799,1369),(9800,1369),(9801,1369),(9802,1370),(9803,1370),(9804,1370),(9805,1370),(9806,1370),(9807,1370),(9808,1370),(9809,1371),(9810,1371),(9811,1371),(9812,1371),(9813,1371),(9814,1371),(9815,1371),(9816,1372),(9817,1372),(9818,1372),(9819,1372),(9820,1372),(9821,1372),(9822,1372),(9823,1373),(9824,1373),(9825,1373),(9826,1373),(9827,1373),(9828,1373),(9829,1373),(9830,1374),(9831,1374),(9832,1374),(9833,1374),(9834,1374),(9835,1374),(9836,1374),(9837,1375),(9838,1375),(9839,1375),(9840,1375),(9841,1375),(9842,1375),(9843,1375),(9844,1376),(9845,1376),(9846,1376),(9847,1376),(9848,1376),(9849,1376),(9850,1376),(9851,1377),(9852,1377),(9853,1377),(9854,1377),(9855,1377),(9856,1377),(9857,1377),(9858,1378),(9859,1378),(9860,1378),(9861,1378),(9862,1378),(9863,1378),(9864,1378),(9865,1379),(9866,1379),(9867,1379),(9868,1379),(9869,1379),(9870,1379),(9871,1379),(9872,1379),(9873,1379),(9874,1379),(9875,1380),(9876,1380),(9877,1380),(9878,1380),(9879,1380),(9880,1380),(9881,1380),(9882,1381),(9883,1381),(9884,1381),(9885,1381),(9886,1381),(9887,1381),(9888,1381),(9889,1382),(9890,1382),(9891,1382),(9892,1382),(9893,1382),(9894,1382),(9895,1382),(9896,1383),(9897,1383),(9898,1383),(9899,1383),(9900,1383),(9901,1383),(9902,1383),(9903,1384),(9904,1384),(9905,1384),(9906,1384),(9907,1384),(9908,1384),(9909,1384),(9910,1385),(9911,1385),(9912,1385),(9913,1385),(9914,1385),(9915,1385),(9916,1385),(9917,1386),(9918,1386),(9919,1386),(9920,1386),(9921,1386),(9922,1386),(9923,1386),(9924,1387),(9925,1387),(9926,1387),(9927,1387),(9928,1387),(9929,1387),(9930,1387),(9931,1388),(9932,1388),(9933,1388),(9934,1388),(9935,1388),(9936,1388),(9937,1388),(9938,1389),(9939,1389),(9940,1389),(9941,1389),(9942,1389),(9943,1389),(9944,1389),(9945,1390),(9946,1390),(9947,1390),(9948,1390),(9949,1390),(9950,1390),(9951,1390),(9952,1391),(9953,1391),(9954,1391),(9955,1391),(9956,1391),(9957,1391),(9958,1391),(9959,1392),(9960,1392),(9961,1392),(9962,1392),(9963,1392),(9964,1392),(9965,1392),(9966,1393),(9967,1393),(9968,1393),(9969,1393),(9970,1393),(9971,1393),(9972,1393),(9973,1394),(9974,1394),(9975,1394),(9976,1394),(9977,1394),(9978,1394),(9979,1394),(9980,1395),(9981,1395),(9982,1395),(9983,1395),(9984,1395),(9985,1395),(9986,1395),(9987,1395),(9988,1395),(9989,1395),(9990,1396),(9991,1396),(9992,1396),(9993,1396),(9994,1396),(9995,1396),(9996,1396),(9997,1397),(9998,1397),(9999,1397),(10000,1397),(10001,1397),(10002,1397),(10003,1397),(10004,1398),(10005,1398),(10006,1398),(10007,1398),(10008,1398),(10009,1398),(10010,1398),(10011,1399),(10012,1399),(10013,1399),(10014,1399),(10015,1399),(10016,1399),(10017,1399),(10018,1400),(10019,1400),(10020,1400),(10021,1400),(10022,1400),(10023,1400),(10024,1400),(10025,1401),(10026,1401),(10027,1401),(10028,1401),(10029,1401),(10030,1401),(10031,1401),(10032,1402),(10033,1402),(10034,1402),(10035,1402),(10036,1402),(10037,1402),(10038,1402),(10039,1403),(10040,1403),(10041,1403),(10042,1403),(10043,1403),(10044,1403),(10045,1403),(10046,1404),(10047,1404),(10048,1404),(10049,1404),(10050,1404),(10051,1404),(10052,1404),(10053,1405),(10054,1405),(10055,1405),(10056,1405),(10057,1405),(10058,1405),(10059,1405),(10060,1406),(10061,1406),(10062,1406),(10063,1406),(10064,1406),(10065,1406),(10066,1406),(10067,1407),(10068,1407),(10069,1407),(10070,1407),(10071,1407),(10072,1407),(10073,1407),(10074,1408),(10075,1408),(10076,1408),(10077,1408),(10078,1408),(10079,1408),(10080,1408),(10081,1409),(10082,1409),(10083,1409),(10084,1409),(10085,1409),(10086,1409),(10087,1409),(10088,1410),(10089,1410),(10090,1410),(10091,1410),(10092,1410),(10093,1410),(10094,1410),(10095,1411),(10096,1411),(10097,1411),(10098,1411),(10099,1411),(10100,1411),(10101,1411),(10102,1411),(10103,1411),(10104,1411),(10105,1412),(10106,1412),(10107,1412),(10108,1412),(10109,1412),(10110,1412),(10111,1412),(10112,1413),(10113,1413),(10114,1413),(10115,1413),(10116,1413),(10117,1413),(10118,1413),(10119,1414),(10120,1414),(10121,1414),(10122,1414),(10123,1414),(10124,1414),(10125,1414),(10126,1415),(10127,1415),(10128,1415),(10129,1415),(10130,1415),(10131,1415),(10132,1415),(10133,1416),(10134,1416),(10135,1416),(10136,1416),(10137,1416),(10138,1416),(10139,1416),(10140,1417),(10141,1417),(10142,1417),(10143,1417),(10144,1417),(10145,1417),(10146,1417),(10147,1418),(10148,1418),(10149,1418),(10150,1418),(10151,1418),(10152,1418),(10153,1418),(10154,1419),(10155,1419),(10156,1419),(10157,1419),(10158,1419),(10159,1419),(10160,1419),(10161,1420),(10162,1420),(10163,1420),(10164,1420),(10165,1420),(10166,1420),(10167,1420),(10168,1421),(10169,1421),(10170,1421),(10171,1421),(10172,1421),(10173,1421),(10174,1421),(10175,1422),(10176,1422),(10177,1422),(10178,1422),(10179,1422),(10180,1422),(10181,1422),(10182,1423),(10183,1423),(10184,1423),(10185,1423),(10186,1423),(10187,1423),(10188,1423),(10189,1424),(10190,1424),(10191,1424),(10192,1424),(10193,1424),(10194,1424),(10195,1424),(10196,1425),(10197,1425),(10198,1425),(10199,1425),(10200,1425),(10201,1425),(10202,1425),(10203,1426),(10204,1426),(10205,1426),(10206,1426),(10207,1426),(10208,1426),(10209,1426),(10210,1427),(10211,1427),(10212,1427),(10213,1427),(10214,1427),(10215,1427),(10216,1427),(10217,1427),(10218,1427),(10219,1427),(10220,1428),(10221,1428),(10222,1428),(10223,1428),(10224,1428),(10225,1428),(10226,1428),(10227,1429),(10228,1429),(10229,1429),(10230,1429),(10231,1429),(10232,1429),(10233,1429),(10234,1430),(10235,1430),(10236,1430),(10237,1430),(10238,1430),(10239,1430),(10240,1430),(10241,1431),(10242,1431),(10243,1431),(10244,1431),(10245,1431),(10246,1431),(10247,1431),(10248,1432),(10249,1432),(10250,1432),(10251,1432),(10252,1432),(10253,1432),(10254,1432),(10255,1433),(10256,1433),(10257,1433),(10258,1433),(10259,1433),(10260,1433),(10261,1433),(10262,1434),(10263,1434),(10264,1434),(10265,1434),(10266,1434),(10267,1434),(10268,1434),(10269,1435),(10270,1435),(10271,1435),(10272,1435),(10273,1435),(10274,1435),(10275,1435),(10276,1436),(10277,1436),(10278,1436),(10279,1436),(10280,1436),(10281,1436),(10282,1436),(10283,1437),(10284,1437),(10285,1437),(10286,1437),(10287,1437),(10288,1437),(10289,1437),(10290,1438),(10291,1438),(10292,1438),(10293,1438),(10294,1438),(10295,1438),(10296,1438),(10297,1439),(10298,1439),(10299,1439),(10300,1439),(10301,1439),(10302,1439),(10303,1439),(10304,1440),(10305,1440),(10306,1440),(10307,1440),(10308,1440),(10309,1440),(10310,1440),(10311,1441),(10312,1441),(10313,1441),(10314,1441),(10315,1441),(10316,1441),(10317,1441),(10318,1442),(10319,1442),(10320,1442),(10321,1442),(10322,1442),(10323,1442),(10324,1442),(10325,1443),(10326,1443),(10327,1443),(10328,1443),(10329,1443),(10330,1443),(10331,1443),(10332,1443),(10333,1443),(10334,1443),(10335,1444),(10336,1444),(10337,1444),(10338,1444),(10339,1444),(10340,1444),(10341,1444),(10342,1445),(10343,1445),(10344,1445),(10345,1445),(10346,1445),(10347,1445),(10348,1445),(10349,1446),(10350,1446),(10351,1446),(10352,1446),(10353,1446),(10354,1446),(10355,1446),(10356,1447),(10357,1447),(10358,1447),(10359,1447),(10360,1447),(10361,1447),(10362,1447),(10363,1448),(10364,1448),(10365,1448),(10366,1448),(10367,1448),(10368,1448),(10369,1448),(10370,1449),(10371,1449),(10372,1449),(10373,1449),(10374,1449),(10375,1449),(10376,1449),(10377,1450),(10378,1450),(10379,1450),(10380,1450),(10381,1450),(10382,1450),(10383,1450),(10384,1451),(10385,1451),(10386,1451),(10387,1451),(10388,1451),(10389,1451),(10390,1451),(10391,1452),(10392,1452),(10393,1452),(10394,1452),(10395,1452),(10396,1452),(10397,1452),(10398,1453),(10399,1453),(10400,1453),(10401,1453),(10402,1453),(10403,1453),(10404,1453),(10405,1454),(10406,1454),(10407,1454),(10408,1454),(10409,1454),(10410,1454),(10411,1454),(10412,1455),(10413,1455),(10414,1455),(10415,1455),(10416,1455),(10417,1455),(10418,1455),(10419,1456),(10420,1456),(10421,1456),(10422,1456),(10423,1456),(10424,1456),(10425,1456),(10426,1457),(10427,1457),(10428,1457),(10429,1457),(10430,1457),(10431,1457),(10432,1457),(10433,1458),(10434,1458),(10435,1458),(10436,1458),(10437,1458),(10438,1458),(10439,1458),(10440,1459),(10441,1459),(10442,1459),(10443,1459),(10444,1459),(10445,1459),(10446,1459),(10447,1459),(10448,1459),(10449,1459),(10450,1460),(10451,1460),(10452,1460),(10453,1460),(10454,1460),(10455,1460),(10456,1460),(10457,1461),(10458,1461),(10459,1461),(10460,1461),(10461,1461),(10462,1461),(10463,1461),(10464,1462),(10465,1462),(10466,1462),(10467,1462),(10468,1462),(10469,1462),(10470,1462),(10471,1463),(10472,1463),(10473,1463),(10474,1463),(10475,1463),(10476,1463),(10477,1463),(10478,1464),(10479,1464),(10480,1464),(10481,1464),(10482,1464),(10483,1464),(10484,1464),(10485,1465),(10486,1465),(10487,1465),(10488,1465),(10489,1465),(10490,1465),(10491,1465),(10492,1466),(10493,1466),(10494,1466),(10495,1466),(10496,1466),(10497,1466),(10498,1466),(10499,1467),(10500,1467),(10501,1467),(10502,1467),(10503,1467),(10504,1467),(10505,1467),(10506,1468),(10507,1468),(10508,1468),(10509,1468),(10510,1468),(10511,1468),(10512,1468),(10513,1469),(10514,1469),(10515,1469),(10516,1469),(10517,1469),(10518,1469),(10519,1469),(10520,1470),(10521,1470),(10522,1470),(10523,1470),(10524,1470),(10525,1470),(10526,1470),(10527,1471),(10528,1471),(10529,1471),(10530,1471),(10531,1471),(10532,1471),(10533,1471),(10534,1472),(10535,1472),(10536,1472),(10537,1472),(10538,1472),(10539,1472),(10540,1472),(10541,1473),(10542,1473),(10543,1473),(10544,1473),(10545,1473),(10546,1473),(10547,1473),(10548,1474),(10549,1474),(10550,1474),(10551,1474),(10552,1474),(10553,1474),(10554,1474),(10555,1475),(10556,1475),(10557,1475),(10558,1475),(10559,1475),(10560,1475),(10561,1475),(10562,1475),(10563,1475),(10564,1475),(10565,1476),(10566,1476),(10567,1476),(10568,1476),(10569,1476),(10570,1476),(10571,1476),(10572,1477),(10573,1477),(10574,1477),(10575,1477),(10576,1477),(10577,1477),(10578,1477),(10579,1478),(10580,1478),(10581,1478),(10582,1478),(10583,1478),(10584,1478),(10585,1478),(10586,1479),(10587,1479),(10588,1479),(10589,1479),(10590,1479),(10591,1479),(10592,1479),(10593,1480),(10594,1480),(10595,1480),(10596,1480),(10597,1480),(10598,1480),(10599,1480),(10600,1481),(10601,1481),(10602,1481),(10603,1481),(10604,1481),(10605,1481),(10606,1481),(10607,1482),(10608,1482),(10609,1482),(10610,1482),(10611,1482),(10612,1482),(10613,1482),(10614,1483),(10615,1483),(10616,1483),(10617,1483),(10618,1483),(10619,1483),(10620,1483),(10621,1484),(10622,1484),(10623,1484),(10624,1484),(10625,1484),(10626,1484),(10627,1484),(10628,1485),(10629,1485),(10630,1485),(10631,1485),(10632,1485),(10633,1485),(10634,1485),(10635,1486),(10636,1486),(10637,1486),(10638,1486),(10639,1486),(10640,1486),(10641,1486),(10642,1487),(10643,1487),(10644,1487),(10645,1487),(10646,1487),(10647,1487),(10648,1487),(10649,1488),(10650,1488),(10651,1488),(10652,1488),(10653,1488),(10654,1488),(10655,1488),(10656,1489),(10657,1489),(10658,1489),(10659,1489),(10660,1489),(10661,1489),(10662,1489),(10663,1490),(10664,1490),(10665,1490),(10666,1490),(10667,1490),(10668,1490),(10669,1490),(10670,1491),(10671,1491),(10672,1491),(10673,1491),(10674,1491),(10675,1491),(10676,1491),(10677,1491),(10678,1491),(10679,1491),(10680,1492),(10681,1492),(10682,1492),(10683,1492),(10684,1492),(10685,1492),(10686,1492),(10687,1493),(10688,1493),(10689,1493),(10690,1493),(10691,1493),(10692,1493),(10693,1493),(10694,1494),(10695,1494),(10696,1494),(10697,1494),(10698,1494),(10699,1494),(10700,1494),(10701,1495),(10702,1495),(10703,1495),(10704,1495),(10705,1495),(10706,1495),(10707,1495),(10708,1496),(10709,1496),(10710,1496),(10711,1496),(10712,1496),(10713,1496),(10714,1496),(10715,1497),(10716,1497),(10717,1497),(10718,1497),(10719,1497),(10720,1497),(10721,1497),(10722,1498),(10723,1498),(10724,1498),(10725,1498),(10726,1498),(10727,1498),(10728,1498),(10729,1499),(10730,1499),(10731,1499),(10732,1499),(10733,1499),(10734,1499),(10735,1499),(10736,1500),(10737,1500),(10738,1500),(10739,1500),(10740,1500),(10741,1500),(10742,1500),(10743,1501),(10744,1501),(10745,1501),(10746,1501),(10747,1501),(10748,1501),(10749,1501),(10750,1502),(10751,1502),(10752,1502),(10753,1502),(10754,1502),(10755,1502),(10756,1502),(10757,1503),(10758,1503),(10759,1503),(10760,1503),(10761,1503),(10762,1503),(10763,1503),(10764,1504),(10765,1504),(10766,1504),(10767,1504),(10768,1504),(10769,1504),(10770,1504),(10771,1505),(10772,1505),(10773,1505),(10774,1505),(10775,1505),(10776,1505),(10777,1505),(10778,1506),(10779,1506),(10780,1506),(10781,1506),(10782,1506),(10783,1506),(10784,1506),(10785,1507),(10786,1507),(10787,1507),(10788,1507),(10789,1507),(10790,1507),(10791,1507),(10792,1507),(10793,1507),(10794,1507),(10795,1508),(10796,1508),(10797,1508),(10798,1508),(10799,1508),(10800,1508),(10801,1508),(10802,1509),(10803,1509),(10804,1509),(10805,1509),(10806,1509),(10807,1509),(10808,1509),(10809,1510),(10810,1510),(10811,1510),(10812,1510),(10813,1510),(10814,1510),(10815,1510),(10816,1511),(10817,1511),(10818,1511),(10819,1511),(10820,1511),(10821,1511),(10822,1511),(10823,1512),(10824,1512),(10825,1512),(10826,1512),(10827,1512),(10828,1512),(10829,1512),(10830,1513),(10831,1513),(10832,1513),(10833,1513),(10834,1513),(10835,1513),(10836,1513),(10837,1514),(10838,1514),(10839,1514),(10840,1514),(10841,1514),(10842,1514),(10843,1514),(10844,1515),(10845,1515),(10846,1515),(10847,1515),(10848,1515),(10849,1515),(10850,1515),(10851,1516),(10852,1516),(10853,1516),(10854,1516),(10855,1516),(10856,1516),(10857,1516),(10858,1517),(10859,1517),(10860,1517),(10861,1517),(10862,1517),(10863,1517),(10864,1517),(10865,1518),(10866,1518),(10867,1518),(10868,1518),(10869,1518),(10870,1518),(10871,1518),(10872,1519),(10873,1519),(10874,1519),(10875,1519),(10876,1519),(10877,1519),(10878,1519),(10879,1520),(10880,1520),(10881,1520),(10882,1520),(10883,1520),(10884,1520),(10885,1520),(10886,1521),(10887,1521),(10888,1521),(10889,1521),(10890,1521),(10891,1521),(10892,1521),(10893,1522),(10894,1522),(10895,1522),(10896,1522),(10897,1522),(10898,1522),(10899,1522),(10900,1523),(10901,1523),(10902,1523),(10903,1523),(10904,1523),(10905,1523),(10906,1523),(10907,1523),(10908,1523),(10909,1523),(10910,1524),(10911,1524),(10912,1524),(10913,1524),(10914,1524),(10915,1524),(10916,1524),(10917,1525),(10918,1525),(10919,1525),(10920,1525),(10921,1525),(10922,1525),(10923,1525),(10924,1526),(10925,1526),(10926,1526),(10927,1526),(10928,1526),(10929,1526),(10930,1526),(10931,1527),(10932,1527),(10933,1527),(10934,1527),(10935,1527),(10936,1527),(10937,1527),(10938,1528),(10939,1528),(10940,1528),(10941,1528),(10942,1528),(10943,1528),(10944,1528),(10945,1529),(10946,1529),(10947,1529),(10948,1529),(10949,1529),(10950,1529),(10951,1529),(10952,1530),(10953,1530),(10954,1530),(10955,1530),(10956,1530),(10957,1530),(10958,1530),(10959,1531),(10960,1531),(10961,1531),(10962,1531),(10963,1531),(10964,1531),(10965,1531),(10966,1532),(10967,1532),(10968,1532),(10969,1532),(10970,1532),(10971,1532),(10972,1532),(10973,1533),(10974,1533),(10975,1533),(10976,1533),(10977,1533),(10978,1533),(10979,1533),(10980,1534),(10981,1534),(10982,1534),(10983,1534),(10984,1534),(10985,1534),(10986,1534),(10987,1535),(10988,1535),(10989,1535),(10990,1535),(10991,1535),(10992,1535),(10993,1535),(10994,1536),(10995,1536),(10996,1536),(10997,1536),(10998,1536),(10999,1536),(11000,1536),(11001,1537),(11002,1537),(11003,1537),(11004,1537),(11005,1537),(11006,1537),(11007,1537),(11008,1538),(11009,1538),(11010,1538),(11011,1538),(11012,1538),(11013,1538),(11014,1538),(11015,1539),(11016,1539),(11017,1539),(11018,1539),(11019,1539),(11020,1539),(11021,1539),(11022,1539),(11023,1539),(11024,1539),(11025,1540),(11026,1540),(11027,1540),(11028,1540),(11029,1540),(11030,1540),(11031,1540),(11032,1541),(11033,1541),(11034,1541),(11035,1541),(11036,1541),(11037,1541),(11038,1541),(11039,1542),(11040,1542),(11041,1542),(11042,1542),(11043,1542),(11044,1542),(11045,1542),(11046,1543),(11047,1543),(11048,1543),(11049,1543),(11050,1543),(11051,1543),(11052,1543),(11053,1544),(11054,1544),(11055,1544),(11056,1544),(11057,1544),(11058,1544),(11059,1544),(11060,1545),(11061,1545),(11062,1545),(11063,1545),(11064,1545),(11065,1545),(11066,1545),(11067,1546),(11068,1546),(11069,1546),(11070,1546),(11071,1546),(11072,1546),(11073,1546),(11074,1547),(11075,1547),(11076,1547),(11077,1547),(11078,1547),(11079,1547),(11080,1547),(11081,1548),(11082,1548),(11083,1548),(11084,1548),(11085,1548),(11086,1548),(11087,1548),(11088,1549),(11089,1549),(11090,1549),(11091,1549),(11092,1549),(11093,1549),(11094,1549),(11095,1550),(11096,1550),(11097,1550),(11098,1550),(11099,1550),(11100,1550),(11101,1550),(11102,1551),(11103,1551),(11104,1551),(11105,1551),(11106,1551),(11107,1551),(11108,1551),(11109,1552),(11110,1552),(11111,1552),(11112,1552),(11113,1552),(11114,1552),(11115,1552),(11116,1553),(11117,1553),(11118,1553),(11119,1553),(11120,1553),(11121,1553),(11122,1553),(11123,1554),(11124,1554),(11125,1554),(11126,1554),(11127,1554),(11128,1554),(11129,1554),(11130,1555),(11131,1555),(11132,1555),(11133,1555),(11134,1555),(11135,1555),(11136,1555),(11137,1555),(11138,1555),(11139,1555),(11140,1556),(11141,1556),(11142,1556),(11143,1556),(11144,1556),(11145,1556),(11146,1556),(11147,1557),(11148,1557),(11149,1557),(11150,1557),(11151,1557),(11152,1557),(11153,1557),(11154,1558),(11155,1558),(11156,1558),(11157,1558),(11158,1558),(11159,1558),(11160,1558),(11161,1559),(11162,1559),(11163,1559),(11164,1559),(11165,1559),(11166,1559),(11167,1559),(11168,1560),(11169,1560),(11170,1560),(11171,1560),(11172,1560),(11173,1560),(11174,1560),(11175,1561),(11176,1561),(11177,1561),(11178,1561),(11179,1561),(11180,1561),(11181,1561),(11182,1562),(11183,1562),(11184,1562),(11185,1562),(11186,1562),(11187,1562),(11188,1562),(11189,1563),(11190,1563),(11191,1563),(11192,1563),(11193,1563),(11194,1563),(11195,1563),(11196,1564),(11197,1564),(11198,1564),(11199,1564),(11200,1564),(11201,1564),(11202,1564),(11203,1565),(11204,1565),(11205,1565),(11206,1565),(11207,1565),(11208,1565),(11209,1565),(11210,1566),(11211,1566),(11212,1566),(11213,1566),(11214,1566),(11215,1566),(11216,1566),(11217,1567),(11218,1567),(11219,1567),(11220,1567),(11221,1567),(11222,1567),(11223,1567),(11224,1568),(11225,1568),(11226,1568),(11227,1568),(11228,1568),(11229,1568),(11230,1568),(11231,1569),(11232,1569),(11233,1569),(11234,1569),(11235,1569),(11236,1569),(11237,1569),(11238,1570),(11239,1570),(11240,1570),(11241,1570),(11242,1570),(11243,1570),(11244,1570),(11245,1571),(11246,1571),(11247,1571),(11248,1571),(11249,1571),(11250,1571),(11251,1571),(11252,1571),(11253,1571),(11254,1571),(11255,1572),(11256,1572),(11257,1572),(11258,1572),(11259,1572),(11260,1572),(11261,1572),(11262,1573),(11263,1573),(11264,1573),(11265,1573),(11266,1573),(11267,1573),(11268,1573),(11269,1574),(11270,1574),(11271,1574),(11272,1574),(11273,1574),(11274,1574),(11275,1574),(11276,1575),(11277,1575),(11278,1575),(11279,1575),(11280,1575),(11281,1575),(11282,1575),(11283,1576),(11284,1576),(11285,1576),(11286,1576),(11287,1576),(11288,1576),(11289,1576),(11290,1577),(11291,1577),(11292,1577),(11293,1577),(11294,1577),(11295,1577),(11296,1577),(11297,1578),(11298,1578),(11299,1578),(11300,1578),(11301,1578),(11302,1578),(11303,1578),(11304,1579),(11305,1579),(11306,1579),(11307,1579),(11308,1579),(11309,1579),(11310,1579),(11311,1580),(11312,1580),(11313,1580),(11314,1580),(11315,1580),(11316,1580),(11317,1580),(11318,1581),(11319,1581),(11320,1581),(11321,1581),(11322,1581),(11323,1581),(11324,1581),(11325,1582),(11326,1582),(11327,1582),(11328,1582),(11329,1582),(11330,1582),(11331,1582),(11332,1583),(11333,1583),(11334,1583),(11335,1583),(11336,1583),(11337,1583),(11338,1583),(11339,1584),(11340,1584),(11341,1584),(11342,1584),(11343,1584),(11344,1584),(11345,1584),(11346,1585),(11347,1585),(11348,1585),(11349,1585),(11350,1585),(11351,1585),(11352,1585),(11353,1586),(11354,1586),(11355,1586),(11356,1586),(11357,1586),(11358,1586),(11359,1586),(11360,1587),(11361,1587),(11362,1587),(11363,1587),(11364,1587),(11365,1587),(11366,1587),(11367,1587),(11368,1587),(11369,1587),(11370,1588),(11371,1588),(11372,1588),(11373,1588),(11374,1588),(11375,1588),(11376,1588),(11377,1589),(11378,1589),(11379,1589),(11380,1589),(11381,1589),(11382,1589),(11383,1589),(11384,1590),(11385,1590),(11386,1590),(11387,1590),(11388,1590),(11389,1590),(11390,1590),(11391,1591),(11392,1591),(11393,1591),(11394,1591),(11395,1591),(11396,1591),(11397,1591),(11398,1592),(11399,1592),(11400,1592),(11401,1592),(11402,1592),(11403,1592),(11404,1592),(11405,1593),(11406,1593),(11407,1593),(11408,1593),(11409,1593),(11410,1593),(11411,1593),(11412,1594),(11413,1594),(11414,1594),(11415,1594),(11416,1594),(11417,1594),(11418,1594),(11419,1595),(11420,1595),(11421,1595),(11422,1595),(11423,1595),(11424,1595),(11425,1595),(11426,1596),(11427,1596),(11428,1596),(11429,1596),(11430,1596),(11431,1596),(11432,1596),(11433,1597),(11434,1597),(11435,1597),(11436,1597),(11437,1597),(11438,1597),(11439,1597),(11440,1598),(11441,1598),(11442,1598),(11443,1598),(11444,1598),(11445,1598),(11446,1598),(11447,1599),(11448,1599),(11449,1599),(11450,1599),(11451,1599),(11452,1599),(11453,1599),(11454,1600),(11455,1600),(11456,1600),(11457,1600),(11458,1600),(11459,1600),(11460,1600),(11461,1601),(11462,1601),(11463,1601),(11464,1601),(11465,1601),(11466,1601),(11467,1601),(11468,1602),(11469,1602),(11470,1602),(11471,1602),(11472,1602),(11473,1602),(11474,1602),(11475,1603),(11476,1603),(11477,1603),(11478,1603),(11479,1603),(11480,1603),(11481,1603),(11482,1603),(11483,1603),(11484,1603),(11485,1604),(11486,1604),(11487,1604),(11488,1604),(11489,1604),(11490,1604),(11491,1604),(11492,1605),(11493,1605),(11494,1605),(11495,1605),(11496,1605),(11497,1605),(11498,1605),(11499,1606),(11500,1606),(11501,1606),(11502,1606),(11503,1606),(11504,1606),(11505,1606),(11506,1607),(11507,1607),(11508,1607),(11509,1607),(11510,1607),(11511,1607),(11512,1607),(11513,1608),(11514,1608),(11515,1608),(11516,1608),(11517,1608),(11518,1608),(11519,1608),(11520,1609),(11521,1609),(11522,1609),(11523,1609),(11524,1609),(11525,1609),(11526,1609),(11527,1610),(11528,1610),(11529,1610),(11530,1610),(11531,1610),(11532,1610),(11533,1610),(11534,1611),(11535,1611),(11536,1611),(11537,1611),(11538,1611),(11539,1611),(11540,1611),(11541,1612),(11542,1612),(11543,1612),(11544,1612),(11545,1612),(11546,1612),(11547,1612),(11548,1613),(11549,1613),(11550,1613),(11551,1613),(11552,1613),(11553,1613),(11554,1613),(11555,1614),(11556,1614),(11557,1614),(11558,1614),(11559,1614),(11560,1614),(11561,1614),(11562,1615),(11563,1615),(11564,1615),(11565,1615),(11566,1615),(11567,1615),(11568,1615),(11569,1616),(11570,1616),(11571,1616),(11572,1616),(11573,1616),(11574,1616),(11575,1616),(11576,1617),(11577,1617),(11578,1617),(11579,1617),(11580,1617),(11581,1617),(11582,1617),(11583,1618),(11584,1618),(11585,1618),(11586,1618),(11587,1618),(11588,1618),(11589,1618),(11590,1619),(11591,1619),(11592,1619),(11593,1619),(11594,1619),(11595,1619),(11596,1619),(11597,1619),(11598,1619),(11599,1619),(11600,1620),(11601,1620),(11602,1620),(11603,1620),(11604,1620),(11605,1620),(11606,1620),(11607,1621),(11608,1621),(11609,1621),(11610,1621),(11611,1621),(11612,1621),(11613,1621),(11614,1622),(11615,1622),(11616,1622),(11617,1622),(11618,1622),(11619,1622),(11620,1622),(11621,1623),(11622,1623),(11623,1623),(11624,1623),(11625,1623),(11626,1623),(11627,1623),(11628,1624),(11629,1624),(11630,1624),(11631,1624),(11632,1624),(11633,1624),(11634,1624),(11635,1625),(11636,1625),(11637,1625),(11638,1625),(11639,1625),(11640,1625),(11641,1625),(11642,1626),(11643,1626),(11644,1626),(11645,1626),(11646,1626),(11647,1626),(11648,1626),(11649,1627),(11650,1627),(11651,1627),(11652,1627),(11653,1627),(11654,1627),(11655,1627),(11656,1628),(11657,1628),(11658,1628),(11659,1628),(11660,1628),(11661,1628),(11662,1628),(11663,1629),(11664,1629),(11665,1629),(11666,1629),(11667,1629),(11668,1629),(11669,1629),(11670,1630),(11671,1630),(11672,1630),(11673,1630),(11674,1630),(11675,1630),(11676,1630),(11677,1631),(11678,1631),(11679,1631),(11680,1631),(11681,1631),(11682,1631),(11683,1631),(11684,1632),(11685,1632),(11686,1632),(11687,1632),(11688,1632),(11689,1632),(11690,1632),(11691,1633),(11692,1633),(11693,1633),(11694,1633),(11695,1633),(11696,1633),(11697,1633),(11698,1634),(11699,1634),(11700,1634),(11701,1634),(11702,1634),(11703,1634),(11704,1634),(11705,1635),(11706,1635),(11707,1635),(11708,1635),(11709,1635),(11710,1635),(11711,1635),(11712,1635),(11713,1635),(11714,1635),(11715,1636),(11716,1636),(11717,1636),(11718,1636),(11719,1636),(11720,1636),(11721,1636),(11722,1637),(11723,1637),(11724,1637),(11725,1637),(11726,1637),(11727,1637),(11728,1637),(11729,1638),(11730,1638),(11731,1638),(11732,1638),(11733,1638),(11734,1638),(11735,1638),(11736,1639),(11737,1639),(11738,1639),(11739,1639),(11740,1639),(11741,1639),(11742,1639),(11743,1640),(11744,1640),(11745,1640),(11746,1640),(11747,1640),(11748,1640),(11749,1640),(11750,1641),(11751,1641),(11752,1641),(11753,1641),(11754,1641),(11755,1641),(11756,1641),(11757,1642),(11758,1642),(11759,1642),(11760,1642),(11761,1642),(11762,1642),(11763,1642),(11764,1643),(11765,1643),(11766,1643),(11767,1643),(11768,1643),(11769,1643),(11770,1643),(11771,1644),(11772,1644),(11773,1644),(11774,1644),(11775,1644),(11776,1644),(11777,1644),(11778,1645),(11779,1645),(11780,1645),(11781,1645),(11782,1645),(11783,1645),(11784,1645),(11785,1646),(11786,1646),(11787,1646),(11788,1646),(11789,1646),(11790,1646),(11791,1646),(11792,1647),(11793,1647),(11794,1647),(11795,1647),(11796,1647),(11797,1647),(11798,1647),(11799,1648),(11800,1648),(11801,1648),(11802,1648),(11803,1648),(11804,1648),(11805,1648),(11806,1649),(11807,1649),(11808,1649),(11809,1649),(11810,1649),(11811,1649),(11812,1649),(11813,1650),(11814,1650),(11815,1650),(11816,1650),(11817,1650),(11818,1650),(11819,1650),(11820,1651),(11821,1651),(11822,1651),(11823,1651),(11824,1651),(11825,1651),(11826,1651),(11827,1651),(11828,1651),(11829,1651),(11830,1652),(11831,1652),(11832,1652),(11833,1652),(11834,1652),(11835,1652),(11836,1652),(11837,1653),(11838,1653),(11839,1653),(11840,1653),(11841,1653),(11842,1653),(11843,1653),(11844,1654),(11845,1654),(11846,1654),(11847,1654),(11848,1654),(11849,1654),(11850,1654),(11851,1655),(11852,1655),(11853,1655),(11854,1655),(11855,1655),(11856,1655),(11857,1655),(11858,1656),(11859,1656),(11860,1656),(11861,1656),(11862,1656),(11863,1656),(11864,1656),(11865,1657),(11866,1657),(11867,1657),(11868,1657),(11869,1657),(11870,1657),(11871,1657),(11872,1658),(11873,1658),(11874,1658),(11875,1658),(11876,1658),(11877,1658),(11878,1658),(11879,1659),(11880,1659),(11881,1659),(11882,1659),(11883,1659),(11884,1659),(11885,1659),(11886,1660),(11887,1660),(11888,1660),(11889,1660),(11890,1660),(11891,1660),(11892,1660),(11893,1661),(11894,1661),(11895,1661),(11896,1661),(11897,1661),(11898,1661),(11899,1661),(11900,1662),(11901,1662),(11902,1662),(11903,1662),(11904,1662),(11905,1662),(11906,1662),(11907,1663),(11908,1663),(11909,1663),(11910,1663),(11911,1663),(11912,1663),(11913,1663),(11914,1664),(11915,1664),(11916,1664),(11917,1664),(11918,1664),(11919,1664),(11920,1664),(11921,1665),(11922,1665),(11923,1665),(11924,1665),(11925,1665),(11926,1665),(11927,1665),(11928,1666),(11929,1666),(11930,1666),(11931,1666),(11932,1666),(11933,1666),(11934,1666),(11935,1667),(11936,1667),(11937,1667),(11938,1667),(11939,1667),(11940,1667),(11941,1667),(11942,1667),(11943,1667),(11944,1667),(11945,1668),(11946,1668),(11947,1668),(11948,1668),(11949,1668),(11950,1668),(11951,1668),(11952,1669),(11953,1669),(11954,1669),(11955,1669),(11956,1669),(11957,1669),(11958,1669),(11959,1670),(11960,1670),(11961,1670),(11962,1670),(11963,1670),(11964,1670),(11965,1670),(11966,1671),(11967,1671),(11968,1671),(11969,1671),(11970,1671),(11971,1671),(11972,1671),(11973,1672),(11974,1672),(11975,1672),(11976,1672),(11977,1672),(11978,1672),(11979,1672),(11980,1673),(11981,1673),(11982,1673),(11983,1673),(11984,1673),(11985,1673),(11986,1673),(11987,1674),(11988,1674),(11989,1674),(11990,1674),(11991,1674),(11992,1674),(11993,1674),(11994,1675),(11995,1675),(11996,1675),(11997,1675),(11998,1675),(11999,1675),(12000,1675),(12001,1676),(12002,1676),(12003,1676),(12004,1676),(12005,1676),(12006,1676),(12007,1676),(12008,1677),(12009,1677),(12010,1677),(12011,1677),(12012,1677),(12013,1677),(12014,1677),(12015,1678),(12016,1678),(12017,1678),(12018,1678),(12019,1678),(12020,1678),(12021,1678),(12022,1679),(12023,1679),(12024,1679),(12025,1679),(12026,1679),(12027,1679),(12028,1679),(12029,1680),(12030,1680),(12031,1680),(12032,1680),(12033,1680),(12034,1680),(12035,1680),(12036,1681),(12037,1681),(12038,1681),(12039,1681),(12040,1681),(12041,1681),(12042,1681),(12043,1682),(12044,1682),(12045,1682),(12046,1682),(12047,1682),(12048,1682),(12049,1682),(12050,1683),(12051,1683),(12052,1683),(12053,1683),(12054,1683),(12055,1683),(12056,1683),(12057,1683),(12058,1683),(12059,1683),(12060,1684),(12061,1684),(12062,1684),(12063,1684),(12064,1684),(12065,1684),(12066,1684),(12067,1685),(12068,1685),(12069,1685),(12070,1685),(12071,1685),(12072,1685),(12073,1685),(12074,1686),(12075,1686),(12076,1686),(12077,1686),(12078,1686),(12079,1686),(12080,1686),(12081,1687),(12082,1687),(12083,1687),(12084,1687),(12085,1687),(12086,1687),(12087,1687),(12088,1688),(12089,1688),(12090,1688),(12091,1688),(12092,1688),(12093,1688),(12094,1688),(12095,1689),(12096,1689),(12097,1689),(12098,1689),(12099,1689),(12100,1689),(12101,1689),(12102,1690),(12103,1690),(12104,1690),(12105,1690),(12106,1690),(12107,1690),(12108,1690),(12109,1691),(12110,1691),(12111,1691),(12112,1691),(12113,1691),(12114,1691),(12115,1691),(12116,1692),(12117,1692),(12118,1692),(12119,1692),(12120,1692),(12121,1692),(12122,1692),(12123,1693),(12124,1693),(12125,1693),(12126,1693),(12127,1693),(12128,1693),(12129,1693),(12130,1694),(12131,1694),(12132,1694),(12133,1694),(12134,1694),(12135,1694),(12136,1694),(12137,1695),(12138,1695),(12139,1695),(12140,1695),(12141,1695),(12142,1695),(12143,1695),(12144,1696),(12145,1696),(12146,1696),(12147,1696),(12148,1696),(12149,1696),(12150,1696),(12151,1697),(12152,1697),(12153,1697),(12154,1697),(12155,1697),(12156,1697),(12157,1697),(12158,1698),(12159,1698),(12160,1698),(12161,1698),(12162,1698),(12163,1698),(12164,1698),(12165,1699),(12166,1699),(12167,1699),(12168,1699),(12169,1699),(12170,1699),(12171,1699),(12172,1699),(12173,1699),(12174,1699),(12175,1700),(12176,1700),(12177,1700),(12178,1700),(12179,1700),(12180,1700),(12181,1700),(12182,1701),(12183,1701),(12184,1701),(12185,1701),(12186,1701),(12187,1701),(12188,1701),(12189,1702),(12190,1702),(12191,1702),(12192,1702),(12193,1702),(12194,1702),(12195,1702),(12196,1703),(12197,1703),(12198,1703),(12199,1703),(12200,1703),(12201,1703),(12202,1703),(12203,1704),(12204,1704),(12205,1704),(12206,1704),(12207,1704),(12208,1704),(12209,1704),(12210,1705),(12211,1705),(12212,1705),(12213,1705),(12214,1705),(12215,1705),(12216,1705),(12217,1706),(12218,1706),(12219,1706),(12220,1706),(12221,1706),(12222,1706),(12223,1706),(12224,1707),(12225,1707),(12226,1707),(12227,1707),(12228,1707),(12229,1707),(12230,1707),(12231,1708),(12232,1708),(12233,1708),(12234,1708),(12235,1708),(12236,1708),(12237,1708),(12238,1709),(12239,1709),(12240,1709),(12241,1709),(12242,1709),(12243,1709),(12244,1709),(12245,1710),(12246,1710),(12247,1710),(12248,1710),(12249,1710),(12250,1710),(12251,1710),(12252,1711),(12253,1711),(12254,1711),(12255,1711),(12256,1711),(12257,1711),(12258,1711),(12259,1712),(12260,1712),(12261,1712),(12262,1712),(12263,1712),(12264,1712),(12265,1712),(12266,1713),(12267,1713),(12268,1713),(12269,1713),(12270,1713),(12271,1713),(12272,1713),(12273,1714),(12274,1714),(12275,1714),(12276,1714),(12277,1714),(12278,1714),(12279,1714),(12280,1715),(12281,1715),(12282,1715),(12283,1715),(12284,1715),(12285,1715),(12286,1715),(12287,1715),(12288,1715),(12289,1715),(12290,1716),(12291,1716),(12292,1716),(12293,1716),(12294,1716),(12295,1716),(12296,1716),(12297,1717),(12298,1717),(12299,1717),(12300,1717),(12301,1717),(12302,1717),(12303,1717),(12304,1718),(12305,1718),(12306,1718),(12307,1718),(12308,1718),(12309,1718),(12310,1718),(12311,1719),(12312,1719),(12313,1719),(12314,1719),(12315,1719),(12316,1719),(12317,1719),(12318,1720),(12319,1720),(12320,1720),(12321,1720),(12322,1720),(12323,1720),(12324,1720),(12325,1721),(12326,1721),(12327,1721),(12328,1721),(12329,1721),(12330,1721),(12331,1721),(12332,1722),(12333,1722),(12334,1722),(12335,1722),(12336,1722),(12337,1722),(12338,1722),(12339,1723),(12340,1723),(12341,1723),(12342,1723),(12343,1723),(12344,1723),(12345,1723),(12346,1724),(12347,1724),(12348,1724),(12349,1724),(12350,1724),(12351,1724),(12352,1724),(12353,1725),(12354,1725),(12355,1725),(12356,1725),(12357,1725),(12358,1725),(12359,1725),(12360,1726),(12361,1726),(12362,1726),(12363,1726),(12364,1726),(12365,1726),(12366,1726),(12367,1727),(12368,1727),(12369,1727),(12370,1727),(12371,1727),(12372,1727),(12373,1727),(12374,1728),(12375,1728),(12376,1728),(12377,1728),(12378,1728),(12379,1728),(12380,1728),(12381,1729),(12382,1729),(12383,1729),(12384,1729),(12385,1729),(12386,1729),(12387,1729),(12388,1730),(12389,1730),(12390,1730),(12391,1730),(12392,1730),(12393,1730),(12394,1730),(12395,1731),(12396,1731),(12397,1731),(12398,1731),(12399,1731),(12400,1731),(12401,1731),(12402,1731),(12403,1731),(12404,1731),(12405,1732),(12406,1732),(12407,1732),(12408,1732),(12409,1732),(12410,1732),(12411,1732),(12412,1733),(12413,1733),(12414,1733),(12415,1733),(12416,1733),(12417,1733),(12418,1733),(12419,1734),(12420,1734),(12421,1734),(12422,1734),(12423,1734),(12424,1734),(12425,1734),(12426,1735),(12427,1735),(12428,1735),(12429,1735),(12430,1735),(12431,1735),(12432,1735),(12433,1736),(12434,1736),(12435,1736),(12436,1736),(12437,1736),(12438,1736),(12439,1736),(12440,1737),(12441,1737),(12442,1737),(12443,1737),(12444,1737),(12445,1737),(12446,1737),(12447,1738),(12448,1738),(12449,1738),(12450,1738),(12451,1738),(12452,1738),(12453,1738),(12454,1739),(12455,1739),(12456,1739),(12457,1739),(12458,1739),(12459,1739),(12460,1739),(12461,1740),(12462,1740),(12463,1740),(12464,1740),(12465,1740),(12466,1740),(12467,1740),(12468,1741),(12469,1741),(12470,1741),(12471,1741),(12472,1741),(12473,1741),(12474,1741),(12475,1742),(12476,1742),(12477,1742),(12478,1742),(12479,1742),(12480,1742),(12481,1742),(12482,1743),(12483,1743),(12484,1743),(12485,1743),(12486,1743),(12487,1743),(12488,1743),(12489,1744),(12490,1744),(12491,1744),(12492,1744),(12493,1744),(12494,1744),(12495,1744),(12496,1745),(12497,1745),(12498,1745),(12499,1745),(12500,1745),(12501,1745),(12502,1745),(12503,1746),(12504,1746),(12505,1746),(12506,1746),(12507,1746),(12508,1746),(12509,1746),(12510,1747),(12511,1747),(12512,1747),(12513,1747),(12514,1747),(12515,1747),(12516,1747),(12517,1747),(12518,1747),(12519,1747),(12520,1748),(12521,1748),(12522,1748),(12523,1748),(12524,1748),(12525,1748),(12526,1748),(12527,1749),(12528,1749),(12529,1749),(12530,1749),(12531,1749),(12532,1749),(12533,1749),(12534,1750),(12535,1750),(12536,1750),(12537,1750),(12538,1750),(12539,1750),(12540,1750),(12541,1751),(12542,1751),(12543,1751),(12544,1751),(12545,1751),(12546,1751),(12547,1751),(12548,1752),(12549,1752),(12550,1752),(12551,1752),(12552,1752),(12553,1752),(12554,1752),(12555,1753),(12556,1753),(12557,1753),(12558,1753),(12559,1753),(12560,1753),(12561,1753),(12562,1754),(12563,1754),(12564,1754),(12565,1754),(12566,1754),(12567,1754),(12568,1754),(12569,1755),(12570,1755),(12571,1755),(12572,1755),(12573,1755),(12574,1755),(12575,1755),(12576,1756),(12577,1756),(12578,1756),(12579,1756),(12580,1756),(12581,1756),(12582,1756),(12583,1757),(12584,1757),(12585,1757),(12586,1757),(12587,1757),(12588,1757),(12589,1757),(12590,1758),(12591,1758),(12592,1758),(12593,1758),(12594,1758),(12595,1758),(12596,1758),(12597,1759),(12598,1759),(12599,1759),(12600,1759),(12601,1759),(12602,1759),(12603,1759),(12604,1760),(12605,1760),(12606,1760),(12607,1760),(12608,1760),(12609,1760),(12610,1760),(12611,1761),(12612,1761),(12613,1761),(12614,1761),(12615,1761),(12616,1761),(12617,1761),(12618,1762),(12619,1762),(12620,1762),(12621,1762),(12622,1762),(12623,1762),(12624,1762),(12625,1763),(12626,1763),(12627,1763),(12628,1763),(12629,1763),(12630,1763),(12631,1763),(12632,1763),(12633,1763),(12634,1763),(12635,1764),(12636,1764),(12637,1764),(12638,1764),(12639,1764),(12640,1764),(12641,1764),(12642,1765),(12643,1765),(12644,1765),(12645,1765),(12646,1765),(12647,1765),(12648,1765),(12649,1766),(12650,1766),(12651,1766),(12652,1766),(12653,1766),(12654,1766),(12655,1766),(12656,1767),(12657,1767),(12658,1767),(12659,1767),(12660,1767),(12661,1767),(12662,1767),(12663,1768),(12664,1768),(12665,1768),(12666,1768),(12667,1768),(12668,1768),(12669,1768),(12670,1769),(12671,1769),(12672,1769),(12673,1769),(12674,1769),(12675,1769),(12676,1769),(12677,1770),(12678,1770),(12679,1770),(12680,1770),(12681,1770),(12682,1770),(12683,1770),(12684,1771),(12685,1771),(12686,1771),(12687,1771),(12688,1771),(12689,1771),(12690,1771),(12691,1772),(12692,1772),(12693,1772),(12694,1772),(12695,1772),(12696,1772),(12697,1772),(12698,1773),(12699,1773),(12700,1773),(12701,1773),(12702,1773),(12703,1773),(12704,1773),(12705,1774),(12706,1774),(12707,1774),(12708,1774),(12709,1774),(12710,1774),(12711,1774),(12712,1775),(12713,1775),(12714,1775),(12715,1775),(12716,1775),(12717,1775),(12718,1775),(12719,1776),(12720,1776),(12721,1776),(12722,1776),(12723,1776),(12724,1776),(12725,1776),(12726,1777),(12727,1777),(12728,1777),(12729,1777),(12730,1777),(12731,1777),(12732,1777),(12733,1778),(12734,1778),(12735,1778),(12736,1778),(12737,1778),(12738,1778),(12739,1778),(12740,1779),(12741,1779),(12742,1779),(12743,1779),(12744,1779),(12745,1779),(12746,1779),(12747,1779),(12748,1779),(12749,1779),(12750,1780),(12751,1780),(12752,1780),(12753,1780),(12754,1780),(12755,1780),(12756,1780),(12757,1781),(12758,1781),(12759,1781),(12760,1781),(12761,1781),(12762,1781),(12763,1781),(12764,1782),(12765,1782),(12766,1782),(12767,1782),(12768,1782),(12769,1782),(12770,1782),(12771,1783),(12772,1783),(12773,1783),(12774,1783),(12775,1783),(12776,1783),(12777,1783),(12778,1784),(12779,1784),(12780,1784),(12781,1784),(12782,1784),(12783,1784),(12784,1784),(12785,1785),(12786,1785),(12787,1785),(12788,1785),(12789,1785),(12790,1785),(12791,1785),(12792,1786),(12793,1786),(12794,1786),(12795,1786),(12796,1786),(12797,1786),(12798,1786),(12799,1787),(12800,1787),(12801,1787),(12802,1787),(12803,1787),(12804,1787),(12805,1787),(12806,1788),(12807,1788),(12808,1788),(12809,1788),(12810,1788),(12811,1788),(12812,1788),(12813,1789),(12814,1789),(12815,1789),(12816,1789),(12817,1789),(12818,1789),(12819,1789),(12820,1790),(12821,1790),(12822,1790),(12823,1790),(12824,1790),(12825,1790),(12826,1790),(12827,1791),(12828,1791),(12829,1791),(12830,1791),(12831,1791),(12832,1791),(12833,1791),(12834,1792),(12835,1792),(12836,1792),(12837,1792),(12838,1792),(12839,1792),(12840,1792),(12841,1793),(12842,1793),(12843,1793),(12844,1793),(12845,1793),(12846,1793),(12847,1793),(12848,1794),(12849,1794),(12850,1794),(12851,1794),(12852,1794),(12853,1794),(12854,1794),(12855,1795),(12856,1795),(12857,1795),(12858,1795),(12859,1795),(12860,1795),(12861,1795),(12862,1795),(12863,1795),(12864,1795),(12865,1796),(12866,1796),(12867,1796),(12868,1796),(12869,1796),(12870,1796),(12871,1796),(12872,1797),(12873,1797),(12874,1797),(12875,1797),(12876,1797),(12877,1797),(12878,1797),(12879,1798),(12880,1798),(12881,1798),(12882,1798),(12883,1798),(12884,1798),(12885,1798),(12886,1799),(12887,1799),(12888,1799),(12889,1799),(12890,1799),(12891,1799),(12892,1799),(12893,1800),(12894,1800),(12895,1800),(12896,1800),(12897,1800),(12898,1800),(12899,1800),(12900,1801),(12901,1801),(12902,1801),(12903,1801),(12904,1801),(12905,1801),(12906,1801),(12907,1802),(12908,1802),(12909,1802),(12910,1802),(12911,1802),(12912,1802),(12913,1802),(12914,1803),(12915,1803),(12916,1803),(12917,1803),(12918,1803),(12919,1803),(12920,1803),(12921,1804),(12922,1804),(12923,1804),(12924,1804),(12925,1804),(12926,1804),(12927,1804),(12928,1805),(12929,1805),(12930,1805),(12931,1805),(12932,1805),(12933,1805),(12934,1805),(12935,1806),(12936,1806),(12937,1806),(12938,1806),(12939,1806),(12940,1806),(12941,1806),(12942,1807),(12943,1807),(12944,1807),(12945,1807),(12946,1807),(12947,1807),(12948,1807),(12949,1808),(12950,1808),(12951,1808),(12952,1808),(12953,1808),(12954,1808),(12955,1808),(12956,1809),(12957,1809),(12958,1809),(12959,1809),(12960,1809),(12961,1809),(12962,1809),(12963,1810),(12964,1810),(12965,1810),(12966,1810),(12967,1810),(12968,1810),(12969,1810),(12970,1811),(12971,1811),(12972,1811),(12973,1811),(12974,1811),(12975,1811),(12976,1811),(12977,1811),(12978,1811),(12979,1811),(12980,1812),(12981,1812),(12982,1812),(12983,1812),(12984,1812),(12985,1812),(12986,1812),(12987,1813),(12988,1813),(12989,1813),(12990,1813),(12991,1813),(12992,1813),(12993,1813),(12994,1814),(12995,1814),(12996,1814),(12997,1814),(12998,1814),(12999,1814),(13000,1814),(13001,1815),(13002,1815),(13003,1815),(13004,1815),(13005,1815),(13006,1815),(13007,1815),(13008,1816),(13009,1816),(13010,1816),(13011,1816),(13012,1816),(13013,1816),(13014,1816),(13015,1817),(13016,1817),(13017,1817),(13018,1817),(13019,1817),(13020,1817),(13021,1817),(13022,1818),(13023,1818),(13024,1818),(13025,1818),(13026,1818),(13027,1818),(13028,1818),(13029,1819),(13030,1819),(13031,1819),(13032,1819),(13033,1819),(13034,1819),(13035,1819),(13036,1820),(13037,1820),(13038,1820),(13039,1820),(13040,1820),(13041,1820),(13042,1820),(13043,1821),(13044,1821),(13045,1821),(13046,1821),(13047,1821),(13048,1821),(13049,1821),(13050,1822),(13051,1822),(13052,1822),(13053,1822),(13054,1822),(13055,1822),(13056,1822),(13057,1823),(13058,1823),(13059,1823),(13060,1823),(13061,1823),(13062,1823),(13063,1823),(13064,1824),(13065,1824),(13066,1824),(13067,1824),(13068,1824),(13069,1824),(13070,1824),(13071,1825),(13072,1825),(13073,1825),(13074,1825),(13075,1825),(13076,1825),(13077,1825),(13078,1826),(13079,1826),(13080,1826),(13081,1826),(13082,1826),(13083,1826),(13084,1826),(13085,1827),(13086,1827),(13087,1827),(13088,1827),(13089,1827),(13090,1827),(13091,1827),(13092,1827),(13093,1827),(13094,1827),(13095,1828),(13096,1828),(13097,1828),(13098,1828),(13099,1828),(13100,1828),(13101,1828),(13102,1829),(13103,1829),(13104,1829),(13105,1829),(13106,1829),(13107,1829),(13108,1829),(13109,1830),(13110,1830),(13111,1830),(13112,1830),(13113,1830),(13114,1830),(13115,1830),(13116,1831),(13117,1831),(13118,1831),(13119,1831),(13120,1831),(13121,1831),(13122,1831),(13123,1832),(13124,1832),(13125,1832),(13126,1832),(13127,1832),(13128,1832),(13129,1832),(13130,1833),(13131,1833),(13132,1833),(13133,1833),(13134,1833),(13135,1833),(13136,1833),(13137,1834),(13138,1834),(13139,1834),(13140,1834),(13141,1834),(13142,1834),(13143,1834),(13144,1834),(13145,1834),(13146,1834),(13147,1835),(13148,1835),(13149,1835),(13150,1835),(13151,1835),(13152,1835),(13153,1835),(13154,1836),(13155,1836),(13156,1836),(13157,1836),(13158,1836),(13159,1836),(13160,1836),(13161,1837),(13162,1837),(13163,1837),(13164,1837),(13165,1837),(13166,1837),(13167,1837),(13168,1838),(13169,1838),(13170,1838),(13171,1838),(13172,1838),(13173,1838),(13174,1838),(13175,1839),(13176,1839),(13177,1839),(13178,1839),(13179,1839),(13180,1839),(13181,1839),(13182,1840),(13183,1840),(13184,1840),(13185,1840),(13186,1840),(13187,1840),(13188,1840),(13189,1841),(13190,1841),(13191,1841),(13192,1841),(13193,1841),(13194,1841),(13195,1841),(13196,1841),(13197,1841),(13198,1841),(13199,1842),(13200,1842),(13201,1842),(13202,1842),(13203,1842),(13204,1842),(13205,1842),(13206,1843),(13207,1843),(13208,1843),(13209,1843),(13210,1843),(13211,1843),(13212,1843),(13213,1844),(13214,1844),(13215,1844),(13216,1844),(13217,1844),(13218,1844),(13219,1844),(13220,1845),(13221,1845),(13222,1845),(13223,1845),(13224,1845),(13225,1845),(13226,1845),(13227,1846),(13228,1846),(13229,1846),(13230,1846),(13231,1846),(13232,1846),(13233,1846),(13234,1847),(13235,1847),(13236,1847),(13237,1847),(13238,1847),(13239,1847),(13240,1847),(13241,1848),(13242,1848),(13243,1848),(13244,1848),(13245,1848),(13246,1848),(13247,1848),(13248,1848),(13249,1848),(13250,1848),(13251,1849),(13252,1849),(13253,1849),(13254,1849),(13255,1849),(13256,1849),(13257,1849),(13258,1850),(13259,1850),(13260,1850),(13261,1850),(13262,1850),(13263,1850),(13264,1850),(13265,1851),(13266,1851),(13267,1851),(13268,1851),(13269,1851),(13270,1851),(13271,1851),(13272,1852),(13273,1852),(13274,1852),(13275,1852),(13276,1852),(13277,1852),(13278,1852),(13279,1853),(13280,1853),(13281,1853),(13282,1853),(13283,1853),(13284,1853),(13285,1853),(13286,1854),(13287,1854),(13288,1854),(13289,1854),(13290,1854),(13291,1854),(13292,1854),(13293,1855),(13294,1855),(13295,1855),(13296,1855),(13297,1855),(13298,1855),(13299,1855),(13300,1855),(13301,1855),(13302,1855),(13303,1856),(13304,1856),(13305,1856),(13306,1856),(13307,1856),(13308,1856),(13309,1856),(13310,1857),(13311,1857),(13312,1857),(13313,1857),(13314,1857),(13315,1857),(13316,1857),(13317,1858),(13318,1858),(13319,1858),(13320,1858),(13321,1858),(13322,1858),(13323,1858),(13324,1859),(13325,1859),(13326,1859),(13327,1859),(13328,1859),(13329,1859),(13330,1859),(13331,1860),(13332,1860),(13333,1860),(13334,1860),(13335,1860),(13336,1860),(13337,1860),(13338,1861),(13339,1861),(13340,1861),(13341,1861),(13342,1861),(13343,1861),(13344,1861),(13345,1862),(13346,1862),(13347,1862),(13348,1862),(13349,1862),(13350,1862),(13351,1862),(13352,1862),(13353,1862),(13354,1862),(13355,1863),(13356,1863),(13357,1863),(13358,1863),(13359,1863),(13360,1863),(13361,1863),(13362,1864),(13363,1864),(13364,1864),(13365,1864),(13366,1864),(13367,1864),(13368,1864),(13369,1865),(13370,1865),(13371,1865),(13372,1865),(13373,1865),(13374,1865),(13375,1865),(13376,1866),(13377,1866),(13378,1866),(13379,1866),(13380,1866),(13381,1866),(13382,1866),(13383,1867),(13384,1867),(13385,1867),(13386,1867),(13387,1867),(13388,1867),(13389,1867),(13390,1868),(13391,1868),(13392,1868),(13393,1868),(13394,1868),(13395,1868),(13396,1868),(13397,1869),(13398,1869),(13399,1869),(13400,1869),(13401,1869),(13402,1869),(13403,1869),(13404,1869),(13405,1869),(13406,1869),(13407,1870),(13408,1870),(13409,1870),(13410,1870),(13411,1870),(13412,1870),(13413,1870),(13414,1871),(13415,1871),(13416,1871),(13417,1871),(13418,1871),(13419,1871),(13420,1871),(13421,1872),(13422,1872),(13423,1872),(13424,1872),(13425,1872),(13426,1872),(13427,1872),(13428,1873),(13429,1873),(13430,1873),(13431,1873),(13432,1873),(13433,1873),(13434,1873),(13435,1874),(13436,1874),(13437,1874),(13438,1874),(13439,1874),(13440,1874),(13441,1874),(13442,1875),(13443,1875),(13444,1875),(13445,1875),(13446,1875),(13447,1875),(13448,1875),(13449,1876),(13450,1876),(13451,1876),(13452,1876),(13453,1876),(13454,1876),(13455,1876),(13456,1876),(13457,1876),(13458,1876),(13459,1877),(13460,1877),(13461,1877),(13462,1877),(13463,1877),(13464,1877),(13465,1877),(13466,1878),(13467,1878),(13468,1878),(13469,1878),(13470,1878),(13471,1878),(13472,1878),(13473,1879),(13474,1879),(13475,1879),(13476,1879),(13477,1879),(13478,1879),(13479,1879),(13480,1880),(13481,1880),(13482,1880),(13483,1880),(13484,1880),(13485,1880),(13486,1880),(13487,1881),(13488,1881),(13489,1881),(13490,1881),(13491,1881),(13492,1881),(13493,1881),(13494,1882),(13495,1882),(13496,1882),(13497,1882),(13498,1882),(13499,1882),(13500,1882),(13501,1883),(13502,1883),(13503,1883),(13504,1883),(13505,1883),(13506,1883),(13507,1883),(13508,1883),(13509,1883),(13510,1883),(13511,1884),(13512,1884),(13513,1884),(13514,1884),(13515,1884),(13516,1884),(13517,1884),(13518,1885),(13519,1885),(13520,1885),(13521,1885),(13522,1885),(13523,1885),(13524,1885),(13525,1886),(13526,1886),(13527,1886),(13528,1886),(13529,1886),(13530,1886),(13531,1886),(13532,1887),(13533,1887),(13534,1887),(13535,1887),(13536,1887),(13537,1887),(13538,1887),(13539,1888),(13540,1888),(13541,1888),(13542,1888),(13543,1888),(13544,1888),(13545,1888),(13546,1889),(13547,1889),(13548,1889),(13549,1889),(13550,1889),(13551,1889),(13552,1889),(13553,1890),(13554,1890),(13555,1890),(13556,1890),(13557,1890),(13558,1890),(13559,1890),(13560,1890),(13561,1890),(13562,1890),(13563,1891),(13564,1891),(13565,1891),(13566,1891),(13567,1891),(13568,1891),(13569,1891),(13570,1892),(13571,1892),(13572,1892),(13573,1892),(13574,1892),(13575,1892),(13576,1892),(13577,1893),(13578,1893),(13579,1893),(13580,1893),(13581,1893),(13582,1893),(13583,1893),(13584,1894),(13585,1894),(13586,1894),(13587,1894),(13588,1894),(13589,1894),(13590,1894),(13591,1895),(13592,1895),(13593,1895),(13594,1895),(13595,1895),(13596,1895),(13597,1895),(13598,1896),(13599,1896),(13600,1896),(13601,1896),(13602,1896),(13603,1896),(13604,1896),(13605,1897),(13606,1897),(13607,1897),(13608,1897),(13609,1897),(13610,1897),(13611,1897),(13612,1897),(13613,1897),(13614,1897),(13615,1898),(13616,1898),(13617,1898),(13618,1898),(13619,1898),(13620,1898),(13621,1898),(13622,1899),(13623,1899),(13624,1899),(13625,1899),(13626,1899),(13627,1899),(13628,1899),(13629,1900),(13630,1900),(13631,1900),(13632,1900),(13633,1900),(13634,1900),(13635,1900),(13636,1901),(13637,1901),(13638,1901),(13639,1901),(13640,1901),(13641,1901),(13642,1901),(13643,1902),(13644,1902),(13645,1902),(13646,1902),(13647,1902),(13648,1902),(13649,1902),(13650,1903),(13651,1903),(13652,1903),(13653,1903),(13654,1903),(13655,1903),(13656,1903),(13657,1904),(13658,1904),(13659,1904),(13660,1904),(13661,1904),(13662,1904),(13663,1904),(13664,1904),(13665,1904),(13666,1904),(13667,1905),(13668,1905),(13669,1905),(13670,1905),(13671,1905),(13672,1905),(13673,1905),(13674,1906),(13675,1906),(13676,1906),(13677,1906),(13678,1906),(13679,1906),(13680,1906),(13681,1907),(13682,1907),(13683,1907),(13684,1907),(13685,1907),(13686,1907),(13687,1907),(13688,1908),(13689,1908),(13690,1908),(13691,1908),(13692,1908),(13693,1908),(13694,1908),(13695,1909),(13696,1909),(13697,1909),(13698,1909),(13699,1909),(13700,1909),(13701,1909),(13702,1910),(13703,1910),(13704,1910),(13705,1910),(13706,1910),(13707,1910),(13708,1910),(13709,1911),(13710,1911),(13711,1911),(13712,1911),(13713,1911),(13714,1911),(13715,1911),(13716,1911),(13717,1911),(13718,1911),(13719,1912),(13720,1912),(13721,1912),(13722,1912),(13723,1912),(13724,1912),(13725,1912),(13726,1913),(13727,1913),(13728,1913),(13729,1913),(13730,1913),(13731,1913),(13732,1913),(13733,1914),(13734,1914),(13735,1914),(13736,1914),(13737,1914),(13738,1914),(13739,1914),(13740,1915),(13741,1915),(13742,1915),(13743,1915),(13744,1915),(13745,1915),(13746,1915),(13747,1916),(13748,1916),(13749,1916),(13750,1916),(13751,1916),(13752,1916),(13753,1916),(13754,1917),(13755,1917),(13756,1917),(13757,1917),(13758,1917),(13759,1917),(13760,1917),(13761,1918),(13762,1918),(13763,1918),(13764,1918),(13765,1918),(13766,1918),(13767,1918),(13768,1918),(13769,1918),(13770,1918),(13771,1919),(13772,1919),(13773,1919),(13774,1919),(13775,1919),(13776,1919),(13777,1919),(13778,1920),(13779,1920),(13780,1920),(13781,1920),(13782,1920),(13783,1920),(13784,1920),(13785,1921),(13786,1921),(13787,1921),(13788,1921),(13789,1921),(13790,1921),(13791,1921),(13792,1922),(13793,1922),(13794,1922),(13795,1922),(13796,1922),(13797,1922),(13798,1922),(13799,1923),(13800,1923),(13801,1923),(13802,1923),(13803,1923),(13804,1923),(13805,1923),(13806,1924),(13807,1924),(13808,1924),(13809,1924),(13810,1924),(13811,1924),(13812,1924),(13813,1925),(13814,1925),(13815,1925),(13816,1925),(13817,1925),(13818,1925),(13819,1925),(13820,1926),(13821,1926),(13822,1926),(13823,1926),(13824,1926),(13825,1926),(13826,1926),(13827,1927),(13828,1927),(13829,1927),(13830,1927),(13831,1927),(13832,1927),(13833,1927),(13834,1928),(13835,1928),(13836,1928),(13837,1928),(13838,1928),(13839,1928),(13840,1928),(13841,1929),(13842,1929),(13843,1929),(13844,1929),(13845,1929),(13846,1929),(13847,1929),(13848,1930),(13849,1930),(13850,1930),(13851,1930),(13852,1930),(13853,1930),(13854,1930),(13855,1931),(13856,1931),(13857,1931),(13858,1931),(13859,1931),(13860,1931),(13861,1931),(13862,1932),(13863,1932),(13864,1932),(13865,1932),(13866,1932),(13867,1932),(13868,1932),(13869,1933),(13870,1933),(13871,1933),(13872,1933),(13873,1933),(13874,1933),(13875,1933),(13876,1934),(13877,1934),(13878,1934),(13879,1934),(13880,1934),(13881,1934),(13882,1934),(13883,1934),(13884,1934),(13885,1934),(13886,1935),(13887,1935),(13888,1935),(13889,1935),(13890,1935),(13891,1935),(13892,1935),(13893,1936),(13894,1936),(13895,1936),(13896,1936),(13897,1936),(13898,1936),(13899,1936),(13900,1937),(13901,1937),(13902,1937),(13903,1937),(13904,1937),(13905,1937),(13906,1937),(13907,1938),(13908,1938),(13909,1938),(13910,1938),(13911,1938),(13912,1938),(13913,1938),(13914,1939),(13915,1939),(13916,1939),(13917,1939),(13918,1939),(13919,1939),(13920,1939),(13921,1940),(13922,1940),(13923,1940),(13924,1940),(13925,1940),(13926,1940),(13927,1940),(13928,1941),(13929,1941),(13930,1941),(13931,1941),(13932,1941),(13933,1941),(13934,1941),(13935,1942),(13936,1942),(13937,1942),(13938,1942),(13939,1942),(13940,1942),(13941,1942),(13942,1943),(13943,1943),(13944,1943),(13945,1943),(13946,1943),(13947,1943),(13948,1943),(13949,1944),(13950,1944),(13951,1944),(13952,1944),(13953,1944),(13954,1944),(13955,1944),(13956,1945),(13957,1945),(13958,1945),(13959,1945),(13960,1945),(13961,1945),(13962,1945),(13963,1946),(13964,1946),(13965,1946),(13966,1946),(13967,1946),(13968,1946),(13969,1946),(13970,1947),(13971,1947),(13972,1947),(13973,1947),(13974,1947),(13975,1947),(13976,1947),(13977,1948),(13978,1948),(13979,1948),(13980,1948),(13981,1948),(13982,1948),(13983,1948),(13984,1949),(13985,1949),(13986,1949),(13987,1949),(13988,1949),(13989,1949),(13990,1949),(13991,1950),(13992,1950),(13993,1950),(13994,1950),(13995,1950),(13996,1950),(13997,1950),(13998,1950),(13999,1950),(14000,1950),(14001,1951),(14002,1951),(14003,1951),(14004,1951),(14005,1951),(14006,1951),(14007,1951),(14008,1952),(14009,1952),(14010,1952),(14011,1952),(14012,1952),(14013,1952),(14014,1952),(14015,1953),(14016,1953),(14017,1953),(14018,1953),(14019,1953),(14020,1953),(14021,1953),(14022,1954),(14023,1954),(14024,1954),(14025,1954),(14026,1954),(14027,1954),(14028,1954),(14029,1955),(14030,1955),(14031,1955),(14032,1955),(14033,1955),(14034,1955),(14035,1955),(14036,1956),(14037,1956),(14038,1956),(14039,1956),(14040,1956),(14041,1956),(14042,1956),(14043,1957),(14044,1957),(14045,1957),(14046,1957),(14047,1957),(14048,1957),(14049,1957),(14050,1958),(14051,1958),(14052,1958),(14053,1958),(14054,1958),(14055,1958),(14056,1958),(14057,1959),(14058,1959),(14059,1959),(14060,1959),(14061,1959),(14062,1959),(14063,1959),(14064,1960),(14065,1960),(14066,1960),(14067,1960),(14068,1960),(14069,1960),(14070,1960),(14071,1961),(14072,1961),(14073,1961),(14074,1961),(14075,1961),(14076,1961),(14077,1961),(14078,1962),(14079,1962),(14080,1962),(14081,1962),(14082,1962),(14083,1962),(14084,1962),(14085,1963),(14086,1963),(14087,1963),(14088,1963),(14089,1963),(14090,1963),(14091,1963),(14092,1964),(14093,1964),(14094,1964),(14095,1964),(14096,1964),(14097,1964),(14098,1964),(14099,1965),(14100,1965),(14101,1965),(14102,1965),(14103,1965),(14104,1965),(14105,1965),(14106,1966),(14107,1966),(14108,1966),(14109,1966),(14110,1966),(14111,1966),(14112,1966),(14113,1966),(14114,1966),(14115,1966),(14116,1967),(14117,1967),(14118,1967),(14119,1967),(14120,1967),(14121,1967),(14122,1967),(14123,1968),(14124,1968),(14125,1968),(14126,1968),(14127,1968),(14128,1968),(14129,1968),(14130,1969),(14131,1969),(14132,1969),(14133,1969),(14134,1969),(14135,1969),(14136,1969),(14137,1970),(14138,1970),(14139,1970),(14140,1970),(14141,1970),(14142,1970),(14143,1970),(14144,1971),(14145,1971),(14146,1971),(14147,1971),(14148,1971),(14149,1971),(14150,1971),(14151,1972),(14152,1972),(14153,1972),(14154,1972),(14155,1972),(14156,1972),(14157,1972),(14158,1973),(14159,1973),(14160,1973),(14161,1973),(14162,1973),(14163,1973),(14164,1973),(14165,1974),(14166,1974),(14167,1974),(14168,1974),(14169,1974),(14170,1974),(14171,1974),(14172,1975),(14173,1975),(14174,1975),(14175,1975),(14176,1975),(14177,1975),(14178,1975),(14179,1976),(14180,1976),(14181,1976),(14182,1976),(14183,1976),(14184,1976),(14185,1976),(14186,1977),(14187,1977),(14188,1977),(14189,1977),(14190,1977),(14191,1977),(14192,1977),(14193,1978),(14194,1978),(14195,1978),(14196,1978),(14197,1978),(14198,1978),(14199,1978),(14200,1979),(14201,1979),(14202,1979),(14203,1979),(14204,1979),(14205,1979),(14206,1979),(14207,1980),(14208,1980),(14209,1980),(14210,1980),(14211,1980),(14212,1980),(14213,1980),(14214,1981),(14215,1981),(14216,1981),(14217,1981),(14218,1981),(14219,1981),(14220,1981),(14221,1982),(14222,1982),(14223,1982),(14224,1982),(14225,1982),(14226,1982),(14227,1982),(14228,1982),(14229,1982),(14230,1982),(14231,1983),(14232,1983),(14233,1983),(14234,1983),(14235,1983),(14236,1983),(14237,1983),(14238,1984),(14239,1984),(14240,1984),(14241,1984),(14242,1984),(14243,1984),(14244,1984),(14245,1985),(14246,1985),(14247,1985),(14248,1985),(14249,1985),(14250,1985),(14251,1985),(14252,1986),(14253,1986),(14254,1986),(14255,1986),(14256,1986),(14257,1986),(14258,1986),(14259,1987),(14260,1987),(14261,1987),(14262,1987),(14263,1987),(14264,1987),(14265,1987),(14266,1988),(14267,1988),(14268,1988),(14269,1988),(14270,1988),(14271,1988),(14272,1988),(14273,1989),(14274,1989),(14275,1989),(14276,1989),(14277,1989),(14278,1989),(14279,1989),(14280,1990),(14281,1990),(14282,1990),(14283,1990),(14284,1990),(14285,1990),(14286,1990),(14287,1991),(14288,1991),(14289,1991),(14290,1991),(14291,1991),(14292,1991),(14293,1991),(14294,1992),(14295,1992),(14296,1992),(14297,1992),(14298,1992),(14299,1992),(14300,1992),(14301,1993),(14302,1993),(14303,1993),(14304,1993),(14305,1993),(14306,1993),(14307,1993),(14308,1994),(14309,1994),(14310,1994),(14311,1994),(14312,1994),(14313,1994),(14314,1994),(14315,1995),(14316,1995),(14317,1995),(14318,1995),(14319,1995),(14320,1995),(14321,1995),(14322,1996),(14323,1996),(14324,1996),(14325,1996),(14326,1996),(14327,1996),(14328,1996),(14329,1997),(14330,1997),(14331,1997),(14332,1997),(14333,1997),(14334,1997),(14335,1997),(14336,1998),(14337,1998),(14338,1998),(14339,1998),(14340,1998),(14341,1998),(14342,1998),(14343,1998),(14344,1998),(14345,1998),(14346,1999),(14347,1999),(14348,1999),(14349,1999),(14350,1999),(14351,1999),(14352,1999),(14353,2000),(14354,2000),(14355,2000),(14356,2000),(14357,2000),(14358,2000),(14359,2000),(14360,2001),(14361,2001),(14362,2001),(14363,2001),(14364,2001),(14365,2001),(14366,2001),(14367,2002),(14368,2002),(14369,2002),(14370,2002),(14371,2002),(14372,2002),(14373,2002),(14374,2003),(14375,2003),(14376,2003),(14377,2003),(14378,2003),(14379,2003),(14380,2003),(14381,2004),(14382,2004),(14383,2004),(14384,2004),(14385,2004),(14386,2004),(14387,2004),(14388,2005),(14389,2005),(14390,2005),(14391,2005),(14392,2005),(14393,2005),(14394,2005),(14395,2005),(14396,2005),(14397,2005),(14398,2006),(14399,2006),(14400,2006),(14401,2006),(14402,2006),(14403,2006),(14404,2006),(14405,2007),(14406,2007),(14407,2007),(14408,2007),(14409,2007),(14410,2007),(14411,2007),(14412,2008),(14413,2008),(14414,2008),(14415,2008),(14416,2008),(14417,2008),(14418,2008),(14419,2009),(14420,2009),(14421,2009),(14422,2009),(14423,2009),(14424,2009),(14425,2009),(14426,2010),(14427,2010),(14428,2010),(14429,2010),(14430,2010),(14431,2010),(14432,2010),(14433,2011),(14434,2011),(14435,2011),(14436,2011),(14437,2011),(14438,2011),(14439,2011),(14440,2012),(14441,2012),(14442,2012),(14443,2012),(14444,2012),(14445,2012),(14446,2012),(14447,2012),(14448,2012),(14449,2012),(14450,2013),(14451,2013),(14452,2013),(14453,2013),(14454,2013),(14455,2013),(14456,2013),(14457,2014),(14458,2014),(14459,2014),(14460,2014),(14461,2014),(14462,2014),(14463,2014),(14464,2015),(14465,2015),(14466,2015),(14467,2015),(14468,2015),(14469,2015),(14470,2015),(14471,2016),(14472,2016),(14473,2016),(14474,2016),(14475,2016),(14476,2016),(14477,2016),(14478,2017),(14479,2017),(14480,2017),(14481,2017),(14482,2017),(14483,2017),(14484,2017),(14485,2018),(14486,2018),(14487,2018),(14488,2018),(14489,2018),(14490,2018),(14491,2018),(14492,2018),(14493,2018),(14494,2018),(14495,2019),(14496,2019),(14497,2019),(14498,2019),(14499,2019),(14500,2019),(14501,2019),(14502,2020),(14503,2020),(14504,2020),(14505,2020),(14506,2020),(14507,2020),(14508,2020),(14509,2021),(14510,2021),(14511,2021),(14512,2021),(14513,2021),(14514,2021),(14515,2021),(14516,2022),(14517,2022),(14518,2022),(14519,2022),(14520,2022),(14521,2022),(14522,2022),(14523,2023),(14524,2023),(14525,2023),(14526,2023),(14527,2023),(14528,2023),(14529,2023),(14530,2024),(14531,2024),(14532,2024),(14533,2024),(14534,2024),(14535,2024),(14536,2024),(14537,2025),(14538,2025),(14539,2025),(14540,2025),(14541,2025),(14542,2025),(14543,2025),(14544,2025),(14545,2025),(14546,2025),(14547,2026),(14548,2026),(14549,2026),(14550,2026),(14551,2026),(14552,2026),(14553,2026),(14554,2027),(14555,2027),(14556,2027),(14557,2027),(14558,2027),(14559,2027),(14560,2027),(14561,2028),(14562,2028),(14563,2028),(14564,2028),(14565,2028),(14566,2028),(14567,2028),(14568,2029),(14569,2029),(14570,2029),(14571,2029),(14572,2029),(14573,2029),(14574,2029),(14575,2030),(14576,2030),(14577,2030),(14578,2030),(14579,2030),(14580,2030),(14581,2030),(14582,2031),(14583,2031),(14584,2031),(14585,2031),(14586,2031),(14587,2031),(14588,2031),(14589,2032),(14590,2032),(14591,2032),(14592,2032),(14593,2032),(14594,2032),(14595,2032),(14596,2032),(14597,2032),(14598,2032),(14599,2033),(14600,2033),(14601,2033),(14602,2033),(14603,2033),(14604,2033),(14605,2033),(14606,2034),(14607,2034),(14608,2034),(14609,2034),(14610,2034),(14611,2034),(14612,2034),(14613,2035),(14614,2035),(14615,2035),(14616,2035),(14617,2035),(14618,2035),(14619,2035),(14620,2036),(14621,2036),(14622,2036),(14623,2036),(14624,2036),(14625,2036),(14626,2036),(14627,2037),(14628,2037),(14629,2037),(14630,2037),(14631,2037),(14632,2037),(14633,2037),(14634,2038),(14635,2038),(14636,2038),(14637,2038),(14638,2038),(14639,2038),(14640,2038),(14641,2039),(14642,2039),(14643,2039),(14644,2039),(14645,2039),(14646,2039),(14647,2039),(14648,2039),(14649,2039),(14650,2039),(14651,2040),(14652,2040),(14653,2040),(14654,2040),(14655,2040),(14656,2040),(14657,2040),(14658,2041),(14659,2041),(14660,2041),(14661,2041),(14662,2041),(14663,2041),(14664,2041),(14665,2042),(14666,2042),(14667,2042),(14668,2042),(14669,2042),(14670,2042),(14671,2042),(14672,2043),(14673,2043),(14674,2043),(14675,2043),(14676,2043),(14677,2043),(14678,2043),(14679,2044),(14680,2044),(14681,2044),(14682,2044),(14683,2044),(14684,2044),(14685,2044),(14686,2045),(14687,2045),(14688,2045),(14689,2045),(14690,2045),(14691,2045),(14692,2045),(14693,2046),(14694,2046),(14695,2046),(14696,2046),(14697,2046),(14698,2046),(14699,2046),(14700,2047),(14701,2047),(14702,2047),(14703,2047),(14704,2047),(14705,2047),(14706,2047),(14707,2048),(14708,2048),(14709,2048),(14710,2048),(14711,2048),(14712,2048),(14713,2048),(14714,2049),(14715,2049),(14716,2049),(14717,2049),(14718,2049),(14719,2049),(14720,2049),(14721,2050),(14722,2050),(14723,2050),(14724,2050),(14725,2050),(14726,2050),(14727,2050),(14728,2051),(14729,2051),(14730,2051),(14731,2051),(14732,2051),(14733,2051),(14734,2051),(14735,2052),(14736,2052),(14737,2052),(14738,2052),(14739,2052),(14740,2052),(14741,2052),(14742,2053),(14743,2053),(14744,2053),(14745,2053),(14746,2053),(14747,2053),(14748,2053),(14749,2054),(14750,2054),(14751,2054),(14752,2054),(14753,2054),(14754,2054),(14755,2054),(14756,2055),(14757,2055),(14758,2055),(14759,2055),(14760,2055),(14761,2055),(14762,2055),(14763,2055),(14764,2055),(14765,2055),(14766,62),(14767,63),(14768,64),(14769,65),(14770,66),(14771,67),(14772,68),(14773,69),(14774,70),(14775,71),(14776,72),(14777,73),(14778,74),(14779,75),(14780,76),(14781,77),(14782,78),(14783,79),(14784,80),(14785,81),(14786,82),(14787,83),(14788,84),(14789,85),(14790,86),(14791,87),(14792,88),(14793,89),(14794,90),(14795,91),(14796,92),(14797,93),(14798,94),(14799,95),(14800,96),(14801,97),(14802,98),(14803,99),(14804,100),(14805,101),(14806,102),(14807,103),(14808,104),(14809,105),(14810,106),(14811,107),(14812,108),(14813,109),(14814,110),(14815,111),(14816,112),(14817,113),(14818,114),(14819,115),(14820,116),(14821,117),(14822,118),(14823,119),(14824,120),(14825,121),(14826,122),(14827,123),(14828,124),(14829,125),(14830,126),(14831,127),(14832,128),(14833,129),(14834,130),(14835,131),(14836,132),(14837,133),(14838,134),(14839,135),(14840,136),(14841,137),(14842,138),(14843,139),(14844,140),(14845,141),(14846,142),(14847,143),(14848,144),(14849,145),(14850,146),(14851,147),(14852,148),(14853,149),(14854,150),(14855,151),(14856,152),(14857,153),(14858,154),(14859,155),(14860,156),(14861,157),(14862,158),(14863,159),(14864,160),(14865,161),(14866,162),(14867,163),(14868,164),(14869,165),(14870,166),(14871,167),(14872,168),(14873,169),(14874,170),(14875,171),(14876,172),(14877,173),(14878,174),(14879,175),(14880,176),(14881,177),(14882,178),(14883,179),(14884,180),(14885,181),(14886,182),(14887,183),(14888,184),(14889,185),(14890,186),(14891,187),(14892,188),(14893,189),(14894,190),(14895,191),(14896,192),(14897,193),(14898,194),(14899,195),(14900,196),(14901,197),(14902,198),(14903,199),(14904,200),(14905,201),(14906,202),(14907,203),(14908,204),(14909,205),(14910,206),(14911,207),(14912,208),(14913,209),(14914,210),(14915,211),(14916,212),(14917,213),(14918,214),(14919,215),(14920,216),(14921,217),(14922,218),(14923,219),(14924,220),(14925,221),(14926,222),(14927,223),(14928,224),(14929,225),(14930,226),(14931,227),(14932,228),(14933,229),(14934,230),(14935,231),(14936,232),(14937,233),(14938,234),(14939,235),(14940,236),(14941,237),(14942,238),(14943,239),(14944,240),(14945,241),(14946,242),(14947,243),(14948,244),(14949,245),(14950,246),(14951,247),(14952,248),(14953,249),(14954,250),(14955,251),(14956,252),(14957,253),(14958,254),(14959,255),(14960,256),(14961,257),(14962,258),(14963,259),(14964,260),(14965,261),(14966,262),(14967,263),(14968,264),(14969,265),(14970,266),(14971,267),(14972,268),(14973,269),(14974,270),(14975,271),(14976,272),(14977,273),(14978,274),(14979,275),(14980,276),(14981,277),(14982,278),(14983,279),(14984,280),(14985,281),(14986,282),(14987,283),(14988,284),(14989,285),(14990,286),(14991,287),(14992,288),(14993,289),(14994,290),(14995,291),(14996,292),(14997,293),(14998,294),(14999,295),(15000,296),(15001,297),(15002,298),(15003,299),(15004,300),(15005,301),(15006,302),(15007,303),(15008,304),(15009,305),(15010,306),(15011,307),(15012,308),(15013,309),(15014,310),(15015,311),(15016,312),(15017,313),(15018,314),(15019,315),(15020,316),(15021,317),(15022,318),(15023,319),(15024,320),(15025,321),(15026,322),(15027,323),(15028,324),(15029,325),(15030,326),(15031,327),(15032,328),(15033,329),(15034,330),(15035,331),(15036,332),(15037,333),(15038,334),(15039,335),(15040,336),(15041,337),(15042,338),(15043,339),(15044,340),(15045,341),(15046,342),(15047,343),(15048,344),(15049,345),(15050,346),(15051,347),(15052,348),(15053,349),(15054,350),(15055,351),(15056,352),(15057,353),(15058,354),(15059,355),(15060,356),(15061,357),(15062,358),(15063,359),(15064,360),(15065,361),(15066,362),(15067,363),(15068,364),(15069,365),(15070,366),(15071,367),(15072,368),(15073,369),(15074,370),(15075,371),(15076,372),(15077,373),(15078,374),(15079,375),(15080,376),(15081,377),(15082,378),(15083,379),(15084,380),(15085,381),(15086,382),(15087,383),(15088,384),(15089,385),(15090,386),(15091,387),(15092,388),(15093,389),(15094,390),(15095,391),(15096,392),(15097,393),(15098,394),(15099,395),(15100,396),(15101,397),(15102,398),(15103,399),(15104,400),(15105,401),(15106,402),(15107,403),(15108,404),(15109,405),(15110,406),(15111,407),(15112,408),(15113,409),(15114,410),(15115,411),(15116,412),(15117,413),(15118,414),(15119,415),(15120,416),(15121,417),(15122,418),(15123,419),(15124,420),(15125,421),(15126,422),(15127,423),(15128,424),(15129,425),(15130,426),(15131,427),(15132,428),(15133,429),(15134,430),(15135,431),(15136,432),(15137,433),(15138,434),(15139,435),(15140,436),(15141,437),(15142,438),(15143,439),(15144,440),(15145,441),(15146,442),(15147,443),(15148,444),(15149,445),(15150,446),(15151,447),(15152,448),(15153,449),(15154,450),(15155,451),(15156,452),(15157,453),(15158,454),(15159,455),(15160,456),(15161,457),(15162,458),(15163,459),(15164,460),(15165,461),(15166,462),(15167,463),(15168,464),(15169,465),(15170,466),(15171,467),(15172,468),(15173,469),(15174,470),(15175,471),(15176,472),(15177,473),(15178,474),(15179,475),(15180,476),(15181,477),(15182,478),(15183,479),(15184,480),(15185,481),(15186,482),(15187,483),(15188,484),(15189,485),(15190,486),(15191,487),(15192,488),(15193,489),(15194,490),(15195,491),(15196,492),(15197,493),(15198,494),(15199,495),(15200,496),(15201,497),(15202,498),(15203,499),(15204,500),(15205,501),(15206,502),(15207,503),(15208,504),(15209,505),(15210,506),(15211,507),(15212,508),(15213,509),(15214,510),(15215,511),(15216,512),(15217,513),(15218,514),(15219,515),(15220,516),(15221,517),(15222,518),(15223,519),(15224,520),(15225,521),(15226,522),(15227,523),(15228,524),(15229,525),(15230,526),(15231,527),(15232,528),(15233,529),(15234,530),(15235,531),(15236,532),(15237,533),(15238,534),(15239,535),(15240,536),(15241,537),(15242,538),(15243,539),(15244,540),(15245,541),(15246,542),(15247,543),(15248,544),(15249,545),(15250,546),(15251,547),(15252,548),(15253,549),(15254,550),(15255,551),(15256,552),(15257,553),(15258,554),(15259,555),(15260,556),(15261,557),(15262,558),(15263,559),(15264,560),(15265,561),(15266,562),(15267,563),(15268,564),(15269,565),(15270,566),(15271,567),(15272,568),(15273,569),(15274,570),(15275,571),(15276,572),(15277,573),(15278,574),(15279,575),(15280,576),(15281,577),(15282,578),(15283,579),(15284,580),(15285,581),(15286,582),(15287,583),(15288,584),(15289,585),(15290,586),(15291,587),(15292,588),(15293,589),(15294,590),(15295,591),(15296,592),(15297,593),(15298,594),(15299,595),(15300,596),(15301,597),(15302,598),(15303,599),(15304,600),(15305,601),(15306,602),(15307,603),(15308,604),(15309,605),(15310,606),(15311,607),(15312,608),(15313,609),(15314,610),(15315,611),(15316,612),(15317,613),(15318,614),(15319,615),(15320,616),(15321,617),(15322,618),(15323,619),(15324,620),(15325,621),(15326,622),(15327,623),(15328,624),(15329,625),(15330,626),(15331,627),(15332,628),(15333,629),(15334,630),(15335,631),(15336,632),(15337,633),(15338,634),(15339,635),(15340,636),(15341,637),(15342,638),(15343,639),(15344,640),(15345,641),(15346,642),(15347,643),(15348,644),(15349,645),(15350,646),(15351,647),(15352,648),(15353,649),(15354,650),(15355,651),(15356,652),(15357,653),(15358,654),(15359,655),(15360,656),(15361,657),(15362,658),(15363,659),(15364,660),(15365,661),(15366,662),(15367,663),(15368,664),(15369,665),(15370,666),(15371,667),(15372,668),(15373,669),(15374,670),(15375,671),(15376,672),(15377,673),(15378,674),(15379,675),(15380,676),(15381,677),(15382,678),(15383,679),(15384,680),(15385,681),(15386,682),(15387,683),(15388,684),(15389,685),(15390,686),(15391,687),(15392,688),(15393,689),(15394,690),(15395,691),(15396,692),(15397,693),(15398,694),(15399,695),(15400,696),(15401,697),(15402,698),(15403,699),(15404,700),(15405,701),(15406,702),(15407,703),(15408,704),(15409,705),(15410,706),(15411,707),(15412,708),(15413,709),(15414,710),(15415,711),(15416,712),(15417,713),(15418,714),(15419,715),(15420,716),(15421,717),(15422,718),(15423,719),(15424,720),(15425,721),(15426,722),(15427,723),(15428,724),(15429,725),(15430,726),(15431,727),(15432,728),(15433,729),(15434,730),(15435,731),(15436,732),(15437,733),(15438,734),(15439,735),(15440,736),(15441,737),(15442,738),(15443,739),(15444,740),(15445,741),(15446,742),(15447,743),(15448,744),(15449,745),(15450,746),(15451,747),(15452,748),(15453,749),(15454,750),(15455,751),(15456,752),(15457,753),(15458,754),(15459,755),(15460,756),(15461,757),(15462,758),(15463,759),(15464,760),(15465,761),(15466,762),(15467,763),(15468,764),(15469,765),(15470,766),(15471,767),(15472,768),(15473,769),(15474,770),(15475,771),(15476,772),(15477,773),(15478,774),(15479,775),(15480,776),(15481,777),(15482,778),(15483,779),(15484,780),(15485,781),(15486,782),(15487,783),(15488,784),(15489,785),(15490,786),(15491,787),(15492,788),(15493,789),(15494,790),(15495,791),(15496,792),(15497,793),(15498,794),(15499,795),(15500,796),(15501,797),(15502,798),(15503,799),(15504,800),(15505,801),(15506,802),(15507,803),(15508,804),(15509,805),(15510,806),(15511,807),(15512,808),(15513,809),(15514,810),(15515,811),(15516,812),(15517,813),(15518,814),(15519,815),(15520,816),(15521,817),(15522,818),(15523,819),(15524,820),(15525,821),(15526,822),(15527,823),(15528,824),(15529,825),(15530,826),(15531,827),(15532,828),(15533,829),(15534,830),(15535,831),(15536,832),(15537,833),(15538,834),(15539,835),(15540,836),(15541,837),(15542,838),(15543,839),(15544,840),(15545,841),(15546,842),(15547,843),(15548,844),(15549,845),(15550,846),(15551,847),(15552,848),(15553,849),(15554,850),(15555,851),(15556,852),(15557,853),(15558,854),(15559,855),(15560,856),(15561,857),(15562,858),(15563,859),(15564,860),(15565,861),(15566,862),(15567,863),(15568,864),(15569,865),(15570,866),(15571,867),(15572,868),(15573,869),(15574,870),(15575,871),(15576,872),(15577,873),(15578,874),(15579,875),(15580,876),(15581,877),(15582,878),(15583,879),(15584,880),(15585,881),(15586,882),(15587,883),(15588,884),(15589,885),(15590,886),(15591,887),(15592,888),(15593,889),(15594,890),(15595,891),(15596,892),(15597,893),(15598,894),(15599,895),(15600,896),(15601,897),(15602,898),(15603,899),(15604,900),(15605,901),(15606,902),(15607,903),(15608,904),(15609,905),(15610,906),(15611,907),(15612,908),(15613,909),(15614,910),(15615,911),(15616,912),(15617,913),(15618,914),(15619,915),(15620,916),(15621,917),(15622,918),(15623,919),(15624,920),(15625,921),(15626,922),(15627,923),(15628,924),(15629,925),(15630,926),(15631,927),(15632,928),(15633,929),(15634,930),(15635,931),(15636,932),(15637,933),(15638,934),(15639,935),(15640,936),(15641,937),(15642,938),(15643,939),(15644,940),(15645,941),(15646,942),(15647,943),(15648,944),(15649,945),(15650,946),(15651,947),(15652,948),(15653,949),(15654,950),(15655,951),(15656,952),(15657,953),(15658,954),(15659,955),(15660,956),(15661,957),(15662,958),(15663,959),(15664,960),(15665,961),(15666,962),(15667,963),(15668,964),(15669,965),(15670,966),(15671,967),(15672,968),(15673,969),(15674,970),(15675,971),(15676,972),(15677,973),(15678,974),(15679,975),(15680,976),(15681,977),(15682,978),(15683,979),(15684,980),(15685,981),(15686,982),(15687,983),(15688,984),(15689,985),(15690,986),(15691,987),(15692,988),(15693,989),(15694,990),(15695,991),(15696,992),(15697,993),(15698,994),(15699,995),(15700,996),(15701,997),(15702,998),(15703,999),(15704,1000),(15705,1001),(15706,1002),(15707,1003),(15708,1004),(15709,1005),(15710,1006),(15711,1007),(15712,1008),(15713,1009),(15714,1010),(15715,1011),(15716,1012),(15717,1013),(15718,1014),(15719,1015),(15720,1016),(15721,1017),(15722,1018),(15723,1019),(15724,1020),(15725,1021),(15726,1022),(15727,1023),(15728,1024),(15729,1025),(15730,1026),(15731,1027),(15732,1028),(15733,1029),(15734,1030),(15735,1031),(15736,1032),(15737,1033),(15738,1034),(15739,1035),(15740,1036),(15741,1037),(15742,1038),(15743,1039),(15744,1040),(15745,1041),(15746,1042),(15747,1043),(15748,1044),(15749,1045),(15750,1046),(15751,1047),(15752,1048),(15753,1049),(15754,1050),(15755,1051),(15756,1052),(15757,1053),(15758,1054),(15759,1055),(15760,1056),(15761,1057),(15762,1058),(15763,1059),(15764,1060),(15765,1061),(15766,1062),(15767,1063),(15768,1064),(15769,1065),(15770,1066),(15771,1067),(15772,1068),(15773,1069),(15774,1070),(15775,1071),(15776,1072),(15777,1073),(15778,1074),(15779,1075),(15780,1076),(15781,1077),(15782,1078),(15783,1079),(15784,1080),(15785,1081),(15786,1082),(15787,1083),(15788,1084),(15789,1085),(15790,1086),(15791,1087),(15792,1088),(15793,1089),(15794,1090),(15795,1091),(15796,1092),(15797,1093),(15798,1094),(15799,1095),(15800,1096),(15801,1097),(15802,1098),(15803,1099),(15804,1100),(15805,1101),(15806,1102),(15807,1103),(15808,1104),(15809,1105),(15810,1106),(15811,1107),(15812,1108),(15813,1109),(15814,1110),(15815,1111),(15816,1112),(15817,1113),(15818,1114),(15819,1115),(15820,1116),(15821,1117),(15822,1118),(15823,1119),(15824,1120),(15825,1121),(15826,1122),(15827,1123),(15828,1124),(15829,1125),(15830,1126),(15831,1127),(15832,1128),(15833,1129),(15834,1130),(15835,1131),(15836,1132),(15837,1133),(15838,1134),(15839,1135),(15840,1136),(15841,1137),(15842,1138),(15843,1139),(15844,1140),(15845,1141),(15846,1142),(15847,1143),(15848,1144),(15849,1145),(15850,1146),(15851,1147),(15852,1148),(15853,1149),(15854,1150),(15855,1151),(15856,1152),(15857,1153),(15858,1154),(15859,1155),(15860,1156),(15861,1157),(15862,1158),(15863,1159),(15864,1160),(15865,1161),(15866,1162),(15867,1163),(15868,1164),(15869,1165),(15870,1166),(15871,1167),(15872,1168),(15873,1169),(15874,1170),(15875,1171),(15876,1172),(15877,1173),(15878,1174),(15879,1175),(15880,1176),(15881,1177),(15882,1178),(15883,1179),(15884,1180),(15885,1181),(15886,1182),(15887,1183),(15888,1184),(15889,1185),(15890,1186),(15891,1187),(15892,1188),(15893,1189),(15894,1190),(15895,1191),(15896,1192),(15897,1193),(15898,1194),(15899,1195),(15900,1196),(15901,1197),(15902,1198),(15903,1199),(15904,1200),(15905,1201),(15906,1202),(15907,1203),(15908,1204),(15909,1205),(15910,1206),(15911,1207),(15912,1208),(15913,1209),(15914,1210),(15915,1211),(15916,1212),(15917,1213),(15918,1214),(15919,1215),(15920,1216),(15921,1217),(15922,1218),(15923,1219),(15924,1220),(15925,1221),(15926,1222),(15927,1223),(15928,1224),(15929,1225),(15930,1226),(15931,1227),(15932,1228),(15933,1229),(15934,1230),(15935,1231),(15936,1232),(15937,1233),(15938,1234),(15939,1235),(15940,1236),(15941,1237),(15942,1238),(15943,1239),(15944,1240),(15945,1241),(15946,1242),(15947,1243),(15948,1244),(15949,1245),(15950,1246),(15951,1247),(15952,1248),(15953,1249),(15954,1250),(15955,1251),(15956,1252),(15957,1253),(15958,1254),(15959,1255),(15960,1256),(15961,1257),(15962,1258),(15963,1259),(15964,1260),(15965,1261),(15966,1262),(15967,1263),(15968,1264),(15969,1265),(15970,1266),(15971,1267),(15972,1268),(15973,1269),(15974,1270),(15975,1271),(15976,1272),(15977,1273),(15978,1274),(15979,1275),(15980,1276),(15981,1277),(15982,1278),(15983,1279),(15984,1280),(15985,1281),(15986,1282),(15987,1283),(15988,1284),(15989,1285),(15990,1286),(15991,1287),(15992,1288),(15993,1289),(15994,1290),(15995,1291),(15996,1292),(15997,1293),(15998,1294),(15999,1295),(16000,1296),(16001,1297),(16002,1298),(16003,1299),(16004,1300),(16005,1301),(16006,1302),(16007,1303),(16008,1304),(16009,1305),(16010,1306),(16011,1307),(16012,1308),(16013,1309),(16014,1310),(16015,1311),(16016,1312),(16017,1313),(16018,1314),(16019,1315),(16020,1316),(16021,1317),(16022,1318),(16023,1319),(16024,1320),(16025,1321),(16026,1322),(16027,1323),(16028,1324),(16029,1325),(16030,1326),(16031,1327),(16032,1328),(16033,1329),(16034,1330),(16035,1331),(16036,1332),(16037,1333),(16038,1334),(16039,1335),(16040,1336),(16041,1337),(16042,1338),(16043,1339),(16044,1340),(16045,1341),(16046,1342),(16047,1343),(16048,1344),(16049,1345),(16050,1346),(16051,1347),(16052,1348),(16053,1349),(16054,1350),(16055,1351),(16056,1352),(16057,1353),(16058,1354),(16059,1355),(16060,1356),(16061,1357),(16062,1358),(16063,1359),(16064,1360),(16065,1361),(16066,1362),(16067,1363),(16068,1364),(16069,1365),(16070,1366),(16071,1367),(16072,1368),(16073,1369),(16074,1370),(16075,1371),(16076,1372),(16077,1373),(16078,1374),(16079,1375),(16080,1376),(16081,1377),(16082,1378),(16083,1379),(16084,1380),(16085,1381),(16086,1382),(16087,1383),(16088,1384),(16089,1385),(16090,1386),(16091,1387),(16092,1388),(16093,1389),(16094,1390),(16095,1391),(16096,1392),(16097,1393),(16098,1394),(16099,1395),(16100,1396),(16101,1397),(16102,1398),(16103,1399),(16104,1400),(16105,1401),(16106,1402),(16107,1403),(16108,1404),(16109,1405),(16110,1406),(16111,1407),(16112,1408),(16113,1409),(16114,1410),(16115,1411),(16116,1412),(16117,1413),(16118,1414),(16119,1415),(16120,1416),(16121,1417),(16122,1418),(16123,1419),(16124,1420),(16125,1421),(16126,1422),(16127,1423),(16128,1424),(16129,1425),(16130,1426),(16131,1427),(16132,1428),(16133,1429),(16134,1430),(16135,1431),(16136,1432),(16137,1433),(16138,1434),(16139,1435),(16140,1436),(16141,1437),(16142,1438),(16143,1439),(16144,1440),(16145,1441),(16146,1442),(16147,1443),(16148,1444),(16149,1445),(16150,1446),(16151,1447),(16152,1448),(16153,1449),(16154,1450),(16155,1451),(16156,1452),(16157,1453),(16158,1454),(16159,1455),(16160,1456),(16161,1457),(16162,1458),(16163,1459),(16164,1460),(16165,1461),(16166,1462),(16167,1463),(16168,1464),(16169,1465),(16170,1466),(16171,1467),(16172,1468),(16173,1469),(16174,1470),(16175,1471),(16176,1472),(16177,1473),(16178,1474),(16179,1475),(16180,1476),(16181,1477),(16182,1478),(16183,1479),(16184,1480),(16185,1481),(16186,1482),(16187,1483),(16188,1484),(16189,1485),(16190,1486),(16191,1487),(16192,1488),(16193,1489),(16194,1490),(16195,1491),(16196,1492),(16197,1493),(16198,1494),(16199,1495),(16200,1496),(16201,1497),(16202,1498),(16203,1499),(16204,1500),(16205,1501),(16206,1502),(16207,1503),(16208,1504),(16209,1505),(16210,1506),(16211,1507),(16212,1508),(16213,1509),(16214,1510),(16215,1511),(16216,1512),(16217,1513),(16218,1514),(16219,1515),(16220,1516),(16221,1517),(16222,1518),(16223,1519),(16224,1520),(16225,1521),(16226,1522),(16227,1523),(16228,1524),(16229,1525),(16230,1526),(16231,1527),(16232,1528),(16233,1529),(16234,1530),(16235,1531),(16236,1532),(16237,1533),(16238,1534),(16239,1535),(16240,1536),(16241,1537),(16242,1538),(16243,1539),(16244,1540),(16245,1541),(16246,1542),(16247,1543),(16248,1544),(16249,1545),(16250,1546),(16251,1547),(16252,1548),(16253,1549),(16254,1550),(16255,1551),(16256,1552),(16257,1553),(16258,1554),(16259,1555),(16260,1556),(16261,1557),(16262,1558),(16263,1559),(16264,1560),(16265,1561),(16266,1562),(16267,1563),(16268,1564),(16269,1565),(16270,1566),(16271,1567),(16272,1568),(16273,1569),(16274,1570),(16275,1571),(16276,1572),(16277,1573),(16278,1574),(16279,1575),(16280,1576),(16281,1577),(16282,1578),(16283,1579),(16284,1580),(16285,1581),(16286,1582),(16287,1583),(16288,1584),(16289,1585),(16290,1586),(16291,1587),(16292,1588),(16293,1589),(16294,1590),(16295,1591),(16296,1592),(16297,1593),(16298,1594),(16299,1595),(16300,1596),(16301,1597),(16302,1598),(16303,1599),(16304,1600),(16305,1601),(16306,1602),(16307,1603),(16308,1604),(16309,1605),(16310,1606),(16311,1607),(16312,1608),(16313,1609),(16314,1610),(16315,1611),(16316,1612),(16317,1613),(16318,1614),(16319,1615),(16320,1616),(16321,1617),(16322,1618),(16323,1619),(16324,1620),(16325,1621),(16326,1622),(16327,1623),(16328,1624),(16329,1625),(16330,1626),(16331,1627),(16332,1628),(16333,1629),(16334,1630),(16335,1631),(16336,1632),(16337,1633),(16338,1634),(16339,1635),(16340,1636),(16341,1637),(16342,1638),(16343,1639),(16344,1640),(16345,1641),(16346,1642),(16347,1643),(16348,1644),(16349,1645),(16350,1646),(16351,1647),(16352,1648),(16353,1649),(16354,1650),(16355,1651),(16356,1652),(16357,1653),(16358,1654),(16359,1655),(16360,1656),(16361,1657),(16362,1658),(16363,1659),(16364,1660),(16365,1661),(16366,1662),(16367,1663),(16368,1664),(16369,1665),(16370,1666),(16371,1667),(16372,1668),(16373,1669),(16374,1670),(16375,1671),(16376,1672),(16377,1673),(16378,1674),(16379,1675),(16380,1676),(16381,1677),(16382,1678),(16383,1679),(16384,1680),(16385,1681),(16386,1682),(16387,1683),(16388,1684),(16389,1685),(16390,1686),(16391,1687),(16392,1688),(16393,1689),(16394,1690),(16395,1691),(16396,1692),(16397,1693),(16398,1694),(16399,1695),(16400,1696),(16401,1697),(16402,1698),(16403,1699),(16404,1700),(16405,1701),(16406,1702),(16407,1703),(16408,1704),(16409,1705),(16410,1706),(16411,1707),(16412,1708),(16413,1709),(16414,1710),(16415,1711),(16416,1712),(16417,1713),(16418,1714),(16419,1715),(16420,1716),(16421,1717),(16422,1718),(16423,1719),(16424,1720),(16425,1721),(16426,1722),(16427,1723),(16428,1724),(16429,1725),(16430,1726),(16431,1727),(16432,1728),(16433,1729),(16434,1730),(16435,1731),(16436,1732),(16437,1733),(16438,1734),(16439,1735),(16440,1736),(16441,1737),(16442,1738),(16443,1739),(16444,1740),(16445,1741),(16446,1742),(16447,1743),(16448,1744),(16449,1745),(16450,1746),(16451,1747),(16452,1748),(16453,1749),(16454,1750),(16455,1751),(16456,1752),(16457,1753),(16458,1754),(16459,1755),(16460,1756),(16461,1757),(16462,1758),(16463,1759),(16464,1760),(16465,1761),(16466,1762),(16467,1763),(16468,1764),(16469,1765),(16470,1766),(16471,1767),(16472,1768),(16473,1769),(16474,1770),(16475,1771),(16476,1772),(16477,1773),(16478,1774),(16479,1775),(16480,1776),(16481,1777),(16482,1778),(16483,1779),(16484,1780),(16485,1781),(16486,1782),(16487,1783),(16488,1784),(16489,1785),(16490,1786),(16491,1787),(16492,1788),(16493,1789),(16494,1790),(16495,1791),(16496,1792),(16497,1793),(16498,1794),(16499,1795),(16500,1796),(16501,1797),(16502,1798),(16503,1799),(16504,1800),(16505,1801),(16506,1802),(16507,1803),(16508,1804),(16509,1805),(16510,1806),(16511,1807),(16512,1808),(16513,1809),(16514,1810),(16515,1811),(16516,1812),(16517,1813),(16518,1814),(16519,1815),(16520,1816),(16521,1817),(16522,1818),(16523,1819),(16524,1820),(16525,1821),(16526,1822),(16527,1823),(16528,1824),(16529,1825),(16530,1826),(16531,1827),(16532,1828),(16533,1829),(16534,1830),(16535,1831),(16536,1832),(16537,1833),(16538,1834),(16539,1835),(16540,1836),(16541,1837),(16542,1838),(16543,1839),(16544,1840),(16545,1841),(16546,1842),(16547,1843),(16548,1844),(16549,1845),(16550,1846),(16551,1847),(16552,1848),(16553,1849),(16554,1850),(16555,1851),(16556,1852),(16557,1853),(16558,1854),(16559,1855),(16560,1856),(16561,1857),(16562,1858),(16563,1859),(16564,1860),(16565,1861),(16566,1862),(16567,1863),(16568,1864),(16569,1865),(16570,1866),(16571,1867),(16572,1868),(16573,1869),(16574,1870),(16575,1871),(16576,1872),(16577,1873),(16578,1874),(16579,1875),(16580,1876),(16581,1877),(16582,1878),(16583,1879),(16584,1880),(16585,1881),(16586,1882),(16587,1883),(16588,1884),(16589,1885),(16590,1886),(16591,1887),(16592,1888),(16593,1889),(16594,1890),(16595,1891),(16596,1892),(16597,1893),(16598,1894),(16599,1895),(16600,1896),(16601,1897),(16602,1898),(16603,1899),(16604,1900),(16605,1901),(16606,1902),(16607,1903),(16608,1904),(16609,1905),(16610,1906),(16611,1907),(16612,1908),(16613,1909),(16614,1910),(16615,1911),(16616,1912),(16617,1913),(16618,1914),(16619,1915),(16620,1916),(16621,1917),(16622,1918),(16623,1919),(16624,1920),(16625,1921),(16626,1922),(16627,1923),(16628,1924),(16629,1925),(16630,1926),(16631,1927),(16632,1928),(16633,1929),(16634,1930),(16635,1931),(16636,1932),(16637,1933),(16638,1934),(16639,1935),(16640,1936),(16641,1937),(16642,1938),(16643,1939),(16644,1940),(16645,1941),(16646,1942),(16647,1943),(16648,1944),(16649,1945),(16650,1946),(16651,1947),(16652,1948),(16653,1949),(16654,1950),(16655,1951),(16656,1952),(16657,1953),(16658,1954),(16659,1955),(16660,1956),(16661,1957),(16662,1958),(16663,1959),(16664,1960),(16665,1961),(16666,1962),(16667,1963),(16668,1964),(16669,1965),(16670,1966),(16671,1967),(16672,1968),(16673,1969),(16674,1970),(16675,1971),(16676,1972),(16677,1973),(16678,1974),(16679,1975),(16680,1976),(16681,1977),(16682,1978),(16683,1979),(16684,1980),(16685,1981),(16686,1982),(16687,1983),(16688,1984),(16689,1985),(16690,1986),(16691,1987),(16692,1988),(16693,1989),(16694,1990),(16695,1991),(16696,1992),(16697,1993),(16698,1994),(16699,1995),(16700,1996),(16701,1997),(16702,1998),(16703,1999),(16704,2000),(16705,2001),(16706,2002),(16707,2003),(16708,2004),(16709,2005),(16710,2006),(16711,2007),(16712,2008),(16713,2009),(16714,2010),(16715,2011),(16716,2012),(16717,2013),(16718,2014),(16719,2015),(16720,2016),(16721,2017),(16722,2018),(16723,2019),(16724,2020),(16725,2021),(16726,2022),(16727,2023),(16728,2024),(16729,2025),(16730,2026),(16731,2027),(16732,2028),(16733,2029),(16734,2030),(16735,2031),(16736,2032),(16737,2033),(16738,2034),(16739,2035),(16740,2036),(16741,2037),(16742,2038),(16743,2039),(16744,2040),(16745,2041),(16746,2042),(16747,2043),(16748,2044),(16749,2045),(16750,2046),(16751,2047),(16752,2048),(16753,2049),(16754,2050),(16755,2051),(16756,2052),(16757,2053),(16758,2054),(16759,2055),(16760,1059),(16761,1059),(16762,1059),(16763,1059),(16764,1075),(16765,1075),(16766,1075),(16767,1075),(16768,1091),(16769,1091),(16770,1091),(16771,1091),(16772,1107),(16773,1107),(16774,1107),(16775,1107),(16776,1123),(16777,1123),(16778,1123),(16779,1123),(16780,1129),(16781,1129),(16782,1129),(16783,1129),(16784,1145),(16785,1145),(16786,1145),(16787,1145),(16788,1161),(16789,1161),(16790,1161),(16791,1161),(16792,1177),(16793,1177),(16794,1177),(16795,1177),(16796,1193),(16797,1193),(16798,1193),(16799,1193),(16800,1209),(16801,1209),(16802,1209),(16803,1209),(16804,1225),(16805,1225),(16806,1225),(16807,1225),(16808,1235),(16809,1235),(16810,1235),(16811,1235),(16812,1251),(16813,1251),(16814,1251),(16815,1251),(16816,1267),(16817,1267),(16818,1267),(16819,1267),(16820,1283),(16821,1283),(16822,1283),(16823,1283),(16824,1299),(16825,1299),(16826,1299),(16827,1299),(16828,1395),(16829,1395),(16830,1395),(16831,1395),(16832,1315),(16833,1315),(16834,1315),(16835,1315),(16836,1331),(16837,1331),(16838,1331),(16839,1331),(16840,1347),(16841,1347),(16842,1347),(16843,1347),(16844,1363),(16845,1363),(16846,1363),(16847,1363),(16848,1363),(16849,1379),(16850,1379),(16851,1379),(16852,1379),(16853,1411),(16854,1411),(16855,1411),(16856,1411),(16857,1619),(16858,1619),(16859,1619),(16860,1619),(16861,1635),(16862,1635),(16863,1635),(16864,1635),(16865,1651),(16866,1651),(16867,1651),(16868,1651),(16869,1667),(16870,1667),(16871,1667),(16872,1667),(16873,1683),(16874,1683),(16875,1683),(16876,1683),(16877,1699),(16878,1699),(16879,1699),(16880,1699),(16881,1715),(16882,1715),(16883,1715),(16884,1715),(16885,1731),(16886,1731),(16887,1731),(16888,1731),(16889,1747),(16890,1747),(16891,1747),(16892,1747),(16893,1763),(16894,1763),(16895,1763),(16896,1763),(16897,1779),(16898,1779),(16899,1779),(16900,1779),(16901,1795),(16902,1795),(16903,1795),(16904,1795),(16905,1811),(16906,1811),(16907,1811),(16908,1811),(16909,1827),(16910,1827),(16911,1827),(16912,1827),(16913,1934),(16914,1934),(16915,1934),(16916,1934),(16917,1950),(16918,1950),(16919,1950),(16920,1950),(16921,1966),(16922,1966),(16923,1966),(16924,1966),(16925,1982),(16926,1982),(16927,1982),(16928,1982),(16929,1998),(16930,1998),(16931,1998),(16932,1998),(16933,2005),(16934,2005),(16935,2005),(16936,2005),(16937,2012),(16938,2012),(16939,2012),(16940,2012),(16941,2018),(16942,2018),(16943,2018),(16944,2018),(16945,2025),(16946,2025),(16947,2025),(16948,2025),(16949,2032),(16950,2032),(16951,2032),(16952,2032),(16953,2039),(16954,2039),(16955,2039),(16956,2039),(16957,2055),(16958,2055),(16959,2055),(16960,2055),(16961,77),(16962,77),(16963,77),(16964,77),(16965,93),(16966,93),(16967,93),(16968,93),(16969,109),(16970,109),(16971,109),(16972,109),(16973,125),(16974,125),(16975,125),(16976,125),(16977,141),(16978,141),(16979,141),(16980,141),(16981,157),(16982,157),(16983,157),(16984,157),(16985,173),(16986,173),(16987,173),(16988,173),(16989,189),(16990,189),(16991,189),(16992,189),(16993,205),(16994,205),(16995,205),(16996,205),(16997,221),(16998,221),(16999,221),(17000,221),(17001,237),(17002,237),(17003,237),(17004,237),(17005,253),(17006,253),(17007,253),(17008,253),(17009,269),(17010,269),(17011,269),(17012,269),(17013,285),(17014,285),(17015,285),(17016,285),(17017,301),(17018,301),(17019,301),(17020,301),(17021,429),(17022,429),(17023,429),(17024,429),(17025,317),(17026,317),(17027,317),(17028,317),(17029,413),(17030,413),(17031,413),(17032,413),(17033,333),(17034,333),(17035,333),(17036,333),(17037,349),(17038,349),(17039,349),(17040,349),(17041,365),(17042,365),(17043,365),(17044,365),(17045,381),(17046,381),(17047,381),(17048,381),(17049,397),(17050,397),(17051,397),(17052,397),(17053,445),(17054,445),(17055,445),(17056,445),(17057,653),(17058,653),(17059,653),(17060,653),(17061,669),(17062,669),(17063,669),(17064,669),(17065,685),(17066,685),(17067,685),(17068,685),(17069,691),(17070,691),(17071,691),(17072,691),(17073,697),(17074,697),(17075,697),(17076,697),(17077,703),(17078,703),(17079,703),(17080,703),(17081,709),(17082,709),(17083,709),(17084,709),(17085,715),(17086,715),(17087,715),(17088,715),(17089,721),(17090,721),(17091,721),(17092,721),(17093,727),(17094,727),(17095,727),(17096,727),(17097,733),(17098,733),(17099,733),(17100,733),(17101,739),(17102,739),(17103,739),(17104,739),(17105,908),(17106,908),(17107,908),(17108,908),(17109,913),(17110,913),(17111,913),(17112,913),(17113,926),(17114,926),(17115,926),(17116,926),(17117,939),(17118,939),(17119,939),(17120,939),(17121,952),(17122,952),(17123,952),(17124,952),(17125,965),(17126,965),(17127,965),(17128,965),(17129,978),(17130,978),(17131,978),(17132,978),(17133,991),(17134,991),(17135,991),(17136,991),(17137,1004),(17138,1004),(17139,1004),(17140,1004),(17141,1017),(17142,1017),(17143,1017),(17144,1017),(17145,1030),(17146,1030),(17147,1030),(17148,1030),(17149,1043),(17150,1043),(17151,1043),(17152,1043),(17153,1587),(17154,1587),(17155,1587),(17156,1587),(17157,1587),(17158,1587),(17159,1587),(17160,1587),(17161,1427),(17162,1427),(17163,1427),(17164,1427),(17165,1427),(17166,1443),(17167,1443),(17168,1459),(17169,1459),(17170,1603),(17171,1603),(17172,1603),(17173,1603),(17174,1603),(17175,1603),(17176,1603),(17177,1603),(17178,1475),(17179,1475),(17180,1507),(17181,1507),(17182,1507),(17183,1507),(17184,1507),(17185,1507),(17186,1507),(17187,1523),(17188,1523),(17189,1523),(17190,1523),(17191,1523),(17192,1523),(17193,1523),(17194,1523),(17195,1539),(17196,1555),(17197,1555),(17198,1555),(17199,1555),(17200,1555),(17201,1571),(17202,1571),(17203,1571),(17204,1571),(17205,1571),(17206,1571),(17207,1571),(17208,1571),(17209,1571),(17210,1571),(17211,1571),(17212,1834),(17213,1834),(17214,1834),(17215,1834),(17216,1834),(17217,1834),(17218,1834),(17219,1834),(17220,1834),(17221,1834),(17222,1834),(17223,1834),(17224,1841),(17225,1841),(17226,1841),(17227,1841),(17228,1841),(17229,1841),(17230,1841),(17231,1841),(17232,1841),(17233,1841),(17234,1848),(17235,1848),(17236,1848),(17237,1848),(17238,1848),(17239,1848),(17240,1848),(17241,1869),(17242,1869),(17243,1869),(17244,1876),(17245,1876),(17246,1876),(17247,1876),(17248,1876),(17249,1876),(17250,1876),(17251,1883),(17252,1883),(17253,1883),(17254,1883),(17255,1883),(17256,1883),(17257,1883),(17258,1890),(17259,1890),(17260,1890),(17261,1890),(17262,1897),(17263,1897),(17264,1897),(17265,1897),(17266,1904),(17267,1904),(17268,1904),(17269,1904),(17270,1904),(17271,1904),(17272,1904),(17273,1904),(17274,1904),(17275,1904),(17276,1911),(17277,1911),(17278,1918),(17279,1918),(17280,1918),(17281,1918),(17282,1918),(17283,1918),(17284,573),(17285,573),(17286,573),(17287,573),(17288,573),(17289,573),(17290,573),(17291,589),(17292,589),(17293,589),(17294,589),(17295,589),(17296,589),(17297,589),(17298,541),(17299,541),(17300,541),(17301,461),(17302,461),(17303,461),(17304,477),(17305,477),(17306,477),(17307,477),(17308,477),(17309,477),(17310,477),(17311,557),(17312,557),(17313,557),(17314,493),(17315,493),(17316,605),(17317,605),(17318,605),(17319,605),(17320,605),(17321,605),(17322,605),(17323,509),(17324,509),(17325,509),(17326,509),(17327,509),(17328,509),(17329,509),(17330,525),(17331,525),(17332,525),(17333,752),(17334,752),(17335,752),(17336,752),(17337,752),(17338,752),(17339,752),(17340,752),(17341,752),(17342,752),(17343,765),(17344,765),(17345,765),(17346,765),(17347,765),(17348,765),(17349,765),(17350,765),(17351,778),(17352,778),(17353,778),(17354,778),(17355,778),(17356,778),(17357,791),(17358,791),(17359,791),(17360,791),(17361,791),(17362,791),(17363,791),(17364,791),(17365,791),(17366,804),(17367,804),(17368,804),(17369,804),(17370,804),(17371,817),(17372,817),(17373,817),(17374,817),(17375,817),(17376,817),(17377,817),(17378,817),(17379,817),(17380,817),(17381,817),(17382,830),(17383,830),(17384,830),(17385,856),(17386,869),(17387,869),(17388,869),(17389,869),(17390,882),(17391,882),(17392,895),(17393,895),(17394,895),(17395,895),(17396,895),(17397,895),(17398,895),(17399,1059),(17400,1059),(17401,1059),(17402,1059),(17403,1059),(17404,1059),(17405,1059),(17406,1059),(17407,1059),(17408,1059),(17409,1059),(17410,1059),(17411,1075),(17412,1075),(17413,1075),(17414,1075),(17415,1075),(17416,1075),(17417,1075),(17418,1075),(17419,1075),(17420,1075),(17421,1075),(17422,1075),(17423,1091),(17424,1091),(17425,1091),(17426,1091),(17427,1091),(17428,1091),(17429,1091),(17430,1091),(17431,1091),(17432,1091),(17433,1091),(17434,1091),(17435,1107),(17436,1107),(17437,1107),(17438,1107),(17439,1107),(17440,1107),(17441,1107),(17442,1107),(17443,1107),(17444,1107),(17445,1107),(17446,1107),(17447,1123),(17448,1123),(17449,1123),(17450,1123),(17451,1123),(17452,1123),(17453,1123),(17454,1123),(17455,1123),(17456,1123),(17457,1123),(17458,1123),(17459,1129),(17460,1129),(17461,1129),(17462,1129),(17463,1129),(17464,1129),(17465,1129),(17466,1129),(17467,1129),(17468,1129),(17469,1129),(17470,1129),(17471,1145),(17472,1145),(17473,1145),(17474,1145),(17475,1145),(17476,1145),(17477,1145),(17478,1145),(17479,1145),(17480,1145),(17481,1145),(17482,1145),(17483,1161),(17484,1161),(17485,1161),(17486,1161),(17487,1161),(17488,1161),(17489,1161),(17490,1161),(17491,1161),(17492,1161),(17493,1161),(17494,1161),(17495,1177),(17496,1177),(17497,1177),(17498,1177),(17499,1177),(17500,1177),(17501,1177),(17502,1177),(17503,1177),(17504,1177),(17505,1177),(17506,1177),(17507,1193),(17508,1193),(17509,1193),(17510,1193),(17511,1193),(17512,1193),(17513,1193),(17514,1193),(17515,1193),(17516,1193),(17517,1193),(17518,1193),(17519,1209),(17520,1209),(17521,1209),(17522,1209),(17523,1209),(17524,1209),(17525,1209),(17526,1209),(17527,1209),(17528,1209),(17529,1209),(17530,1209),(17531,1225),(17532,1225),(17533,1225),(17534,1225),(17535,1225),(17536,1225),(17537,1225),(17538,1225),(17539,1225),(17540,1225),(17541,1225),(17542,1225),(17543,1235),(17544,1235),(17545,1235),(17546,1235),(17547,1235),(17548,1235),(17549,1235),(17550,1235),(17551,1235),(17552,1235),(17553,1235),(17554,1235),(17555,1251),(17556,1251),(17557,1251),(17558,1251),(17559,1251),(17560,1251),(17561,1251),(17562,1251),(17563,1251),(17564,1251),(17565,1251),(17566,1251),(17567,1267),(17568,1267),(17569,1267),(17570,1267),(17571,1267),(17572,1267),(17573,1267),(17574,1267),(17575,1267),(17576,1267),(17577,1267),(17578,1267),(17579,1283),(17580,1283),(17581,1283),(17582,1283),(17583,1283),(17584,1283),(17585,1283),(17586,1283),(17587,1283),(17588,1283),(17589,1283),(17590,1283),(17591,1299),(17592,1299),(17593,1299),(17594,1299),(17595,1299),(17596,1299),(17597,1299),(17598,1299),(17599,1299),(17600,1299),(17601,1299),(17602,1299),(17603,1395),(17604,1395),(17605,1395),(17606,1395),(17607,1395),(17608,1395),(17609,1395),(17610,1395),(17611,1395),(17612,1395),(17613,1395),(17614,1395),(17615,1315),(17616,1315),(17617,1315),(17618,1315),(17619,1315),(17620,1315),(17621,1315),(17622,1315),(17623,1315),(17624,1315),(17625,1315),(17626,1315),(17627,1331),(17628,1331),(17629,1331),(17630,1331),(17631,1331),(17632,1331),(17633,1331),(17634,1331),(17635,1331),(17636,1331),(17637,1331),(17638,1331),(17639,1347),(17640,1347),(17641,1347),(17642,1347),(17643,1347),(17644,1347),(17645,1347),(17646,1347),(17647,1347),(17648,1347),(17649,1347),(17650,1347),(17651,1363),(17652,1363),(17653,1363),(17654,1363),(17655,1363),(17656,1363),(17657,1363),(17658,1363),(17659,1363),(17660,1363),(17661,1363),(17662,1363),(17663,1363),(17664,1363),(17665,1379),(17666,1379),(17667,1379),(17668,1379),(17669,1379),(17670,1379),(17671,1379),(17672,1379),(17673,1379),(17674,1379),(17675,1379),(17676,1379),(17677,1411),(17678,1411),(17679,1411),(17680,1411),(17681,1411),(17682,1411),(17683,1411),(17684,1411),(17685,1411),(17686,1411),(17687,1411),(17688,1411),(17689,1587),(17690,1587),(17691,1587),(17692,1587),(17693,1587),(17694,1587),(17695,1587),(17696,1587),(17697,1587),(17698,1587),(17699,1587),(17700,1587),(17701,1587),(17702,1587),(17703,1587),(17704,1587),(17705,1587),(17706,1587),(17707,1587),(17708,1587),(17709,1427),(17710,1427),(17711,1427),(17712,1427),(17713,1427),(17714,1427),(17715,1427),(17716,1427),(17717,1427),(17718,1427),(17719,1427),(17720,1427),(17721,1427),(17722,1427),(17723,1443),(17724,1443),(17725,1443),(17726,1443),(17727,1443),(17728,1443),(17729,1443),(17730,1443),(17731,1459),(17732,1459),(17733,1459),(17734,1459),(17735,1459),(17736,1459),(17737,1459),(17738,1459),(17739,1603),(17740,1603),(17741,1603),(17742,1603),(17743,1603),(17744,1603),(17745,1603),(17746,1603),(17747,1603),(17748,1603),(17749,1603),(17750,1603),(17751,1603),(17752,1603),(17753,1603),(17754,1603),(17755,1603),(17756,1603),(17757,1603),(17758,1603),(17759,1475),(17760,1475),(17761,1475),(17762,1475),(17763,1475),(17764,1475),(17765,1475),(17766,1475),(17767,1491),(17768,1491),(17769,1491),(17770,1491),(17771,1507),(17772,1507),(17773,1507),(17774,1507),(17775,1507),(17776,1507),(17777,1507),(17778,1507),(17779,1507),(17780,1507),(17781,1507),(17782,1507),(17783,1507),(17784,1507),(17785,1507),(17786,1507),(17787,1507),(17788,1507),(17789,1523),(17790,1523),(17791,1523),(17792,1523),(17793,1523),(17794,1523),(17795,1523),(17796,1523),(17797,1523),(17798,1523),(17799,1523),(17800,1523),(17801,1523),(17802,1523),(17803,1523),(17804,1523),(17805,1523),(17806,1523),(17807,1523),(17808,1523),(17809,1539),(17810,1539),(17811,1539),(17812,1539),(17813,1539),(17814,1539),(17815,1555),(17816,1555),(17817,1555),(17818,1555),(17819,1555),(17820,1555),(17821,1555),(17822,1555),(17823,1555),(17824,1555),(17825,1555),(17826,1555),(17827,1555),(17828,1555),(17829,1571),(17830,1571),(17831,1571),(17832,1571),(17833,1571),(17834,1571),(17835,1571),(17836,1571),(17837,1571),(17838,1571),(17839,1571),(17840,1571),(17841,1571),(17842,1571),(17843,1571),(17844,1571),(17845,1571),(17846,1571),(17847,1571),(17848,1571),(17849,1571),(17850,1571),(17851,1571),(17852,1571),(17853,1571),(17854,1571),(17855,1619),(17856,1619),(17857,1619),(17858,1619),(17859,1619),(17860,1619),(17861,1619),(17862,1619),(17863,1619),(17864,1619),(17865,1619),(17866,1619),(17867,1635),(17868,1635),(17869,1635),(17870,1635),(17871,1635),(17872,1635),(17873,1635),(17874,1635),(17875,1635),(17876,1635),(17877,1635),(17878,1635),(17879,1651),(17880,1651),(17881,1651),(17882,1651),(17883,1651),(17884,1651),(17885,1651),(17886,1651),(17887,1651),(17888,1651),(17889,1651),(17890,1651),(17891,1667),(17892,1667),(17893,1667),(17894,1667),(17895,1667),(17896,1667),(17897,1667),(17898,1667),(17899,1667),(17900,1667),(17901,1667),(17902,1667),(17903,1683),(17904,1683),(17905,1683),(17906,1683),(17907,1683),(17908,1683),(17909,1683),(17910,1683),(17911,1683),(17912,1683),(17913,1683),(17914,1683),(17915,1699),(17916,1699),(17917,1699),(17918,1699),(17919,1699),(17920,1699),(17921,1699),(17922,1699),(17923,1699),(17924,1699),(17925,1699),(17926,1699),(17927,1715),(17928,1715),(17929,1715),(17930,1715),(17931,1715),(17932,1715),(17933,1715),(17934,1715),(17935,1715),(17936,1715),(17937,1715),(17938,1715),(17939,1731),(17940,1731),(17941,1731),(17942,1731),(17943,1731),(17944,1731),(17945,1731),(17946,1731),(17947,1731),(17948,1731),(17949,1731),(17950,1731),(17951,1747),(17952,1747),(17953,1747),(17954,1747),(17955,1747),(17956,1747),(17957,1747),(17958,1747),(17959,1747),(17960,1747),(17961,1747),(17962,1747),(17963,1763),(17964,1763),(17965,1763),(17966,1763),(17967,1763),(17968,1763),(17969,1763),(17970,1763),(17971,1763),(17972,1763),(17973,1763),(17974,1763),(17975,1779),(17976,1779),(17977,1779),(17978,1779),(17979,1779),(17980,1779),(17981,1779),(17982,1779),(17983,1779),(17984,1779),(17985,1779),(17986,1779),(17987,1795),(17988,1795),(17989,1795),(17990,1795),(17991,1795),(17992,1795),(17993,1795),(17994,1795),(17995,1795),(17996,1795),(17997,1795),(17998,1795),(17999,1811),(18000,1811),(18001,1811),(18002,1811),(18003,1811),(18004,1811),(18005,1811),(18006,1811),(18007,1811),(18008,1811),(18009,1811),(18010,1811),(18011,1827),(18012,1827),(18013,1827),(18014,1827),(18015,1827),(18016,1827),(18017,1827),(18018,1827),(18019,1827),(18020,1827),(18021,1827),(18022,1827),(18023,1834),(18024,1834),(18025,1834),(18026,1834),(18027,1834),(18028,1834),(18029,1834),(18030,1834),(18031,1834),(18032,1834),(18033,1834),(18034,1834),(18035,1834),(18036,1834),(18037,1834),(18038,1834),(18039,1834),(18040,1834),(18041,1834),(18042,1834),(18043,1834),(18044,1834),(18045,1834),(18046,1834),(18047,1834),(18048,1834),(18049,1834),(18050,1834),(18051,1841),(18052,1841),(18053,1841),(18054,1841),(18055,1841),(18056,1841),(18057,1841),(18058,1841),(18059,1841),(18060,1841),(18061,1841),(18062,1841),(18063,1841),(18064,1841),(18065,1841),(18066,1841),(18067,1841),(18068,1841),(18069,1841),(18070,1841),(18071,1841),(18072,1841),(18073,1841),(18074,1841),(18075,1848),(18076,1848),(18077,1848),(18078,1848),(18079,1848),(18080,1848),(18081,1848),(18082,1848),(18083,1848),(18084,1848),(18085,1848),(18086,1848),(18087,1848),(18088,1848),(18089,1848),(18090,1848),(18091,1848),(18092,1848),(18093,1855),(18094,1855),(18095,1855),(18096,1855),(18097,1862),(18098,1862),(18099,1862),(18100,1862),(18101,1869),(18102,1869),(18103,1869),(18104,1869),(18105,1869),(18106,1869),(18107,1869),(18108,1869),(18109,1869),(18110,1869),(18111,1876),(18112,1876),(18113,1876),(18114,1876),(18115,1876),(18116,1876),(18117,1876),(18118,1876),(18119,1876),(18120,1876),(18121,1876),(18122,1876),(18123,1876),(18124,1876),(18125,1876),(18126,1876),(18127,1876),(18128,1876),(18129,1883),(18130,1883),(18131,1883),(18132,1883),(18133,1883),(18134,1883),(18135,1883),(18136,1883),(18137,1883),(18138,1883),(18139,1883),(18140,1883),(18141,1883),(18142,1883),(18143,1883),(18144,1883),(18145,1883),(18146,1883),(18147,1890),(18148,1890),(18149,1890),(18150,1890),(18151,1890),(18152,1890),(18153,1890),(18154,1890),(18155,1890),(18156,1890),(18157,1890),(18158,1890),(18159,1897),(18160,1897),(18161,1897),(18162,1897),(18163,1897),(18164,1897),(18165,1897),(18166,1897),(18167,1897),(18168,1897),(18169,1897),(18170,1897),(18171,1904),(18172,1904),(18173,1904),(18174,1904),(18175,1904),(18176,1904),(18177,1904),(18178,1904),(18179,1904),(18180,1904),(18181,1904),(18182,1904),(18183,1904),(18184,1904),(18185,1904),(18186,1904),(18187,1904),(18188,1904),(18189,1904),(18190,1904),(18191,1904),(18192,1904),(18193,1904),(18194,1904),(18195,1911),(18196,1911),(18197,1911),(18198,1911),(18199,1911),(18200,1911),(18201,1911),(18202,1911),(18203,1918),(18204,1918),(18205,1918),(18206,1918),(18207,1918),(18208,1918),(18209,1918),(18210,1918),(18211,1918),(18212,1918),(18213,1918),(18214,1918),(18215,1918),(18216,1918),(18217,1918),(18218,1918),(18219,1934),(18220,1934),(18221,1934),(18222,1934),(18223,1934),(18224,1934),(18225,1934),(18226,1934),(18227,1934),(18228,1934),(18229,1934),(18230,1934),(18231,1950),(18232,1950),(18233,1950),(18234,1950),(18235,1950),(18236,1950),(18237,1950),(18238,1950),(18239,1950),(18240,1950),(18241,1950),(18242,1950),(18243,1966),(18244,1966),(18245,1966),(18246,1966),(18247,1966),(18248,1966),(18249,1966),(18250,1966),(18251,1966),(18252,1966),(18253,1966),(18254,1966),(18255,1982),(18256,1982),(18257,1982),(18258,1982),(18259,1982),(18260,1982),(18261,1982),(18262,1982),(18263,1982),(18264,1982),(18265,1982),(18266,1982),(18267,1998),(18268,1998),(18269,1998),(18270,1998),(18271,1998),(18272,1998),(18273,1998),(18274,1998),(18275,1998),(18276,1998),(18277,1998),(18278,1998),(18279,2005),(18280,2005),(18281,2005),(18282,2005),(18283,2005),(18284,2005),(18285,2005),(18286,2005),(18287,2005),(18288,2005),(18289,2005),(18290,2005),(18291,2012),(18292,2012),(18293,2012),(18294,2012),(18295,2012),(18296,2012),(18297,2012),(18298,2012),(18299,2012),(18300,2012),(18301,2012),(18302,2012),(18303,2018),(18304,2018),(18305,2018),(18306,2018),(18307,2018),(18308,2018),(18309,2018),(18310,2018),(18311,2018),(18312,2018),(18313,2018),(18314,2018),(18315,2025),(18316,2025),(18317,2025),(18318,2025),(18319,2025),(18320,2025),(18321,2025),(18322,2025),(18323,2025),(18324,2025),(18325,2025),(18326,2025),(18327,2032),(18328,2032),(18329,2032),(18330,2032),(18331,2032),(18332,2032),(18333,2032),(18334,2032),(18335,2032),(18336,2032),(18337,2032),(18338,2032),(18339,2039),(18340,2039),(18341,2039),(18342,2039),(18343,2039),(18344,2039),(18345,2039),(18346,2039),(18347,2039),(18348,2039),(18349,2039),(18350,2039),(18351,2055),(18352,2055),(18353,2055),(18354,2055),(18355,2055),(18356,2055),(18357,2055),(18358,2055),(18359,2055),(18360,2055),(18361,2055),(18362,2055),(18363,77),(18364,77),(18365,77),(18366,77),(18367,77),(18368,77),(18369,77),(18370,77),(18371,77),(18372,77),(18373,77),(18374,77),(18375,93),(18376,93),(18377,93),(18378,93),(18379,93),(18380,93),(18381,93),(18382,93),(18383,93),(18384,93),(18385,93),(18386,93),(18387,109),(18388,109),(18389,109),(18390,109),(18391,109),(18392,109),(18393,109),(18394,109),(18395,109),(18396,109),(18397,109),(18398,109),(18399,125),(18400,125),(18401,125),(18402,125),(18403,125),(18404,125),(18405,125),(18406,125),(18407,125),(18408,125),(18409,125),(18410,125),(18411,141),(18412,141),(18413,141),(18414,141),(18415,141),(18416,141),(18417,141),(18418,141),(18419,141),(18420,141),(18421,141),(18422,141),(18423,157),(18424,157),(18425,157),(18426,157),(18427,157),(18428,157),(18429,157),(18430,157),(18431,157),(18432,157),(18433,157),(18434,157),(18435,173),(18436,173),(18437,173),(18438,173),(18439,173),(18440,173),(18441,173),(18442,173),(18443,173),(18444,173),(18445,173),(18446,173),(18447,189),(18448,189),(18449,189),(18450,189),(18451,189),(18452,189),(18453,189),(18454,189),(18455,189),(18456,189),(18457,189),(18458,189),(18459,205),(18460,205),(18461,205),(18462,205),(18463,205),(18464,205),(18465,205),(18466,205),(18467,205),(18468,205),(18469,205),(18470,205),(18471,221),(18472,221),(18473,221),(18474,221),(18475,221),(18476,221),(18477,221),(18478,221),(18479,221),(18480,221),(18481,221),(18482,221),(18483,237),(18484,237),(18485,237),(18486,237),(18487,237),(18488,237),(18489,237),(18490,237),(18491,237),(18492,237),(18493,237),(18494,237),(18495,253),(18496,253),(18497,253),(18498,253),(18499,253),(18500,253),(18501,253),(18502,253),(18503,253),(18504,253),(18505,253),(18506,253),(18507,269),(18508,269),(18509,269),(18510,269),(18511,269),(18512,269),(18513,269),(18514,269),(18515,269),(18516,269),(18517,269),(18518,269),(18519,285),(18520,285),(18521,285),(18522,285),(18523,285),(18524,285),(18525,285),(18526,285),(18527,285),(18528,285),(18529,285),(18530,285),(18531,301),(18532,301),(18533,301),(18534,301),(18535,301),(18536,301),(18537,301),(18538,301),(18539,301),(18540,301),(18541,301),(18542,301),(18543,429),(18544,429),(18545,429),(18546,429),(18547,429),(18548,429),(18549,429),(18550,429),(18551,429),(18552,429),(18553,429),(18554,429),(18555,317),(18556,317),(18557,317),(18558,317),(18559,317),(18560,317),(18561,317),(18562,317),(18563,317),(18564,317),(18565,317),(18566,317),(18567,413),(18568,413),(18569,413),(18570,413),(18571,413),(18572,413),(18573,413),(18574,413),(18575,413),(18576,413),(18577,413),(18578,413),(18579,333),(18580,333),(18581,333),(18582,333),(18583,333),(18584,333),(18585,333),(18586,333),(18587,333),(18588,333),(18589,333),(18590,333),(18591,349),(18592,349),(18593,349),(18594,349),(18595,349),(18596,349),(18597,349),(18598,349),(18599,349),(18600,349),(18601,349),(18602,349),(18603,365),(18604,365),(18605,365),(18606,365),(18607,365),(18608,365),(18609,365),(18610,365),(18611,365),(18612,365),(18613,365),(18614,365),(18615,381),(18616,381),(18617,381),(18618,381),(18619,381),(18620,381),(18621,381),(18622,381),(18623,381),(18624,381),(18625,381),(18626,381),(18627,397),(18628,397),(18629,397),(18630,397),(18631,397),(18632,397),(18633,397),(18634,397),(18635,397),(18636,397),(18637,397),(18638,397),(18639,445),(18640,445),(18641,445),(18642,445),(18643,445),(18644,445),(18645,445),(18646,445),(18647,445),(18648,445),(18649,445),(18650,445),(18651,573),(18652,573),(18653,573),(18654,573),(18655,573),(18656,573),(18657,573),(18658,573),(18659,573),(18660,573),(18661,573),(18662,573),(18663,573),(18664,573),(18665,573),(18666,573),(18667,573),(18668,573),(18669,589),(18670,589),(18671,589),(18672,589),(18673,589),(18674,589),(18675,589),(18676,589),(18677,589),(18678,589),(18679,589),(18680,589),(18681,589),(18682,589),(18683,589),(18684,589),(18685,589),(18686,589),(18687,541),(18688,541),(18689,541),(18690,541),(18691,541),(18692,541),(18693,541),(18694,541),(18695,541),(18696,541),(18697,461),(18698,461),(18699,461),(18700,461),(18701,461),(18702,461),(18703,461),(18704,461),(18705,461),(18706,461),(18707,477),(18708,477),(18709,477),(18710,477),(18711,477),(18712,477),(18713,477),(18714,477),(18715,477),(18716,477),(18717,477),(18718,477),(18719,477),(18720,477),(18721,477),(18722,477),(18723,477),(18724,477),(18725,557),(18726,557),(18727,557),(18728,557),(18729,557),(18730,557),(18731,557),(18732,557),(18733,557),(18734,557),(18735,621),(18736,621),(18737,621),(18738,621),(18739,637),(18740,637),(18741,637),(18742,637),(18743,493),(18744,493),(18745,493),(18746,493),(18747,493),(18748,493),(18749,493),(18750,493),(18751,605),(18752,605),(18753,605),(18754,605),(18755,605),(18756,605),(18757,605),(18758,605),(18759,605),(18760,605),(18761,605),(18762,605),(18763,605),(18764,605),(18765,605),(18766,605),(18767,605),(18768,605),(18769,509),(18770,509),(18771,509),(18772,509),(18773,509),(18774,509),(18775,509),(18776,509),(18777,509),(18778,509),(18779,509),(18780,509),(18781,509),(18782,509),(18783,509),(18784,509),(18785,509),(18786,509),(18787,525),(18788,525),(18789,525),(18790,525),(18791,525),(18792,525),(18793,525),(18794,525),(18795,525),(18796,525),(18797,653),(18798,653),(18799,653),(18800,653),(18801,653),(18802,653),(18803,653),(18804,653),(18805,653),(18806,653),(18807,653),(18808,653),(18809,669),(18810,669),(18811,669),(18812,669),(18813,669),(18814,669),(18815,669),(18816,669),(18817,669),(18818,669),(18819,669),(18820,669),(18821,685),(18822,685),(18823,685),(18824,685),(18825,685),(18826,685),(18827,685),(18828,685),(18829,685),(18830,685),(18831,685),(18832,685),(18833,691),(18834,691),(18835,691),(18836,691),(18837,691),(18838,691),(18839,691),(18840,691),(18841,691),(18842,691),(18843,691),(18844,691),(18845,697),(18846,697),(18847,697),(18848,697),(18849,697),(18850,697),(18851,697),(18852,697),(18853,697),(18854,697),(18855,697),(18856,697),(18857,703),(18858,703),(18859,703),(18860,703),(18861,703),(18862,703),(18863,703),(18864,703),(18865,703),(18866,703),(18867,703),(18868,703),(18869,709),(18870,709),(18871,709),(18872,709),(18873,709),(18874,709),(18875,709),(18876,709),(18877,709),(18878,709),(18879,709),(18880,709),(18881,715),(18882,715),(18883,715),(18884,715),(18885,715),(18886,715),(18887,715),(18888,715),(18889,715),(18890,715),(18891,715),(18892,715),(18893,721),(18894,721),(18895,721),(18896,721),(18897,721),(18898,721),(18899,721),(18900,721),(18901,721),(18902,721),(18903,721),(18904,721),(18905,727),(18906,727),(18907,727),(18908,727),(18909,727),(18910,727),(18911,727),(18912,727),(18913,727),(18914,727),(18915,727),(18916,727),(18917,733),(18918,733),(18919,733),(18920,733),(18921,733),(18922,733),(18923,733),(18924,733),(18925,733),(18926,733),(18927,733),(18928,733),(18929,739),(18930,739),(18931,739),(18932,739),(18933,739),(18934,739),(18935,739),(18936,739),(18937,739),(18938,739),(18939,739),(18940,739),(18941,752),(18942,752),(18943,752),(18944,752),(18945,752),(18946,752),(18947,752),(18948,752),(18949,752),(18950,752),(18951,752),(18952,752),(18953,752),(18954,752),(18955,752),(18956,752),(18957,752),(18958,752),(18959,752),(18960,752),(18961,752),(18962,752),(18963,752),(18964,752),(18965,765),(18966,765),(18967,765),(18968,765),(18969,765),(18970,765),(18971,765),(18972,765),(18973,765),(18974,765),(18975,765),(18976,765),(18977,765),(18978,765),(18979,765),(18980,765),(18981,765),(18982,765),(18983,765),(18984,765),(18985,778),(18986,778),(18987,778),(18988,778),(18989,778),(18990,778),(18991,778),(18992,778),(18993,778),(18994,778),(18995,778),(18996,778),(18997,778),(18998,778),(18999,778),(19000,778),(19001,791),(19002,791),(19003,791),(19004,791),(19005,791),(19006,791),(19007,791),(19008,791),(19009,791),(19010,791),(19011,791),(19012,791),(19013,791),(19014,791),(19015,791),(19016,791),(19017,791),(19018,791),(19019,791),(19020,791),(19021,791),(19022,791),(19023,804),(19024,804),(19025,804),(19026,804),(19027,804),(19028,804),(19029,804),(19030,804),(19031,804),(19032,804),(19033,804),(19034,804),(19035,804),(19036,804),(19037,817),(19038,817),(19039,817),(19040,817),(19041,817),(19042,817),(19043,817),(19044,817),(19045,817),(19046,817),(19047,817),(19048,817),(19049,817),(19050,817),(19051,817),(19052,817),(19053,817),(19054,817),(19055,817),(19056,817),(19057,817),(19058,817),(19059,817),(19060,817),(19061,817),(19062,817),(19063,830),(19064,830),(19065,830),(19066,830),(19067,830),(19068,830),(19069,830),(19070,830),(19071,830),(19072,830),(19073,843),(19074,843),(19075,843),(19076,843),(19077,856),(19078,856),(19079,856),(19080,856),(19081,856),(19082,856),(19083,869),(19084,869),(19085,869),(19086,869),(19087,869),(19088,869),(19089,869),(19090,869),(19091,869),(19092,869),(19093,869),(19094,869),(19095,882),(19096,882),(19097,882),(19098,882),(19099,882),(19100,882),(19101,882),(19102,882),(19103,895),(19104,895),(19105,895),(19106,895),(19107,895),(19108,895),(19109,895),(19110,895),(19111,895),(19112,895),(19113,895),(19114,895),(19115,895),(19116,895),(19117,895),(19118,895),(19119,895),(19120,895),(19121,908),(19122,908),(19123,908),(19124,908),(19125,908),(19126,908),(19127,908),(19128,908),(19129,908),(19130,908),(19131,908),(19132,908),(19133,913),(19134,913),(19135,913),(19136,913),(19137,913),(19138,913),(19139,913),(19140,913),(19141,913),(19142,913),(19143,913),(19144,913),(19145,926),(19146,926),(19147,926),(19148,926),(19149,926),(19150,926),(19151,926),(19152,926),(19153,926),(19154,926),(19155,926),(19156,926),(19157,939),(19158,939),(19159,939),(19160,939),(19161,939),(19162,939),(19163,939),(19164,939),(19165,939),(19166,939),(19167,939),(19168,939),(19169,952),(19170,952),(19171,952),(19172,952),(19173,952),(19174,952),(19175,952),(19176,952),(19177,952),(19178,952),(19179,952),(19180,952),(19181,965),(19182,965),(19183,965),(19184,965),(19185,965),(19186,965),(19187,965),(19188,965),(19189,965),(19190,965),(19191,965),(19192,965),(19193,978),(19194,978),(19195,978),(19196,978),(19197,978),(19198,978),(19199,978),(19200,978),(19201,978),(19202,978),(19203,978),(19204,978),(19205,991),(19206,991),(19207,991),(19208,991),(19209,991),(19210,991),(19211,991),(19212,991),(19213,991),(19214,991),(19215,991),(19216,991),(19217,1004),(19218,1004),(19219,1004),(19220,1004),(19221,1004),(19222,1004),(19223,1004),(19224,1004),(19225,1004),(19226,1004),(19227,1004),(19228,1004),(19229,1017),(19230,1017),(19231,1017),(19232,1017),(19233,1017),(19234,1017),(19235,1017),(19236,1017),(19237,1017),(19238,1017),(19239,1017),(19240,1017),(19241,1030),(19242,1030),(19243,1030),(19244,1030),(19245,1030),(19246,1030),(19247,1030),(19248,1030),(19249,1030),(19250,1030),(19251,1030),(19252,1030),(19253,1043),(19254,1043),(19255,1043),(19256,1043),(19257,1043),(19258,1043),(19259,1043),(19260,1043),(19261,1043),(19262,1043),(19263,1043),(19264,1043),(19265,1235),(19266,1235),(19267,1235),(19268,1235),(19269,1235),(19270,1235),(19271,1235),(19272,1235),(19273,1235),(19274,1235),(19275,1235),(19276,1235),(19277,1235),(19278,1235),(19279,1235),(19280,1235),(19281,1235),(19282,1235),(19283,1235),(19284,1251),(19285,1251),(19286,1251),(19287,1251),(19288,1251),(19289,1251),(19290,1251),(19291,1251),(19292,1251),(19293,1251),(19294,1251),(19295,1251),(19296,1251),(19297,1251),(19298,1251),(19299,1251),(19300,1251),(19301,1251),(19302,1251),(19303,1267),(19304,1267),(19305,1267),(19306,1267),(19307,1267),(19308,1267),(19309,1267),(19310,1267),(19311,1267),(19312,1267),(19313,1267),(19314,1267),(19315,1267),(19316,1267),(19317,1267),(19318,1267),(19319,1267),(19320,1267),(19321,1267),(19322,1283),(19323,1283),(19324,1283),(19325,1283),(19326,1283),(19327,1283),(19328,1283),(19329,1283),(19330,1283),(19331,1283),(19332,1283),(19333,1283),(19334,1283),(19335,1283),(19336,1283),(19337,1283),(19338,1283),(19339,1283),(19340,1283),(19341,1299),(19342,1299),(19343,1299),(19344,1299),(19345,1299),(19346,1299),(19347,1299),(19348,1299),(19349,1299),(19350,1299),(19351,1299),(19352,1299),(19353,1299),(19354,1299),(19355,1299),(19356,1299),(19357,1299),(19358,1299),(19359,1299),(19360,1395),(19361,1395),(19362,1395),(19363,1395),(19364,1395),(19365,1395),(19366,1395),(19367,1395),(19368,1395),(19369,1395),(19370,1395),(19371,1395),(19372,1395),(19373,1395),(19374,1395),(19375,1395),(19376,1395),(19377,1395),(19378,1395),(19379,1315),(19380,1315),(19381,1315),(19382,1315),(19383,1315),(19384,1315),(19385,1315),(19386,1315),(19387,1315),(19388,1315),(19389,1315),(19390,1315),(19391,1315),(19392,1315),(19393,1315),(19394,1315),(19395,1315),(19396,1315),(19397,1315),(19398,1331),(19399,1331),(19400,1331),(19401,1331),(19402,1331),(19403,1331),(19404,1331),(19405,1331),(19406,1331),(19407,1331),(19408,1331),(19409,1331),(19410,1331),(19411,1331),(19412,1331),(19413,1331),(19414,1331),(19415,1331),(19416,1331),(19417,1347),(19418,1347),(19419,1347),(19420,1347),(19421,1347),(19422,1347),(19423,1347),(19424,1347),(19425,1347),(19426,1347),(19427,1347),(19428,1347),(19429,1347),(19430,1347),(19431,1347),(19432,1347),(19433,1347),(19434,1347),(19435,1347),(19436,1363),(19437,1363),(19438,1363),(19439,1363),(19440,1363),(19441,1363),(19442,1363),(19443,1363),(19444,1363),(19445,1363),(19446,1363),(19447,1363),(19448,1363),(19449,1363),(19450,1363),(19451,1363),(19452,1363),(19453,1363),(19454,1363),(19455,1363),(19456,1363),(19457,1379),(19458,1379),(19459,1379),(19460,1379),(19461,1379),(19462,1379),(19463,1379),(19464,1379),(19465,1379),(19466,1379),(19467,1379),(19468,1379),(19469,1379),(19470,1379),(19471,1379),(19472,1379),(19473,1379),(19474,1379),(19475,1379),(19476,1411),(19477,1411),(19478,1411),(19479,1411),(19480,1411),(19481,1411),(19482,1411),(19483,1411),(19484,1411),(19485,1411),(19486,1411),(19487,1411),(19488,1411),(19489,1411),(19490,1411),(19491,1411),(19492,1411),(19493,1411),(19494,1411),(19495,35),(19496,35),(19497,35),(19498,35),(19499,33),(19500,33),(19501,33),(19502,33),(19503,38),(19504,38),(19505,38),(19506,38),(19507,32),(19508,32),(19509,32),(19510,32),(19511,34),(19512,34),(19513,34),(19514,34),(19515,30),(19516,30),(19517,30),(19518,30),(19519,31),(19520,31),(19521,31),(19522,31),(19523,39),(19524,39),(19525,39),(19526,39),(19527,43),(19528,43),(19529,43),(19530,43),(19531,47),(19532,47),(19533,47),(19534,47),(19535,36),(19536,36),(19537,36),(19538,36),(19539,48),(19540,48),(19541,48),(19542,48),(19543,49),(19544,49),(19545,49),(19546,49),(19547,50),(19548,50),(19549,50),(19550,50),(19551,37),(19552,37),(19553,37),(19554,37),(19555,16),(19556,16),(19557,16),(19558,16),(19559,16),(19560,16),(19561,16),(19562,16),(19563,21),(19564,18),(19565,18),(19566,18),(19567,18),(19568,18),(19569,18),(19570,17),(19571,17),(19572,17),(19573,17),(19574,17),(19575,17),(19576,17),(19577,17),(19578,17),(19579,17),(19580,19),(19581,19),(19582,20),(19583,20),(19584,23),(19585,23),(19586,23),(19587,23),(19588,23),(19589,23),(19590,23),(19591,23),(19592,23),(19593,23),(19594,24),(19595,24),(19596,24),(19597,24),(19598,24),(19599,24),(19600,24),(19601,24),(19602,24),(19603,24),(19604,27),(19605,27),(19606,27),(19607,27),(19608,27),(19609,27),(19610,27),(19611,29),(19612,29),(19613,25),(19614,25),(19615,25),(19616,25),(19617,25),(19618,25),(19619,25),(19620,25),(19621,25),(19622,25),(19623,26),(19624,26),(19625,26),(19626,26),(19627,26),(19628,26),(19629,26),(19630,26),(19631,26),(19632,28),(19633,28),(19634,16),(19635,16),(19636,16),(19637,16),(19638,16),(19639,16),(19640,16),(19641,16),(19642,16),(19643,16),(19644,16),(19645,16),(19646,16),(19647,16),(19648,16),(19649,16),(19650,16),(19651,16),(19652,16),(19653,16),(19654,21),(19655,21),(19656,21),(19657,21),(19658,21),(19659,21),(19660,18),(19661,18),(19662,18),(19663,18),(19664,18),(19665,18),(19666,18),(19667,18),(19668,18),(19669,18),(19670,18),(19671,18),(19672,18),(19673,18),(19674,18),(19675,18),(19676,17),(19677,17),(19678,17),(19679,17),(19680,17),(19681,17),(19682,17),(19683,17),(19684,17),(19685,17),(19686,17),(19687,17),(19688,17),(19689,17),(19690,17),(19691,17),(19692,17),(19693,17),(19694,17),(19695,17),(19696,17),(19697,17),(19698,17),(19699,17),(19700,19),(19701,19),(19702,19),(19703,19),(19704,19),(19705,19),(19706,19),(19707,19),(19708,20),(19709,20),(19710,20),(19711,20),(19712,20),(19713,20),(19714,20),(19715,20),(19716,22),(19717,22),(19718,22),(19719,22),(19720,23),(19721,23),(19722,23),(19723,23),(19724,23),(19725,23),(19726,23),(19727,23),(19728,23),(19729,23),(19730,23),(19731,23),(19732,23),(19733,23),(19734,23),(19735,23),(19736,23),(19737,23),(19738,23),(19739,23),(19740,23),(19741,23),(19742,23),(19743,23),(19744,24),(19745,24),(19746,24),(19747,24),(19748,24),(19749,24),(19750,24),(19751,24),(19752,24),(19753,24),(19754,24),(19755,24),(19756,24),(19757,24),(19758,24),(19759,24),(19760,24),(19761,24),(19762,24),(19763,24),(19764,24),(19765,24),(19766,24),(19767,24),(19768,27),(19769,27),(19770,27),(19771,27),(19772,27),(19773,27),(19774,27),(19775,27),(19776,27),(19777,27),(19778,27),(19779,27),(19780,27),(19781,27),(19782,27),(19783,27),(19784,27),(19785,27),(19786,29),(19787,29),(19788,29),(19789,29),(19790,29),(19791,29),(19792,29),(19793,29),(19794,25),(19795,25),(19796,25),(19797,25),(19798,25),(19799,25),(19800,25),(19801,25),(19802,25),(19803,25),(19804,25),(19805,25),(19806,25),(19807,25),(19808,25),(19809,25),(19810,25),(19811,25),(19812,25),(19813,25),(19814,25),(19815,25),(19816,25),(19817,25),(19818,26),(19819,26),(19820,26),(19821,26),(19822,26),(19823,26),(19824,26),(19825,26),(19826,26),(19827,26),(19828,26),(19829,26),(19830,26),(19831,26),(19832,26),(19833,26),(19834,26),(19835,26),(19836,26),(19837,26),(19838,26),(19839,26),(19840,28),(19841,28),(19842,28),(19843,28),(19844,28),(19845,28),(19846,28),(19847,28),(19848,35),(19849,35),(19850,35),(19851,35),(19852,35),(19853,35),(19854,35),(19855,35),(19856,35),(19857,35),(19858,35),(19859,35),(19860,33),(19861,33),(19862,33),(19863,33),(19864,33),(19865,33),(19866,33),(19867,33),(19868,33),(19869,33),(19870,33),(19871,33),(19872,38),(19873,38),(19874,38),(19875,38),(19876,38),(19877,38),(19878,38),(19879,38),(19880,38),(19881,38),(19882,38),(19883,38),(19884,32),(19885,32),(19886,32),(19887,32),(19888,32),(19889,32),(19890,32),(19891,32),(19892,32),(19893,32),(19894,32),(19895,32),(19896,34),(19897,34),(19898,34),(19899,34),(19900,34),(19901,34),(19902,34),(19903,34),(19904,34),(19905,34),(19906,34),(19907,34),(19908,30),(19909,30),(19910,30),(19911,30),(19912,30),(19913,30),(19914,30),(19915,30),(19916,30),(19917,30),(19918,30),(19919,30),(19920,31),(19921,31),(19922,31),(19923,31),(19924,31),(19925,31),(19926,31),(19927,31),(19928,31),(19929,31),(19930,31),(19931,31),(19932,39),(19933,39),(19934,39),(19935,39),(19936,39),(19937,39),(19938,39),(19939,39),(19940,39),(19941,39),(19942,39),(19943,39),(19944,43),(19945,43),(19946,43),(19947,43),(19948,43),(19949,43),(19950,43),(19951,43),(19952,43),(19953,43),(19954,43),(19955,43),(19956,47),(19957,47),(19958,47),(19959,47),(19960,47),(19961,47),(19962,47),(19963,47),(19964,47),(19965,47),(19966,47),(19967,47),(19968,36),(19969,36),(19970,36),(19971,36),(19972,36),(19973,36),(19974,36),(19975,36),(19976,36),(19977,36),(19978,36),(19979,36),(19980,48),(19981,48),(19982,48),(19983,48),(19984,48),(19985,48),(19986,48),(19987,48),(19988,48),(19989,48),(19990,48),(19991,48),(19992,49),(19993,49),(19994,49),(19995,49),(19996,49),(19997,49),(19998,49),(19999,49),(20000,49),(20001,49),(20002,49),(20003,49),(20004,50),(20005,50),(20006,50),(20007,50),(20008,50),(20009,50),(20010,50),(20011,50),(20012,50),(20013,50),(20014,50),(20015,50),(20016,37),(20017,37),(20018,37),(20019,37),(20020,37),(20021,37),(20022,37),(20023,37),(20024,37),(20025,37),(20026,37),(20027,37),(20028,129),(20029,129),(20030,129),(20031,129),(20032,129),(20033,129),(20034,129),(20035,62),(20036,62),(20037,62),(20038,62),(20039,62),(20040,62),(20041,62),(20042,62),(20043,129);

--
