-- Table structure for table `review_entity`
--

CREATE TABLE `review_entity` (
  `entity_id` smallint unsigned NOT NULL AUTO_INCREMENT COMMENT 'Review entity ID',
  `entity_code` varchar(32) NOT NULL COMMENT 'Review entity code',
  PRIMARY KEY (`entity_id`)
) ENGINE=InnoDB AUTO_INCREMENT=4 DEFAULT CHARSET=utf8mb3 COMMENT='Review entities';

--
-- Dumping data for table `review_entity`
--

INSERT INTO `review_entity` VALUES (1,'product'),(2,'customer'),(3,'category');

--
-- Table structure for table `review_entity_summary`
--

CREATE TABLE `review_entity_summary` (
  `primary_id` bigint NOT NULL AUTO_INCREMENT COMMENT 'Summary review entity ID',
  `entity_pk_value` bigint NOT NULL DEFAULT '0' COMMENT 'Product ID',
  `entity_type` smallint NOT NULL DEFAULT '0' COMMENT 'Entity type ID',
  `reviews_count` smallint NOT NULL DEFAULT '0' COMMENT 'Qty of reviews',
  `rating_summary` smallint NOT NULL DEFAULT '0' COMMENT 'Summarized rating',
  `store_id` smallint unsigned NOT NULL DEFAULT '0' COMMENT 'Store ID',
  PRIMARY KEY (`primary_id`),
  UNIQUE KEY `REVIEW_ENTITY_SUMMARY_ENTITY_PK_VALUE_STORE_ID_ENTITY_TYPE` (`entity_pk_value`,`store_id`,`entity_type`),
  KEY `REVIEW_ENTITY_SUMMARY_STORE_ID` (`store_id`),
  CONSTRAINT `REVIEW_ENTITY_SUMMARY_STORE_ID_STORE_STORE_ID` FOREIGN KEY (`store_id`) REFERENCES `store` (`store_id`) ON DELETE CASCADE
) ENGINE=InnoDB AUTO_INCREMENT=466 DEFAULT CHARSET=utf8mb3 COMMENT='Review aggregates';

--
-- Dumping data for table `review_entity_summary`
--

INSERT INTO `review_entity_summary` VALUES (1,1,1,1,0,1),(2,7,1,2,73,1),(3,7,1,2,73,0),(216,16,1,2,50,0),(217,16,1,2,50,1),(218,21,1,3,67,0),(219,21,1,3,67,1),(220,18,1,3,67,0),(221,18,1,3,67,1),(222,17,1,2,90,0),(223,17,1,2,90,1),(224,19,1,3,67,0),(225,19,1,3,67,1),(226,20,1,2,70,0),(227,20,1,2,70,1),(228,52,1,3,87,0),(229,52,1,3,87,1),(230,55,1,3,73,0),(231,55,1,3,73,1),(232,53,1,3,47,0),(233,53,1,3,47,1),(234,51,1,2,80,0),(235,51,1,2,80,1),(236,54,1,4,65,0),(237,54,1,4,65,1),(238,285,1,2,90,0),(239,285,1,2,90,1),(240,301,1,2,90,0),(241,301,1,2,90,1),(242,429,1,3,53,0),(243,429,1,3,53,1),(244,317,1,3,93,0),(245,317,1,3,93,1),(246,413,1,3,80,0),(247,413,1,3,80,1),(248,333,1,2,50,0),(249,333,1,2,50,1),(250,349,1,3,67,0),(251,349,1,3,67,1),(252,365,1,2,70,0),(253,365,1,2,70,1),(254,381,1,2,70,0),(255,381,1,2,70,1),(256,752,1,3,47,0),(257,752,1,3,47,1),(258,765,1,3,47,0),(259,765,1,3,47,1),(260,778,1,2,70,0),(261,778,1,2,70,1),(262,791,1,3,87,0),(263,791,1,3,87,1),(264,804,1,3,73,0),(265,804,1,3,73,1),(266,573,1,3,80,0),(267,573,1,3,80,1),(268,589,1,2,90,0),(269,589,1,2,90,1),(270,541,1,2,60,0),(271,541,1,2,60,1),(272,461,1,3,67,0),(273,461,1,3,67,1),(274,477,1,3,80,0),(275,477,1,3,80,1),(276,557,1,2,70,0),(277,557,1,2,70,1),(278,621,1,3,67,0),(279,621,1,3,67,1),(280,637,1,4,65,0),(281,637,1,4,65,1),(282,493,1,3,73,0),(283,493,1,3,73,1),(284,605,1,3,60,0),(285,605,1,3,60,1),(286,509,1,3,80,0),(287,509,1,3,80,1),(288,525,1,3,53,0),(289,525,1,3,53,1),(290,908,1,3,80,0),(291,908,1,3,80,1),(292,926,1,3,73,0),(293,926,1,3,73,1),(294,939,1,3,60,0),(295,939,1,3,60,1),(296,952,1,3,73,0),(297,952,1,3,73,1),(298,965,1,2,70,0),(299,965,1,2,70,1),(300,978,1,3,87,0),(301,978,1,3,87,1),(302,991,1,2,60,0),(303,991,1,2,60,1),(304,1004,1,3,67,0),(305,1004,1,3,67,1),(306,653,1,4,55,0),(307,653,1,4,55,1),(308,669,1,3,80,0),(309,669,1,3,80,1),(310,685,1,3,53,0),(311,685,1,3,53,1),(312,691,1,4,70,0),(313,691,1,4,70,1),(314,22,1,3,80,0),(315,22,1,3,80,1),(316,35,1,3,67,0),(317,35,1,3,67,1),(318,33,1,2,60,0),(319,33,1,2,60,1),(320,38,1,3,60,0),(321,38,1,3,60,1),(322,32,1,3,93,0),(323,32,1,3,93,1),(324,34,1,3,87,0),(325,34,1,3,87,1),(326,30,1,1,60,0),(327,30,1,1,60,1),(328,31,1,2,100,0),(329,31,1,2,100,1),(330,23,1,3,67,0),(331,23,1,3,67,1),(332,24,1,2,70,0),(333,24,1,2,70,1),(334,27,1,2,90,0),(335,27,1,2,90,1),(336,29,1,3,67,0),(337,29,1,3,67,1),(338,25,1,2,80,0),(339,25,1,2,80,1),(340,26,1,3,73,0),(341,26,1,3,73,1),(342,28,1,3,60,0),(343,28,1,3,60,1),(344,57,1,3,67,0),(345,57,1,3,67,1),(346,59,1,2,70,0),(347,59,1,2,70,1),(348,58,1,3,53,0),(349,58,1,3,53,1),(350,56,1,2,80,0),(351,56,1,2,80,1),(352,1059,1,3,87,0),(353,1059,1,3,87,1),(354,1075,1,3,67,0),(355,1075,1,3,67,1),(356,1091,1,3,60,0),(357,1091,1,3,60,1),(358,1107,1,3,60,0),(359,1107,1,3,60,1),(360,1123,1,3,80,0),(361,1123,1,3,80,1),(362,1129,1,2,80,0),(363,1129,1,2,80,1),(364,1235,1,3,67,0),(365,1235,1,3,67,1),(366,1251,1,4,70,0),(367,1251,1,4,70,1),(368,1267,1,3,87,0),(369,1267,1,3,87,1),(370,1283,1,2,90,0),(371,1283,1,2,90,1),(372,1299,1,3,87,0),(373,1299,1,3,87,1),(374,1395,1,3,87,0),(375,1395,1,3,87,1),(376,1315,1,3,67,0),(377,1315,1,3,67,1),(378,1331,1,2,60,0),(379,1331,1,2,60,1),(380,1347,1,3,87,0),(381,1347,1,3,87,1),(382,1363,1,3,60,0),(383,1363,1,3,60,1),(384,1379,1,3,87,0),(385,1379,1,3,87,1),(386,1834,1,2,80,0),(387,1834,1,2,80,1),(388,1841,1,3,93,0),(389,1841,1,3,93,1),(390,1848,1,3,67,0),(391,1848,1,3,67,1),(392,1855,1,4,80,0),(393,1855,1,4,80,1),(394,1862,1,2,60,0),(395,1862,1,2,60,1),(396,1869,1,3,67,0),(397,1869,1,3,67,1),(398,1587,1,3,87,0),(399,1587,1,3,87,1),(400,1427,1,3,73,0),(401,1427,1,3,73,1),(402,1443,1,4,60,0),(403,1443,1,4,60,1),(404,1459,1,2,60,0),(405,1459,1,2,60,1),(406,1603,1,3,73,0),(407,1603,1,3,73,1),(408,1491,1,2,60,0),(409,1491,1,2,60,1),(410,1507,1,3,47,0),(411,1507,1,3,47,1),(412,1523,1,3,73,0),(413,1523,1,3,73,1),(414,1539,1,3,80,0),(415,1539,1,3,80,1),(416,1555,1,3,87,0),(417,1555,1,3,87,1),(418,1571,1,3,60,0),(419,1571,1,3,60,1),(420,1934,1,3,60,0),(421,1934,1,3,60,1),(422,1950,1,3,80,0),(423,1950,1,3,80,1),(424,1966,1,2,90,0),(425,1966,1,2,90,1),(426,1982,1,2,80,0),(427,1982,1,2,80,1),(428,1998,1,3,73,0),(429,1998,1,3,73,1),(430,2005,1,2,70,0),(431,2005,1,2,70,1),(432,2012,1,3,67,0),(433,2012,1,3,67,1),(434,2018,1,3,93,0),(435,2018,1,3,93,1),(436,2025,1,3,67,0),(437,2025,1,3,67,1),(438,2032,1,3,80,0),(439,2032,1,3,80,1),(440,2039,1,3,73,0),(441,2039,1,3,73,1),(442,2055,1,3,60,0),(443,2055,1,3,60,1),(444,1619,1,4,75,0),(445,1619,1,4,75,1),(446,1635,1,4,60,0),(447,1635,1,4,60,1),(448,1651,1,3,67,0),(449,1651,1,3,67,1),(450,1667,1,3,60,0),(451,1667,1,3,60,1),(452,1683,1,3,40,0),(453,1683,1,3,40,1),(454,1779,1,3,73,0),(455,1779,1,3,73,1),(456,1795,1,1,80,0),(457,1795,1,1,80,1),(458,1811,1,3,60,0),(459,1811,1,3,60,1),(460,1827,1,2,70,0),(461,1827,1,2,70,1),(462,1699,1,2,80,0),(463,1699,1,2,80,1),(464,1715,1,3,53,0),(465,1715,1,3,53,1);

--
-- Table structure for table `review_status`
--

CREATE TABLE `review_status` (
  `status_id` smallint unsigned NOT NULL AUTO_INCREMENT COMMENT 'Status ID',
  `status_code` varchar(32) NOT NULL COMMENT 'Status code',
  PRIMARY KEY (`status_id`)
) ENGINE=InnoDB AUTO_INCREMENT=4 DEFAULT CHARSET=utf8mb3 COMMENT='Review statuses';

--
-- Dumping data for table `review_status`
--

INSERT INTO `review_status` VALUES (1,'Approved'),(2,'Pending'),(3,'Not Approved');

--
-- Table structure for table `review_store`
--

CREATE TABLE `review_store` (
  `review_id` bigint unsigned NOT NULL COMMENT 'Review ID',
  `store_id` smallint unsigned NOT NULL COMMENT 'Store ID',
  PRIMARY KEY (`review_id`,`store_id`),
  KEY `REVIEW_STORE_STORE_ID` (`store_id`),
  CONSTRAINT `REVIEW_STORE_REVIEW_ID_REVIEW_REVIEW_ID` FOREIGN KEY (`review_id`) REFERENCES `review` (`review_id`) ON DELETE CASCADE,
  CONSTRAINT `REVIEW_STORE_STORE_ID_STORE_STORE_ID` FOREIGN KEY (`store_id`) REFERENCES `store` (`store_id`) ON DELETE CASCADE
) ENGINE=InnoDB DEFAULT CHARSET=utf8mb3 COMMENT='Review Store';

--
-- Dumping data for table `review_store`
--

INSERT INTO `review_store` VALUES (1,0),(2,0),(3,0),(4,0),(5,0),(6,0),(298,0),(299,0),(300,0),(301,0),(302,0),(303,0),(304,0),(305,0),(306,0),(307,0),(308,0),(309,0),(310,0),(311,0),(312,0),(313,0),(314,0),(315,0),(316,0),(317,0),(318,0),(319,0),(320,0),(321,0),(322,0),(323,0),(324,0),(325,0),(326,0),(327,0),(328,0),(329,0),(330,0),(331,0),(332,0),(333,0),(334,0),(335,0),(336,0),(337,0),(338,0),(339,0),(340,0),(341,0),(342,0),(343,0),(344,0),(345,0),(346,0),(347,0),(348,0),(349,0),(350,0),(351,0),(352,0),(353,0),(354,0),(355,0),(356,0),(357,0),(358,0),(359,0),(360,0),(361,0),(362,0),(363,0),(364,0),(365,0),(366,0),(367,0),(368,0),(369,0),(370,0),(371,0),(372,0),(373,0),(374,0),(375,0),(376,0),(377,0),(378,0),(379,0),(380,0),(381,0),(382,0),(383,0),(384,0),(385,0),(386,0),(387,0),(388,0),(389,0),(390,0),(391,0),(392,0),(393,0),(394,0),(395,0),(396,0),(397,0),(398,0),(399,0),(400,0),(401,0),(402,0),(403,0),(404,0),(405,0),(406,0),(407,0),(408,0),(409,0),(410,0),(411,0),(412,0),(413,0),(414,0),(415,0),(416,0),(417,0),(418,0),(419,0),(420,0),(421,0),(422,0),(423,0),(424,0),(425,0),(426,0),(427,0),(428,0),(429,0),(430,0),(431,0),(432,0),(433,0),(434,0),(435,0),(436,0),(437,0),(438,0),(439,0),(440,0),(441,0),(442,0),(443,0),(444,0),(445,0),(446,0),(447,0),(448,0),(449,0),(450,0),(451,0),(452,0),(453,0),(454,0),(455,0),(456,0),(457,0),(458,0),(459,0),(460,0),(461,0),(462,0),(463,0),(464,0),(465,0),(466,0),(467,0),(468,0),(469,0),(470,0),(471,0),(472,0),(473,0),(474,0),(475,0),(476,0),(477,0),(478,0),(479,0),(480,0),(481,0),(482,0),(483,0),(484,0),(485,0),(486,0),(487,0),(488,0),(489,0),(490,0),(491,0),(492,0),(493,0),(494,0),(495,0),(496,0),(497,0),(498,0),(499,0),(500,0),(501,0),(502,0),(503,0),(504,0),(505,0),(506,0),(507,0),(508,0),(509,0),(510,0),(511,0),(512,0),(513,0),(514,0),(515,0),(516,0),(517,0),(518,0),(519,0),(520,0),(521,0),(522,0),(523,0),(524,0),(525,0),(526,0),(527,0),(528,0),(529,0),(530,0),(531,0),(532,0),(533,0),(534,0),(535,0),(536,0),(537,0),(538,0),(539,0),(540,0),(541,0),(542,0),(543,0),(544,0),(545,0),(546,0),(547,0),(548,0),(549,0),(550,0),(551,0),(552,0),(553,0),(554,0),(555,0),(556,0),(557,0),(558,0),(559,0),(560,0),(561,0),(562,0),(563,0),(564,0),(565,0),(566,0),(567,0),(568,0),(569,0),(570,0),(571,0),(572,0),(573,0),(574,0),(575,0),(576,0),(577,0),(578,0),(579,0),(580,0),(581,0),(582,0),(583,0),(584,0),(585,0),(586,0),(587,0),(588,0),(589,0),(590,0),(591,0),(592,0),(593,0),(594,0),(595,0),(596,0),(597,0),(598,0),(599,0),(600,0),(601,0),(602,0),(603,0),(604,0),(605,0),(606,0),(607,0),(608,0),(609,0),(610,0),(611,0),(612,0),(613,0),(614,0),(615,0),(616,0),(617,0),(618,0),(619,0),(620,0),(621,0),(622,0),(623,0),(624,0),(625,0),(626,0),(627,0),(628,0),(629,0),(630,0),(631,0),(632,0),(633,0),(634,0),(635,0),(636,0),(637,0),(638,0),(639,0),(640,0),(641,0),(642,0),(643,0),(1,1),(2,1),(3,1),(4,1),(5,1),(6,1),(298,1),(299,1),(300,1),(301,1),(302,1),(303,1),(304,1),(305,1),(306,1),(307,1),(308,1),(309,1),(310,1),(311,1),(312,1),(313,1),(314,1),(315,1),(316,1),(317,1),(318,1),(319,1),(320,1),(321,1),(322,1),(323,1),(324,1),(325,1),(326,1),(327,1),(328,1),(329,1),(330,1),(331,1),(332,1),(333,1),(334,1),(335,1),(336,1),(337,1),(338,1),(339,1),(340,1),(341,1),(342,1),(343,1),(344,1),(345,1),(346,1),(347,1),(348,1),(349,1),(350,1),(351,1),(352,1),(353,1),(354,1),(355,1),(356,1),(357,1),(358,1),(359,1),(360,1),(361,1),(362,1),(363,1),(364,1),(365,1),(366,1),(367,1),(368,1),(369,1),(370,1),(371,1),(372,1),(373,1),(374,1),(375,1),(376,1),(377,1),(378,1),(379,1),(380,1),(381,1),(382,1),(383,1),(384,1),(385,1),(386,1),(387,1),(388,1),(389,1),(390,1),(391,1),(392,1),(393,1),(394,1),(395,1),(396,1),(397,1),(398,1),(399,1),(400,1),(401,1),(402,1),(403,1),(404,1),(405,1),(406,1),(407,1),(408,1),(409,1),(410,1),(411,1),(412,1),(413,1),(414,1),(415,1),(416,1),(417,1),(418,1),(419,1),(420,1),(421,1),(422,1),(423,1),(424,1),(425,1),(426,1),(427,1),(428,1),(429,1),(430,1),(431,1),(432,1),(433,1),(434,1),(435,1),(436,1),(437,1),(438,1),(439,1),(440,1),(441,1),(442,1),(443,1),(444,1),(445,1),(446,1),(447,1),(448,1),(449,1),(450,1),(451,1),(452,1),(453,1),(454,1),(455,1),(456,1),(457,1),(458,1),(459,1),(460,1),(461,1),(462,1),(463,1),(464,1),(465,1),(466,1),(467,1),(468,1),(469,1),(470,1),(471,1),(472,1),(473,1),(474,1),(475,1),(476,1),(477,1),(478,1),(479,1),(480,1),(481,1),(482,1),(483,1),(484,1),(485,1),(486,1),(487,1),(488,1),(489,1),(490,1),(491,1),(492,1),(493,1),(494,1),(495,1),(496,1),(497,1),(498,1),(499,1),(500,1),(501,1),(502,1),(503,1),(504,1),(505,1),(506,1),(507,1),(508,1),(509,1),(510,1),(511,1),(512,1),(513,1),(514,1),(515,1),(516,1),(517,1),(518,1),(519,1),(520,1),(521,1),(522,1),(523,1),(524,1),(525,1),(526,1),(527,1),(528,1),(529,1),(530,1),(531,1),(532,1),(533,1),(534,1),(535,1),(536,1),(537,1),(538,1),(539,1),(540,1),(541,1),(542,1),(543,1),(544,1),(545,1),(546,1),(547,1),(548,1),(549,1),(550,1),(551,1),(552,1),(553,1),(554,1),(555,1),(556,1),(557,1),(558,1),(559,1),(560,1),(561,1),(562,1),(563,1),(564,1),(565,1),(566,1),(567,1),(568,1),(569,1),(570,1),(571,1),(572,1),(573,1),(574,1),(575,1),(576,1),(577,1),(578,1),(579,1),(580,1),(581,1),(582,1),(583,1),(584,1),(585,1),(586,1),(587,1),(588,1),(589,1),(590,1),(591,1),(592,1),(593,1),(594,1),(595,1),(596,1),(597,1),(598,1),(599,1),(600,1),(601,1),(602,1),(603,1),(604,1),(605,1),(606,1),(607,1),(608,1),(609,1),(610,1),(611,1),(612,1),(613,1),(614,1),(615,1),(616,1),(617,1),(618,1),(619,1),(620,1),(621,1),(622,1),(623,1),(624,1),(625,1),(626,1),(627,1),(628,1),(629,1),(630,1),(631,1),(632,1),(633,1),(634,1),(635,1),(636,1),(637,1),(638,1),(639,1),(640,1),(641,1),(642,1),(643,1);

--
-- Table structure for table `sales_bestsellers_aggregated_daily`
--

CREATE TABLE `sales_bestsellers_aggregated_daily` (
  `id` int unsigned NOT NULL AUTO_INCREMENT COMMENT 'ID',
  `period` date DEFAULT NULL COMMENT 'Period',
  `store_id` smallint unsigned DEFAULT NULL COMMENT 'Store ID',
  `product_id` int unsigned DEFAULT NULL COMMENT 'Product ID',
  `product_name` varchar(255) DEFAULT NULL COMMENT 'Product Name',
  `product_price` decimal(12,4) NOT NULL DEFAULT '0.0000' COMMENT 'Product Price',
  `qty_ordered` decimal(12,4) NOT NULL DEFAULT '0.0000' COMMENT 'Qty Ordered',
  `rating_pos` smallint unsigned NOT NULL DEFAULT '0' COMMENT 'Rating Pos',
  PRIMARY KEY (`id`),
  UNIQUE KEY `SALES_BESTSELLERS_AGGREGATED_DAILY_PERIOD_STORE_ID_PRODUCT_ID` (`period`,`store_id`,`product_id`),
  KEY `SALES_BESTSELLERS_AGGREGATED_DAILY_STORE_ID` (`store_id`),
  KEY `SALES_BESTSELLERS_AGGREGATED_DAILY_PRODUCT_ID` (`product_id`),
  CONSTRAINT `SALES_BESTSELLERS_AGGREGATED_DAILY_STORE_ID_STORE_STORE_ID` FOREIGN KEY (`store_id`) REFERENCES `store` (`store_id`) ON DELETE CASCADE
) ENGINE=InnoDB DEFAULT CHARSET=utf8mb3 COMMENT='Sales Bestsellers Aggregated Daily';

--
-- Dumping data for table `sales_bestsellers_aggregated_daily`
--


--
-- Table structure for table `sales_bestsellers_aggregated_monthly`
--

CREATE TABLE `sales_bestsellers_aggregated_monthly` (
  `id` int unsigned NOT NULL AUTO_INCREMENT COMMENT 'ID',
  `period` date DEFAULT NULL COMMENT 'Period',
  `store_id` smallint unsigned DEFAULT NULL COMMENT 'Store ID',
  `product_id` int unsigned DEFAULT NULL COMMENT 'Product ID',
  `product_name` varchar(255) DEFAULT NULL COMMENT 'Product Name',
  `product_price` decimal(12,4) NOT NULL DEFAULT '0.0000' COMMENT 'Product Price',
  `qty_ordered` decimal(12,4) NOT NULL DEFAULT '0.0000' COMMENT 'Qty Ordered',
  `rating_pos` smallint unsigned NOT NULL DEFAULT '0' COMMENT 'Rating Pos',
  PRIMARY KEY (`id`),
  UNIQUE KEY `SALES_BESTSELLERS_AGGREGATED_MONTHLY_PERIOD_STORE_ID_PRODUCT_ID` (`period`,`store_id`,`product_id`),
  KEY `SALES_BESTSELLERS_AGGREGATED_MONTHLY_STORE_ID` (`store_id`),
  KEY `SALES_BESTSELLERS_AGGREGATED_MONTHLY_PRODUCT_ID` (`product_id`),
  CONSTRAINT `SALES_BESTSELLERS_AGGREGATED_MONTHLY_STORE_ID_STORE_STORE_ID` FOREIGN KEY (`store_id`) REFERENCES `store` (`store_id`) ON DELETE CASCADE
) ENGINE=InnoDB DEFAULT CHARSET=utf8mb3 COMMENT='Sales Bestsellers Aggregated Monthly';

--
-- Dumping data for table `sales_bestsellers_aggregated_monthly`
--


--
-- Table structure for table `sales_bestsellers_aggregated_yearly`
--

CREATE TABLE `sales_bestsellers_aggregated_yearly` (
  `id` int unsigned NOT NULL AUTO_INCREMENT COMMENT 'ID',
  `period` date DEFAULT NULL COMMENT 'Period',
  `store_id` smallint unsigned DEFAULT NULL COMMENT 'Store ID',
  `product_id` int unsigned DEFAULT NULL COMMENT 'Product ID',
  `product_name` varchar(255) DEFAULT NULL COMMENT 'Product Name',
  `product_price` decimal(12,4) NOT NULL DEFAULT '0.0000' COMMENT 'Product Price',
  `qty_ordered` decimal(12,4) NOT NULL DEFAULT '0.0000' COMMENT 'Qty Ordered',
  `rating_pos` smallint unsigned NOT NULL DEFAULT '0' COMMENT 'Rating Pos',
  PRIMARY KEY (`id`),
  UNIQUE KEY `SALES_BESTSELLERS_AGGREGATED_YEARLY_PERIOD_STORE_ID_PRODUCT_ID` (`period`,`store_id`,`product_id`),
  KEY `SALES_BESTSELLERS_AGGREGATED_YEARLY_STORE_ID` (`store_id`),
  KEY `SALES_BESTSELLERS_AGGREGATED_YEARLY_PRODUCT_ID` (`product_id`),
  CONSTRAINT `SALES_BESTSELLERS_AGGREGATED_YEARLY_STORE_ID_STORE_STORE_ID` FOREIGN KEY (`store_id`) REFERENCES `store` (`store_id`) ON DELETE CASCADE
) ENGINE=InnoDB DEFAULT CHARSET=utf8mb3 COMMENT='Sales Bestsellers Aggregated Yearly';

--
-- Dumping data for table `sales_bestsellers_aggregated_yearly`
--


--
-- Table structure for table `sales_creditmemo`
--

CREATE TABLE `sales_creditmemo` (
  `entity_id` int unsigned NOT NULL AUTO_INCREMENT COMMENT 'Entity ID',
  `store_id` smallint unsigned DEFAULT NULL COMMENT 'Store ID',
  `adjustment_positive` decimal(20,4) DEFAULT NULL COMMENT 'Adjustment Positive',
  `base_shipping_tax_amount` decimal(20,4) DEFAULT NULL COMMENT 'Base Shipping Tax Amount',
  `store_to_order_rate` decimal(20,4) DEFAULT NULL COMMENT 'Store To Order Rate',
  `base_discount_amount` decimal(20,4) DEFAULT NULL COMMENT 'Base Discount Amount',
  `base_to_order_rate` decimal(20,4) DEFAULT NULL COMMENT 'Base To Order Rate',
  `grand_total` decimal(20,4) DEFAULT NULL COMMENT 'Grand Total',
  `base_adjustment_negative` decimal(20,4) DEFAULT NULL COMMENT 'Base Adjustment Negative',
  `base_subtotal_incl_tax` decimal(20,4) DEFAULT NULL COMMENT 'Base Subtotal Incl Tax',
  `shipping_amount` decimal(20,4) DEFAULT NULL COMMENT 'Shipping Amount',
  `subtotal_incl_tax` decimal(20,4) DEFAULT NULL COMMENT 'Subtotal Incl Tax',
  `adjustment_negative` decimal(20,4) DEFAULT NULL COMMENT 'Adjustment Negative',
  `base_shipping_amount` decimal(20,4) DEFAULT NULL COMMENT 'Base Shipping Amount',
  `store_to_base_rate` decimal(20,4) DEFAULT NULL COMMENT 'Store To Base Rate',
  `base_to_global_rate` decimal(20,4) DEFAULT NULL COMMENT 'Base To Global Rate',
  `base_adjustment` decimal(20,4) DEFAULT NULL COMMENT 'Base Adjustment',
  `base_subtotal` decimal(20,4) DEFAULT NULL COMMENT 'Base Subtotal',
  `discount_amount` decimal(20,4) DEFAULT NULL COMMENT 'Discount Amount',
  `subtotal` decimal(20,4) DEFAULT NULL COMMENT 'Subtotal',
  `adjustment` decimal(20,4) DEFAULT NULL COMMENT 'Adjustment',
  `base_grand_total` decimal(20,4) DEFAULT NULL COMMENT 'Base Grand Total',
  `base_adjustment_positive` decimal(20,4) DEFAULT NULL COMMENT 'Base Adjustment Positive',
  `base_tax_amount` decimal(20,4) DEFAULT NULL COMMENT 'Base Tax Amount',
  `shipping_tax_amount` decimal(20,4) DEFAULT NULL COMMENT 'Shipping Tax Amount',
  `tax_amount` decimal(20,4) DEFAULT NULL COMMENT 'Tax Amount',
  `order_id` int unsigned NOT NULL COMMENT 'Order ID',
  `email_sent` smallint unsigned DEFAULT NULL COMMENT 'Email Sent',
  `send_email` smallint unsigned DEFAULT NULL COMMENT 'Send Email',
  `creditmemo_status` int DEFAULT NULL COMMENT 'Creditmemo Status',
  `state` int DEFAULT NULL COMMENT 'State',
  `shipping_address_id` int DEFAULT NULL COMMENT 'Shipping Address ID',
  `billing_address_id` int DEFAULT NULL COMMENT 'Billing Address ID',
  `invoice_id` int DEFAULT NULL COMMENT 'Invoice ID',
  `store_currency_code` varchar(3) DEFAULT NULL COMMENT 'Store Currency Code',
  `order_currency_code` varchar(3) DEFAULT NULL COMMENT 'Order Currency Code',
  `base_currency_code` varchar(3) DEFAULT NULL COMMENT 'Base Currency Code',
  `global_currency_code` varchar(3) DEFAULT NULL COMMENT 'Global Currency Code',
  `transaction_id` varchar(255) DEFAULT NULL COMMENT 'Transaction ID',
  `increment_id` varchar(50) DEFAULT NULL COMMENT 'Increment ID',
  `created_at` timestamp NOT NULL DEFAULT CURRENT_TIMESTAMP COMMENT 'Created At',
  `updated_at` timestamp NOT NULL DEFAULT CURRENT_TIMESTAMP ON UPDATE CURRENT_TIMESTAMP COMMENT 'Updated At',
  `discount_tax_compensation_amount` decimal(20,4) DEFAULT NULL COMMENT 'Discount Tax Compensation Amount',
  `base_discount_tax_compensation_amount` decimal(20,4) DEFAULT NULL COMMENT 'Base Discount Tax Compensation Amount',
  `shipping_discount_tax_compensation_amount` decimal(20,4) DEFAULT NULL COMMENT 'Shipping Discount Tax Compensation Amount',
  `base_shipping_discount_tax_compensation_amnt` decimal(20,4) DEFAULT NULL COMMENT 'Base Shipping Discount Tax Compensation Amount',
  `shipping_incl_tax` decimal(20,4) DEFAULT NULL COMMENT 'Shipping Incl Tax',
  `base_shipping_incl_tax` decimal(20,4) DEFAULT NULL COMMENT 'Base Shipping Incl Tax',
  `discount_description` varchar(255) DEFAULT NULL COMMENT 'Discount Description',
  `customer_note` text COMMENT 'Customer Note',
  `customer_note_notify` smallint unsigned DEFAULT NULL COMMENT 'Customer Note Notify',
  PRIMARY KEY (`entity_id`),
  UNIQUE KEY `SALES_CREDITMEMO_INCREMENT_ID_STORE_ID` (`increment_id`,`store_id`),
  KEY `SALES_CREDITMEMO_STORE_ID` (`store_id`),
  KEY `SALES_CREDITMEMO_ORDER_ID` (`order_id`),
  KEY `SALES_CREDITMEMO_CREDITMEMO_STATUS` (`creditmemo_status`),
  KEY `SALES_CREDITMEMO_STATE` (`state`),
  KEY `SALES_CREDITMEMO_CREATED_AT` (`created_at`),
  KEY `SALES_CREDITMEMO_UPDATED_AT` (`updated_at`),
  KEY `SALES_CREDITMEMO_SEND_EMAIL` (`send_email`),
  KEY `SALES_CREDITMEMO_EMAIL_SENT` (`email_sent`),
  CONSTRAINT `SALES_CREDITMEMO_ORDER_ID_SALES_ORDER_ENTITY_ID` FOREIGN KEY (`order_id`) REFERENCES `sales_order` (`entity_id`) ON DELETE CASCADE,
  CONSTRAINT `SALES_CREDITMEMO_STORE_ID_STORE_STORE_ID` FOREIGN KEY (`store_id`) REFERENCES `store` (`store_id`) ON DELETE SET NULL
) ENGINE=InnoDB DEFAULT CHARSET=utf8mb3 COMMENT='Sales Flat Creditmemo';

--
-- Dumping data for table `sales_creditmemo`
--


--
-- Table structure for table `sales_creditmemo_comment`
--

CREATE TABLE `sales_creditmemo_comment` (
  `entity_id` int unsigned NOT NULL AUTO_INCREMENT COMMENT 'Entity ID',
  `parent_id` int unsigned NOT NULL COMMENT 'Parent ID',
  `is_customer_notified` int DEFAULT NULL COMMENT 'Is Customer Notified',
  `is_visible_on_front` smallint unsigned NOT NULL DEFAULT '0' COMMENT 'Is Visible On Front',
  `comment` text COMMENT 'Comment',
  `created_at` timestamp NOT NULL DEFAULT CURRENT_TIMESTAMP COMMENT 'Created At',
  PRIMARY KEY (`entity_id`),
  KEY `SALES_CREDITMEMO_COMMENT_CREATED_AT` (`created_at`),
  KEY `SALES_CREDITMEMO_COMMENT_PARENT_ID` (`parent_id`),
  CONSTRAINT `SALES_CREDITMEMO_COMMENT_PARENT_ID_SALES_CREDITMEMO_ENTITY_ID` FOREIGN KEY (`parent_id`) REFERENCES `sales_creditmemo` (`entity_id`) ON DELETE CASCADE
) ENGINE=InnoDB DEFAULT CHARSET=utf8mb3 COMMENT='Sales Flat Creditmemo Comment';

--
-- Dumping data for table `sales_creditmemo_comment`
--


--
-- Table structure for table `sales_creditmemo_grid`
--

CREATE TABLE `sales_creditmemo_grid` (
  `entity_id` int unsigned NOT NULL COMMENT 'Entity ID',
  `increment_id` varchar(50) DEFAULT NULL COMMENT 'Increment ID',
  `created_at` timestamp NULL DEFAULT NULL COMMENT 'Created At',
  `updated_at` timestamp NULL DEFAULT NULL COMMENT 'Updated At',
  `order_id` int unsigned NOT NULL COMMENT 'Order ID',
  `order_increment_id` varchar(50) DEFAULT NULL COMMENT 'Order Increment ID',
  `order_created_at` timestamp NULL DEFAULT NULL COMMENT 'Order Created At',
  `billing_name` varchar(255) DEFAULT NULL COMMENT 'Billing Name',
  `state` int DEFAULT NULL COMMENT 'Status',
  `base_grand_total` decimal(20,4) DEFAULT NULL COMMENT 'Base Grand Total',
  `order_status` varchar(32) DEFAULT NULL COMMENT 'Order Status',
  `store_id` smallint unsigned DEFAULT NULL COMMENT 'Store ID',
  `billing_address` varchar(255) DEFAULT NULL COMMENT 'Billing Address',
  `shipping_address` varchar(255) DEFAULT NULL COMMENT 'Shipping Address',
  `customer_name` varchar(128) NOT NULL COMMENT 'Customer Name',
  `customer_email` varchar(128) DEFAULT NULL COMMENT 'Customer Email',
  `customer_group_id` smallint DEFAULT NULL COMMENT 'Customer Group ID',
  `payment_method` varchar(32) DEFAULT NULL COMMENT 'Payment Method',
  `shipping_information` varchar(255) DEFAULT NULL COMMENT 'Shipping Method Name',
  `subtotal` decimal(20,4) DEFAULT NULL COMMENT 'Subtotal',
  `shipping_and_handling` decimal(20,4) DEFAULT NULL COMMENT 'Shipping and handling amount',
  `adjustment_positive` decimal(20,4) DEFAULT NULL COMMENT 'Adjustment Positive',
  `adjustment_negative` decimal(20,4) DEFAULT NULL COMMENT 'Adjustment Negative',
  `order_base_grand_total` decimal(20,4) DEFAULT NULL COMMENT 'Order Grand Total',
  PRIMARY KEY (`entity_id`),
  UNIQUE KEY `SALES_CREDITMEMO_GRID_INCREMENT_ID_STORE_ID` (`increment_id`,`store_id`),
  KEY `SALES_CREDITMEMO_GRID_ORDER_INCREMENT_ID` (`order_increment_id`),
  KEY `SALES_CREDITMEMO_GRID_CREATED_AT` (`created_at`),
  KEY `SALES_CREDITMEMO_GRID_UPDATED_AT` (`updated_at`),
  KEY `SALES_CREDITMEMO_GRID_ORDER_CREATED_AT` (`order_created_at`),
  KEY `SALES_CREDITMEMO_GRID_STATE` (`state`),
  KEY `SALES_CREDITMEMO_GRID_BILLING_NAME` (`billing_name`),
  KEY `SALES_CREDITMEMO_GRID_ORDER_STATUS` (`order_status`),
  KEY `SALES_CREDITMEMO_GRID_BASE_GRAND_TOTAL` (`base_grand_total`),
  KEY `SALES_CREDITMEMO_GRID_STORE_ID` (`store_id`),
  KEY `SALES_CREDITMEMO_GRID_ORDER_BASE_GRAND_TOTAL` (`order_base_grand_total`),
  KEY `SALES_CREDITMEMO_GRID_ORDER_ID` (`order_id`),
  FULLTEXT KEY `FTI_32B7BA885941A8254EE84AE650ABDC86` (`increment_id`,`order_increment_id`,`billing_name`,`billing_address`,`shipping_address`,`customer_name`,`customer_email`)
) ENGINE=InnoDB DEFAULT CHARSET=utf8mb3 COMMENT='Sales Flat Creditmemo Grid';

--
-- Dumping data for table `sales_creditmemo_grid`
--


--
-- Table structure for table `sales_creditmemo_item`
--

CREATE TABLE `sales_creditmemo_item` (
  `entity_id` int unsigned NOT NULL AUTO_INCREMENT COMMENT 'Entity ID',
  `parent_id` int unsigned NOT NULL COMMENT 'Parent ID',
  `base_price` decimal(20,4) DEFAULT NULL COMMENT 'Base Price',
  `tax_amount` decimal(20,4) DEFAULT NULL COMMENT 'Tax Amount',
  `base_row_total` decimal(20,4) DEFAULT NULL COMMENT 'Base Row Total',
  `discount_amount` decimal(20,4) DEFAULT NULL COMMENT 'Discount Amount',
  `row_total` decimal(20,4) DEFAULT NULL COMMENT 'Row Total',
  `base_discount_amount` decimal(20,4) DEFAULT NULL COMMENT 'Base Discount Amount',
  `price_incl_tax` decimal(20,4) DEFAULT NULL COMMENT 'Price Incl Tax',
  `base_tax_amount` decimal(20,4) DEFAULT NULL COMMENT 'Base Tax Amount',
  `base_price_incl_tax` decimal(20,4) DEFAULT NULL COMMENT 'Base Price Incl Tax',
  `qty` decimal(12,4) DEFAULT NULL COMMENT 'Qty',
  `base_cost` decimal(20,4) DEFAULT NULL COMMENT 'Base Cost',
  `price` decimal(20,4) DEFAULT NULL COMMENT 'Price',
  `base_row_total_incl_tax` decimal(20,4) DEFAULT NULL COMMENT 'Base Row Total Incl Tax',
  `row_total_incl_tax` decimal(20,4) DEFAULT NULL COMMENT 'Row Total Incl Tax',
  `product_id` int DEFAULT NULL COMMENT 'Product ID',
  `order_item_id` int DEFAULT NULL COMMENT 'Order Item ID',
  `additional_data` text COMMENT 'Additional Data',
  `description` text COMMENT 'Description',
  `sku` varchar(255) DEFAULT NULL COMMENT 'Sku',
  `name` varchar(255) DEFAULT NULL COMMENT 'Name',
  `discount_tax_compensation_amount` decimal(20,4) DEFAULT NULL COMMENT 'Discount Tax Compensation Amount',
  `base_discount_tax_compensation_amount` decimal(20,4) DEFAULT NULL COMMENT 'Base Discount Tax Compensation Amount',
  `tax_ratio` text COMMENT 'Ratio of tax in the creditmemo item over tax of the order item',
  `weee_tax_applied` text COMMENT 'Weee Tax Applied',
  `weee_tax_applied_amount` decimal(12,4) DEFAULT NULL COMMENT 'Weee Tax Applied Amount',
  `weee_tax_applied_row_amount` decimal(12,4) DEFAULT NULL COMMENT 'Weee Tax Applied Row Amount',
  `weee_tax_disposition` decimal(12,4) DEFAULT NULL COMMENT 'Weee Tax Disposition',
  `weee_tax_row_disposition` decimal(12,4) DEFAULT NULL COMMENT 'Weee Tax Row Disposition',
  `base_weee_tax_applied_amount` decimal(12,4) DEFAULT NULL COMMENT 'Base Weee Tax Applied Amount',
  `base_weee_tax_applied_row_amnt` decimal(12,4) DEFAULT NULL COMMENT 'Base Weee Tax Applied Row Amnt',
  `base_weee_tax_disposition` decimal(12,4) DEFAULT NULL COMMENT 'Base Weee Tax Disposition',
  `base_weee_tax_row_disposition` decimal(12,4) DEFAULT NULL COMMENT 'Base Weee Tax Row Disposition',
  PRIMARY KEY (`entity_id`),
  KEY `SALES_CREDITMEMO_ITEM_PARENT_ID` (`parent_id`),
  CONSTRAINT `SALES_CREDITMEMO_ITEM_PARENT_ID_SALES_CREDITMEMO_ENTITY_ID` FOREIGN KEY (`parent_id`) REFERENCES `sales_creditmemo` (`entity_id`) ON DELETE CASCADE
) ENGINE=InnoDB DEFAULT CHARSET=utf8mb3 COMMENT='Sales Flat Creditmemo Item';

--
-- Dumping data for table `sales_creditmemo_item`
--


--
-- Table structure for table `sales_data_exporter_order_statuses`
--

CREATE TABLE `sales_data_exporter_order_statuses` (
  `status` varchar(255) NOT NULL COMMENT 'status',
  `feed_data` mediumtext NOT NULL COMMENT 'Feed Data',
  `modified_at` timestamp NOT NULL DEFAULT CURRENT_TIMESTAMP ON UPDATE CURRENT_TIMESTAMP COMMENT 'Modified At',
  PRIMARY KEY (`status`),
  KEY `SALES_DATA_EXPORTER_ORDER_STATUSES_MODIFIED_AT` (`modified_at`)
) ENGINE=InnoDB DEFAULT CHARSET=utf8mb3 COMMENT='Sales Order Statuses Feed Storage';

--
-- Dumping data for table `sales_data_exporter_order_statuses`
--

INSERT INTO `sales_data_exporter_order_statuses` VALUES ('canceled','{\"status\":\"canceled\",\"label\":\"Canceled\"}','2025-08-18 09:40:36'),('closed','{\"status\":\"closed\",\"label\":\"Closed\"}','2025-08-18 09:40:36'),('complete','{\"status\":\"complete\",\"label\":\"Complete\"}','2025-08-18 09:40:36'),('fraud','{\"status\":\"fraud\",\"label\":\"Suspected Fraud\"}','2025-08-18 09:40:36'),('holded','{\"status\":\"holded\",\"label\":\"On Hold\"}','2025-08-18 09:40:36'),('payment_review','{\"status\":\"payment_review\",\"label\":\"Payment Review\"}','2025-08-18 09:40:36'),('paypal_canceled_reversal','{\"status\":\"paypal_canceled_reversal\",\"label\":\"PayPal Canceled Reversal\"}','2025-08-18 09:40:36'),('paypal_reversed','{\"status\":\"paypal_reversed\",\"label\":\"PayPal Reversed\"}','2025-08-18 09:40:36'),('pending','{\"status\":\"pending\",\"label\":\"Pending\"}','2025-08-18 09:40:36'),('pending_payment','{\"status\":\"pending_payment\",\"label\":\"Pending Payment\"}','2025-08-18 09:40:36'),('pending_paypal','{\"status\":\"pending_paypal\",\"label\":\"Pending PayPal\"}','2025-08-18 09:40:36'),('processing','{\"status\":\"processing\",\"label\":\"Processing\"}','2025-08-18 09:40:36');

--
-- Table structure for table `sales_data_exporter_order_statuses_index_batches`
--

CREATE TABLE `sales_data_exporter_order_statuses_index_batches` (
  `batch_number` int NOT NULL COMMENT 'Batch Number',
  `status` varchar(32) NOT NULL COMMENT 'Status',
  PRIMARY KEY (`batch_number`,`status`)
) ENGINE=InnoDB DEFAULT CHARSET=utf8mb3 COMMENT='sales_data_exporter_order_statuses_index_batches';

--
-- Dumping data for table `sales_data_exporter_order_statuses_index_batches`
--

INSERT INTO `sales_data_exporter_order_statuses_index_batches` VALUES (1,'canceled'),(1,'closed'),(1,'complete'),(1,'fraud'),(1,'holded'),(1,'payment_review'),(1,'paypal_canceled_reversal'),(1,'paypal_reversed'),(1,'pending'),(1,'pending_payment'),(1,'pending_paypal'),(1,'processing');

--
-- Table structure for table `sales_data_exporter_order_statuses_index_sequence`
--

CREATE TABLE `sales_data_exporter_order_statuses_index_sequence` (
  `i` int unsigned NOT NULL AUTO_INCREMENT COMMENT 'Auto Increment ID',
  PRIMARY KEY (`i`)
) ENGINE=InnoDB AUTO_INCREMENT=3 DEFAULT CHARSET=utf8mb3 COMMENT='sales_data_exporter_order_statuses_index_sequence';

--
-- Dumping data for table `sales_data_exporter_order_statuses_index_sequence`
--

INSERT INTO `sales_data_exporter_order_statuses_index_sequence` VALUES (1),(2);

--
-- Table structure for table `sales_data_exporter_orders`
--

CREATE TABLE `sales_data_exporter_orders` (
  `id` int unsigned NOT NULL COMMENT 'ID',
  `mode` varchar(255) NOT NULL COMMENT 'Order Payment Mode',
  `feed_data` mediumtext NOT NULL COMMENT 'Feed Data',
  `modified_at` timestamp NOT NULL DEFAULT CURRENT_TIMESTAMP ON UPDATE CURRENT_TIMESTAMP COMMENT 'Modified At',
  PRIMARY KEY (`id`),
  KEY `SALES_DATA_EXPORTER_ORDERS_MODIFIED_AT` (`modified_at`)
) ENGINE=InnoDB DEFAULT CHARSET=utf8mb3 COMMENT='Sales Orders Feed Storage';

--
-- Dumping data for table `sales_data_exporter_orders`
--


--
-- Table structure for table `sales_data_exporter_orders_index_batches`
--

CREATE TABLE `sales_data_exporter_orders_index_batches` (
  `batch_number` int NOT NULL COMMENT 'Batch Number',
  `entity_id` int unsigned NOT NULL COMMENT 'Entity Id',
  PRIMARY KEY (`batch_number`,`entity_id`)
) ENGINE=InnoDB DEFAULT CHARSET=utf8mb3 COMMENT='sales_data_exporter_orders_index_batches';

--
-- Dumping data for table `sales_data_exporter_orders_index_batches`
--

INSERT INTO `sales_data_exporter_orders_index_batches` VALUES (1,1),(1,2),(1,3),(1,4),(1,5),(1,6),(1,7),(1,8),(1,9),(1,10),(1,11),(1,12);

--
-- Table structure for table `sales_data_exporter_orders_index_sequence`
--

CREATE TABLE `sales_data_exporter_orders_index_sequence` (
  `i` int unsigned NOT NULL AUTO_INCREMENT COMMENT 'Auto Increment ID',
  PRIMARY KEY (`i`)
) ENGINE=InnoDB AUTO_INCREMENT=3 DEFAULT CHARSET=utf8mb3 COMMENT='sales_data_exporter_orders_index_sequence';

--
-- Dumping data for table `sales_data_exporter_orders_index_sequence`
--

INSERT INTO `sales_data_exporter_orders_index_sequence` VALUES (1),(2);

--
-- Table structure for table `sales_invoice`
--

CREATE TABLE `sales_invoice` (
  `entity_id` int unsigned NOT NULL AUTO_INCREMENT COMMENT 'Entity ID',
  `store_id` smallint unsigned DEFAULT NULL COMMENT 'Store ID',
  `base_grand_total` decimal(20,4) DEFAULT NULL COMMENT 'Base Grand Total',
  `shipping_tax_amount` decimal(20,4) DEFAULT NULL COMMENT 'Shipping Tax Amount',
  `tax_amount` decimal(20,4) DEFAULT NULL COMMENT 'Tax Amount',
  `base_tax_amount` decimal(20,4) DEFAULT NULL COMMENT 'Base Tax Amount',
  `store_to_order_rate` decimal(20,4) DEFAULT NULL COMMENT 'Store To Order Rate',
  `base_shipping_tax_amount` decimal(20,4) DEFAULT NULL COMMENT 'Base Shipping Tax Amount',
  `base_discount_amount` decimal(20,4) DEFAULT NULL COMMENT 'Base Discount Amount',
  `base_to_order_rate` decimal(20,4) DEFAULT NULL COMMENT 'Base To Order Rate',
  `grand_total` decimal(20,4) DEFAULT NULL COMMENT 'Grand Total',
  `shipping_amount` decimal(20,4) DEFAULT NULL COMMENT 'Shipping Amount',
  `subtotal_incl_tax` decimal(20,4) DEFAULT NULL COMMENT 'Subtotal Incl Tax',
  `base_subtotal_incl_tax` decimal(20,4) DEFAULT NULL COMMENT 'Base Subtotal Incl Tax',
  `store_to_base_rate` decimal(20,4) DEFAULT NULL COMMENT 'Store To Base Rate',
  `base_shipping_amount` decimal(20,4) DEFAULT NULL COMMENT 'Base Shipping Amount',
  `total_qty` decimal(12,4) DEFAULT NULL COMMENT 'Total Qty',
  `base_to_global_rate` decimal(20,4) DEFAULT NULL COMMENT 'Base To Global Rate',
  `subtotal` decimal(20,4) DEFAULT NULL COMMENT 'Subtotal',
  `base_subtotal` decimal(20,4) DEFAULT NULL COMMENT 'Base Subtotal',
  `discount_amount` decimal(20,4) DEFAULT NULL COMMENT 'Discount Amount',
  `billing_address_id` int DEFAULT NULL COMMENT 'Billing Address ID',
  `is_used_for_refund` smallint unsigned DEFAULT NULL COMMENT 'Is Used For Refund',
  `order_id` int unsigned NOT NULL COMMENT 'Order ID',
  `email_sent` smallint unsigned DEFAULT NULL COMMENT 'Email Sent',
  `send_email` smallint unsigned DEFAULT NULL COMMENT 'Send Email',
  `can_void_flag` smallint unsigned DEFAULT NULL COMMENT 'Can Void Flag',
  `state` int DEFAULT NULL COMMENT 'State',
  `shipping_address_id` int DEFAULT NULL COMMENT 'Shipping Address ID',
  `store_currency_code` varchar(3) DEFAULT NULL COMMENT 'Store Currency Code',
  `transaction_id` varchar(255) DEFAULT NULL COMMENT 'Transaction ID',
  `order_currency_code` varchar(3) DEFAULT NULL COMMENT 'Order Currency Code',
  `base_currency_code` varchar(3) DEFAULT NULL COMMENT 'Base Currency Code',
  `global_currency_code` varchar(3) DEFAULT NULL COMMENT 'Global Currency Code',
  `increment_id` varchar(50) DEFAULT NULL COMMENT 'Increment ID',
  `created_at` timestamp NOT NULL DEFAULT CURRENT_TIMESTAMP COMMENT 'Created At',
  `updated_at` timestamp NOT NULL DEFAULT CURRENT_TIMESTAMP ON UPDATE CURRENT_TIMESTAMP COMMENT 'Updated At',
  `discount_tax_compensation_amount` decimal(20,4) DEFAULT NULL COMMENT 'Discount Tax Compensation Amount',
  `base_discount_tax_compensation_amount` decimal(20,4) DEFAULT NULL COMMENT 'Base Discount Tax Compensation Amount',
  `shipping_discount_tax_compensation_amount` decimal(20,4) DEFAULT NULL COMMENT 'Shipping Discount Tax Compensation Amount',
  `base_shipping_discount_tax_compensation_amnt` decimal(20,4) DEFAULT NULL COMMENT 'Base Shipping Discount Tax Compensation Amount',
  `shipping_incl_tax` decimal(20,4) DEFAULT NULL COMMENT 'Shipping Incl Tax',
  `base_shipping_incl_tax` decimal(20,4) DEFAULT NULL COMMENT 'Base Shipping Incl Tax',
  `base_total_refunded` decimal(20,4) DEFAULT NULL COMMENT 'Base Total Refunded',
  `discount_description` varchar(255) DEFAULT NULL COMMENT 'Discount Description',
  `customer_note` text COMMENT 'Customer Note',
  `customer_note_notify` smallint unsigned DEFAULT NULL COMMENT 'Customer Note Notify',
  PRIMARY KEY (`entity_id`),
  UNIQUE KEY `SALES_INVOICE_INCREMENT_ID_STORE_ID` (`increment_id`,`store_id`),
  KEY `SALES_INVOICE_STORE_ID` (`store_id`),
  KEY `SALES_INVOICE_GRAND_TOTAL` (`grand_total`),
  KEY `SALES_INVOICE_ORDER_ID` (`order_id`),
  KEY `SALES_INVOICE_STATE` (`state`),
  KEY `SALES_INVOICE_CREATED_AT` (`created_at`),
  KEY `SALES_INVOICE_UPDATED_AT` (`updated_at`),
  KEY `SALES_INVOICE_SEND_EMAIL` (`send_email`),
  KEY `SALES_INVOICE_EMAIL_SENT` (`email_sent`),
  CONSTRAINT `SALES_INVOICE_ORDER_ID_SALES_ORDER_ENTITY_ID` FOREIGN KEY (`order_id`) REFERENCES `sales_order` (`entity_id`) ON DELETE CASCADE,
  CONSTRAINT `SALES_INVOICE_STORE_ID_STORE_STORE_ID` FOREIGN KEY (`store_id`) REFERENCES `store` (`store_id`) ON DELETE SET NULL
) ENGINE=InnoDB AUTO_INCREMENT=6 DEFAULT CHARSET=utf8mb3 COMMENT='Sales Flat Invoice';

--
-- Dumping data for table `sales_invoice`
--

INSERT INTO `sales_invoice` VALUES (1,1,3318.0000,0.0000,0.0000,0.0000,0.0000,0.0000,0.0000,1.0000,3318.0000,10.0000,3308.0000,3308.0000,0.0000,10.0000,2.0000,1.0000,3308.0000,3308.0000,0.0000,8,NULL,4,NULL,NULL,0,2,7,'USD',NULL,'USD','USD','USD','000000001','2025-02-08 12:23:17','2025-02-08 12:23:17',0.0000,0.0000,0.0000,0.0000,10.0000,10.0000,NULL,NULL,NULL,NULL),(2,1,1964.0000,0.0000,0.0000,0.0000,0.0000,0.0000,0.0000,1.0000,1964.0000,5.0000,1959.0000,1959.0000,0.0000,5.0000,1.0000,1.0000,1959.0000,1959.0000,0.0000,6,NULL,3,NULL,NULL,0,2,5,'USD',NULL,'USD','USD','USD','000000002','2025-02-08 12:24:57','2025-02-08 12:24:57',0.0000,0.0000,0.0000,0.0000,5.0000,5.0000,NULL,NULL,NULL,NULL),(3,1,4306.0000,0.0000,0.0000,0.0000,0.0000,0.0000,0.0000,1.0000,4306.0000,20.0000,4286.0000,4286.0000,0.0000,20.0000,4.0000,1.0000,4286.0000,4286.0000,0.0000,4,NULL,2,NULL,NULL,0,2,3,'USD',NULL,'USD','USD','USD','000000003','2025-02-08 12:26:12','2025-02-08 12:26:12',0.0000,0.0000,0.0000,0.0000,20.0000,20.0000,NULL,NULL,NULL,NULL),(4,1,794.0000,0.0000,0.0000,0.0000,0.0000,0.0000,0.0000,1.0000,794.0000,5.0000,789.0000,789.0000,0.0000,5.0000,1.0000,1.0000,789.0000,789.0000,0.0000,2,NULL,1,NULL,NULL,0,2,1,'USD',NULL,'USD','USD','USD','000000004','2025-02-08 12:29:01','2025-02-08 12:29:01',0.0000,0.0000,0.0000,0.0000,5.0000,5.0000,NULL,NULL,NULL,NULL),(5,1,16758.0000,0.0000,0.0000,0.0000,0.0000,0.0000,0.0000,1.0000,16758.0000,10.0000,16748.0000,16748.0000,0.0000,10.0000,2.0000,1.0000,16748.0000,16748.0000,0.0000,14,NULL,7,NULL,NULL,0,2,13,'USD',NULL,'USD','USD','USD','000000005','2025-05-06 07:22:34','2025-05-06 07:22:34',0.0000,0.0000,0.0000,0.0000,10.0000,10.0000,NULL,NULL,NULL,NULL);

--
-- Table structure for table `sales_invoice_comment`
--

CREATE TABLE `sales_invoice_comment` (
  `entity_id` int unsigned NOT NULL AUTO_INCREMENT COMMENT 'Entity ID',
  `parent_id` int unsigned NOT NULL COMMENT 'Parent ID',
  `is_customer_notified` smallint unsigned DEFAULT NULL COMMENT 'Is Customer Notified',
  `is_visible_on_front` smallint unsigned NOT NULL DEFAULT '0' COMMENT 'Is Visible On Front',
  `comment` text COMMENT 'Comment',
  `created_at` timestamp NOT NULL DEFAULT CURRENT_TIMESTAMP COMMENT 'Created At',
  PRIMARY KEY (`entity_id`),
  KEY `SALES_INVOICE_COMMENT_CREATED_AT` (`created_at`),
  KEY `SALES_INVOICE_COMMENT_PARENT_ID` (`parent_id`),
  CONSTRAINT `SALES_INVOICE_COMMENT_PARENT_ID_SALES_INVOICE_ENTITY_ID` FOREIGN KEY (`parent_id`) REFERENCES `sales_invoice` (`entity_id`) ON DELETE CASCADE
) ENGINE=InnoDB DEFAULT CHARSET=utf8mb3 COMMENT='Sales Flat Invoice Comment';

--
-- Dumping data for table `sales_invoice_comment`
--


--
-- Table structure for table `sales_invoice_grid`
--

CREATE TABLE `sales_invoice_grid` (
  `entity_id` int unsigned NOT NULL COMMENT 'Entity ID',
  `increment_id` varchar(50) DEFAULT NULL COMMENT 'Increment ID',
  `state` int DEFAULT NULL COMMENT 'State',
  `store_id` smallint unsigned DEFAULT NULL COMMENT 'Store ID',
  `store_name` varchar(255) DEFAULT NULL COMMENT 'Store Name',
  `order_id` int unsigned NOT NULL COMMENT 'Order ID',
  `order_increment_id` varchar(50) DEFAULT NULL COMMENT 'Order Increment ID',
  `order_created_at` timestamp NULL DEFAULT NULL COMMENT 'Order Created At',
  `customer_name` varchar(255) DEFAULT NULL COMMENT 'Customer Name',
  `customer_email` varchar(255) DEFAULT NULL COMMENT 'Customer Email',
  `customer_group_id` int DEFAULT NULL,
  `payment_method` varchar(128) DEFAULT NULL COMMENT 'Payment Method',
  `store_currency_code` varchar(3) DEFAULT NULL COMMENT 'Store Currency Code',
  `order_currency_code` varchar(3) DEFAULT NULL COMMENT 'Order Currency Code',
  `base_currency_code` varchar(3) DEFAULT NULL COMMENT 'Base Currency Code',
  `global_currency_code` varchar(3) DEFAULT NULL COMMENT 'Global Currency Code',
  `billing_name` varchar(255) DEFAULT NULL COMMENT 'Billing Name',
  `billing_address` varchar(255) DEFAULT NULL COMMENT 'Billing Address',
  `shipping_address` varchar(255) DEFAULT NULL COMMENT 'Shipping Address',
  `shipping_information` varchar(255) DEFAULT NULL COMMENT 'Shipping Method Name',
  `subtotal` decimal(20,4) DEFAULT NULL COMMENT 'Subtotal',
  `shipping_and_handling` decimal(20,4) DEFAULT NULL COMMENT 'Shipping and handling amount',
  `grand_total` decimal(20,4) DEFAULT NULL COMMENT 'Grand Total',
  `created_at` timestamp NULL DEFAULT NULL COMMENT 'Created At',
  `updated_at` timestamp NULL DEFAULT NULL COMMENT 'Updated At',
  `base_grand_total` decimal(20,4) DEFAULT NULL COMMENT 'Base Grand Total',
  PRIMARY KEY (`entity_id`),
  UNIQUE KEY `SALES_INVOICE_GRID_INCREMENT_ID_STORE_ID` (`increment_id`,`store_id`),
  KEY `SALES_INVOICE_GRID_STORE_ID` (`store_id`),
  KEY `SALES_INVOICE_GRID_GRAND_TOTAL` (`grand_total`),
  KEY `SALES_INVOICE_GRID_ORDER_ID` (`order_id`),
  KEY `SALES_INVOICE_GRID_STATE` (`state`),
  KEY `SALES_INVOICE_GRID_ORDER_INCREMENT_ID` (`order_increment_id`),
  KEY `SALES_INVOICE_GRID_CREATED_AT` (`created_at`),
  KEY `SALES_INVOICE_GRID_UPDATED_AT` (`updated_at`),
  KEY `SALES_INVOICE_GRID_ORDER_CREATED_AT` (`order_created_at`),
  KEY `SALES_INVOICE_GRID_BILLING_NAME` (`billing_name`),
  KEY `SALES_INVOICE_GRID_BASE_GRAND_TOTAL` (`base_grand_total`),
  FULLTEXT KEY `FTI_95D9C924DD6A8734EB8B5D01D60F90DE` (`increment_id`,`order_increment_id`,`billing_name`,`billing_address`,`shipping_address`,`customer_name`,`customer_email`)
) ENGINE=InnoDB DEFAULT CHARSET=utf8mb3 COMMENT='Sales Flat Invoice Grid';

--
-- Dumping data for table `sales_invoice_grid`
--

INSERT INTO `sales_invoice_grid` VALUES (1,'000000001',2,1,'Main Website\nMain Website Store\nDefault Store View',4,'000000004','2025-02-08 12:21:54','ajay kumar','user5@gmail.com',4,'checkmo','USD','USD','USD','USD','ajay kumar','aligarh,aligarh,Uttar Pradesh,202002','aligarh,aligarh,Uttar Pradesh,202002','Flat Rate - Fixed',3308.0000,10.0000,3318.0000,'2025-02-08 12:23:17','2025-02-08 12:23:17',3318.0000),(2,'000000002',2,1,'Main Website\nMain Website Store\nDefault Store View',3,'000000003','2025-02-08 12:17:26','amit kumar','user4@gmail.com',4,'checkmo','USD','USD','USD','USD','amit kumar','asd,aSASA\nASASA,ASAS,Uttar Pradesh,202002','asd,aSASA\nASASA,ASAS,Uttar Pradesh,202002','Flat Rate - Fixed',1959.0000,5.0000,1964.0000,'2025-02-08 12:24:57','2025-02-08 12:24:57',1964.0000),(3,'000000003',2,1,'Main Website\nMain Website Store\nDefault Store View',2,'000000002','2025-02-08 12:07:43','jaydeep letscms','user1@gmail.com',4,'checkmo','USD','USD','USD','USD','jaydeep letscms','fewf\nwdwdfw,al,Uttar Pradesh,202002','fewf\nwdwdfw,al,Uttar Pradesh,202002','Flat Rate - Fixed',4286.0000,20.0000,4306.0000,'2025-02-08 12:26:12','2025-02-08 12:26:12',4306.0000),(4,'000000004',2,1,'Main Website\nMain Website Store\nDefault Store View',1,'000000001','2025-02-08 12:03:37','user 2','user2@gmail.com',4,'checkmo','USD','USD','USD','USD','user 2','fewf\nwdwdfw,al,Uttar Pradesh,202002','fewf\nwdwdfw,al,Uttar Pradesh,202002','Flat Rate - Fixed',789.0000,5.0000,794.0000,'2025-02-08 12:29:01','2025-02-08 12:29:01',794.0000),(5,'000000005',2,1,'Main Website\nMain Website Store\nDefault Store View',7,'000000007','2025-04-02 12:47:37','Alex Paris','jaydeep.letscms@gmail.com',1,'checkmo','USD','USD','USD','USD','dfgwedfas sdfsdaf','sdadasd\nsadasd,sadasd,Arizona,5345345','sdadasd\nsadasd,sadasd,Arizona,5345345','Flat Rate - Fixed',16748.0000,10.0000,16758.0000,'2025-05-06 07:22:34','2025-05-06 07:22:34',16758.0000);

--
-- Table structure for table `sales_invoice_item`
--

CREATE TABLE `sales_invoice_item` (
  `entity_id` int unsigned NOT NULL AUTO_INCREMENT COMMENT 'Entity ID',
  `parent_id` int unsigned NOT NULL COMMENT 'Parent ID',
  `base_price` decimal(20,4) DEFAULT NULL COMMENT 'Base Price',
  `tax_amount` decimal(20,4) DEFAULT NULL COMMENT 'Tax Amount',
  `base_row_total` decimal(20,4) DEFAULT NULL COMMENT 'Base Row Total',
  `discount_amount` decimal(20,4) DEFAULT NULL COMMENT 'Discount Amount',
  `row_total` decimal(20,4) DEFAULT NULL COMMENT 'Row Total',
  `base_discount_amount` decimal(20,4) DEFAULT NULL COMMENT 'Base Discount Amount',
  `price_incl_tax` decimal(20,4) DEFAULT NULL COMMENT 'Price Incl Tax',
  `base_tax_amount` decimal(20,4) DEFAULT NULL COMMENT 'Base Tax Amount',
  `base_price_incl_tax` decimal(20,4) DEFAULT NULL COMMENT 'Base Price Incl Tax',
  `qty` decimal(12,4) DEFAULT NULL COMMENT 'Qty',
  `base_cost` decimal(20,4) DEFAULT NULL COMMENT 'Base Cost',
  `price` decimal(20,4) DEFAULT NULL COMMENT 'Price',
  `base_row_total_incl_tax` decimal(20,4) DEFAULT NULL COMMENT 'Base Row Total Incl Tax',
  `row_total_incl_tax` decimal(20,4) DEFAULT NULL COMMENT 'Row Total Incl Tax',
  `product_id` int DEFAULT NULL COMMENT 'Product ID',
  `order_item_id` int DEFAULT NULL COMMENT 'Order Item ID',
  `additional_data` text COMMENT 'Additional Data',
  `description` text COMMENT 'Description',
  `sku` varchar(255) DEFAULT NULL COMMENT 'Sku',
  `name` varchar(255) DEFAULT NULL COMMENT 'Name',
  `discount_tax_compensation_amount` decimal(20,4) DEFAULT NULL COMMENT 'Discount Tax Compensation Amount',
  `base_discount_tax_compensation_amount` decimal(20,4) DEFAULT NULL COMMENT 'Base Discount Tax Compensation Amount',
  `tax_ratio` text COMMENT 'Ratio of tax invoiced over tax of the order item',
  `weee_tax_applied` text COMMENT 'Weee Tax Applied',
  `weee_tax_applied_amount` decimal(12,4) DEFAULT NULL COMMENT 'Weee Tax Applied Amount',
  `weee_tax_applied_row_amount` decimal(12,4) DEFAULT NULL COMMENT 'Weee Tax Applied Row Amount',
  `weee_tax_disposition` decimal(12,4) DEFAULT NULL COMMENT 'Weee Tax Disposition',
  `weee_tax_row_disposition` decimal(12,4) DEFAULT NULL COMMENT 'Weee Tax Row Disposition',
  `base_weee_tax_applied_amount` decimal(12,4) DEFAULT NULL COMMENT 'Base Weee Tax Applied Amount',
  `base_weee_tax_applied_row_amnt` decimal(12,4) DEFAULT NULL COMMENT 'Base Weee Tax Applied Row Amnt',
  `base_weee_tax_disposition` decimal(12,4) DEFAULT NULL COMMENT 'Base Weee Tax Disposition',
  `base_weee_tax_row_disposition` decimal(12,4) DEFAULT NULL COMMENT 'Base Weee Tax Row Disposition',
  PRIMARY KEY (`entity_id`),
  KEY `SALES_INVOICE_ITEM_PARENT_ID` (`parent_id`),
  CONSTRAINT `SALES_INVOICE_ITEM_PARENT_ID_SALES_INVOICE_ENTITY_ID` FOREIGN KEY (`parent_id`) REFERENCES `sales_invoice` (`entity_id`) ON DELETE CASCADE
) ENGINE=InnoDB AUTO_INCREMENT=10 DEFAULT CHARSET=utf8mb3 COMMENT='Sales Flat Invoice Item';

--
-- Dumping data for table `sales_invoice_item`
--

INSERT INTO `sales_invoice_item` VALUES (1,1,1349.0000,0.0000,1349.0000,NULL,1349.0000,NULL,1349.0000,0.0000,1349.0000,1.0000,NULL,1349.0000,1349.0000,1349.0000,5,6,NULL,NULL,'pd-0005','Fire-Boltt Ninja Call Pro Plus',0.0000,0.0000,NULL,'[]',NULL,0.0000,NULL,0.0000,NULL,NULL,NULL,0.0000),(2,1,1959.0000,0.0000,1959.0000,NULL,1959.0000,NULL,1959.0000,0.0000,1959.0000,1.0000,NULL,1959.0000,1959.0000,1959.0000,2,7,NULL,NULL,'pd-0002','Men Solid Single Breasted Casual, Formal, Party, Festive & Wedding Blazer  (Black)',0.0000,0.0000,NULL,'[]',NULL,0.0000,NULL,0.0000,NULL,NULL,NULL,0.0000),(3,2,1959.0000,0.0000,1959.0000,NULL,1959.0000,NULL,1959.0000,0.0000,1959.0000,1.0000,NULL,1959.0000,1959.0000,1959.0000,2,5,NULL,NULL,'pd-0002','Men Solid Single Breasted Casual, Formal, Party, Festive & Wedding Blazer  (Black)',0.0000,0.0000,NULL,'[]',NULL,0.0000,NULL,0.0000,NULL,NULL,NULL,0.0000),(4,3,789.0000,0.0000,1578.0000,NULL,1578.0000,NULL,789.0000,0.0000,789.0000,2.0000,NULL,789.0000,1578.0000,1578.0000,4,2,NULL,NULL,'pd-0004','Boys Festive & Party Kurta and Pyjama Set  (Yellow Pack of 1)',0.0000,0.0000,NULL,'[]',NULL,0.0000,NULL,0.0000,NULL,NULL,NULL,0.0000),(5,3,1959.0000,0.0000,1959.0000,NULL,1959.0000,NULL,1959.0000,0.0000,1959.0000,1.0000,NULL,1959.0000,1959.0000,1959.0000,2,3,NULL,NULL,'pd-0002','Men Solid Single Breasted Casual, Formal, Party, Festive & Wedding Blazer  (Black)',0.0000,0.0000,NULL,'[]',NULL,0.0000,NULL,0.0000,NULL,NULL,NULL,0.0000),(6,3,749.0000,0.0000,749.0000,NULL,749.0000,NULL,749.0000,0.0000,749.0000,1.0000,NULL,749.0000,749.0000,749.0000,3,4,NULL,NULL,'pd-0003','RITI Embroidered Kurta, Trouser/Pant & Dupatta Set For Women',0.0000,0.0000,NULL,'[]',NULL,0.0000,NULL,0.0000,NULL,NULL,NULL,0.0000),(7,4,789.0000,0.0000,789.0000,NULL,789.0000,NULL,789.0000,0.0000,789.0000,1.0000,NULL,789.0000,789.0000,789.0000,4,1,NULL,NULL,'pd-0004','Boys Festive & Party Kurta and Pyjama Set  (Yellow Pack of 1)',0.0000,0.0000,NULL,'[]',NULL,0.0000,NULL,0.0000,NULL,NULL,NULL,0.0000),(8,5,15999.0000,0.0000,15999.0000,NULL,15999.0000,NULL,15999.0000,0.0000,15999.0000,1.0000,NULL,15999.0000,15999.0000,15999.0000,1,10,NULL,NULL,'OnePlus Nord CE 2 Lite 5G','OnePlus Nord CE 2 Lite 5G',0.0000,0.0000,NULL,'[]',NULL,0.0000,NULL,0.0000,NULL,NULL,NULL,0.0000),(9,5,749.0000,0.0000,749.0000,NULL,749.0000,NULL,749.0000,0.0000,749.0000,1.0000,NULL,749.0000,749.0000,749.0000,3,11,NULL,NULL,'pd-0003','RITI Embroidered Kurta, Trouser/Pant & Dupatta Set For Women',0.0000,0.0000,NULL,'[]',NULL,0.0000,NULL,0.0000,NULL,NULL,NULL,0.0000);

--
-- Table structure for table `sales_invoiced_aggregated`
--

CREATE TABLE `sales_invoiced_aggregated` (
  `id` int unsigned NOT NULL AUTO_INCREMENT COMMENT 'ID',
  `period` date DEFAULT NULL COMMENT 'Period',
  `store_id` smallint unsigned DEFAULT NULL COMMENT 'Store ID',
  `order_status` varchar(50) DEFAULT NULL COMMENT 'Order Status',
  `orders_count` int NOT NULL DEFAULT '0' COMMENT 'Orders Count',
  `orders_invoiced` decimal(20,4) DEFAULT NULL COMMENT 'Orders Invoiced',
  `invoiced` decimal(20,4) DEFAULT NULL COMMENT 'Invoiced',
  `invoiced_captured` decimal(20,4) DEFAULT NULL COMMENT 'Invoiced Captured',
  `invoiced_not_captured` decimal(20,4) DEFAULT NULL COMMENT 'Invoiced Not Captured',
  PRIMARY KEY (`id`),
  UNIQUE KEY `SALES_INVOICED_AGGREGATED_PERIOD_STORE_ID_ORDER_STATUS` (`period`,`store_id`,`order_status`),
  KEY `SALES_INVOICED_AGGREGATED_STORE_ID` (`store_id`),
  CONSTRAINT `SALES_INVOICED_AGGREGATED_STORE_ID_STORE_STORE_ID` FOREIGN KEY (`store_id`) REFERENCES `store` (`store_id`) ON DELETE SET NULL
) ENGINE=InnoDB DEFAULT CHARSET=utf8mb3 COMMENT='Sales Invoiced Aggregated';

--
-- Dumping data for table `sales_invoiced_aggregated`
--


--
-- Table structure for table `sales_invoiced_aggregated_order`
--

CREATE TABLE `sales_invoiced_aggregated_order` (
  `id` int unsigned NOT NULL AUTO_INCREMENT COMMENT 'ID',
  `period` date DEFAULT NULL COMMENT 'Period',
  `store_id` smallint unsigned DEFAULT NULL COMMENT 'Store ID',
  `order_status` varchar(50) NOT NULL COMMENT 'Order Status',
  `orders_count` int NOT NULL DEFAULT '0' COMMENT 'Orders Count',
  `orders_invoiced` decimal(20,4) DEFAULT NULL COMMENT 'Orders Invoiced',
  `invoiced` decimal(20,4) DEFAULT NULL COMMENT 'Invoiced',
  `invoiced_captured` decimal(20,4) DEFAULT NULL COMMENT 'Invoiced Captured',
  `invoiced_not_captured` decimal(20,4) DEFAULT NULL COMMENT 'Invoiced Not Captured',
  PRIMARY KEY (`id`),
  UNIQUE KEY `SALES_INVOICED_AGGREGATED_ORDER_PERIOD_STORE_ID_ORDER_STATUS` (`period`,`store_id`,`order_status`),
  KEY `SALES_INVOICED_AGGREGATED_ORDER_STORE_ID` (`store_id`),
  CONSTRAINT `SALES_INVOICED_AGGREGATED_ORDER_STORE_ID_STORE_STORE_ID` FOREIGN KEY (`store_id`) REFERENCES `store` (`store_id`) ON DELETE SET NULL
) ENGINE=InnoDB DEFAULT CHARSET=utf8mb3 COMMENT='Sales Invoiced Aggregated Order';

--
-- Dumping data for table `sales_invoiced_aggregated_order`
--


--
-- Table structure for table `sales_order`
--

CREATE TABLE `sales_order` (
  `entity_id` int unsigned NOT NULL AUTO_INCREMENT COMMENT 'Entity ID',
  `state` varchar(32) DEFAULT NULL COMMENT 'State',
  `status` varchar(32) DEFAULT NULL COMMENT 'Status',
  `coupon_code` varchar(255) DEFAULT NULL COMMENT 'Coupon Code',
  `protect_code` varchar(255) DEFAULT NULL COMMENT 'Protect Code',
  `shipping_description` varchar(255) DEFAULT NULL COMMENT 'Shipping Description',
  `is_virtual` smallint unsigned DEFAULT NULL COMMENT 'Is Virtual',
  `store_id` smallint unsigned DEFAULT NULL COMMENT 'Store ID',
  `customer_id` int unsigned DEFAULT NULL COMMENT 'Customer ID',
  `base_discount_amount` decimal(20,4) DEFAULT NULL COMMENT 'Base Discount Amount',
  `base_discount_canceled` decimal(20,4) DEFAULT NULL COMMENT 'Base Discount Canceled',
  `base_discount_invoiced` decimal(20,4) DEFAULT NULL COMMENT 'Base Discount Invoiced',
  `base_discount_refunded` decimal(20,4) DEFAULT NULL COMMENT 'Base Discount Refunded',
  `base_grand_total` decimal(20,4) DEFAULT NULL COMMENT 'Base Grand Total',
  `base_shipping_amount` decimal(20,4) DEFAULT NULL COMMENT 'Base Shipping Amount',
  `base_shipping_canceled` decimal(20,4) DEFAULT NULL COMMENT 'Base Shipping Canceled',
  `base_shipping_invoiced` decimal(20,4) DEFAULT NULL COMMENT 'Base Shipping Invoiced',
  `base_shipping_refunded` decimal(20,4) DEFAULT NULL COMMENT 'Base Shipping Refunded',
  `base_shipping_tax_amount` decimal(20,4) DEFAULT NULL COMMENT 'Base Shipping Tax Amount',
  `base_shipping_tax_refunded` decimal(20,4) DEFAULT NULL COMMENT 'Base Shipping Tax Refunded',
  `base_subtotal` decimal(20,4) DEFAULT NULL COMMENT 'Base Subtotal',
  `base_subtotal_canceled` decimal(20,4) DEFAULT NULL COMMENT 'Base Subtotal Canceled',
  `base_subtotal_invoiced` decimal(20,4) DEFAULT NULL COMMENT 'Base Subtotal Invoiced',
  `base_subtotal_refunded` decimal(20,4) DEFAULT NULL COMMENT 'Base Subtotal Refunded',
  `base_tax_amount` decimal(20,4) DEFAULT NULL COMMENT 'Base Tax Amount',
  `base_tax_canceled` decimal(20,4) DEFAULT NULL COMMENT 'Base Tax Canceled',
  `base_tax_invoiced` decimal(20,4) DEFAULT NULL COMMENT 'Base Tax Invoiced',
  `base_tax_refunded` decimal(20,4) DEFAULT NULL COMMENT 'Base Tax Refunded',
  `base_to_global_rate` decimal(20,4) DEFAULT NULL COMMENT 'Base To Global Rate',
  `base_to_order_rate` decimal(20,4) DEFAULT NULL COMMENT 'Base To Order Rate',
  `base_total_canceled` decimal(20,4) DEFAULT NULL COMMENT 'Base Total Canceled',
  `base_total_invoiced` decimal(20,4) DEFAULT NULL COMMENT 'Base Total Invoiced',
  `base_total_invoiced_cost` decimal(20,4) DEFAULT NULL COMMENT 'Base Total Invoiced Cost',
  `base_total_offline_refunded` decimal(20,4) DEFAULT NULL COMMENT 'Base Total Offline Refunded',
  `base_total_online_refunded` decimal(20,4) DEFAULT NULL COMMENT 'Base Total Online Refunded',
  `base_total_paid` decimal(20,4) DEFAULT NULL COMMENT 'Base Total Paid',
  `base_total_qty_ordered` decimal(12,4) DEFAULT NULL COMMENT 'Base Total Qty Ordered',
  `base_total_refunded` decimal(20,4) DEFAULT NULL COMMENT 'Base Total Refunded',
  `discount_amount` decimal(20,4) DEFAULT NULL COMMENT 'Discount Amount',
  `discount_canceled` decimal(20,4) DEFAULT NULL COMMENT 'Discount Canceled',
  `discount_invoiced` decimal(20,4) DEFAULT NULL COMMENT 'Discount Invoiced',
  `discount_refunded` decimal(20,4) DEFAULT NULL COMMENT 'Discount Refunded',
  `grand_total` decimal(20,4) DEFAULT NULL COMMENT 'Grand Total',
  `shipping_amount` decimal(20,4) DEFAULT NULL COMMENT 'Shipping Amount',
  `shipping_canceled` decimal(20,4) DEFAULT NULL COMMENT 'Shipping Canceled',
  `shipping_invoiced` decimal(20,4) DEFAULT NULL COMMENT 'Shipping Invoiced',
  `shipping_refunded` decimal(20,4) DEFAULT NULL COMMENT 'Shipping Refunded',
  `shipping_tax_amount` decimal(20,4) DEFAULT NULL COMMENT 'Shipping Tax Amount',
  `shipping_tax_refunded` decimal(20,4) DEFAULT NULL COMMENT 'Shipping Tax Refunded',
  `store_to_base_rate` decimal(12,4) DEFAULT NULL COMMENT 'Store To Base Rate',
  `store_to_order_rate` decimal(12,4) DEFAULT NULL COMMENT 'Store To Order Rate',
  `subtotal` decimal(20,4) DEFAULT NULL COMMENT 'Subtotal',
  `subtotal_canceled` decimal(20,4) DEFAULT NULL COMMENT 'Subtotal Canceled',
  `subtotal_invoiced` decimal(20,4) DEFAULT NULL COMMENT 'Subtotal Invoiced',
  `subtotal_refunded` decimal(20,4) DEFAULT NULL COMMENT 'Subtotal Refunded',
  `tax_amount` decimal(20,4) DEFAULT NULL COMMENT 'Tax Amount',
  `tax_canceled` decimal(20,4) DEFAULT NULL COMMENT 'Tax Canceled',
  `tax_invoiced` decimal(20,4) DEFAULT NULL COMMENT 'Tax Invoiced',
  `tax_refunded` decimal(20,4) DEFAULT NULL COMMENT 'Tax Refunded',
  `total_canceled` decimal(20,4) DEFAULT NULL COMMENT 'Total Canceled',
  `total_invoiced` decimal(20,4) DEFAULT NULL COMMENT 'Total Invoiced',
  `total_offline_refunded` decimal(20,4) DEFAULT NULL COMMENT 'Total Offline Refunded',
  `total_online_refunded` decimal(20,4) DEFAULT NULL COMMENT 'Total Online Refunded',
  `total_paid` decimal(20,4) DEFAULT NULL COMMENT 'Total Paid',
  `total_qty_ordered` decimal(12,4) DEFAULT NULL COMMENT 'Total Qty Ordered',
  `total_refunded` decimal(20,4) DEFAULT NULL COMMENT 'Total Refunded',
  `can_ship_partially` smallint unsigned DEFAULT NULL COMMENT 'Can Ship Partially',
  `can_ship_partially_item` smallint unsigned DEFAULT NULL COMMENT 'Can Ship Partially Item',
  `customer_is_guest` smallint unsigned DEFAULT NULL COMMENT 'Customer Is Guest',
  `customer_note_notify` smallint unsigned DEFAULT NULL COMMENT 'Customer Note Notify',
  `billing_address_id` int DEFAULT NULL COMMENT 'Billing Address ID',
  `customer_group_id` int DEFAULT NULL,
  `edit_increment` int DEFAULT NULL COMMENT 'Edit Increment',
  `email_sent` smallint unsigned DEFAULT NULL COMMENT 'Email Sent',
  `send_email` smallint unsigned DEFAULT NULL COMMENT 'Send Email',
  `forced_shipment_with_invoice` smallint unsigned DEFAULT NULL COMMENT 'Forced Do Shipment With Invoice',
  `payment_auth_expiration` int DEFAULT NULL COMMENT 'Payment Authorization Expiration',
  `quote_address_id` int DEFAULT NULL COMMENT 'Quote Address ID',
  `quote_id` int DEFAULT NULL COMMENT 'Quote ID',
  `shipping_address_id` int DEFAULT NULL COMMENT 'Shipping Address ID',
  `adjustment_negative` decimal(20,4) DEFAULT NULL COMMENT 'Adjustment Negative',
  `adjustment_positive` decimal(20,4) DEFAULT NULL COMMENT 'Adjustment Positive',
  `base_adjustment_negative` decimal(20,4) DEFAULT NULL COMMENT 'Base Adjustment Negative',
  `base_adjustment_positive` decimal(20,4) DEFAULT NULL COMMENT 'Base Adjustment Positive',
  `base_shipping_discount_amount` decimal(20,4) DEFAULT NULL COMMENT 'Base Shipping Discount Amount',
  `base_subtotal_incl_tax` decimal(20,4) DEFAULT NULL COMMENT 'Base Subtotal Incl Tax',
  `base_total_due` decimal(20,4) DEFAULT NULL COMMENT 'Base Total Due',
  `payment_authorization_amount` decimal(20,4) DEFAULT NULL COMMENT 'Payment Authorization Amount',
  `shipping_discount_amount` decimal(20,4) DEFAULT NULL COMMENT 'Shipping Discount Amount',
  `subtotal_incl_tax` decimal(20,4) DEFAULT NULL COMMENT 'Subtotal Incl Tax',
  `total_due` decimal(20,4) DEFAULT NULL COMMENT 'Total Due',
  `weight` decimal(12,4) DEFAULT NULL COMMENT 'Weight',
  `customer_dob` datetime DEFAULT NULL COMMENT 'Customer Dob',
  `increment_id` varchar(50) DEFAULT NULL COMMENT 'Increment ID',
  `applied_rule_ids` varchar(128) DEFAULT NULL COMMENT 'Applied Rule Ids',
  `base_currency_code` varchar(3) DEFAULT NULL COMMENT 'Base Currency Code',
  `customer_email` varchar(128) DEFAULT NULL COMMENT 'Customer Email',
  `customer_firstname` varchar(128) DEFAULT NULL COMMENT 'Customer Firstname',
  `customer_lastname` varchar(128) DEFAULT NULL COMMENT 'Customer Lastname',
  `customer_middlename` varchar(128) DEFAULT NULL COMMENT 'Customer Middlename',
  `customer_prefix` varchar(32) DEFAULT NULL COMMENT 'Customer Prefix',
  `customer_suffix` varchar(32) DEFAULT NULL COMMENT 'Customer Suffix',
  `customer_taxvat` varchar(32) DEFAULT NULL COMMENT 'Customer Taxvat',
  `discount_description` varchar(255) DEFAULT NULL COMMENT 'Discount Description',
  `ext_customer_id` varchar(32) DEFAULT NULL COMMENT 'Ext Customer ID',
  `ext_order_id` varchar(32) DEFAULT NULL COMMENT 'Ext Order ID',
  `global_currency_code` varchar(3) DEFAULT NULL COMMENT 'Global Currency Code',
  `hold_before_state` varchar(32) DEFAULT NULL COMMENT 'Hold Before State',
  `hold_before_status` varchar(32) DEFAULT NULL COMMENT 'Hold Before Status',
  `order_currency_code` varchar(3) DEFAULT NULL COMMENT 'Order Currency Code',
  `original_increment_id` varchar(50) DEFAULT NULL COMMENT 'Original Increment ID',
  `relation_child_id` varchar(32) DEFAULT NULL COMMENT 'Relation Child ID',
  `relation_child_real_id` varchar(32) DEFAULT NULL COMMENT 'Relation Child Real ID',
  `relation_parent_id` varchar(32) DEFAULT NULL COMMENT 'Relation Parent ID',
  `relation_parent_real_id` varchar(32) DEFAULT NULL COMMENT 'Relation Parent Real ID',
  `remote_ip` varchar(45) DEFAULT NULL COMMENT 'Remote Ip',
  `shipping_method` varchar(120) DEFAULT NULL,
  `store_currency_code` varchar(3) DEFAULT NULL COMMENT 'Store Currency Code',
  `store_name` varchar(255) DEFAULT NULL COMMENT 'Store Name',
  `x_forwarded_for` varchar(255) DEFAULT NULL COMMENT 'X Forwarded For',
  `customer_note` text COMMENT 'Customer Note',
  `created_at` timestamp NOT NULL DEFAULT CURRENT_TIMESTAMP COMMENT 'Created At',
  `updated_at` timestamp NOT NULL DEFAULT CURRENT_TIMESTAMP ON UPDATE CURRENT_TIMESTAMP COMMENT 'Updated At',
  `total_item_count` smallint unsigned NOT NULL DEFAULT '0' COMMENT 'Total Item Count',
  `customer_gender` int DEFAULT NULL COMMENT 'Customer Gender',
  `discount_tax_compensation_amount` decimal(20,4) DEFAULT NULL COMMENT 'Discount Tax Compensation Amount',
  `base_discount_tax_compensation_amount` decimal(20,4) DEFAULT NULL COMMENT 'Base Discount Tax Compensation Amount',
  `shipping_discount_tax_compensation_amount` decimal(20,4) DEFAULT NULL COMMENT 'Shipping Discount Tax Compensation Amount',
  `base_shipping_discount_tax_compensation_amnt` decimal(20,4) DEFAULT NULL COMMENT 'Base Shipping Discount Tax Compensation Amount',
  `discount_tax_compensation_invoiced` decimal(20,4) DEFAULT NULL COMMENT 'Discount Tax Compensation Invoiced',
  `base_discount_tax_compensation_invoiced` decimal(20,4) DEFAULT NULL COMMENT 'Base Discount Tax Compensation Invoiced',
  `discount_tax_compensation_refunded` decimal(20,4) DEFAULT NULL COMMENT 'Discount Tax Compensation Refunded',
  `base_discount_tax_compensation_refunded` decimal(20,4) DEFAULT NULL COMMENT 'Base Discount Tax Compensation Refunded',
  `shipping_incl_tax` decimal(20,4) DEFAULT NULL COMMENT 'Shipping Incl Tax',
  `base_shipping_incl_tax` decimal(20,4) DEFAULT NULL COMMENT 'Base Shipping Incl Tax',
  `coupon_rule_name` varchar(255) DEFAULT NULL COMMENT 'Coupon Sales Rule Name',
  `gift_message_id` int DEFAULT NULL COMMENT 'Gift Message ID',
  `paypal_ipn_customer_notified` int DEFAULT '0' COMMENT 'Paypal Ipn Customer Notified',
  `dispute_status` varchar(45) DEFAULT NULL COMMENT 'Braintree Dispute Status',
  PRIMARY KEY (`entity_id`),
  UNIQUE KEY `SALES_ORDER_INCREMENT_ID_STORE_ID` (`increment_id`,`store_id`),
  KEY `SALES_ORDER_STATUS` (`status`),
  KEY `SALES_ORDER_STATE` (`state`),
  KEY `SALES_ORDER_STORE_ID` (`store_id`),
  KEY `SALES_ORDER_CREATED_AT` (`created_at`),
  KEY `SALES_ORDER_CUSTOMER_ID` (`customer_id`),
  KEY `SALES_ORDER_EXT_ORDER_ID` (`ext_order_id`),
  KEY `SALES_ORDER_QUOTE_ID` (`quote_id`),
  KEY `SALES_ORDER_UPDATED_AT` (`updated_at`),
  KEY `SALES_ORDER_SEND_EMAIL` (`send_email`),
  KEY `SALES_ORDER_EMAIL_SENT` (`email_sent`),
  KEY `SALES_ORDER_STORE_ID_STATE_CREATED_AT` (`store_id`,`state`,`created_at`),
  CONSTRAINT `SALES_ORDER_CUSTOMER_ID_CUSTOMER_ENTITY_ENTITY_ID` FOREIGN KEY (`customer_id`) REFERENCES `customer_entity` (`entity_id`) ON DELETE SET NULL,
  CONSTRAINT `SALES_ORDER_STORE_ID_STORE_STORE_ID` FOREIGN KEY (`store_id`) REFERENCES `store` (`store_id`) ON DELETE SET NULL
) ENGINE=InnoDB AUTO_INCREMENT=13 DEFAULT CHARSET=utf8mb3 COMMENT='Sales Flat Order';

--
-- Dumping data for table `sales_order`
--

INSERT INTO `sales_order` VALUES (1,'processing','processing',NULL,'81e3759e55d643bc9eac451e14b0f399','Flat Rate - Fixed',0,1,3,0.0000,NULL,0.0000,NULL,794.0000,5.0000,NULL,5.0000,NULL,0.0000,NULL,789.0000,NULL,789.0000,NULL,0.0000,NULL,0.0000,NULL,1.0000,1.0000,NULL,794.0000,0.0000,NULL,NULL,794.0000,NULL,NULL,0.0000,NULL,0.0000,NULL,794.0000,5.0000,NULL,5.0000,NULL,0.0000,NULL,0.0000,0.0000,789.0000,NULL,789.0000,NULL,0.0000,NULL,0.0000,NULL,NULL,794.0000,NULL,NULL,794.0000,1.0000,NULL,NULL,NULL,0,0,2,4,NULL,NULL,1,NULL,NULL,NULL,3,1,NULL,NULL,NULL,NULL,0.0000,789.0000,0.0000,NULL,0.0000,789.0000,0.0000,0.0000,NULL,'000000001',NULL,'USD','user2@gmail.com','user','2',NULL,NULL,NULL,NULL,NULL,NULL,NULL,'USD',NULL,NULL,'USD',NULL,NULL,NULL,NULL,NULL,'122.176.150.189','flatrate_flatrate','USD','Main Website\nMain Website Store\nDefault Store View',NULL,NULL,'2025-02-08 12:03:37','2025-02-08 12:29:02',1,NULL,0.0000,0.0000,0.0000,0.0000,0.0000,0.0000,NULL,NULL,5.0000,5.0000,NULL,NULL,0,NULL),(2,'complete','complete',NULL,'c59e258a9b15897fa896c354bf4ab4bc','Flat Rate - Fixed',0,1,2,0.0000,NULL,0.0000,NULL,4306.0000,20.0000,NULL,20.0000,NULL,0.0000,NULL,4286.0000,NULL,4286.0000,NULL,0.0000,NULL,0.0000,NULL,1.0000,1.0000,NULL,4306.0000,0.0000,NULL,NULL,4306.0000,NULL,NULL,0.0000,NULL,0.0000,NULL,4306.0000,20.0000,NULL,20.0000,NULL,0.0000,NULL,0.0000,0.0000,4286.0000,NULL,4286.0000,NULL,0.0000,NULL,0.0000,NULL,NULL,4306.0000,NULL,NULL,4306.0000,4.0000,NULL,NULL,NULL,0,0,4,4,NULL,NULL,1,NULL,NULL,NULL,1,3,NULL,NULL,NULL,NULL,0.0000,4286.0000,0.0000,NULL,0.0000,4286.0000,0.0000,0.0000,NULL,'000000002',NULL,'USD','user1@gmail.com','jaydeep','letscms',NULL,NULL,NULL,NULL,NULL,NULL,NULL,'USD',NULL,NULL,'USD',NULL,NULL,NULL,NULL,NULL,'122.176.150.189','flatrate_flatrate','USD','Main Website\nMain Website Store\nDefault Store View',NULL,NULL,'2025-02-08 12:07:43','2025-05-28 06:12:04',3,NULL,0.0000,0.0000,0.0000,0.0000,0.0000,0.0000,NULL,NULL,20.0000,20.0000,NULL,NULL,0,NULL),(3,'complete','complete',NULL,'882ab514d6e644fff7a7b4303c025b8c','Flat Rate - Fixed',0,1,4,0.0000,NULL,0.0000,NULL,1964.0000,5.0000,NULL,5.0000,NULL,0.0000,NULL,1959.0000,NULL,1959.0000,NULL,0.0000,NULL,0.0000,NULL,1.0000,1.0000,NULL,1964.0000,0.0000,NULL,NULL,1964.0000,NULL,NULL,0.0000,NULL,0.0000,NULL,1964.0000,5.0000,NULL,5.0000,NULL,0.0000,NULL,0.0000,0.0000,1959.0000,NULL,1959.0000,NULL,0.0000,NULL,0.0000,NULL,NULL,1964.0000,NULL,NULL,1964.0000,1.0000,NULL,NULL,NULL,0,0,6,4,NULL,NULL,1,NULL,NULL,NULL,4,5,NULL,NULL,NULL,NULL,0.0000,1959.0000,0.0000,NULL,0.0000,1959.0000,0.0000,0.0000,NULL,'000000003',NULL,'USD','user4@gmail.com','amit','kumar',NULL,NULL,NULL,NULL,NULL,NULL,NULL,'USD',NULL,NULL,'USD',NULL,NULL,NULL,NULL,NULL,'122.176.150.189','flatrate_flatrate','USD','Main Website\nMain Website Store\nDefault Store View',NULL,NULL,'2025-02-08 12:17:26','2025-02-08 12:25:22',1,NULL,0.0000,0.0000,0.0000,0.0000,0.0000,0.0000,NULL,NULL,5.0000,5.0000,NULL,NULL,0,NULL),(4,'complete','complete',NULL,'7c5fb2fab29572c12a67964364eab38b','Flat Rate - Fixed',0,1,5,0.0000,NULL,0.0000,NULL,3318.0000,10.0000,NULL,10.0000,NULL,0.0000,NULL,3308.0000,NULL,3308.0000,NULL,0.0000,NULL,0.0000,NULL,1.0000,1.0000,NULL,3318.0000,0.0000,NULL,NULL,3318.0000,NULL,NULL,0.0000,NULL,0.0000,NULL,3318.0000,10.0000,NULL,10.0000,NULL,0.0000,NULL,0.0000,0.0000,3308.0000,NULL,3308.0000,NULL,0.0000,NULL,0.0000,NULL,NULL,3318.0000,NULL,NULL,3318.0000,2.0000,NULL,NULL,NULL,0,0,8,4,NULL,NULL,1,NULL,NULL,NULL,5,7,NULL,NULL,NULL,NULL,0.0000,3308.0000,0.0000,NULL,0.0000,3308.0000,0.0000,0.0000,NULL,'000000004',NULL,'USD','user5@gmail.com','ajay','kumar',NULL,NULL,NULL,NULL,NULL,NULL,NULL,'USD',NULL,NULL,'USD',NULL,NULL,NULL,NULL,NULL,'122.176.150.189','flatrate_flatrate','USD','Main Website\nMain Website Store\nDefault Store View',NULL,NULL,'2025-02-08 12:21:54','2025-02-08 12:23:57',2,NULL,0.0000,0.0000,0.0000,0.0000,0.0000,0.0000,NULL,NULL,10.0000,10.0000,NULL,NULL,0,NULL),(5,'new','pending',NULL,'d342e8d8d1d4f6909c49e791949b9ae1','Flat Rate - Fixed',0,1,2,0.0000,NULL,NULL,NULL,16004.0000,5.0000,NULL,NULL,NULL,0.0000,NULL,15999.0000,NULL,NULL,NULL,0.0000,NULL,NULL,NULL,1.0000,1.0000,NULL,NULL,NULL,NULL,NULL,NULL,NULL,NULL,0.0000,NULL,NULL,NULL,16004.0000,5.0000,NULL,NULL,NULL,0.0000,NULL,0.0000,0.0000,15999.0000,NULL,NULL,NULL,0.0000,NULL,NULL,NULL,NULL,NULL,NULL,NULL,NULL,1.0000,NULL,NULL,NULL,0,1,10,4,NULL,NULL,1,NULL,NULL,NULL,10,9,NULL,NULL,NULL,NULL,0.0000,15999.0000,16004.0000,NULL,0.0000,15999.0000,16004.0000,0.0000,NULL,'000000005',NULL,'USD','user1@gmail.com','jaydeep','letscms',NULL,NULL,NULL,NULL,NULL,NULL,NULL,'USD',NULL,NULL,'USD',NULL,NULL,NULL,NULL,NULL,'122.176.150.189','flatrate_flatrate','USD','Main Website\nMain Website Store\nDefault Store View',NULL,NULL,'2025-03-26 04:51:26','2025-05-28 06:12:04',1,NULL,0.0000,0.0000,0.0000,0.0000,NULL,NULL,NULL,NULL,5.0000,5.0000,NULL,NULL,0,NULL),(6,'new','pending',NULL,'2a545cccd1cb88423b4d911d0f4a4205','delivery charges',0,1,2,0.0000,NULL,NULL,NULL,1398.0000,49.0000,NULL,NULL,NULL,0.0000,NULL,1349.0000,NULL,NULL,NULL,0.0000,NULL,NULL,NULL,1.0000,1.0000,NULL,NULL,NULL,NULL,NULL,NULL,NULL,NULL,0.0000,NULL,NULL,NULL,1398.0000,49.0000,NULL,NULL,NULL,0.0000,NULL,0.0000,0.0000,1349.0000,NULL,NULL,NULL,0.0000,NULL,NULL,NULL,NULL,NULL,NULL,NULL,NULL,1.0000,NULL,NULL,NULL,0,1,12,4,NULL,NULL,1,NULL,NULL,NULL,14,11,NULL,NULL,NULL,NULL,0.0000,1349.0000,1398.0000,NULL,0.0000,1349.0000,1398.0000,0.0000,NULL,'000000006',NULL,'USD','user1@gmail.com','jaydeep','letscms',NULL,NULL,NULL,NULL,NULL,NULL,NULL,'USD',NULL,NULL,'USD',NULL,NULL,NULL,NULL,NULL,'122.176.150.189','Pincodecustomshipping_Pincodecustomshipping','USD','Main Website\nMain Website Store\nDefault Store View',NULL,NULL,'2025-03-26 04:53:16','2025-05-28 06:12:05',1,NULL,0.0000,0.0000,0.0000,0.0000,NULL,NULL,NULL,NULL,49.0000,49.0000,NULL,NULL,0,NULL),(7,'processing','processing',NULL,'332c431c18ee3080272ab0cf09c1a95e','Flat Rate - Fixed',0,1,6,0.0000,NULL,0.0000,NULL,16758.0000,10.0000,NULL,10.0000,NULL,0.0000,NULL,16748.0000,NULL,16748.0000,NULL,0.0000,NULL,0.0000,NULL,1.0000,1.0000,NULL,16758.0000,0.0000,NULL,NULL,16758.0000,NULL,NULL,0.0000,NULL,0.0000,NULL,16758.0000,10.0000,NULL,10.0000,NULL,0.0000,NULL,0.0000,0.0000,16748.0000,NULL,16748.0000,NULL,0.0000,NULL,0.0000,NULL,NULL,16758.0000,NULL,NULL,16758.0000,2.0000,NULL,NULL,NULL,0,0,14,1,NULL,NULL,1,NULL,NULL,NULL,117,13,NULL,NULL,NULL,NULL,0.0000,16748.0000,0.0000,NULL,0.0000,16748.0000,0.0000,0.0000,NULL,'000000007',NULL,'USD','jaydeep.letscms@gmail.com','Alex','Paris',NULL,NULL,NULL,NULL,NULL,NULL,NULL,'USD',NULL,NULL,'USD',NULL,NULL,NULL,NULL,NULL,'122.176.150.189','flatrate_flatrate','USD','Main Website\nMain Website Store\nDefault Store View',NULL,NULL,'2025-04-02 12:47:37','2025-05-06 07:22:34',2,NULL,0.0000,0.0000,0.0000,0.0000,0.0000,0.0000,NULL,NULL,10.0000,10.0000,NULL,NULL,0,NULL),(8,'new','pending',NULL,'95d86b3bf17c80ad15252d811681cfb5','delivery charges',0,1,2,0.0000,NULL,NULL,NULL,4018.0000,100.0000,NULL,NULL,NULL,0.0000,NULL,3918.0000,NULL,NULL,NULL,0.0000,NULL,NULL,NULL,1.0000,1.0000,NULL,NULL,NULL,NULL,NULL,NULL,NULL,NULL,0.0000,NULL,NULL,NULL,4018.0000,100.0000,NULL,NULL,NULL,0.0000,NULL,0.0000,0.0000,3918.0000,NULL,NULL,NULL,0.0000,NULL,NULL,NULL,NULL,NULL,NULL,NULL,NULL,2.0000,NULL,NULL,NULL,0,1,16,4,NULL,1,1,NULL,NULL,NULL,22,15,NULL,NULL,NULL,NULL,0.0000,3918.0000,4018.0000,NULL,0.0000,3918.0000,4018.0000,0.0000,NULL,'000000008',NULL,'USD','user1@gmail.com','jaydeep','letscms',NULL,NULL,NULL,NULL,NULL,NULL,NULL,'USD',NULL,NULL,'USD',NULL,NULL,NULL,NULL,NULL,'122.176.150.189','Pincodecustomshipping_Pincodecustomshipping','USD','Main Website\nMain Website Store\nDefault Store View',NULL,NULL,'2025-05-21 12:23:02','2025-05-28 06:12:05',2,NULL,0.0000,0.0000,0.0000,0.0000,NULL,NULL,NULL,NULL,100.0000,100.0000,NULL,NULL,0,NULL),(9,'new','pending',NULL,'e82b06300838c84314fa81696e9dfa21','Free Shipping - Free',0,1,2,0.0000,NULL,NULL,NULL,161997.0000,0.0000,NULL,NULL,NULL,0.0000,NULL,161997.0000,NULL,NULL,NULL,0.0000,NULL,NULL,NULL,1.0000,1.0000,NULL,NULL,NULL,NULL,NULL,NULL,NULL,NULL,0.0000,NULL,NULL,NULL,161997.0000,0.0000,NULL,NULL,NULL,0.0000,NULL,0.0000,0.0000,161997.0000,NULL,NULL,NULL,0.0000,NULL,NULL,NULL,NULL,NULL,NULL,NULL,NULL,3.0000,NULL,NULL,NULL,0,1,18,4,NULL,1,1,NULL,NULL,NULL,21,17,NULL,NULL,NULL,NULL,0.0000,161997.0000,161997.0000,NULL,0.0000,161997.0000,161997.0000,178.0000,NULL,'000000009',NULL,'USD','user1@gmail.com','jaydeep','letscms',NULL,NULL,NULL,NULL,NULL,NULL,NULL,'USD',NULL,NULL,'USD',NULL,NULL,NULL,NULL,NULL,'122.176.150.189','freeshipping_freeshipping','USD','Main Website\nMain Website Store\nDefault Store View',NULL,NULL,'2025-05-22 11:47:25','2025-05-28 06:12:05',2,NULL,0.0000,0.0000,0.0000,0.0000,NULL,NULL,NULL,NULL,0.0000,0.0000,NULL,NULL,0,NULL),(10,'new','pending',NULL,'6d807ee2195d062c47eaeae66f068930','Free Shipping - Free',0,1,2,0.0000,NULL,NULL,NULL,17958.0000,0.0000,NULL,NULL,NULL,0.0000,NULL,17958.0000,NULL,NULL,NULL,0.0000,NULL,NULL,NULL,1.0000,1.0000,NULL,NULL,NULL,NULL,NULL,NULL,NULL,NULL,0.0000,NULL,NULL,NULL,17958.0000,0.0000,NULL,NULL,NULL,0.0000,NULL,0.0000,0.0000,17958.0000,NULL,NULL,NULL,0.0000,NULL,NULL,NULL,NULL,NULL,NULL,NULL,NULL,2.0000,NULL,NULL,NULL,0,1,20,4,NULL,1,1,NULL,NULL,NULL,20,19,NULL,NULL,NULL,NULL,0.0000,17958.0000,17958.0000,NULL,0.0000,17958.0000,17958.0000,0.0000,NULL,'000000010',NULL,'USD','user1@gmail.com','jaydeep','letscms',NULL,NULL,NULL,NULL,NULL,NULL,NULL,'USD',NULL,NULL,'USD',NULL,NULL,NULL,NULL,NULL,'122.176.150.189','freeshipping_freeshipping','USD','Main Website\nMain Website Store\nDefault Store View',NULL,NULL,'2025-05-24 05:36:25','2025-05-28 06:12:06',2,NULL,0.0000,0.0000,0.0000,0.0000,NULL,NULL,NULL,NULL,0.0000,0.0000,NULL,NULL,0,NULL),(11,'new','pending',NULL,'a9a7ae0b567b24c491124a84230477da','Free Shipping - Free',0,1,2,0.0000,NULL,NULL,NULL,20706.0000,0.0000,NULL,NULL,NULL,0.0000,NULL,20706.0000,NULL,NULL,NULL,0.0000,NULL,NULL,NULL,1.0000,1.0000,NULL,NULL,NULL,NULL,NULL,NULL,NULL,NULL,0.0000,NULL,NULL,NULL,20706.0000,0.0000,NULL,NULL,NULL,0.0000,NULL,0.0000,0.0000,20706.0000,NULL,NULL,NULL,0.0000,NULL,NULL,NULL,NULL,NULL,NULL,NULL,NULL,4.0000,NULL,NULL,NULL,0,1,22,4,NULL,1,1,NULL,NULL,NULL,19,21,NULL,NULL,NULL,NULL,0.0000,20706.0000,20706.0000,NULL,0.0000,20706.0000,20706.0000,0.0000,NULL,'000000011',NULL,'USD','user1@gmail.com','jaydeep','letscms',NULL,NULL,NULL,NULL,NULL,NULL,NULL,'USD',NULL,NULL,'USD',NULL,NULL,NULL,NULL,NULL,'122.176.150.189','freeshipping_freeshipping','USD','Main Website\nMain Website Store\nDefault Store View',NULL,NULL,'2025-05-28 10:07:21','2025-05-28 10:07:22',3,NULL,0.0000,0.0000,0.0000,0.0000,NULL,NULL,NULL,NULL,0.0000,0.0000,NULL,NULL,0,NULL),(12,'new','pending',NULL,'da7a6f7595e4d35e4df7a3ed906e416b','delivery charges',0,1,2,0.0000,NULL,NULL,NULL,83.0000,49.0000,NULL,NULL,NULL,0.0000,NULL,34.0000,NULL,NULL,NULL,0.0000,NULL,NULL,NULL,1.0000,1.0000,NULL,NULL,NULL,NULL,NULL,NULL,NULL,NULL,0.0000,NULL,NULL,NULL,83.0000,49.0000,NULL,NULL,NULL,0.0000,NULL,0.0000,0.0000,34.0000,NULL,NULL,NULL,0.0000,NULL,NULL,NULL,NULL,NULL,NULL,NULL,NULL,1.0000,NULL,NULL,NULL,0,1,24,4,NULL,1,1,NULL,NULL,NULL,18,23,NULL,NULL,NULL,NULL,0.0000,34.0000,83.0000,NULL,0.0000,34.0000,83.0000,0.0000,NULL,'000000012',NULL,'USD','user1@gmail.com','jaydeep','letscmss',NULL,NULL,NULL,NULL,NULL,NULL,NULL,'USD',NULL,NULL,'USD',NULL,NULL,NULL,NULL,NULL,'122.176.150.189','Pincodecustomshipping_Pincodecustomshipping','USD','Main Website\nMain Website Store\nDefault Store View',NULL,NULL,'2025-07-10 11:41:04','2025-07-10 11:41:05',1,NULL,0.0000,0.0000,0.0000,0.0000,NULL,NULL,NULL,NULL,49.0000,49.0000,NULL,NULL,0,NULL);
DELIMITER ;;
/*!50003 CREATE*/ /*!50017 DEFINER=`magentomysql`@`%`*/ /*!50003 TRIGGER `trg_sales_order_after_insert` AFTER INSERT ON `sales_order` FOR EACH ROW BEGIN
INSERT IGNORE INTO `sales_order_data_exporter_cl` (`entity_id`) VALUES (NEW.`entity_id`);
END */;;
DELIMITER ;
DELIMITER ;;
/*!50003 CREATE*/ /*!50017 DEFINER=`magentomysql`@`%`*/ /*!50003 TRIGGER `trg_sales_order_after_update` AFTER UPDATE ON `sales_order` FOR EACH ROW BEGIN
IF (NOT(NEW.`entity_id` <=> OLD.`entity_id`) OR NOT(NEW.`state` <=> OLD.`state`) OR NOT(NEW.`status` <=> OLD.`status`) OR NOT(NEW.`coupon_code` <=> OLD.`coupon_code`) OR NOT(NEW.`protect_code` <=> OLD.`protect_code`) OR NOT(NEW.`shipping_description` <=> OLD.`shipping_description`) OR NOT(NEW.`is_virtual` <=> OLD.`is_virtual`) OR NOT(NEW.`store_id` <=> OLD.`store_id`) OR NOT(NEW.`customer_id` <=> OLD.`customer_id`) OR NOT(NEW.`base_discount_amount` <=> OLD.`base_discount_amount`) OR NOT(NEW.`base_discount_canceled` <=> OLD.`base_discount_canceled`) OR NOT(NEW.`base_discount_invoiced` <=> OLD.`base_discount_invoiced`) OR NOT(NEW.`base_discount_refunded` <=> OLD.`base_discount_refunded`) OR NOT(NEW.`base_grand_total` <=> OLD.`base_grand_total`) OR NOT(NEW.`base_shipping_amount` <=> OLD.`base_shipping_amount`) OR NOT(NEW.`base_shipping_canceled` <=> OLD.`base_shipping_canceled`) OR NOT(NEW.`base_shipping_invoiced` <=> OLD.`base_shipping_invoiced`) OR NOT(NEW.`base_shipping_refunded` <=> OLD.`base_shipping_refunded`) OR NOT(NEW.`base_shipping_tax_amount` <=> OLD.`base_shipping_tax_amount`) OR NOT(NEW.`base_shipping_tax_refunded` <=> OLD.`base_shipping_tax_refunded`) OR NOT(NEW.`base_subtotal` <=> OLD.`base_subtotal`) OR NOT(NEW.`base_subtotal_canceled` <=> OLD.`base_subtotal_canceled`) OR NOT(NEW.`base_subtotal_invoiced` <=> OLD.`base_subtotal_invoiced`) OR NOT(NEW.`base_subtotal_refunded` <=> OLD.`base_subtotal_refunded`) OR NOT(NEW.`base_tax_amount` <=> OLD.`base_tax_amount`) OR NOT(NEW.`base_tax_canceled` <=> OLD.`base_tax_canceled`) OR NOT(NEW.`base_tax_invoiced` <=> OLD.`base_tax_invoiced`) OR NOT(NEW.`base_tax_refunded` <=> OLD.`base_tax_refunded`) OR NOT(NEW.`base_to_global_rate` <=> OLD.`base_to_global_rate`) OR NOT(NEW.`base_to_order_rate` <=> OLD.`base_to_order_rate`) OR NOT(NEW.`base_total_canceled` <=> OLD.`base_total_canceled`) OR NOT(NEW.`base_total_invoiced` <=> OLD.`base_total_invoiced`) OR NOT(NEW.`base_total_invoiced_cost` <=> OLD.`base_total_invoiced_cost`) OR NOT(NEW.`base_total_offline_refunded` <=> OLD.`base_total_offline_refunded`) OR NOT(NEW.`base_total_online_refunded` <=> OLD.`base_total_online_refunded`) OR NOT(NEW.`base_total_paid` <=> OLD.`base_total_paid`) OR NOT(NEW.`base_total_qty_ordered` <=> OLD.`base_total_qty_ordered`) OR NOT(NEW.`base_total_refunded` <=> OLD.`base_total_refunded`) OR NOT(NEW.`discount_amount` <=> OLD.`discount_amount`) OR NOT(NEW.`discount_canceled` <=> OLD.`discount_canceled`) OR NOT(NEW.`discount_invoiced` <=> OLD.`discount_invoiced`) OR NOT(NEW.`discount_refunded` <=> OLD.`discount_refunded`) OR NOT(NEW.`grand_total` <=> OLD.`grand_total`) OR NOT(NEW.`shipping_amount` <=> OLD.`shipping_amount`) OR NOT(NEW.`shipping_canceled` <=> OLD.`shipping_canceled`) OR NOT(NEW.`shipping_invoiced` <=> OLD.`shipping_invoiced`) OR NOT(NEW.`shipping_refunded` <=> OLD.`shipping_refunded`) OR NOT(NEW.`shipping_tax_amount` <=> OLD.`shipping_tax_amount`) OR NOT(NEW.`shipping_tax_refunded` <=> OLD.`shipping_tax_refunded`) OR NOT(NEW.`store_to_base_rate` <=> OLD.`store_to_base_rate`) OR NOT(NEW.`store_to_order_rate` <=> OLD.`store_to_order_rate`) OR NOT(NEW.`subtotal` <=> OLD.`subtotal`) OR NOT(NEW.`subtotal_canceled` <=> OLD.`subtotal_canceled`) OR NOT(NEW.`subtotal_invoiced` <=> OLD.`subtotal_invoiced`) OR NOT(NEW.`subtotal_refunded` <=> OLD.`subtotal_refunded`) OR NOT(NEW.`tax_amount` <=> OLD.`tax_amount`) OR NOT(NEW.`tax_canceled` <=> OLD.`tax_canceled`) OR NOT(NEW.`tax_invoiced` <=> OLD.`tax_invoiced`) OR NOT(NEW.`tax_refunded` <=> OLD.`tax_refunded`) OR NOT(NEW.`total_canceled` <=> OLD.`total_canceled`) OR NOT(NEW.`total_invoiced` <=> OLD.`total_invoiced`) OR NOT(NEW.`total_offline_refunded` <=> OLD.`total_offline_refunded`) OR NOT(NEW.`total_online_refunded` <=> OLD.`total_online_refunded`) OR NOT(NEW.`total_paid` <=> OLD.`total_paid`) OR NOT(NEW.`total_qty_ordered` <=> OLD.`total_qty_ordered`) OR NOT(NEW.`total_refunded` <=> OLD.`total_refunded`) OR NOT(NEW.`can_ship_partially` <=> OLD.`can_ship_partially`) OR NOT(NEW.`can_ship_partially_item` <=> OLD.`can_ship_partially_item`) OR NOT(NEW.`customer_is_guest` <=> OLD.`customer_is_guest`) OR NOT(NEW.`customer_note_notify` <=> OLD.`customer_note_notify`) OR NOT(NEW.`billing_address_id` <=> OLD.`billing_address_id`) OR NOT(NEW.`customer_group_id` <=> OLD.`customer_group_id`) OR NOT(NEW.`edit_increment` <=> OLD.`edit_increment`) OR NOT(NEW.`email_sent` <=> OLD.`email_sent`) OR NOT(NEW.`send_email` <=> OLD.`send_email`) OR NOT(NEW.`forced_shipment_with_invoice` <=> OLD.`forced_shipment_with_invoice`) OR NOT(NEW.`payment_auth_expiration` <=> OLD.`payment_auth_expiration`) OR NOT(NEW.`quote_address_id` <=> OLD.`quote_address_id`) OR NOT(NEW.`quote_id` <=> OLD.`quote_id`) OR NOT(NEW.`shipping_address_id` <=> OLD.`shipping_address_id`) OR NOT(NEW.`adjustment_negative` <=> OLD.`adjustment_negative`) OR NOT(NEW.`adjustment_positive` <=> OLD.`adjustment_positive`) OR NOT(NEW.`base_adjustment_negative` <=> OLD.`base_adjustment_negative`) OR NOT(NEW.`base_adjustment_positive` <=> OLD.`base_adjustment_positive`) OR NOT(NEW.`base_shipping_discount_amount` <=> OLD.`base_shipping_discount_amount`) OR NOT(NEW.`base_subtotal_incl_tax` <=> OLD.`base_subtotal_incl_tax`) OR NOT(NEW.`base_total_due` <=> OLD.`base_total_due`) OR NOT(NEW.`payment_authorization_amount` <=> OLD.`payment_authorization_amount`) OR NOT(NEW.`shipping_discount_amount` <=> OLD.`shipping_discount_amount`) OR NOT(NEW.`subtotal_incl_tax` <=> OLD.`subtotal_incl_tax`) OR NOT(NEW.`total_due` <=> OLD.`total_due`) OR NOT(NEW.`weight` <=> OLD.`weight`) OR NOT(NEW.`customer_dob` <=> OLD.`customer_dob`) OR NOT(NEW.`increment_id` <=> OLD.`increment_id`) OR NOT(NEW.`applied_rule_ids` <=> OLD.`applied_rule_ids`) OR NOT(NEW.`base_currency_code` <=> OLD.`base_currency_code`) OR NOT(NEW.`customer_email` <=> OLD.`customer_email`) OR NOT(NEW.`customer_firstname` <=> OLD.`customer_firstname`) OR NOT(NEW.`customer_lastname` <=> OLD.`customer_lastname`) OR NOT(NEW.`customer_middlename` <=> OLD.`customer_middlename`) OR NOT(NEW.`customer_prefix` <=> OLD.`customer_prefix`) OR NOT(NEW.`customer_suffix` <=> OLD.`customer_suffix`) OR NOT(NEW.`customer_taxvat` <=> OLD.`customer_taxvat`) OR NOT(NEW.`discount_description` <=> OLD.`discount_description`) OR NOT(NEW.`ext_customer_id` <=> OLD.`ext_customer_id`) OR NOT(NEW.`ext_order_id` <=> OLD.`ext_order_id`) OR NOT(NEW.`global_currency_code` <=> OLD.`global_currency_code`) OR NOT(NEW.`hold_before_state` <=> OLD.`hold_before_state`) OR NOT(NEW.`hold_before_status` <=> OLD.`hold_before_status`) OR NOT(NEW.`order_currency_code` <=> OLD.`order_currency_code`) OR NOT(NEW.`original_increment_id` <=> OLD.`original_increment_id`) OR NOT(NEW.`relation_child_id` <=> OLD.`relation_child_id`) OR NOT(NEW.`relation_child_real_id` <=> OLD.`relation_child_real_id`) OR NOT(NEW.`relation_parent_id` <=> OLD.`relation_parent_id`) OR NOT(NEW.`relation_parent_real_id` <=> OLD.`relation_parent_real_id`) OR NOT(NEW.`remote_ip` <=> OLD.`remote_ip`) OR NOT(NEW.`shipping_method` <=> OLD.`shipping_method`) OR NOT(NEW.`store_currency_code` <=> OLD.`store_currency_code`) OR NOT(NEW.`store_name` <=> OLD.`store_name`) OR NOT(NEW.`x_forwarded_for` <=> OLD.`x_forwarded_for`) OR NOT(NEW.`customer_note` <=> OLD.`customer_note`) OR NOT(NEW.`created_at` <=> OLD.`created_at`) OR NOT(NEW.`total_item_count` <=> OLD.`total_item_count`) OR NOT(NEW.`customer_gender` <=> OLD.`customer_gender`) OR NOT(NEW.`discount_tax_compensation_amount` <=> OLD.`discount_tax_compensation_amount`) OR NOT(NEW.`base_discount_tax_compensation_amount` <=> OLD.`base_discount_tax_compensation_amount`) OR NOT(NEW.`shipping_discount_tax_compensation_amount` <=> OLD.`shipping_discount_tax_compensation_amount`) OR NOT(NEW.`base_shipping_discount_tax_compensation_amnt` <=> OLD.`base_shipping_discount_tax_compensation_amnt`) OR NOT(NEW.`discount_tax_compensation_invoiced` <=> OLD.`discount_tax_compensation_invoiced`) OR NOT(NEW.`base_discount_tax_compensation_invoiced` <=> OLD.`base_discount_tax_compensation_invoiced`) OR NOT(NEW.`discount_tax_compensation_refunded` <=> OLD.`discount_tax_compensation_refunded`) OR NOT(NEW.`base_discount_tax_compensation_refunded` <=> OLD.`base_discount_tax_compensation_refunded`) OR NOT(NEW.`shipping_incl_tax` <=> OLD.`shipping_incl_tax`) OR NOT(NEW.`base_shipping_incl_tax` <=> OLD.`base_shipping_incl_tax`) OR NOT(NEW.`coupon_rule_name` <=> OLD.`coupon_rule_name`) OR NOT(NEW.`gift_message_id` <=> OLD.`gift_message_id`) OR NOT(NEW.`paypal_ipn_customer_notified` <=> OLD.`paypal_ipn_customer_notified`) OR NOT(NEW.`dispute_status` <=> OLD.`dispute_status`)) THEN INSERT IGNORE INTO `sales_order_data_exporter_cl` (`entity_id`) VALUES (NEW.`entity_id`); END IF;
END */;;
DELIMITER ;
DELIMITER ;;
/*!50003 CREATE*/ /*!50017 DEFINER=`magentomysql`@`%`*/ /*!50003 TRIGGER `trg_sales_order_after_delete` AFTER DELETE ON `sales_order` FOR EACH ROW BEGIN
INSERT IGNORE INTO `sales_order_data_exporter_cl` (`entity_id`) VALUES (OLD.`entity_id`);
END */;;
DELIMITER ;

--
-- Table structure for table `sales_order_address`
--

CREATE TABLE `sales_order_address` (
  `entity_id` int unsigned NOT NULL AUTO_INCREMENT COMMENT 'Entity ID',
  `parent_id` int unsigned DEFAULT NULL COMMENT 'Parent ID',
  `customer_address_id` int DEFAULT NULL COMMENT 'Customer Address ID',
  `quote_address_id` int DEFAULT NULL COMMENT 'Quote Address ID',
  `region_id` int DEFAULT NULL COMMENT 'Region ID',
  `customer_id` int DEFAULT NULL COMMENT 'Customer ID',
  `fax` varchar(255) DEFAULT NULL COMMENT 'Fax',
  `region` varchar(255) DEFAULT NULL COMMENT 'Region',
  `postcode` varchar(255) DEFAULT NULL COMMENT 'Postcode',
  `lastname` varchar(255) DEFAULT NULL COMMENT 'Lastname',
  `street` varchar(255) DEFAULT NULL COMMENT 'Street',
  `city` varchar(255) DEFAULT NULL COMMENT 'City',
  `email` varchar(255) DEFAULT NULL COMMENT 'Email',
  `telephone` varchar(255) DEFAULT NULL COMMENT 'Phone Number',
  `country_id` varchar(2) DEFAULT NULL COMMENT 'Country ID',
  `firstname` varchar(255) DEFAULT NULL COMMENT 'Firstname',
  `address_type` varchar(255) DEFAULT NULL COMMENT 'Address Type',
  `prefix` varchar(255) DEFAULT NULL COMMENT 'Prefix',
  `middlename` varchar(255) DEFAULT NULL COMMENT 'Middlename',
  `suffix` varchar(255) DEFAULT NULL COMMENT 'Suffix',
  `company` varchar(255) DEFAULT NULL COMMENT 'Company',
  `vat_id` text COMMENT 'Vat ID',
  `vat_is_valid` smallint DEFAULT NULL COMMENT 'Vat Is Valid',
  `vat_request_id` text COMMENT 'Vat Request ID',
  `vat_request_date` text COMMENT 'Vat Request Date',
  `vat_request_success` smallint DEFAULT NULL COMMENT 'Vat Request Success',
  PRIMARY KEY (`entity_id`),
  KEY `SALES_ORDER_ADDRESS_PARENT_ID` (`parent_id`),
  CONSTRAINT `SALES_ORDER_ADDRESS_PARENT_ID_SALES_ORDER_ENTITY_ID` FOREIGN KEY (`parent_id`) REFERENCES `sales_order` (`entity_id`) ON DELETE CASCADE
) ENGINE=InnoDB AUTO_INCREMENT=25 DEFAULT CHARSET=utf8mb3 COMMENT='Sales Flat Order Address';

--
-- Dumping data for table `sales_order_address`
--

INSERT INTO `sales_order_address` VALUES (1,1,1,51,602,NULL,NULL,'Uttar Pradesh','202002','2','fewf\nwdwdfw','al','user2@gmail.com','7896541230','IN','user','shipping',NULL,NULL,NULL,NULL,NULL,NULL,NULL,NULL,NULL),(2,1,1,52,602,NULL,NULL,'Uttar Pradesh','202002','2','fewf\nwdwdfw','al','user2@gmail.com','7896541230','IN','user','billing',NULL,NULL,NULL,NULL,NULL,NULL,NULL,NULL,NULL),(3,2,2,49,602,NULL,NULL,'Uttar Pradesh','202002','letscms','fewf\nwdwdfw','al','user1@gmail.com','7896541230','IN','jaydeep','shipping',NULL,NULL,NULL,NULL,NULL,NULL,NULL,NULL,NULL),(4,2,2,53,602,NULL,NULL,'Uttar Pradesh','202002','letscms','fewf\nwdwdfw','al','user1@gmail.com','7896541230','IN','jaydeep','billing',NULL,NULL,NULL,NULL,NULL,NULL,NULL,NULL,NULL),(5,3,3,55,602,NULL,NULL,'Uttar Pradesh','202002','kumar','aSASA\nASASA','ASAS','user4@gmail.com','7896541230','IN','amit','shipping',NULL,NULL,NULL,'asd',NULL,NULL,NULL,NULL,NULL),(6,3,3,56,602,NULL,NULL,'Uttar Pradesh','202002','kumar','aSASA\nASASA','ASAS','user4@gmail.com','7896541230','IN','amit','billing',NULL,NULL,NULL,'asd',NULL,NULL,NULL,NULL,NULL),(7,4,4,58,602,NULL,NULL,'Uttar Pradesh','202002','kumar','aligarh','aligarh','user5@gmail.com','7896541230','IN','ajay','shipping',NULL,NULL,NULL,NULL,NULL,NULL,NULL,NULL,NULL),(8,4,4,59,602,NULL,NULL,'Uttar Pradesh','202002','kumar','aligarh','aligarh','user5@gmail.com','7896541230','IN','ajay','billing',NULL,NULL,NULL,NULL,NULL,NULL,NULL,NULL,NULL),(9,5,2,69,602,NULL,NULL,'Uttar Pradesh','202002','letscms','fewf\nwdwdfw','al','user1@gmail.com','7896541230','IN','jaydeep','shipping',NULL,NULL,NULL,NULL,NULL,NULL,NULL,NULL,NULL),(10,5,2,78,602,NULL,NULL,'Uttar Pradesh','202002','letscms','fewf\nwdwdfw','al','user1@gmail.com','7896541230','IN','jaydeep','billing',NULL,NULL,NULL,NULL,NULL,NULL,NULL,NULL,NULL),(11,6,2,80,602,NULL,NULL,'Uttar Pradesh','202002','letscms','fewf\nwdwdfw','al','user1@gmail.com','7896541230','IN','jaydeep','shipping',NULL,NULL,NULL,NULL,NULL,NULL,NULL,NULL,NULL),(12,6,2,81,602,NULL,NULL,'Uttar Pradesh','202002','letscms','fewf\nwdwdfw','al','user1@gmail.com','7896541230','IN','jaydeep','billing',NULL,NULL,NULL,NULL,NULL,NULL,NULL,NULL,NULL),(13,7,8,287,4,NULL,NULL,'Arizona','5345345','sdfsdaf','sdadasd\nsadasd','sadasd','jaydeep.letscms@gmail.com','45435345','US','dfgwedfas','shipping',NULL,NULL,NULL,NULL,NULL,NULL,NULL,NULL,NULL),(14,7,8,288,4,NULL,NULL,'Arizona','5345345','sdfsdaf','sdadasd\nsadasd','sadasd','jaydeep.letscms@gmail.com','45435345','US','dfgwedfas','billing',NULL,NULL,NULL,NULL,NULL,NULL,NULL,NULL,NULL),(15,8,NULL,97,602,NULL,NULL,'Uttar Pradesh','202002','letscms','fewf\nwdwdfw','al','user1@gmail.com','7896541230','IN','jaydeep','shipping',NULL,NULL,NULL,NULL,NULL,NULL,NULL,NULL,NULL),(16,8,NULL,96,602,NULL,NULL,'Uttar Pradesh','202002','letscms','fewf\nwdwdfw','al','user1@gmail.com','7896541230','IN','jaydeep','billing',NULL,NULL,NULL,NULL,NULL,NULL,NULL,NULL,NULL),(17,9,NULL,95,602,NULL,NULL,'Uttar Pradesh','202002','letscms','fewf\nwdwdfw','al','user1@gmail.com','7896541230','IN','jaydeep','shipping',NULL,NULL,NULL,NULL,NULL,NULL,NULL,NULL,NULL),(18,9,NULL,94,602,NULL,NULL,'Uttar Pradesh','202002','letscms','fewf\nwdwdfw','al','user1@gmail.com','7896541230','IN','jaydeep','billing',NULL,NULL,NULL,NULL,NULL,NULL,NULL,NULL,NULL),(19,10,NULL,93,602,NULL,NULL,'Uttar Pradesh','202002','letscms','fewf\nwdwdfw','al','user1@gmail.com','7896541230','IN','jaydeep','shipping',NULL,NULL,NULL,NULL,NULL,NULL,NULL,NULL,NULL),(20,10,NULL,92,602,NULL,NULL,'Uttar Pradesh','202002','letscms','fewf\nwdwdfw','al','user1@gmail.com','7896541230','IN','jaydeep','billing',NULL,NULL,NULL,NULL,NULL,NULL,NULL,NULL,NULL),(21,11,NULL,91,602,NULL,NULL,'Uttar Pradesh','202002','letscmss','fewf\nwdwdfw','al','user1@gmail.com','7896541230','IN','jaydeep','shipping',NULL,NULL,NULL,NULL,NULL,NULL,NULL,NULL,NULL),(22,11,NULL,90,602,NULL,NULL,'Uttar Pradesh','202002','letscmss','fewf\nwdwdfw','al','user1@gmail.com','7896541230','IN','jaydeep','billing',NULL,NULL,NULL,NULL,NULL,NULL,NULL,NULL,NULL),(23,12,15,351,603,NULL,NULL,'Uttarakhand','202002','letscmss','fewf\nwdwdfw','al','user1@gmail.com','06397075715','IN','jaydeep','shipping',NULL,NULL,NULL,'Letscms pvt Ltd',NULL,NULL,NULL,NULL,NULL),(24,12,15,355,603,NULL,NULL,'Uttarakhand','202002','letscmss','fewf\nwdwdfw','al','user1@gmail.com','06397075715','IN','jaydeep','billing',NULL,NULL,NULL,'Letscms pvt Ltd',NULL,NULL,NULL,NULL,NULL);

--
-- Table structure for table `sales_order_aggregated_created`
--

CREATE TABLE `sales_order_aggregated_created` (
  `id` int unsigned NOT NULL AUTO_INCREMENT COMMENT 'ID',
  `period` date DEFAULT NULL COMMENT 'Period',
  `store_id` smallint unsigned DEFAULT NULL COMMENT 'Store ID',
  `order_status` varchar(50) NOT NULL COMMENT 'Order Status',
  `orders_count` int NOT NULL DEFAULT '0' COMMENT 'Orders Count',
  `total_qty_ordered` decimal(12,4) NOT NULL DEFAULT '0.0000' COMMENT 'Total Qty Ordered',
  `total_qty_invoiced` decimal(12,4) NOT NULL DEFAULT '0.0000' COMMENT 'Total Qty Invoiced',
  `total_income_amount` decimal(20,4) NOT NULL DEFAULT '0.0000' COMMENT 'Total Income Amount',
  `total_revenue_amount` decimal(20,4) NOT NULL DEFAULT '0.0000' COMMENT 'Total Revenue Amount',
  `total_profit_amount` decimal(20,4) NOT NULL DEFAULT '0.0000' COMMENT 'Total Profit Amount',
  `total_invoiced_amount` decimal(20,4) NOT NULL DEFAULT '0.0000' COMMENT 'Total Invoiced Amount',
  `total_canceled_amount` decimal(20,4) NOT NULL DEFAULT '0.0000' COMMENT 'Total Canceled Amount',
  `total_paid_amount` decimal(20,4) NOT NULL DEFAULT '0.0000' COMMENT 'Total Paid Amount',
  `total_refunded_amount` decimal(20,4) NOT NULL DEFAULT '0.0000' COMMENT 'Total Refunded Amount',
  `total_tax_amount` decimal(20,4) NOT NULL DEFAULT '0.0000' COMMENT 'Total Tax Amount',
  `total_tax_amount_actual` decimal(20,4) NOT NULL DEFAULT '0.0000' COMMENT 'Total Tax Amount Actual',
  `total_shipping_amount` decimal(20,4) NOT NULL DEFAULT '0.0000' COMMENT 'Total Shipping Amount',
  `total_shipping_amount_actual` decimal(20,4) NOT NULL DEFAULT '0.0000' COMMENT 'Total Shipping Amount Actual',
  `total_discount_amount` decimal(20,4) NOT NULL DEFAULT '0.0000' COMMENT 'Total Discount Amount',
  `total_discount_amount_actual` decimal(20,4) NOT NULL DEFAULT '0.0000' COMMENT 'Total Discount Amount Actual',
  PRIMARY KEY (`id`),
  UNIQUE KEY `SALES_ORDER_AGGREGATED_CREATED_PERIOD_STORE_ID_ORDER_STATUS` (`period`,`store_id`,`order_status`),
  KEY `SALES_ORDER_AGGREGATED_CREATED_STORE_ID` (`store_id`),
  CONSTRAINT `SALES_ORDER_AGGREGATED_CREATED_STORE_ID_STORE_STORE_ID` FOREIGN KEY (`store_id`) REFERENCES `store` (`store_id`) ON DELETE SET NULL
) ENGINE=InnoDB DEFAULT CHARSET=utf8mb3 COMMENT='Sales Order Aggregated Created';

--
-- Dumping data for table `sales_order_aggregated_created`
--


--
-- Table structure for table `sales_order_aggregated_updated`
--

CREATE TABLE `sales_order_aggregated_updated` (
  `id` int unsigned NOT NULL AUTO_INCREMENT COMMENT 'ID',
  `period` date DEFAULT NULL COMMENT 'Period',
  `store_id` smallint unsigned DEFAULT NULL COMMENT 'Store ID',
  `order_status` varchar(50) NOT NULL COMMENT 'Order Status',
  `orders_count` int NOT NULL DEFAULT '0' COMMENT 'Orders Count',
  `total_qty_ordered` decimal(12,4) NOT NULL DEFAULT '0.0000' COMMENT 'Total Qty Ordered',
  `total_qty_invoiced` decimal(12,4) NOT NULL DEFAULT '0.0000' COMMENT 'Total Qty Invoiced',
  `total_income_amount` decimal(20,4) NOT NULL DEFAULT '0.0000' COMMENT 'Total Income Amount',
  `total_revenue_amount` decimal(20,4) NOT NULL DEFAULT '0.0000' COMMENT 'Total Revenue Amount',
  `total_profit_amount` decimal(20,4) NOT NULL DEFAULT '0.0000' COMMENT 'Total Profit Amount',
  `total_invoiced_amount` decimal(20,4) NOT NULL DEFAULT '0.0000' COMMENT 'Total Invoiced Amount',
  `total_canceled_amount` decimal(20,4) NOT NULL DEFAULT '0.0000' COMMENT 'Total Canceled Amount',
  `total_paid_amount` decimal(20,4) NOT NULL DEFAULT '0.0000' COMMENT 'Total Paid Amount',
  `total_refunded_amount` decimal(20,4) NOT NULL DEFAULT '0.0000' COMMENT 'Total Refunded Amount',
  `total_tax_amount` decimal(20,4) NOT NULL DEFAULT '0.0000' COMMENT 'Total Tax Amount',
  `total_tax_amount_actual` decimal(20,4) NOT NULL DEFAULT '0.0000' COMMENT 'Total Tax Amount Actual',
  `total_shipping_amount` decimal(20,4) NOT NULL DEFAULT '0.0000' COMMENT 'Total Shipping Amount',
  `total_shipping_amount_actual` decimal(20,4) NOT NULL DEFAULT '0.0000' COMMENT 'Total Shipping Amount Actual',
  `total_discount_amount` decimal(20,4) NOT NULL DEFAULT '0.0000' COMMENT 'Total Discount Amount',
  `total_discount_amount_actual` decimal(20,4) NOT NULL DEFAULT '0.0000' COMMENT 'Total Discount Amount Actual',
  PRIMARY KEY (`id`),
  UNIQUE KEY `SALES_ORDER_AGGREGATED_UPDATED_PERIOD_STORE_ID_ORDER_STATUS` (`period`,`store_id`,`order_status`),
  KEY `SALES_ORDER_AGGREGATED_UPDATED_STORE_ID` (`store_id`),
  CONSTRAINT `SALES_ORDER_AGGREGATED_UPDATED_STORE_ID_STORE_STORE_ID` FOREIGN KEY (`store_id`) REFERENCES `store` (`store_id`) ON DELETE SET NULL
) ENGINE=InnoDB DEFAULT CHARSET=utf8mb3 COMMENT='Sales Order Aggregated Updated';

--
-- Dumping data for table `sales_order_aggregated_updated`
--


--
-- Table structure for table `sales_order_data_exporter_cl`
--

CREATE TABLE `sales_order_data_exporter_cl` (
  `version_id` int unsigned NOT NULL AUTO_INCREMENT COMMENT 'Version ID',
  `entity_id` int unsigned NOT NULL DEFAULT '0' COMMENT 'Entity ID',
  PRIMARY KEY (`version_id`)
) ENGINE=InnoDB AUTO_INCREMENT=93 DEFAULT CHARSET=utf8mb3 COMMENT='sales_order_data_exporter_cl';

--
-- Dumping data for table `sales_order_data_exporter_cl`
--

INSERT INTO `sales_order_data_exporter_cl` VALUES (1,1),(2,1),(3,1),(4,1),(5,2),(6,2),(7,2),(8,2),(9,2),(10,2),(11,3),(12,3),(13,3),(14,3),(15,4),(16,4),(17,4),(18,4),(19,4),(20,4),(21,4),(22,4),(23,4),(24,4),(25,4),(26,3),(27,3),(28,3),(29,3),(30,2),(31,2),(32,2),(33,2),(34,2),(35,2),(36,2),(37,2),(38,1),(39,1),(40,5),(41,5),(42,5),(43,5),(44,6),(45,6),(46,6),(47,6),(48,7),(49,7),(50,7),(51,7),(52,7),(53,7),(54,7),(55,7),(56,8),(57,8),(58,8),(59,8),(60,8),(61,9),(62,9),(63,9),(64,9),(65,9),(66,10),(67,10),(68,10),(69,10),(70,10),(71,2),(72,5),(73,6),(74,8),(75,9),(76,10),(77,2),(78,5),(79,6),(80,8),(81,9),(82,10),(83,11),(84,11),(85,11),(86,11),(87,11),(88,11),(89,12),(90,12),(91,12),(92,12);

--
-- Table structure for table `sales_order_grid`
--

CREATE TABLE `sales_order_grid` (
  `entity_id` int unsigned NOT NULL COMMENT 'Entity ID',
  `status` varchar(32) DEFAULT NULL COMMENT 'Status',
  `store_id` smallint unsigned DEFAULT NULL COMMENT 'Store ID',
  `store_name` varchar(255) DEFAULT NULL COMMENT 'Store Name',
  `customer_id` int unsigned DEFAULT NULL COMMENT 'Customer ID',
  `base_grand_total` decimal(20,4) DEFAULT NULL COMMENT 'Base Grand Total',
  `base_total_paid` decimal(20,4) DEFAULT NULL COMMENT 'Base Total Paid',
  `grand_total` decimal(20,4) DEFAULT NULL COMMENT 'Grand Total',
  `total_paid` decimal(20,4) DEFAULT NULL COMMENT 'Total Paid',
  `increment_id` varchar(50) DEFAULT NULL COMMENT 'Increment ID',
  `base_currency_code` varchar(3) DEFAULT NULL COMMENT 'Base Currency Code',
  `order_currency_code` varchar(255) DEFAULT NULL COMMENT 'Order Currency Code',
  `shipping_name` varchar(255) DEFAULT NULL COMMENT 'Shipping Name',
  `billing_name` varchar(255) DEFAULT NULL COMMENT 'Billing Name',
  `created_at` timestamp NULL DEFAULT NULL COMMENT 'Created At',
  `updated_at` timestamp NULL DEFAULT NULL COMMENT 'Updated At',
  `billing_address` varchar(255) DEFAULT NULL COMMENT 'Billing Address',
  `shipping_address` varchar(255) DEFAULT NULL COMMENT 'Shipping Address',
  `shipping_information` varchar(255) DEFAULT NULL COMMENT 'Shipping Method Name',
  `customer_email` varchar(255) DEFAULT NULL COMMENT 'Customer Email',
  `customer_group` varchar(255) DEFAULT NULL COMMENT 'Customer Group',
  `subtotal` decimal(20,4) DEFAULT NULL COMMENT 'Subtotal',
  `shipping_and_handling` decimal(20,4) DEFAULT NULL COMMENT 'Shipping and handling amount',
  `customer_name` varchar(255) DEFAULT NULL COMMENT 'Customer Name',
  `payment_method` varchar(255) DEFAULT NULL COMMENT 'Payment Method',
  `total_refunded` decimal(20,4) DEFAULT NULL COMMENT 'Total Refunded',
  `pickup_location_code` varchar(255) DEFAULT NULL COMMENT 'Pickup Location Code',
  `dispute_status` varchar(45) DEFAULT NULL COMMENT 'Braintree Dispute Status',
  PRIMARY KEY (`entity_id`),
  UNIQUE KEY `SALES_ORDER_GRID_INCREMENT_ID_STORE_ID` (`increment_id`,`store_id`),
  KEY `SALES_ORDER_GRID_STATUS` (`status`),
  KEY `SALES_ORDER_GRID_STORE_ID` (`store_id`),
  KEY `SALES_ORDER_GRID_BASE_GRAND_TOTAL` (`base_grand_total`),
  KEY `SALES_ORDER_GRID_BASE_TOTAL_PAID` (`base_total_paid`),
  KEY `SALES_ORDER_GRID_GRAND_TOTAL` (`grand_total`),
  KEY `SALES_ORDER_GRID_TOTAL_PAID` (`total_paid`),
  KEY `SALES_ORDER_GRID_SHIPPING_NAME` (`shipping_name`),
  KEY `SALES_ORDER_GRID_BILLING_NAME` (`billing_name`),
  KEY `SALES_ORDER_GRID_CREATED_AT` (`created_at`),
  KEY `SALES_ORDER_GRID_CUSTOMER_ID` (`customer_id`),
  KEY `SALES_ORDER_GRID_UPDATED_AT` (`updated_at`),
  KEY `SALES_ORDER_GRID_PICKUP_LOCATION_CODE` (`pickup_location_code`),
  FULLTEXT KEY `FTI_65B9E9925EC58F0C7C2E2F6379C233E7` (`increment_id`,`billing_name`,`shipping_name`,`shipping_address`,`billing_address`,`customer_name`,`customer_email`)
) ENGINE=InnoDB DEFAULT CHARSET=utf8mb3 COMMENT='Sales Flat Order Grid';

--
-- Dumping data for table `sales_order_grid`
--

INSERT INTO `sales_order_grid` VALUES (1,'processing',1,'Main Website\nMain Website Store\nDefault Store View',3,794.0000,794.0000,794.0000,794.0000,'000000001','USD','USD','user 2','user 2','2025-02-08 12:03:37','2025-02-08 12:29:02','fewf\nwdwdfw,al,Uttar Pradesh,202002','fewf\nwdwdfw,al,Uttar Pradesh,202002','Flat Rate - Fixed','user2@gmail.com','4',789.0000,5.0000,'user 2','checkmo',NULL,NULL,NULL),(2,'complete',1,'Main Website\nMain Website Store\nDefault Store View',2,4306.0000,4306.0000,4306.0000,4306.0000,'000000002','USD','USD','jaydeep letscms','jaydeep letscms','2025-02-08 12:07:43','2025-05-28 06:12:04','fewf\nwdwdfw,al,Uttar Pradesh,202002','fewf\nwdwdfw,al,Uttar Pradesh,202002','Flat Rate - Fixed','user1@gmail.com','4',4286.0000,20.0000,'jaydeep letscms','checkmo',NULL,NULL,NULL),(3,'complete',1,'Main Website\nMain Website Store\nDefault Store View',4,1964.0000,1964.0000,1964.0000,1964.0000,'000000003','USD','USD','amit kumar','amit kumar','2025-02-08 12:17:26','2025-02-08 12:25:22','asd,aSASA\nASASA,ASAS,Uttar Pradesh,202002','asd,aSASA\nASASA,ASAS,Uttar Pradesh,202002','Flat Rate - Fixed','user4@gmail.com','4',1959.0000,5.0000,'amit kumar','checkmo',NULL,NULL,NULL),(4,'complete',1,'Main Website\nMain Website Store\nDefault Store View',5,3318.0000,3318.0000,3318.0000,3318.0000,'000000004','USD','USD','ajay kumar','ajay kumar','2025-02-08 12:21:54','2025-02-08 12:23:57','aligarh,aligarh,Uttar Pradesh,202002','aligarh,aligarh,Uttar Pradesh,202002','Flat Rate - Fixed','user5@gmail.com','4',3308.0000,10.0000,'ajay kumar','checkmo',NULL,NULL,NULL),(5,'pending',1,'Main Website\nMain Website Store\nDefault Store View',2,16004.0000,NULL,16004.0000,NULL,'000000005','USD','USD','jaydeep letscms','jaydeep letscms','2025-03-26 04:51:26','2025-05-28 06:12:04','fewf\nwdwdfw,al,Uttar Pradesh,202002','fewf\nwdwdfw,al,Uttar Pradesh,202002','Flat Rate - Fixed','user1@gmail.com','4',15999.0000,5.0000,'jaydeep letscms','checkmo',NULL,NULL,NULL),(6,'pending',1,'Main Website\nMain Website Store\nDefault Store View',2,1398.0000,NULL,1398.0000,NULL,'000000006','USD','USD','jaydeep letscms','jaydeep letscms','2025-03-26 04:53:16','2025-05-28 06:12:05','fewf\nwdwdfw,al,Uttar Pradesh,202002','fewf\nwdwdfw,al,Uttar Pradesh,202002','delivery charges','user1@gmail.com','4',1349.0000,49.0000,'jaydeep letscms','checkmo',NULL,NULL,NULL),(7,'processing',1,'Main Website\nMain Website Store\nDefault Store View',6,16758.0000,16758.0000,16758.0000,16758.0000,'000000007','USD','USD','dfgwedfas sdfsdaf','dfgwedfas sdfsdaf','2025-04-02 12:47:37','2025-05-06 07:22:34','sdadasd\nsadasd,sadasd,Arizona,5345345','sdadasd\nsadasd,sadasd,Arizona,5345345','Flat Rate - Fixed','jaydeep.letscms@gmail.com','1',16748.0000,10.0000,'Alex Paris','checkmo',NULL,NULL,NULL),(8,'pending',1,'Main Website\nMain Website Store\nDefault Store View',2,4018.0000,NULL,4018.0000,NULL,'000000008','USD','USD','jaydeep letscms','jaydeep letscms','2025-05-21 12:23:02','2025-05-28 06:12:05','fewf\nwdwdfw,al,Uttar Pradesh,202002','fewf\nwdwdfw,al,Uttar Pradesh,202002','delivery charges','user1@gmail.com','4',3918.0000,100.0000,'jaydeep letscms','checkmo',NULL,NULL,NULL),(9,'pending',1,'Main Website\nMain Website Store\nDefault Store View',2,161997.0000,NULL,161997.0000,NULL,'000000009','USD','USD','jaydeep letscms','jaydeep letscms','2025-05-22 11:47:25','2025-05-28 06:12:05','fewf\nwdwdfw,al,Uttar Pradesh,202002','fewf\nwdwdfw,al,Uttar Pradesh,202002','Free Shipping - Free','user1@gmail.com','4',161997.0000,0.0000,'jaydeep letscms','checkmo',NULL,NULL,NULL),(10,'pending',1,'Main Website\nMain Website Store\nDefault Store View',2,17958.0000,NULL,17958.0000,NULL,'000000010','USD','USD','jaydeep letscms','jaydeep letscms','2025-05-24 05:36:25','2025-05-28 06:12:06','fewf\nwdwdfw,al,Uttar Pradesh,202002','fewf\nwdwdfw,al,Uttar Pradesh,202002','Free Shipping - Free','user1@gmail.com','4',17958.0000,0.0000,'jaydeep letscms','checkmo',NULL,NULL,NULL),(11,'pending',1,'Main Website\nMain Website Store\nDefault Store View',2,20706.0000,NULL,20706.0000,NULL,'000000011','USD','USD','jaydeep letscmss','jaydeep letscmss','2025-05-28 10:07:21','2025-05-28 10:07:21','fewf\nwdwdfw,al,Uttar Pradesh,202002','fewf\nwdwdfw,al,Uttar Pradesh,202002','Free Shipping - Free','user1@gmail.com','4',20706.0000,0.0000,'jaydeep letscms','checkmo',NULL,NULL,NULL),(12,'pending',1,'Main Website\nMain Website Store\nDefault Store View',2,83.0000,NULL,83.0000,NULL,'000000012','USD','USD','jaydeep letscmss','jaydeep letscmss','2025-07-10 11:41:04','2025-07-10 11:41:04','Letscms pvt Ltd,fewf\nwdwdfw,al,Uttarakhand,202002','Letscms pvt Ltd,fewf\nwdwdfw,al,Uttarakhand,202002','delivery charges','user1@gmail.com','4',34.0000,49.0000,'jaydeep letscmss','checkmo',NULL,NULL,NULL);

--
-- Table structure for table `sales_order_item`
--

CREATE TABLE `sales_order_item` (
  `item_id` int unsigned NOT NULL AUTO_INCREMENT COMMENT 'Item ID',
  `order_id` int unsigned NOT NULL DEFAULT '0' COMMENT 'Order ID',
  `parent_item_id` int unsigned DEFAULT NULL COMMENT 'Parent Item ID',
  `quote_item_id` int unsigned DEFAULT NULL COMMENT 'Quote Item ID',
  `store_id` smallint unsigned DEFAULT NULL COMMENT 'Store ID',
  `created_at` timestamp NOT NULL DEFAULT CURRENT_TIMESTAMP COMMENT 'Created At',
  `updated_at` timestamp NOT NULL DEFAULT CURRENT_TIMESTAMP ON UPDATE CURRENT_TIMESTAMP COMMENT 'Updated At',
  `product_id` int unsigned DEFAULT NULL COMMENT 'Product ID',
  `product_type` varchar(255) DEFAULT NULL COMMENT 'Product Type',
  `product_options` longtext COMMENT 'Product Options',
  `weight` decimal(12,4) DEFAULT '0.0000' COMMENT 'Weight',
  `is_virtual` smallint unsigned DEFAULT NULL COMMENT 'Is Virtual',
  `sku` varchar(255) DEFAULT NULL COMMENT 'Sku',
  `name` varchar(255) DEFAULT NULL COMMENT 'Name',
  `description` text COMMENT 'Description',
  `applied_rule_ids` text COMMENT 'Applied Rule Ids',
  `additional_data` text COMMENT 'Additional Data',
  `is_qty_decimal` smallint unsigned DEFAULT NULL COMMENT 'Is Qty Decimal',
  `no_discount` smallint unsigned NOT NULL DEFAULT '0' COMMENT 'No Discount',
  `qty_backordered` decimal(12,4) DEFAULT '0.0000' COMMENT 'Qty Backordered',
  `qty_canceled` decimal(12,4) DEFAULT '0.0000' COMMENT 'Qty Canceled',
  `qty_invoiced` decimal(12,4) DEFAULT '0.0000' COMMENT 'Qty Invoiced',
  `qty_ordered` decimal(12,4) DEFAULT '0.0000' COMMENT 'Qty Ordered',
  `qty_refunded` decimal(12,4) DEFAULT '0.0000' COMMENT 'Qty Refunded',
  `qty_shipped` decimal(12,4) DEFAULT '0.0000' COMMENT 'Qty Shipped',
  `base_cost` decimal(12,4) DEFAULT '0.0000' COMMENT 'Base Cost',
  `price` decimal(20,4) NOT NULL DEFAULT '0.0000' COMMENT 'Price',
  `base_price` decimal(20,4) NOT NULL DEFAULT '0.0000' COMMENT 'Base Price',
  `original_price` decimal(20,4) DEFAULT NULL COMMENT 'Original Price',
  `base_original_price` decimal(20,4) DEFAULT NULL COMMENT 'Base Original Price',
  `tax_percent` decimal(12,4) DEFAULT '0.0000' COMMENT 'Tax Percent',
  `tax_amount` decimal(20,4) DEFAULT '0.0000' COMMENT 'Tax Amount',
  `base_tax_amount` decimal(20,4) DEFAULT '0.0000' COMMENT 'Base Tax Amount',
  `tax_invoiced` decimal(20,4) DEFAULT '0.0000' COMMENT 'Tax Invoiced',
  `base_tax_invoiced` decimal(20,4) DEFAULT '0.0000' COMMENT 'Base Tax Invoiced',
  `discount_percent` decimal(12,4) DEFAULT '0.0000' COMMENT 'Discount Percent',
  `discount_amount` decimal(20,4) DEFAULT '0.0000' COMMENT 'Discount Amount',
  `base_discount_amount` decimal(20,4) DEFAULT '0.0000' COMMENT 'Base Discount Amount',
  `discount_invoiced` decimal(20,4) DEFAULT '0.0000' COMMENT 'Discount Invoiced',
  `base_discount_invoiced` decimal(20,4) DEFAULT '0.0000' COMMENT 'Base Discount Invoiced',
  `amount_refunded` decimal(20,4) DEFAULT '0.0000' COMMENT 'Amount Refunded',
  `base_amount_refunded` decimal(20,4) DEFAULT '0.0000' COMMENT 'Base Amount Refunded',
  `row_total` decimal(20,4) NOT NULL DEFAULT '0.0000' COMMENT 'Row Total',
  `base_row_total` decimal(20,4) NOT NULL DEFAULT '0.0000' COMMENT 'Base Row Total',
  `row_invoiced` decimal(20,4) NOT NULL DEFAULT '0.0000' COMMENT 'Row Invoiced',
  `base_row_invoiced` decimal(20,4) NOT NULL DEFAULT '0.0000' COMMENT 'Base Row Invoiced',
  `row_weight` decimal(12,4) DEFAULT '0.0000' COMMENT 'Row Weight',
  `base_tax_before_discount` decimal(20,4) DEFAULT NULL COMMENT 'Base Tax Before Discount',
  `tax_before_discount` decimal(20,4) DEFAULT NULL COMMENT 'Tax Before Discount',
  `ext_order_item_id` varchar(255) DEFAULT NULL COMMENT 'Ext Order Item ID',
  `locked_do_invoice` smallint unsigned DEFAULT NULL COMMENT 'Locked Do Invoice',
  `locked_do_ship` smallint unsigned DEFAULT NULL COMMENT 'Locked Do Ship',
  `price_incl_tax` decimal(20,4) DEFAULT NULL COMMENT 'Price Incl Tax',
  `base_price_incl_tax` decimal(20,4) DEFAULT NULL COMMENT 'Base Price Incl Tax',
  `row_total_incl_tax` decimal(20,4) DEFAULT NULL COMMENT 'Row Total Incl Tax',
  `base_row_total_incl_tax` decimal(20,4) DEFAULT NULL COMMENT 'Base Row Total Incl Tax',
  `discount_tax_compensation_amount` decimal(20,4) DEFAULT NULL COMMENT 'Discount Tax Compensation Amount',
  `base_discount_tax_compensation_amount` decimal(20,4) DEFAULT NULL COMMENT 'Base Discount Tax Compensation Amount',
  `discount_tax_compensation_invoiced` decimal(20,4) DEFAULT NULL COMMENT 'Discount Tax Compensation Invoiced',
  `base_discount_tax_compensation_invoiced` decimal(20,4) DEFAULT NULL COMMENT 'Base Discount Tax Compensation Invoiced',
  `discount_tax_compensation_refunded` decimal(20,4) DEFAULT NULL COMMENT 'Discount Tax Compensation Refunded',
  `base_discount_tax_compensation_refunded` decimal(20,4) DEFAULT NULL COMMENT 'Base Discount Tax Compensation Refunded',
  `tax_canceled` decimal(12,4) DEFAULT NULL COMMENT 'Tax Canceled',
  `discount_tax_compensation_canceled` decimal(20,4) DEFAULT NULL COMMENT 'Discount Tax Compensation Canceled',
  `tax_refunded` decimal(20,4) DEFAULT NULL COMMENT 'Tax Refunded',
  `base_tax_refunded` decimal(20,4) DEFAULT NULL COMMENT 'Base Tax Refunded',
  `discount_refunded` decimal(20,4) DEFAULT NULL COMMENT 'Discount Refunded',
  `base_discount_refunded` decimal(20,4) DEFAULT NULL COMMENT 'Base Discount Refunded',
  `gift_message_id` int DEFAULT NULL COMMENT 'Gift Message ID',
  `gift_message_available` int DEFAULT NULL COMMENT 'Gift Message Available',
  `free_shipping` smallint unsigned NOT NULL DEFAULT '0' COMMENT 'Free Shipping',
  `weee_tax_applied` text COMMENT 'Weee Tax Applied',
  `weee_tax_applied_amount` decimal(12,4) DEFAULT NULL COMMENT 'Weee Tax Applied Amount',
  `weee_tax_applied_row_amount` decimal(12,4) DEFAULT NULL COMMENT 'Weee Tax Applied Row Amount',
  `weee_tax_disposition` decimal(12,4) DEFAULT NULL COMMENT 'Weee Tax Disposition',
  `weee_tax_row_disposition` decimal(12,4) DEFAULT NULL COMMENT 'Weee Tax Row Disposition',
  `base_weee_tax_applied_amount` decimal(12,4) DEFAULT NULL COMMENT 'Base Weee Tax Applied Amount',
  `base_weee_tax_applied_row_amnt` decimal(12,4) DEFAULT NULL COMMENT 'Base Weee Tax Applied Row Amnt',
  `base_weee_tax_disposition` decimal(12,4) DEFAULT NULL COMMENT 'Base Weee Tax Disposition',
  `base_weee_tax_row_disposition` decimal(12,4) DEFAULT NULL COMMENT 'Base Weee Tax Row Disposition',
  PRIMARY KEY (`item_id`),
  KEY `SALES_ORDER_ITEM_ORDER_ID` (`order_id`),
  KEY `SALES_ORDER_ITEM_STORE_ID` (`store_id`),
  CONSTRAINT `SALES_ORDER_ITEM_ORDER_ID_SALES_ORDER_ENTITY_ID` FOREIGN KEY (`order_id`) REFERENCES `sales_order` (`entity_id`) ON DELETE CASCADE,
  CONSTRAINT `SALES_ORDER_ITEM_STORE_ID_STORE_STORE_ID` FOREIGN KEY (`store_id`) REFERENCES `store` (`store_id`) ON DELETE SET NULL
) ENGINE=InnoDB AUTO_INCREMENT=22 DEFAULT CHARSET=utf8mb3 COMMENT='Sales Flat Order Item';

--
-- Dumping data for table `sales_order_item`
--

INSERT INTO `sales_order_item` VALUES (1,1,NULL,47,1,'2025-02-08 12:03:37','2025-02-08 12:29:02',4,'simple','{\"info_buyRequest\":{\"uenc\":\"aHR0cHM6Ly9tMjR1bW0uYXNraml0ZW5kcmEuY29tLw~~\",\"product\":\"4\",\"qty\":1}}',NULL,0,'pd-0004','Boys Festive & Party Kurta and Pyjama Set  (Yellow Pack of 1)',NULL,NULL,NULL,0,0,NULL,0.0000,1.0000,1.0000,0.0000,0.0000,NULL,789.0000,789.0000,789.0000,789.0000,0.0000,0.0000,0.0000,0.0000,0.0000,0.0000,0.0000,0.0000,0.0000,0.0000,0.0000,0.0000,789.0000,789.0000,789.0000,789.0000,0.0000,NULL,NULL,NULL,NULL,NULL,789.0000,789.0000,789.0000,789.0000,0.0000,0.0000,0.0000,0.0000,NULL,NULL,NULL,NULL,NULL,NULL,NULL,NULL,NULL,NULL,0,'[]',NULL,NULL,NULL,NULL,NULL,NULL,NULL,NULL),(2,2,NULL,45,1,'2025-02-08 12:07:43','2025-02-08 12:27:34',4,'simple','{\"info_buyRequest\":{\"uenc\":\"aHR0cHM6Ly9tMjR1bW0uYXNraml0ZW5kcmEuY29tLw~~\",\"product\":\"4\",\"qty\":1}}',NULL,0,'pd-0004','Boys Festive & Party Kurta and Pyjama Set  (Yellow Pack of 1)',NULL,NULL,NULL,0,0,NULL,0.0000,2.0000,2.0000,0.0000,2.0000,NULL,789.0000,789.0000,789.0000,789.0000,0.0000,0.0000,0.0000,0.0000,0.0000,0.0000,0.0000,0.0000,0.0000,0.0000,0.0000,0.0000,1578.0000,1578.0000,1578.0000,1578.0000,0.0000,NULL,NULL,NULL,NULL,NULL,789.0000,789.0000,1578.0000,1578.0000,0.0000,0.0000,0.0000,0.0000,NULL,NULL,NULL,NULL,NULL,NULL,NULL,NULL,NULL,NULL,0,'[]',NULL,NULL,NULL,NULL,NULL,NULL,NULL,NULL),(3,2,NULL,46,1,'2025-02-08 12:07:43','2025-02-08 12:27:34',2,'simple','{\"info_buyRequest\":{\"qty\":1},\"additional_options\":[{\"label\":\"is_unilevel_product\",\"value\":\"yes\"}]}',NULL,0,'pd-0002','Men Solid Single Breasted Casual, Formal, Party, Festive & Wedding Blazer  (Black)',NULL,NULL,NULL,0,0,NULL,0.0000,1.0000,1.0000,0.0000,1.0000,NULL,1959.0000,1959.0000,1959.0000,1959.0000,0.0000,0.0000,0.0000,0.0000,0.0000,0.0000,0.0000,0.0000,0.0000,0.0000,0.0000,0.0000,1959.0000,1959.0000,1959.0000,1959.0000,0.0000,NULL,NULL,NULL,NULL,NULL,1959.0000,1959.0000,1959.0000,1959.0000,0.0000,0.0000,0.0000,0.0000,NULL,NULL,NULL,NULL,NULL,NULL,NULL,NULL,NULL,NULL,0,'[]',NULL,NULL,NULL,NULL,NULL,NULL,NULL,NULL),(4,2,NULL,48,1,'2025-02-08 12:07:43','2025-02-08 12:27:34',3,'simple','{\"info_buyRequest\":{\"uenc\":\"aHR0cHM6Ly9tMjR1bW0uYXNraml0ZW5kcmEuY29tLw~~\",\"product\":\"3\",\"qty\":1}}',NULL,0,'pd-0003','RITI Embroidered Kurta, Trouser/Pant & Dupatta Set For Women',NULL,NULL,NULL,0,0,NULL,0.0000,1.0000,1.0000,0.0000,1.0000,NULL,749.0000,749.0000,749.0000,749.0000,0.0000,0.0000,0.0000,0.0000,0.0000,0.0000,0.0000,0.0000,0.0000,0.0000,0.0000,0.0000,749.0000,749.0000,749.0000,749.0000,0.0000,NULL,NULL,NULL,NULL,NULL,749.0000,749.0000,749.0000,749.0000,0.0000,0.0000,0.0000,0.0000,NULL,NULL,NULL,NULL,NULL,NULL,NULL,NULL,NULL,NULL,0,'[]',NULL,NULL,NULL,NULL,NULL,NULL,NULL,NULL),(5,3,NULL,49,1,'2025-02-08 12:17:26','2025-02-08 12:25:22',2,'simple','{\"info_buyRequest\":{\"uenc\":\"aHR0cHM6Ly9tMjR1bW0uYXNraml0ZW5kcmEuY29tLw~~\",\"product\":\"2\",\"qty\":1},\"additional_options\":[{\"label\":\"is_unilevel_product\",\"value\":\"yes\"}]}',NULL,0,'pd-0002','Men Solid Single Breasted Casual, Formal, Party, Festive & Wedding Blazer  (Black)',NULL,NULL,NULL,0,0,NULL,0.0000,1.0000,1.0000,0.0000,1.0000,NULL,1959.0000,1959.0000,1959.0000,1959.0000,0.0000,0.0000,0.0000,0.0000,0.0000,0.0000,0.0000,0.0000,0.0000,0.0000,0.0000,0.0000,1959.0000,1959.0000,1959.0000,1959.0000,0.0000,NULL,NULL,NULL,NULL,NULL,1959.0000,1959.0000,1959.0000,1959.0000,0.0000,0.0000,0.0000,0.0000,NULL,NULL,NULL,NULL,NULL,NULL,NULL,NULL,NULL,NULL,0,'[]',NULL,NULL,NULL,NULL,NULL,NULL,NULL,NULL),(6,4,NULL,50,1,'2025-02-08 12:21:54','2025-02-08 12:23:57',5,'simple','{\"info_buyRequest\":{\"uenc\":\"aHR0cHM6Ly9tMjR1bW0uYXNraml0ZW5kcmEuY29tLw~~\",\"product\":\"5\",\"qty\":1},\"additional_options\":[{\"label\":\"is_unilevel_product\",\"value\":\"yes\"}]}',NULL,0,'pd-0005','Fire-Boltt Ninja Call Pro Plus',NULL,NULL,NULL,0,0,NULL,0.0000,1.0000,1.0000,0.0000,1.0000,NULL,1349.0000,1349.0000,1349.0000,1349.0000,0.0000,0.0000,0.0000,0.0000,0.0000,0.0000,0.0000,0.0000,0.0000,0.0000,0.0000,0.0000,1349.0000,1349.0000,1349.0000,1349.0000,0.0000,NULL,NULL,NULL,NULL,NULL,1349.0000,1349.0000,1349.0000,1349.0000,0.0000,0.0000,0.0000,0.0000,NULL,NULL,NULL,NULL,NULL,NULL,NULL,NULL,NULL,NULL,0,'[]',NULL,NULL,NULL,NULL,NULL,NULL,NULL,NULL),(7,4,NULL,51,1,'2025-02-08 12:21:54','2025-02-08 12:23:57',2,'simple','{\"info_buyRequest\":{\"qty\":1},\"additional_options\":[{\"label\":\"is_unilevel_product\",\"value\":\"yes\"}]}',NULL,0,'pd-0002','Men Solid Single Breasted Casual, Formal, Party, Festive & Wedding Blazer  (Black)',NULL,NULL,NULL,0,0,NULL,0.0000,1.0000,1.0000,0.0000,1.0000,NULL,1959.0000,1959.0000,1959.0000,1959.0000,0.0000,0.0000,0.0000,0.0000,0.0000,0.0000,0.0000,0.0000,0.0000,0.0000,0.0000,0.0000,1959.0000,1959.0000,1959.0000,1959.0000,0.0000,NULL,NULL,NULL,NULL,NULL,1959.0000,1959.0000,1959.0000,1959.0000,0.0000,0.0000,0.0000,0.0000,NULL,NULL,NULL,NULL,NULL,NULL,NULL,NULL,NULL,NULL,0,'[]',NULL,NULL,NULL,NULL,NULL,NULL,NULL,NULL),(8,5,NULL,67,1,'2025-03-26 04:51:26','2025-03-26 04:51:26',1,'simple','{\"info_buyRequest\":{\"qty\":1}}',NULL,0,'OnePlus Nord CE 2 Lite 5G','OnePlus Nord CE 2 Lite 5G',NULL,NULL,NULL,0,0,NULL,0.0000,0.0000,1.0000,0.0000,0.0000,NULL,15999.0000,15999.0000,15999.0000,15999.0000,0.0000,0.0000,0.0000,0.0000,0.0000,0.0000,0.0000,0.0000,0.0000,0.0000,0.0000,0.0000,15999.0000,15999.0000,0.0000,0.0000,0.0000,NULL,NULL,NULL,NULL,NULL,15999.0000,15999.0000,15999.0000,15999.0000,0.0000,0.0000,NULL,NULL,NULL,NULL,NULL,NULL,NULL,NULL,NULL,NULL,NULL,NULL,0,NULL,NULL,NULL,NULL,NULL,NULL,NULL,NULL,NULL),(9,6,NULL,68,1,'2025-03-26 04:53:16','2025-03-26 04:53:16',5,'simple','{\"info_buyRequest\":{\"qty\":1},\"additional_options\":[{\"label\":\"is_unilevel_product\",\"value\":\"yes\"}]}',NULL,0,'pd-0005','Fire-Boltt Ninja Call Pro Plus',NULL,NULL,NULL,0,0,NULL,0.0000,0.0000,1.0000,0.0000,0.0000,NULL,1349.0000,1349.0000,1349.0000,1349.0000,0.0000,0.0000,0.0000,0.0000,0.0000,0.0000,0.0000,0.0000,0.0000,0.0000,0.0000,0.0000,1349.0000,1349.0000,0.0000,0.0000,0.0000,NULL,NULL,NULL,NULL,NULL,1349.0000,1349.0000,1349.0000,1349.0000,0.0000,0.0000,NULL,NULL,NULL,NULL,NULL,NULL,NULL,NULL,NULL,NULL,NULL,NULL,0,NULL,NULL,NULL,NULL,NULL,NULL,NULL,NULL,NULL),(10,7,NULL,73,1,'2025-04-02 12:47:37','2025-05-06 07:22:34',1,'simple','{\"info_buyRequest\":{\"uenc\":\"aHR0cHM6Ly9tMjR1bW0uYXNraml0ZW5kcmEuY29tL29uZXBsdXMtbm9yZC1jZS0yLWxpdGUtNWcuaHRtbA~~\",\"product\":\"1\",\"selected_configurable_option\":\"\",\"related_product\":\"\",\"item\":\"1\",\"qty\":\"1\"}}',NULL,0,'OnePlus Nord CE 2 Lite 5G','OnePlus Nord CE 2 Lite 5G',NULL,NULL,NULL,0,0,NULL,0.0000,1.0000,1.0000,0.0000,0.0000,NULL,15999.0000,15999.0000,15999.0000,15999.0000,0.0000,0.0000,0.0000,0.0000,0.0000,0.0000,0.0000,0.0000,0.0000,0.0000,0.0000,0.0000,15999.0000,15999.0000,15999.0000,15999.0000,0.0000,NULL,NULL,NULL,NULL,NULL,15999.0000,15999.0000,15999.0000,15999.0000,0.0000,0.0000,0.0000,0.0000,NULL,NULL,NULL,NULL,NULL,NULL,NULL,NULL,NULL,NULL,0,'[]',NULL,NULL,NULL,NULL,NULL,NULL,NULL,NULL),(11,7,NULL,74,1,'2025-04-02 12:47:37','2025-05-06 07:22:34',3,'simple','{\"info_buyRequest\":{\"qty\":1}}',NULL,0,'pd-0003','RITI Embroidered Kurta, Trouser/Pant & Dupatta Set For Women',NULL,NULL,NULL,0,0,NULL,0.0000,1.0000,1.0000,0.0000,0.0000,NULL,749.0000,749.0000,749.0000,749.0000,0.0000,0.0000,0.0000,0.0000,0.0000,0.0000,0.0000,0.0000,0.0000,0.0000,0.0000,0.0000,749.0000,749.0000,749.0000,749.0000,0.0000,NULL,NULL,NULL,NULL,NULL,749.0000,749.0000,749.0000,749.0000,0.0000,0.0000,0.0000,0.0000,NULL,NULL,NULL,NULL,NULL,NULL,NULL,NULL,NULL,NULL,0,'[]',NULL,NULL,NULL,NULL,NULL,NULL,NULL,NULL),(12,8,NULL,83,1,'2025-05-21 12:23:02','2025-05-21 12:23:02',2,'simple','{\"info_buyRequest\":{\"qty\":1},\"additional_options\":[{\"label\":\"is_unilevel_product\",\"value\":\"yes\"}]}',NULL,0,'pd-0002','Men Solid Single Breasted Casual, Formal, Party, Festive & Wedding Blazer  (Black)',NULL,NULL,NULL,0,0,NULL,0.0000,0.0000,1.0000,0.0000,0.0000,NULL,1959.0000,1959.0000,1959.0000,1959.0000,0.0000,0.0000,0.0000,0.0000,0.0000,0.0000,0.0000,0.0000,0.0000,0.0000,0.0000,0.0000,1959.0000,1959.0000,0.0000,0.0000,0.0000,NULL,NULL,NULL,NULL,NULL,1959.0000,1959.0000,1959.0000,1959.0000,0.0000,0.0000,NULL,NULL,NULL,NULL,NULL,NULL,NULL,NULL,NULL,NULL,NULL,NULL,0,NULL,NULL,NULL,NULL,NULL,NULL,NULL,NULL,NULL),(13,8,NULL,88,1,'2025-05-21 12:23:02','2025-05-21 12:23:02',2,'simple','{\"info_buyRequest\":{\"qty\":1},\"additional_options\":[{\"label\":\"is_unilevel_product\",\"value\":\"yes\"}]}',NULL,0,'pd-0002','Men Solid Single Breasted Casual, Formal, Party, Festive & Wedding Blazer  (Black)',NULL,NULL,NULL,0,0,NULL,0.0000,0.0000,1.0000,0.0000,0.0000,NULL,1959.0000,1959.0000,1959.0000,1959.0000,0.0000,0.0000,0.0000,0.0000,0.0000,0.0000,0.0000,0.0000,0.0000,0.0000,0.0000,0.0000,1959.0000,1959.0000,0.0000,0.0000,0.0000,NULL,NULL,NULL,NULL,NULL,1959.0000,1959.0000,1959.0000,1959.0000,0.0000,0.0000,NULL,NULL,NULL,NULL,NULL,NULL,NULL,NULL,NULL,NULL,NULL,NULL,0,NULL,NULL,NULL,NULL,NULL,NULL,NULL,NULL,NULL),(14,9,NULL,90,1,'2025-05-22 11:47:25','2025-05-22 11:47:25',1,'simple','{\"info_buyRequest\":{\"qty\":1}}',NULL,0,'OnePlus Nord CE 2 Lite 5G','OnePlus Nord CE 2 Lite 5G',NULL,NULL,NULL,0,0,NULL,0.0000,0.0000,2.0000,0.0000,0.0000,NULL,15999.0000,15999.0000,15999.0000,15999.0000,0.0000,0.0000,0.0000,0.0000,0.0000,0.0000,0.0000,0.0000,0.0000,0.0000,0.0000,0.0000,31998.0000,31998.0000,0.0000,0.0000,0.0000,NULL,NULL,NULL,NULL,NULL,15999.0000,15999.0000,31998.0000,31998.0000,0.0000,0.0000,NULL,NULL,NULL,NULL,NULL,NULL,NULL,NULL,NULL,NULL,NULL,NULL,0,NULL,NULL,NULL,NULL,NULL,NULL,NULL,NULL,NULL),(15,9,NULL,91,1,'2025-05-22 11:47:25','2025-05-22 11:47:25',6,'simple','{\"info_buyRequest\":{\"qty\":1},\"additional_options\":[{\"label\":\"is_unilevel_product\",\"value\":\"yes\"}]}',178.0000,0,'Samsung Galaxy S25 Ultra','Samsung Galaxy S25 Ultra',NULL,NULL,NULL,0,0,NULL,0.0000,0.0000,1.0000,0.0000,0.0000,NULL,129999.0000,129999.0000,129999.0000,129999.0000,0.0000,0.0000,0.0000,0.0000,0.0000,0.0000,0.0000,0.0000,0.0000,0.0000,0.0000,0.0000,129999.0000,129999.0000,0.0000,0.0000,178.0000,NULL,NULL,NULL,NULL,NULL,129999.0000,129999.0000,129999.0000,129999.0000,0.0000,0.0000,NULL,NULL,NULL,NULL,NULL,NULL,NULL,NULL,NULL,NULL,NULL,NULL,0,NULL,NULL,NULL,NULL,NULL,NULL,NULL,NULL,NULL),(16,10,NULL,93,1,'2025-05-24 05:36:25','2025-05-24 05:36:25',2,'simple','{\"info_buyRequest\":{\"qty\":1},\"additional_options\":[{\"label\":\"is_unilevel_product\",\"value\":\"yes\"}]}',NULL,0,'pd-0002','Men Solid Single Breasted Casual, Formal, Party, Festive & Wedding Blazer  (Black)',NULL,NULL,NULL,0,0,NULL,0.0000,0.0000,1.0000,0.0000,0.0000,NULL,1959.0000,1959.0000,1959.0000,1959.0000,0.0000,0.0000,0.0000,0.0000,0.0000,0.0000,0.0000,0.0000,0.0000,0.0000,0.0000,0.0000,1959.0000,1959.0000,0.0000,0.0000,0.0000,NULL,NULL,NULL,NULL,NULL,1959.0000,1959.0000,1959.0000,1959.0000,0.0000,0.0000,NULL,NULL,NULL,NULL,NULL,NULL,NULL,NULL,NULL,NULL,NULL,NULL,0,NULL,NULL,NULL,NULL,NULL,NULL,NULL,NULL,NULL),(17,10,NULL,94,1,'2025-05-24 05:36:25','2025-05-24 05:36:25',1,'simple','{\"info_buyRequest\":{\"qty\":1}}',NULL,0,'OnePlus Nord CE 2 Lite 5G','OnePlus Nord CE 2 Lite 5G',NULL,NULL,NULL,0,0,NULL,0.0000,0.0000,1.0000,0.0000,0.0000,NULL,15999.0000,15999.0000,15999.0000,15999.0000,0.0000,0.0000,0.0000,0.0000,0.0000,0.0000,0.0000,0.0000,0.0000,0.0000,0.0000,0.0000,15999.0000,15999.0000,0.0000,0.0000,0.0000,NULL,NULL,NULL,NULL,NULL,15999.0000,15999.0000,15999.0000,15999.0000,0.0000,0.0000,NULL,NULL,NULL,NULL,NULL,NULL,NULL,NULL,NULL,NULL,NULL,NULL,0,NULL,NULL,NULL,NULL,NULL,NULL,NULL,NULL,NULL),(18,11,NULL,99,1,'2025-05-28 10:07:21','2025-05-28 10:07:21',2,'simple','{\"info_buyRequest\":{\"qty\":1},\"additional_options\":[{\"label\":\"is_unilevel_product\",\"value\":\"yes\"}]}',NULL,0,'pd-0002','Men Solid Single Breasted Casual, Formal, Party, Festive & Wedding Blazer  (Black)',NULL,NULL,NULL,0,0,NULL,0.0000,0.0000,2.0000,0.0000,0.0000,NULL,1959.0000,1959.0000,1959.0000,1959.0000,0.0000,0.0000,0.0000,0.0000,0.0000,0.0000,0.0000,0.0000,0.0000,0.0000,0.0000,0.0000,3918.0000,3918.0000,0.0000,0.0000,0.0000,NULL,NULL,NULL,NULL,NULL,1959.0000,1959.0000,3918.0000,3918.0000,0.0000,0.0000,NULL,NULL,NULL,NULL,NULL,NULL,NULL,NULL,NULL,NULL,NULL,NULL,0,NULL,NULL,NULL,NULL,NULL,NULL,NULL,NULL,NULL),(19,11,NULL,100,1,'2025-05-28 10:07:21','2025-05-28 10:07:21',4,'simple','{\"info_buyRequest\":{\"qty\":1}}',NULL,0,'pd-0004','Boys Festive & Party Kurta and Pyjama Set  (Yellow Pack of 1)',NULL,NULL,NULL,0,0,NULL,0.0000,0.0000,1.0000,0.0000,0.0000,NULL,789.0000,789.0000,789.0000,789.0000,0.0000,0.0000,0.0000,0.0000,0.0000,0.0000,0.0000,0.0000,0.0000,0.0000,0.0000,0.0000,789.0000,789.0000,0.0000,0.0000,0.0000,NULL,NULL,NULL,NULL,NULL,789.0000,789.0000,789.0000,789.0000,0.0000,0.0000,NULL,NULL,NULL,NULL,NULL,NULL,NULL,NULL,NULL,NULL,NULL,NULL,0,NULL,NULL,NULL,NULL,NULL,NULL,NULL,NULL,NULL),(20,11,NULL,102,1,'2025-05-28 10:07:21','2025-05-28 10:07:21',1,'simple','{\"info_buyRequest\":{\"qty\":1}}',NULL,0,'OnePlus Nord CE 2 Lite 5G','OnePlus Nord CE 2 Lite 5G',NULL,NULL,NULL,0,0,NULL,0.0000,0.0000,1.0000,0.0000,0.0000,NULL,15999.0000,15999.0000,15999.0000,15999.0000,0.0000,0.0000,0.0000,0.0000,0.0000,0.0000,0.0000,0.0000,0.0000,0.0000,0.0000,0.0000,15999.0000,15999.0000,0.0000,0.0000,0.0000,NULL,NULL,NULL,NULL,NULL,15999.0000,15999.0000,15999.0000,15999.0000,0.0000,0.0000,NULL,NULL,NULL,NULL,NULL,NULL,NULL,NULL,NULL,NULL,NULL,NULL,0,NULL,NULL,NULL,NULL,NULL,NULL,NULL,NULL,NULL),(21,12,NULL,110,1,'2025-07-10 11:41:04','2025-07-10 11:41:04',16,'simple','{\"info_buyRequest\":{\"qty\":1}}',NULL,0,'24-MB01','Joust Duffle Bag',NULL,NULL,NULL,0,0,NULL,0.0000,0.0000,1.0000,0.0000,0.0000,NULL,34.0000,34.0000,34.0000,34.0000,0.0000,0.0000,0.0000,0.0000,0.0000,0.0000,0.0000,0.0000,0.0000,0.0000,0.0000,0.0000,34.0000,34.0000,0.0000,0.0000,0.0000,NULL,NULL,NULL,NULL,NULL,34.0000,34.0000,34.0000,34.0000,0.0000,0.0000,NULL,NULL,NULL,NULL,NULL,NULL,NULL,NULL,NULL,NULL,NULL,NULL,0,NULL,NULL,NULL,NULL,NULL,NULL,NULL,NULL,NULL);
DELIMITER ;;
/*!50003 CREATE*/ /*!50017 DEFINER=`magentomysql`@`%`*/ /*!50003 TRIGGER `trg_sales_order_item_after_insert` AFTER INSERT ON `sales_order_item` FOR EACH ROW BEGIN
INSERT IGNORE INTO `sales_order_data_exporter_cl` (`entity_id`) VALUES (NEW.`order_id`);
END */;;
DELIMITER ;
DELIMITER ;;
/*!50003 CREATE*/ /*!50017 DEFINER=`magentomysql`@`%`*/ /*!50003 TRIGGER `trg_sales_order_item_after_update` AFTER UPDATE ON `sales_order_item` FOR EACH ROW BEGIN
IF (NOT(NEW.`item_id` <=> OLD.`item_id`) OR NOT(NEW.`order_id` <=> OLD.`order_id`) OR NOT(NEW.`parent_item_id` <=> OLD.`parent_item_id`) OR NOT(NEW.`quote_item_id` <=> OLD.`quote_item_id`) OR NOT(NEW.`store_id` <=> OLD.`store_id`) OR NOT(NEW.`created_at` <=> OLD.`created_at`) OR NOT(NEW.`product_id` <=> OLD.`product_id`) OR NOT(NEW.`product_type` <=> OLD.`product_type`) OR NOT(NEW.`product_options` <=> OLD.`product_options`) OR NOT(NEW.`weight` <=> OLD.`weight`) OR NOT(NEW.`is_virtual` <=> OLD.`is_virtual`) OR NOT(NEW.`sku` <=> OLD.`sku`) OR NOT(NEW.`name` <=> OLD.`name`) OR NOT(NEW.`description` <=> OLD.`description`) OR NOT(NEW.`applied_rule_ids` <=> OLD.`applied_rule_ids`) OR NOT(NEW.`additional_data` <=> OLD.`additional_data`) OR NOT(NEW.`is_qty_decimal` <=> OLD.`is_qty_decimal`) OR NOT(NEW.`no_discount` <=> OLD.`no_discount`) OR NOT(NEW.`qty_backordered` <=> OLD.`qty_backordered`) OR NOT(NEW.`qty_canceled` <=> OLD.`qty_canceled`) OR NOT(NEW.`qty_invoiced` <=> OLD.`qty_invoiced`) OR NOT(NEW.`qty_ordered` <=> OLD.`qty_ordered`) OR NOT(NEW.`qty_refunded` <=> OLD.`qty_refunded`) OR NOT(NEW.`qty_shipped` <=> OLD.`qty_shipped`) OR NOT(NEW.`base_cost` <=> OLD.`base_cost`) OR NOT(NEW.`price` <=> OLD.`price`) OR NOT(NEW.`base_price` <=> OLD.`base_price`) OR NOT(NEW.`original_price` <=> OLD.`original_price`) OR NOT(NEW.`base_original_price` <=> OLD.`base_original_price`) OR NOT(NEW.`tax_percent` <=> OLD.`tax_percent`) OR NOT(NEW.`tax_amount` <=> OLD.`tax_amount`) OR NOT(NEW.`base_tax_amount` <=> OLD.`base_tax_amount`) OR NOT(NEW.`tax_invoiced` <=> OLD.`tax_invoiced`) OR NOT(NEW.`base_tax_invoiced` <=> OLD.`base_tax_invoiced`) OR NOT(NEW.`discount_percent` <=> OLD.`discount_percent`) OR NOT(NEW.`discount_amount` <=> OLD.`discount_amount`) OR NOT(NEW.`base_discount_amount` <=> OLD.`base_discount_amount`) OR NOT(NEW.`discount_invoiced` <=> OLD.`discount_invoiced`) OR NOT(NEW.`base_discount_invoiced` <=> OLD.`base_discount_invoiced`) OR NOT(NEW.`amount_refunded` <=> OLD.`amount_refunded`) OR NOT(NEW.`base_amount_refunded` <=> OLD.`base_amount_refunded`) OR NOT(NEW.`row_total` <=> OLD.`row_total`) OR NOT(NEW.`base_row_total` <=> OLD.`base_row_total`) OR NOT(NEW.`row_invoiced` <=> OLD.`row_invoiced`) OR NOT(NEW.`base_row_invoiced` <=> OLD.`base_row_invoiced`) OR NOT(NEW.`row_weight` <=> OLD.`row_weight`) OR NOT(NEW.`base_tax_before_discount` <=> OLD.`base_tax_before_discount`) OR NOT(NEW.`tax_before_discount` <=> OLD.`tax_before_discount`) OR NOT(NEW.`ext_order_item_id` <=> OLD.`ext_order_item_id`) OR NOT(NEW.`locked_do_invoice` <=> OLD.`locked_do_invoice`) OR NOT(NEW.`locked_do_ship` <=> OLD.`locked_do_ship`) OR NOT(NEW.`price_incl_tax` <=> OLD.`price_incl_tax`) OR NOT(NEW.`base_price_incl_tax` <=> OLD.`base_price_incl_tax`) OR NOT(NEW.`row_total_incl_tax` <=> OLD.`row_total_incl_tax`) OR NOT(NEW.`base_row_total_incl_tax` <=> OLD.`base_row_total_incl_tax`) OR NOT(NEW.`discount_tax_compensation_amount` <=> OLD.`discount_tax_compensation_amount`) OR NOT(NEW.`base_discount_tax_compensation_amount` <=> OLD.`base_discount_tax_compensation_amount`) OR NOT(NEW.`discount_tax_compensation_invoiced` <=> OLD.`discount_tax_compensation_invoiced`) OR NOT(NEW.`base_discount_tax_compensation_invoiced` <=> OLD.`base_discount_tax_compensation_invoiced`) OR NOT(NEW.`discount_tax_compensation_refunded` <=> OLD.`discount_tax_compensation_refunded`) OR NOT(NEW.`base_discount_tax_compensation_refunded` <=> OLD.`base_discount_tax_compensation_refunded`) OR NOT(NEW.`tax_canceled` <=> OLD.`tax_canceled`) OR NOT(NEW.`discount_tax_compensation_canceled` <=> OLD.`discount_tax_compensation_canceled`) OR NOT(NEW.`tax_refunded` <=> OLD.`tax_refunded`) OR NOT(NEW.`base_tax_refunded` <=> OLD.`base_tax_refunded`) OR NOT(NEW.`discount_refunded` <=> OLD.`discount_refunded`) OR NOT(NEW.`base_discount_refunded` <=> OLD.`base_discount_refunded`) OR NOT(NEW.`gift_message_id` <=> OLD.`gift_message_id`) OR NOT(NEW.`gift_message_available` <=> OLD.`gift_message_available`) OR NOT(NEW.`free_shipping` <=> OLD.`free_shipping`) OR NOT(NEW.`weee_tax_applied` <=> OLD.`weee_tax_applied`) OR NOT(NEW.`weee_tax_applied_amount` <=> OLD.`weee_tax_applied_amount`) OR NOT(NEW.`weee_tax_applied_row_amount` <=> OLD.`weee_tax_applied_row_amount`) OR NOT(NEW.`weee_tax_disposition` <=> OLD.`weee_tax_disposition`) OR NOT(NEW.`weee_tax_row_disposition` <=> OLD.`weee_tax_row_disposition`) OR NOT(NEW.`base_weee_tax_applied_amount` <=> OLD.`base_weee_tax_applied_amount`) OR NOT(NEW.`base_weee_tax_applied_row_amnt` <=> OLD.`base_weee_tax_applied_row_amnt`) OR NOT(NEW.`base_weee_tax_disposition` <=> OLD.`base_weee_tax_disposition`) OR NOT(NEW.`base_weee_tax_row_disposition` <=> OLD.`base_weee_tax_row_disposition`)) THEN INSERT IGNORE INTO `sales_order_data_exporter_cl` (`entity_id`) VALUES (NEW.`order_id`); END IF;
END */;;
DELIMITER ;
DELIMITER ;;
/*!50003 CREATE*/ /*!50017 DEFINER=`magentomysql`@`%`*/ /*!50003 TRIGGER `trg_sales_order_item_after_delete` AFTER DELETE ON `sales_order_item` FOR EACH ROW BEGIN
INSERT IGNORE INTO `sales_order_data_exporter_cl` (`entity_id`) VALUES (OLD.`order_id`);
END */;;
DELIMITER ;

--
-- Table structure for table `sales_order_payment`
--

CREATE TABLE `sales_order_payment` (
  `entity_id` int unsigned NOT NULL AUTO_INCREMENT COMMENT 'Entity ID',
  `parent_id` int unsigned NOT NULL COMMENT 'Parent ID',
  `base_shipping_captured` decimal(20,4) DEFAULT NULL COMMENT 'Base Shipping Captured',
  `shipping_captured` decimal(20,4) DEFAULT NULL COMMENT 'Shipping Captured',
  `amount_refunded` decimal(20,4) DEFAULT NULL COMMENT 'Amount Refunded',
  `base_amount_paid` decimal(20,4) DEFAULT NULL COMMENT 'Base Amount Paid',
  `amount_canceled` decimal(20,4) DEFAULT NULL COMMENT 'Amount Canceled',
  `base_amount_authorized` decimal(20,4) DEFAULT NULL COMMENT 'Base Amount Authorized',
  `base_amount_paid_online` decimal(20,4) DEFAULT NULL COMMENT 'Base Amount Paid Online',
  `base_amount_refunded_online` decimal(20,4) DEFAULT NULL COMMENT 'Base Amount Refunded Online',
  `base_shipping_amount` decimal(20,4) DEFAULT NULL COMMENT 'Base Shipping Amount',
  `shipping_amount` decimal(20,4) DEFAULT NULL COMMENT 'Shipping Amount',
  `amount_paid` decimal(20,4) DEFAULT NULL COMMENT 'Amount Paid',
  `amount_authorized` decimal(20,4) DEFAULT NULL COMMENT 'Amount Authorized',
  `base_amount_ordered` decimal(20,4) DEFAULT NULL COMMENT 'Base Amount Ordered',
  `base_shipping_refunded` decimal(20,4) DEFAULT NULL COMMENT 'Base Shipping Refunded',
  `shipping_refunded` decimal(20,4) DEFAULT NULL COMMENT 'Shipping Refunded',
  `base_amount_refunded` decimal(20,4) DEFAULT NULL COMMENT 'Base Amount Refunded',
  `amount_ordered` decimal(20,4) DEFAULT NULL COMMENT 'Amount Ordered',
  `base_amount_canceled` decimal(20,4) DEFAULT NULL COMMENT 'Base Amount Canceled',
  `quote_payment_id` int DEFAULT NULL COMMENT 'Quote Payment ID',
  `additional_data` text COMMENT 'Additional Data',
  `cc_exp_month` varchar(12) DEFAULT NULL COMMENT 'Cc Exp Month',
  `cc_ss_start_year` varchar(12) DEFAULT NULL COMMENT 'Cc Ss Start Year',
  `echeck_bank_name` varchar(128) DEFAULT NULL COMMENT 'Echeck Bank Name',
  `method` varchar(128) DEFAULT NULL COMMENT 'Method',
  `cc_debug_request_body` varchar(32) DEFAULT NULL COMMENT 'Cc Debug Request Body',
  `cc_secure_verify` varchar(32) DEFAULT NULL COMMENT 'Cc Secure Verify',
  `protection_eligibility` varchar(32) DEFAULT NULL COMMENT 'Protection Eligibility',
  `cc_approval` varchar(32) DEFAULT NULL COMMENT 'Cc Approval',
  `cc_last_4` varchar(100) DEFAULT NULL COMMENT 'Cc Last 4',
  `cc_status_description` varchar(32) DEFAULT NULL COMMENT 'Cc Status Description',
  `echeck_type` varchar(32) DEFAULT NULL COMMENT 'Echeck Type',
  `cc_debug_response_serialized` varchar(32) DEFAULT NULL COMMENT 'Cc Debug Response Serialized',
  `cc_ss_start_month` varchar(128) DEFAULT NULL COMMENT 'Cc Ss Start Month',
  `echeck_account_type` varchar(255) DEFAULT NULL COMMENT 'Echeck Account Type',
  `last_trans_id` varchar(255) DEFAULT NULL COMMENT 'Last Trans ID',
  `cc_cid_status` varchar(32) DEFAULT NULL COMMENT 'Cc Cid Status',
  `cc_owner` varchar(128) DEFAULT NULL COMMENT 'Cc Owner',
  `cc_type` varchar(32) DEFAULT NULL COMMENT 'Cc Type',
  `po_number` varchar(32) DEFAULT NULL COMMENT 'Po Number',
  `cc_exp_year` varchar(4) DEFAULT NULL COMMENT 'Cc Exp Year',
  `cc_status` varchar(4) DEFAULT NULL COMMENT 'Cc Status',
  `echeck_routing_number` varchar(32) DEFAULT NULL COMMENT 'Echeck Routing Number',
  `account_status` varchar(32) DEFAULT NULL COMMENT 'Account Status',
  `anet_trans_method` varchar(32) DEFAULT NULL COMMENT 'Anet Trans Method',
  `cc_debug_response_body` varchar(32) DEFAULT NULL COMMENT 'Cc Debug Response Body',
  `cc_ss_issue` varchar(32) DEFAULT NULL COMMENT 'Cc Ss Issue',
  `echeck_account_name` varchar(32) DEFAULT NULL COMMENT 'Echeck Account Name',
  `cc_avs_status` varchar(32) DEFAULT NULL COMMENT 'Cc Avs Status',
  `cc_number_enc` varchar(128) DEFAULT NULL,
  `cc_trans_id` varchar(32) DEFAULT NULL COMMENT 'Cc Trans ID',
  `address_status` varchar(32) DEFAULT NULL COMMENT 'Address Status',
  `additional_information` text COMMENT 'Additional Information',
  PRIMARY KEY (`entity_id`),
  KEY `SALES_ORDER_PAYMENT_PARENT_ID` (`parent_id`),
  CONSTRAINT `SALES_ORDER_PAYMENT_PARENT_ID_SALES_ORDER_ENTITY_ID` FOREIGN KEY (`parent_id`) REFERENCES `sales_order` (`entity_id`) ON DELETE CASCADE
) ENGINE=InnoDB AUTO_INCREMENT=13 DEFAULT CHARSET=utf8mb3 COMMENT='Sales Flat Order Payment';

--
-- Dumping data for table `sales_order_payment`
--

INSERT INTO `sales_order_payment` VALUES (1,1,5.0000,5.0000,NULL,794.0000,NULL,NULL,NULL,NULL,5.0000,5.0000,794.0000,NULL,794.0000,NULL,NULL,NULL,794.0000,NULL,NULL,NULL,NULL,'0',NULL,'checkmo',NULL,NULL,NULL,NULL,NULL,NULL,NULL,NULL,'0',NULL,NULL,NULL,NULL,NULL,NULL,'0',NULL,NULL,NULL,NULL,NULL,NULL,NULL,NULL,NULL,NULL,NULL,'{\"method_title\":\"Check \\/ Money order\"}'),(2,2,20.0000,20.0000,NULL,4306.0000,NULL,NULL,NULL,NULL,20.0000,20.0000,4306.0000,NULL,4306.0000,NULL,NULL,NULL,4306.0000,NULL,NULL,NULL,NULL,'0',NULL,'checkmo',NULL,NULL,NULL,NULL,NULL,NULL,NULL,NULL,'0',NULL,NULL,NULL,NULL,NULL,NULL,'0',NULL,NULL,NULL,NULL,NULL,NULL,NULL,NULL,NULL,NULL,NULL,'{\"method_title\":\"Check \\/ Money order\"}'),(3,3,5.0000,5.0000,NULL,1964.0000,NULL,NULL,NULL,NULL,5.0000,5.0000,1964.0000,NULL,1964.0000,NULL,NULL,NULL,1964.0000,NULL,NULL,NULL,NULL,'0',NULL,'checkmo',NULL,NULL,NULL,NULL,NULL,NULL,NULL,NULL,'0',NULL,NULL,NULL,NULL,NULL,NULL,'0',NULL,NULL,NULL,NULL,NULL,NULL,NULL,NULL,NULL,NULL,NULL,'{\"method_title\":\"Check \\/ Money order\"}'),(4,4,10.0000,10.0000,NULL,3318.0000,NULL,NULL,NULL,NULL,10.0000,10.0000,3318.0000,NULL,3318.0000,NULL,NULL,NULL,3318.0000,NULL,NULL,NULL,NULL,'0',NULL,'checkmo',NULL,NULL,NULL,NULL,NULL,NULL,NULL,NULL,'0',NULL,NULL,NULL,NULL,NULL,NULL,'0',NULL,NULL,NULL,NULL,NULL,NULL,NULL,NULL,NULL,NULL,NULL,'{\"method_title\":\"Check \\/ Money order\"}'),(5,5,NULL,NULL,NULL,NULL,NULL,NULL,NULL,NULL,5.0000,5.0000,NULL,NULL,16004.0000,NULL,NULL,NULL,16004.0000,NULL,NULL,NULL,NULL,'0',NULL,'checkmo',NULL,NULL,NULL,NULL,NULL,NULL,NULL,NULL,'0',NULL,NULL,NULL,NULL,NULL,NULL,'0',NULL,NULL,NULL,NULL,NULL,NULL,NULL,NULL,NULL,NULL,NULL,'{\"method_title\":\"Check \\/ Money order\"}'),(6,6,NULL,NULL,NULL,NULL,NULL,NULL,NULL,NULL,49.0000,49.0000,NULL,NULL,1398.0000,NULL,NULL,NULL,1398.0000,NULL,NULL,NULL,NULL,'0',NULL,'checkmo',NULL,NULL,NULL,NULL,NULL,NULL,NULL,NULL,'0',NULL,NULL,NULL,NULL,NULL,NULL,'0',NULL,NULL,NULL,NULL,NULL,NULL,NULL,NULL,NULL,NULL,NULL,'{\"method_title\":\"Check \\/ Money order\"}'),(7,7,10.0000,10.0000,NULL,16758.0000,NULL,NULL,NULL,NULL,10.0000,10.0000,16758.0000,NULL,16758.0000,NULL,NULL,NULL,16758.0000,NULL,NULL,NULL,NULL,'0',NULL,'checkmo',NULL,NULL,NULL,NULL,NULL,NULL,NULL,NULL,'0',NULL,NULL,NULL,NULL,NULL,NULL,'0',NULL,NULL,NULL,NULL,NULL,NULL,NULL,NULL,NULL,NULL,NULL,'{\"method_title\":\"Check \\/ Money order\"}'),(8,8,NULL,NULL,NULL,NULL,NULL,NULL,NULL,NULL,100.0000,100.0000,NULL,NULL,4018.0000,NULL,NULL,NULL,4018.0000,NULL,NULL,NULL,NULL,'0',NULL,'checkmo',NULL,NULL,NULL,NULL,NULL,NULL,NULL,NULL,'0',NULL,NULL,NULL,NULL,NULL,NULL,'0',NULL,NULL,NULL,NULL,NULL,NULL,NULL,NULL,NULL,NULL,NULL,'{\"method_title\":\"Check \\/ Money order\"}'),(9,9,NULL,NULL,NULL,NULL,NULL,NULL,NULL,NULL,0.0000,0.0000,NULL,NULL,161997.0000,NULL,NULL,NULL,161997.0000,NULL,NULL,NULL,NULL,'0',NULL,'checkmo',NULL,NULL,NULL,NULL,NULL,NULL,NULL,NULL,'0',NULL,NULL,NULL,NULL,NULL,NULL,'0',NULL,NULL,NULL,NULL,NULL,NULL,NULL,NULL,NULL,NULL,NULL,'{\"method_title\":\"Check \\/ Money order\"}'),(10,10,NULL,NULL,NULL,NULL,NULL,NULL,NULL,NULL,0.0000,0.0000,NULL,NULL,17958.0000,NULL,NULL,NULL,17958.0000,NULL,NULL,NULL,NULL,'0',NULL,'checkmo',NULL,NULL,NULL,NULL,NULL,NULL,NULL,NULL,'0',NULL,NULL,NULL,NULL,NULL,NULL,'0',NULL,NULL,NULL,NULL,NULL,NULL,NULL,NULL,NULL,NULL,NULL,'{\"method_title\":\"Check \\/ Money order\"}'),(11,11,NULL,NULL,NULL,NULL,NULL,NULL,NULL,NULL,0.0000,0.0000,NULL,NULL,20706.0000,NULL,NULL,NULL,20706.0000,NULL,NULL,NULL,NULL,'0',NULL,'checkmo',NULL,NULL,NULL,NULL,NULL,NULL,NULL,NULL,'0',NULL,NULL,NULL,NULL,NULL,NULL,'0',NULL,NULL,NULL,NULL,NULL,NULL,NULL,NULL,NULL,NULL,NULL,'{\"method_title\":\"Check \\/ Money order\"}'),(12,12,NULL,NULL,NULL,NULL,NULL,NULL,NULL,NULL,49.0000,49.0000,NULL,NULL,83.0000,NULL,NULL,NULL,83.0000,NULL,NULL,NULL,NULL,'0',NULL,'checkmo',NULL,NULL,NULL,NULL,NULL,NULL,NULL,NULL,'0',NULL,NULL,NULL,NULL,NULL,NULL,'0',NULL,NULL,NULL,NULL,NULL,NULL,NULL,NULL,NULL,NULL,NULL,'{\"method_title\":\"Check \\/ Money order\"}');

--
-- Table structure for table `sales_order_status`
--

CREATE TABLE `sales_order_status` (
  `status` varchar(32) NOT NULL COMMENT 'Status',
  `label` varchar(128) NOT NULL COMMENT 'Label',
  PRIMARY KEY (`status`)
) ENGINE=InnoDB DEFAULT CHARSET=utf8mb3 COMMENT='Sales Order Status Table';

--
-- Dumping data for table `sales_order_status`
--

INSERT INTO `sales_order_status` VALUES ('canceled','Canceled'),('closed','Closed'),('complete','Complete'),('fraud','Suspected Fraud'),('holded','On Hold'),('payment_review','Payment Review'),('paypal_canceled_reversal','PayPal Canceled Reversal'),('paypal_reversed','PayPal Reversed'),('pending','Pending'),('pending_payment','Pending Payment'),('pending_paypal','Pending PayPal'),('processing','Processing');
DELIMITER ;;
/*!50003 CREATE*/ /*!50017 DEFINER=`magentomysql`@`%`*/ /*!50003 TRIGGER `trg_sales_order_status_after_insert` AFTER INSERT ON `sales_order_status` FOR EACH ROW BEGIN
INSERT IGNORE INTO `sales_order_status_data_exporter_cl` (`entity_id`) VALUES (NEW.`status`);
END */;;
DELIMITER ;
DELIMITER ;;
/*!50003 CREATE*/ /*!50017 DEFINER=`magentomysql`@`%`*/ /*!50003 TRIGGER `trg_sales_order_status_after_update` AFTER UPDATE ON `sales_order_status` FOR EACH ROW BEGIN
IF (NOT(NEW.`status` <=> OLD.`status`) OR NOT(NEW.`label` <=> OLD.`label`)) THEN INSERT IGNORE INTO `sales_order_status_data_exporter_cl` (`entity_id`) VALUES (NEW.`status`); END IF;
END */;;
DELIMITER ;
DELIMITER ;;
/*!50003 CREATE*/ /*!50017 DEFINER=`magentomysql`@`%`*/ /*!50003 TRIGGER `trg_sales_order_status_after_delete` AFTER DELETE ON `sales_order_status` FOR EACH ROW BEGIN
INSERT IGNORE INTO `sales_order_status_data_exporter_cl` (`entity_id`) VALUES (OLD.`status`);
END */;;
DELIMITER ;

--
-- Table structure for table `sales_order_status_data_exporter_cl`
--

CREATE TABLE `sales_order_status_data_exporter_cl` (
  `version_id` int unsigned NOT NULL AUTO_INCREMENT COMMENT 'Version ID',
  `entity_id` varchar(32) NOT NULL DEFAULT '' COMMENT 'Order status',
  PRIMARY KEY (`version_id`)
) ENGINE=InnoDB AUTO_INCREMENT=13 DEFAULT CHARSET=utf8mb3 COMMENT='sales_order_status_data_exporter_cl';

--
-- Dumping data for table `sales_order_status_data_exporter_cl`
--

INSERT INTO `sales_order_status_data_exporter_cl` VALUES (1,'pending'),(2,'pending_payment'),(3,'processing'),(4,'holded'),(5,'complete'),(6,'closed'),(7,'canceled'),(8,'fraud'),(9,'payment_review'),(10,'pending_paypal'),(11,'paypal_reversed'),(12,'paypal_canceled_reversal');

--
-- Table structure for table `sales_order_status_history`
--

CREATE TABLE `sales_order_status_history` (
  `entity_id` int unsigned NOT NULL AUTO_INCREMENT COMMENT 'Entity ID',
  `parent_id` int unsigned NOT NULL COMMENT 'Parent ID',
  `is_customer_notified` int DEFAULT NULL COMMENT 'Is Customer Notified',
  `is_visible_on_front` smallint unsigned NOT NULL DEFAULT '0' COMMENT 'Is Visible On Front',
  `comment` text COMMENT 'Comment',
  `status` varchar(32) DEFAULT NULL COMMENT 'Status',
  `created_at` timestamp NOT NULL DEFAULT CURRENT_TIMESTAMP COMMENT 'Created At',
  `entity_name` varchar(32) DEFAULT NULL COMMENT 'Shows what entity history is bind to.',
  PRIMARY KEY (`entity_id`),
  KEY `SALES_ORDER_STATUS_HISTORY_PARENT_ID` (`parent_id`),
  KEY `SALES_ORDER_STATUS_HISTORY_CREATED_AT` (`created_at`),
  CONSTRAINT `SALES_ORDER_STATUS_HISTORY_PARENT_ID_SALES_ORDER_ENTITY_ID` FOREIGN KEY (`parent_id`) REFERENCES `sales_order` (`entity_id`) ON DELETE CASCADE
) ENGINE=InnoDB DEFAULT CHARSET=utf8mb3 COMMENT='Sales Flat Order Status History';

--
-- Dumping data for table `sales_order_status_history`
--


--
-- Table structure for table `sales_order_status_label`
--

CREATE TABLE `sales_order_status_label` (
  `status` varchar(32) NOT NULL COMMENT 'Status',
  `store_id` smallint unsigned NOT NULL COMMENT 'Store ID',
  `label` varchar(128) NOT NULL COMMENT 'Label',
  PRIMARY KEY (`status`,`store_id`),
  KEY `SALES_ORDER_STATUS_LABEL_STORE_ID` (`store_id`),
  CONSTRAINT `SALES_ORDER_STATUS_LABEL_STATUS_SALES_ORDER_STATUS_STATUS` FOREIGN KEY (`status`) REFERENCES `sales_order_status` (`status`) ON DELETE CASCADE,
  CONSTRAINT `SALES_ORDER_STATUS_LABEL_STORE_ID_STORE_STORE_ID` FOREIGN KEY (`store_id`) REFERENCES `store` (`store_id`) ON DELETE CASCADE
) ENGINE=InnoDB DEFAULT CHARSET=utf8mb3 COMMENT='Sales Order Status Label Table';

--
-- Dumping data for table `sales_order_status_label`
--


--
-- Table structure for table `sales_order_status_state`
--

CREATE TABLE `sales_order_status_state` (
  `status` varchar(32) NOT NULL COMMENT 'Status',
  `state` varchar(32) NOT NULL COMMENT 'Label',
  `is_default` smallint unsigned NOT NULL DEFAULT '0' COMMENT 'Is Default',
  `visible_on_front` smallint unsigned NOT NULL DEFAULT '0' COMMENT 'Visible on front',
  PRIMARY KEY (`status`,`state`),
  CONSTRAINT `SALES_ORDER_STATUS_STATE_STATUS_SALES_ORDER_STATUS_STATUS` FOREIGN KEY (`status`) REFERENCES `sales_order_status` (`status`) ON DELETE CASCADE
) ENGINE=InnoDB DEFAULT CHARSET=utf8mb3 COMMENT='Sales Order Status Table';

--
-- Dumping data for table `sales_order_status_state`
--

INSERT INTO `sales_order_status_state` VALUES ('canceled','canceled',1,1),('closed','closed',1,1),('complete','complete',1,1),('fraud','payment_review',0,1),('fraud','processing',0,1),('holded','holded',1,1),('payment_review','payment_review',1,1),('pending','new',1,1),('pending_payment','pending_payment',1,0),('processing','processing',1,1);

--
-- Table structure for table `sales_order_tax`
--

CREATE TABLE `sales_order_tax` (
  `tax_id` int unsigned NOT NULL AUTO_INCREMENT COMMENT 'Tax ID',
  `order_id` int unsigned NOT NULL COMMENT 'Order ID',
  `code` varchar(255) DEFAULT NULL COMMENT 'Code',
  `title` varchar(255) DEFAULT NULL COMMENT 'Title',
  `percent` decimal(12,4) DEFAULT NULL COMMENT 'Percent',
  `amount` decimal(20,4) DEFAULT NULL COMMENT 'Amount',
  `priority` int NOT NULL COMMENT 'Priority',
  `position` int NOT NULL COMMENT 'Position',
  `base_amount` decimal(20,4) DEFAULT NULL COMMENT 'Base Amount',
  `process` smallint NOT NULL COMMENT 'Process',
  `base_real_amount` decimal(20,4) DEFAULT NULL COMMENT 'Base Real Amount',
  PRIMARY KEY (`tax_id`),
  KEY `SALES_ORDER_TAX_ORDER_ID_PRIORITY_POSITION` (`order_id`,`priority`,`position`)
) ENGINE=InnoDB DEFAULT CHARSET=utf8mb3 COMMENT='Sales Order Tax Table';

--
-- Dumping data for table `sales_order_tax`
--


--
-- Table structure for table `sales_order_tax_item`
--

CREATE TABLE `sales_order_tax_item` (
  `tax_item_id` int unsigned NOT NULL AUTO_INCREMENT COMMENT 'Tax Item ID',
  `tax_id` int unsigned NOT NULL COMMENT 'Tax ID',
  `item_id` int unsigned DEFAULT NULL COMMENT 'Item ID',
  `tax_percent` decimal(12,4) NOT NULL COMMENT 'Real Tax Percent For Item',
  `amount` decimal(20,4) NOT NULL COMMENT 'Tax amount for the item and tax rate',
  `base_amount` decimal(20,4) NOT NULL COMMENT 'Base tax amount for the item and tax rate',
  `real_amount` decimal(20,4) NOT NULL COMMENT 'Real tax amount for the item and tax rate',
  `real_base_amount` decimal(20,4) NOT NULL COMMENT 'Real base tax amount for the item and tax rate',
  `associated_item_id` int unsigned DEFAULT NULL COMMENT 'Id of the associated item',
  `taxable_item_type` varchar(32) NOT NULL COMMENT 'Type of the taxable item',
  PRIMARY KEY (`tax_item_id`),
  UNIQUE KEY `SALES_ORDER_TAX_ITEM_TAX_ID_ITEM_ID` (`tax_id`,`item_id`),
  KEY `SALES_ORDER_TAX_ITEM_ASSOCIATED_ITEM_ID_SALES_ORDER_ITEM_ITEM_ID` (`associated_item_id`),
  KEY `SALES_ORDER_TAX_ITEM_ITEM_ID` (`item_id`),
  CONSTRAINT `SALES_ORDER_TAX_ITEM_ASSOCIATED_ITEM_ID_SALES_ORDER_ITEM_ITEM_ID` FOREIGN KEY (`associated_item_id`) REFERENCES `sales_order_item` (`item_id`) ON DELETE CASCADE,
  CONSTRAINT `SALES_ORDER_TAX_ITEM_ITEM_ID_SALES_ORDER_ITEM_ITEM_ID` FOREIGN KEY (`item_id`) REFERENCES `sales_order_item` (`item_id`) ON DELETE CASCADE,
  CONSTRAINT `SALES_ORDER_TAX_ITEM_TAX_ID_SALES_ORDER_TAX_TAX_ID` FOREIGN KEY (`tax_id`) REFERENCES `sales_order_tax` (`tax_id`) ON DELETE CASCADE
) ENGINE=InnoDB DEFAULT CHARSET=utf8mb3 COMMENT='Sales Order Tax Item';

--
-- Dumping data for table `sales_order_tax_item`
--


--
-- Table structure for table `sales_payment_transaction`
--

CREATE TABLE `sales_payment_transaction` (
  `transaction_id` int unsigned NOT NULL AUTO_INCREMENT COMMENT 'Transaction ID',
  `parent_id` int unsigned DEFAULT NULL COMMENT 'Parent ID',
  `order_id` int unsigned NOT NULL DEFAULT '0' COMMENT 'Order ID',
  `payment_id` int unsigned NOT NULL DEFAULT '0' COMMENT 'Payment ID',
  `txn_id` varchar(100) DEFAULT NULL COMMENT 'Txn ID',
  `parent_txn_id` varchar(100) DEFAULT NULL COMMENT 'Parent Txn ID',
  `txn_type` varchar(15) DEFAULT NULL COMMENT 'Txn Type',
  `is_closed` smallint unsigned NOT NULL DEFAULT '1' COMMENT 'Is Closed',
  `additional_information` blob COMMENT 'Additional Information',
  `created_at` timestamp NOT NULL DEFAULT CURRENT_TIMESTAMP COMMENT 'Created At',
  PRIMARY KEY (`transaction_id`),
  UNIQUE KEY `SALES_PAYMENT_TRANSACTION_ORDER_ID_PAYMENT_ID_TXN_ID` (`order_id`,`payment_id`,`txn_id`),
  KEY `SALES_PAYMENT_TRANSACTION_PARENT_ID` (`parent_id`),
  KEY `SALES_PAYMENT_TRANSACTION_PAYMENT_ID` (`payment_id`),
  CONSTRAINT `FK_B99FF1A06402D725EBDB0F3A7ECD47A2` FOREIGN KEY (`parent_id`) REFERENCES `sales_payment_transaction` (`transaction_id`) ON DELETE CASCADE,
  CONSTRAINT `SALES_PAYMENT_TRANSACTION_ORDER_ID_SALES_ORDER_ENTITY_ID` FOREIGN KEY (`order_id`) REFERENCES `sales_order` (`entity_id`) ON DELETE CASCADE,
  CONSTRAINT `SALES_PAYMENT_TRANSACTION_PAYMENT_ID_SALES_ORDER_PAYMENT_ENTT_ID` FOREIGN KEY (`payment_id`) REFERENCES `sales_order_payment` (`entity_id`) ON DELETE CASCADE
) ENGINE=InnoDB DEFAULT CHARSET=utf8mb3 COMMENT='Sales Payment Transaction';

--
-- Dumping data for table `sales_payment_transaction`
--

DELIMITER ;;
/*!50003 CREATE*/ /*!50017 DEFINER=`magentomysql`@`%`*/ /*!50003 TRIGGER `trg_sales_payment_transaction_after_insert` AFTER INSERT ON `sales_payment_transaction` FOR EACH ROW BEGIN
INSERT IGNORE INTO `sales_order_data_exporter_cl` (`entity_id`) VALUES (NEW.`order_id`);
END */;;
DELIMITER ;
DELIMITER ;;
/*!50003 CREATE*/ /*!50017 DEFINER=`magentomysql`@`%`*/ /*!50003 TRIGGER `trg_sales_payment_transaction_after_update` AFTER UPDATE ON `sales_payment_transaction` FOR EACH ROW BEGIN
IF (NOT(NEW.`transaction_id` <=> OLD.`transaction_id`) OR NOT(NEW.`parent_id` <=> OLD.`parent_id`) OR NOT(NEW.`order_id` <=> OLD.`order_id`) OR NOT(NEW.`payment_id` <=> OLD.`payment_id`) OR NOT(NEW.`txn_id` <=> OLD.`txn_id`) OR NOT(NEW.`parent_txn_id` <=> OLD.`parent_txn_id`) OR NOT(NEW.`txn_type` <=> OLD.`txn_type`) OR NOT(NEW.`is_closed` <=> OLD.`is_closed`) OR NOT(NEW.`additional_information` <=> OLD.`additional_information`) OR NOT(NEW.`created_at` <=> OLD.`created_at`)) THEN INSERT IGNORE INTO `sales_order_data_exporter_cl` (`entity_id`) VALUES (NEW.`order_id`); END IF;
END */;;
DELIMITER ;
DELIMITER ;;
/*!50003 CREATE*/ /*!50017 DEFINER=`magentomysql`@`%`*/ /*!50003 TRIGGER `trg_sales_payment_transaction_after_delete` AFTER DELETE ON `sales_payment_transaction` FOR EACH ROW BEGIN
INSERT IGNORE INTO `sales_order_data_exporter_cl` (`entity_id`) VALUES (OLD.`order_id`);
END */;;
DELIMITER ;

--
-- Table structure for table `sales_refunded_aggregated`
--

CREATE TABLE `sales_refunded_aggregated` (
  `id` int unsigned NOT NULL AUTO_INCREMENT COMMENT 'ID',
  `period` date DEFAULT NULL COMMENT 'Period',
  `store_id` smallint unsigned DEFAULT NULL COMMENT 'Store ID',
  `order_status` varchar(50) NOT NULL COMMENT 'Order Status',
  `orders_count` int NOT NULL DEFAULT '0' COMMENT 'Orders Count',
  `refunded` decimal(20,4) DEFAULT NULL COMMENT 'Refunded',
  `online_refunded` decimal(20,4) DEFAULT NULL COMMENT 'Online Refunded',
  `offline_refunded` decimal(20,4) DEFAULT NULL COMMENT 'Offline Refunded',
  PRIMARY KEY (`id`),
  UNIQUE KEY `SALES_REFUNDED_AGGREGATED_PERIOD_STORE_ID_ORDER_STATUS` (`period`,`store_id`,`order_status`),
  KEY `SALES_REFUNDED_AGGREGATED_STORE_ID` (`store_id`),
  CONSTRAINT `SALES_REFUNDED_AGGREGATED_STORE_ID_STORE_STORE_ID` FOREIGN KEY (`store_id`) REFERENCES `store` (`store_id`) ON DELETE SET NULL
) ENGINE=InnoDB DEFAULT CHARSET=utf8mb3 COMMENT='Sales Refunded Aggregated';

--
-- Dumping data for table `sales_refunded_aggregated`
--


--
-- Table structure for table `sales_refunded_aggregated_order`
--

CREATE TABLE `sales_refunded_aggregated_order` (
  `id` int unsigned NOT NULL AUTO_INCREMENT COMMENT 'ID',
  `period` date DEFAULT NULL COMMENT 'Period',
  `store_id` smallint unsigned DEFAULT NULL COMMENT 'Store ID',
  `order_status` varchar(50) DEFAULT NULL COMMENT 'Order Status',
  `orders_count` int NOT NULL DEFAULT '0' COMMENT 'Orders Count',
  `refunded` decimal(20,4) DEFAULT NULL COMMENT 'Refunded',
  `online_refunded` decimal(20,4) DEFAULT NULL COMMENT 'Online Refunded',
  `offline_refunded` decimal(20,4) DEFAULT NULL COMMENT 'Offline Refunded',
  PRIMARY KEY (`id`),
  UNIQUE KEY `SALES_REFUNDED_AGGREGATED_ORDER_PERIOD_STORE_ID_ORDER_STATUS` (`period`,`store_id`,`order_status`),
  KEY `SALES_REFUNDED_AGGREGATED_ORDER_STORE_ID` (`store_id`),
  CONSTRAINT `SALES_REFUNDED_AGGREGATED_ORDER_STORE_ID_STORE_STORE_ID` FOREIGN KEY (`store_id`) REFERENCES `store` (`store_id`) ON DELETE SET NULL
) ENGINE=InnoDB DEFAULT CHARSET=utf8mb3 COMMENT='Sales Refunded Aggregated Order';

--
-- Dumping data for table `sales_refunded_aggregated_order`
--


--
-- Table structure for table `sales_sequence_meta`
--

CREATE TABLE `sales_sequence_meta` (
  `meta_id` int unsigned NOT NULL AUTO_INCREMENT COMMENT 'ID',
  `entity_type` varchar(32) NOT NULL COMMENT 'Prefix',
  `store_id` smallint unsigned NOT NULL COMMENT 'Store ID',
  `sequence_table` varchar(64) NOT NULL COMMENT 'table for sequence',
  PRIMARY KEY (`meta_id`),
  UNIQUE KEY `SALES_SEQUENCE_META_ENTITY_TYPE_STORE_ID` (`entity_type`,`store_id`)
) ENGINE=InnoDB AUTO_INCREMENT=9 DEFAULT CHARSET=utf8mb3 COMMENT='sales_sequence_meta';

--
-- Dumping data for table `sales_sequence_meta`
--

INSERT INTO `sales_sequence_meta` VALUES (1,'order',0,'sequence_order_0'),(2,'invoice',0,'sequence_invoice_0'),(3,'creditmemo',0,'sequence_creditmemo_0'),(4,'shipment',0,'sequence_shipment_0'),(5,'order',1,'sequence_order_1'),(6,'invoice',1,'sequence_invoice_1'),(7,'creditmemo',1,'sequence_creditmemo_1'),(8,'shipment',1,'sequence_shipment_1');

--
-- Table structure for table `sales_sequence_profile`
--

CREATE TABLE `sales_sequence_profile` (
  `profile_id` int unsigned NOT NULL AUTO_INCREMENT COMMENT 'ID',
  `meta_id` int unsigned NOT NULL COMMENT 'Meta_id',
  `prefix` varchar(32) DEFAULT NULL COMMENT 'Prefix',
  `suffix` varchar(32) DEFAULT NULL COMMENT 'Suffix',
  `start_value` int unsigned NOT NULL DEFAULT '1' COMMENT 'Start value for sequence',
  `step` int unsigned NOT NULL DEFAULT '1' COMMENT 'Step for sequence',
  `max_value` int unsigned NOT NULL COMMENT 'MaxValue for sequence',
  `warning_value` int unsigned NOT NULL COMMENT 'WarningValue for sequence',
  `is_active` tinyint(1) NOT NULL DEFAULT '0' COMMENT 'isActive flag',
  PRIMARY KEY (`profile_id`),
  UNIQUE KEY `SALES_SEQUENCE_PROFILE_META_ID_PREFIX_SUFFIX` (`meta_id`,`prefix`,`suffix`),
  CONSTRAINT `SALES_SEQUENCE_PROFILE_META_ID_SALES_SEQUENCE_META_META_ID` FOREIGN KEY (`meta_id`) REFERENCES `sales_sequence_meta` (`meta_id`) ON DELETE CASCADE
) ENGINE=InnoDB AUTO_INCREMENT=9 DEFAULT CHARSET=utf8mb3 COMMENT='sales_sequence_profile';

--
-- Dumping data for table `sales_sequence_profile`
--

INSERT INTO `sales_sequence_profile` VALUES (1,1,NULL,NULL,1,1,4294967295,4294966295,1),(2,2,NULL,NULL,1,1,4294967295,4294966295,1),(3,3,NULL,NULL,1,1,4294967295,4294966295,1),(4,4,NULL,NULL,1,1,4294967295,4294966295,1),(5,5,NULL,NULL,1,1,4294967295,4294966295,1),(6,6,NULL,NULL,1,1,4294967295,4294966295,1),(7,7,NULL,NULL,1,1,4294967295,4294966295,1),(8,8,NULL,NULL,1,1,4294967295,4294966295,1);

--
-- Table structure for table `sales_shipment`
--

CREATE TABLE `sales_shipment` (
  `entity_id` int unsigned NOT NULL AUTO_INCREMENT COMMENT 'Entity ID',
  `store_id` smallint unsigned DEFAULT NULL COMMENT 'Store ID',
  `total_weight` decimal(12,4) DEFAULT NULL COMMENT 'Total Weight',
  `total_qty` decimal(12,4) DEFAULT NULL COMMENT 'Total Qty',
  `email_sent` smallint unsigned DEFAULT NULL COMMENT 'Email Sent',
  `send_email` smallint unsigned DEFAULT NULL COMMENT 'Send Email',
  `order_id` int unsigned NOT NULL COMMENT 'Order ID',
  `customer_id` int DEFAULT NULL COMMENT 'Customer ID',
  `shipping_address_id` int DEFAULT NULL COMMENT 'Shipping Address ID',
  `billing_address_id` int DEFAULT NULL COMMENT 'Billing Address ID',
  `shipment_status` int DEFAULT NULL COMMENT 'Shipment Status',
  `increment_id` varchar(50) DEFAULT NULL COMMENT 'Increment ID',
  `created_at` timestamp NOT NULL DEFAULT CURRENT_TIMESTAMP COMMENT 'Created At',
  `updated_at` timestamp NOT NULL DEFAULT CURRENT_TIMESTAMP ON UPDATE CURRENT_TIMESTAMP COMMENT 'Updated At',
  `packages` text COMMENT 'Packed Products in Packages',
  `shipping_label` mediumblob COMMENT 'Shipping Label Content',
  `customer_note` text COMMENT 'Customer Note',
  `customer_note_notify` smallint unsigned DEFAULT NULL COMMENT 'Customer Note Notify',
  PRIMARY KEY (`entity_id`),
  UNIQUE KEY `SALES_SHIPMENT_INCREMENT_ID_STORE_ID` (`increment_id`,`store_id`),
  KEY `SALES_SHIPMENT_STORE_ID` (`store_id`),
  KEY `SALES_SHIPMENT_TOTAL_QTY` (`total_qty`),
  KEY `SALES_SHIPMENT_ORDER_ID` (`order_id`),
  KEY `SALES_SHIPMENT_CREATED_AT` (`created_at`),
  KEY `SALES_SHIPMENT_UPDATED_AT` (`updated_at`),
  KEY `SALES_SHIPMENT_SEND_EMAIL` (`send_email`),
  KEY `SALES_SHIPMENT_EMAIL_SENT` (`email_sent`),
  CONSTRAINT `SALES_SHIPMENT_ORDER_ID_SALES_ORDER_ENTITY_ID` FOREIGN KEY (`order_id`) REFERENCES `sales_order` (`entity_id`) ON DELETE CASCADE,
  CONSTRAINT `SALES_SHIPMENT_STORE_ID_STORE_STORE_ID` FOREIGN KEY (`store_id`) REFERENCES `store` (`store_id`) ON DELETE SET NULL
) ENGINE=InnoDB AUTO_INCREMENT=4 DEFAULT CHARSET=utf8mb3 COMMENT='Sales Flat Shipment';

--
-- Dumping data for table `sales_shipment`
--

INSERT INTO `sales_shipment` VALUES (1,1,NULL,2.0000,NULL,NULL,4,5,7,8,NULL,'000000001','2025-02-08 12:23:54','2025-02-08 12:23:54','[]',NULL,NULL,NULL),(2,1,NULL,1.0000,NULL,NULL,3,4,5,6,NULL,'000000002','2025-02-08 12:25:20','2025-02-08 12:25:20','[]',NULL,NULL,NULL),(3,1,NULL,4.0000,NULL,NULL,2,2,3,4,NULL,'000000003','2025-02-08 12:27:30','2025-02-08 12:27:30','[]',NULL,NULL,NULL);

--
-- Table structure for table `sales_shipment_comment`
--

CREATE TABLE `sales_shipment_comment` (
  `entity_id` int unsigned NOT NULL AUTO_INCREMENT COMMENT 'Entity ID',
  `parent_id` int unsigned NOT NULL COMMENT 'Parent ID',
  `is_customer_notified` int DEFAULT NULL COMMENT 'Is Customer Notified',
  `is_visible_on_front` smallint unsigned NOT NULL DEFAULT '0' COMMENT 'Is Visible On Front',
  `comment` text COMMENT 'Comment',
  `created_at` timestamp NOT NULL DEFAULT CURRENT_TIMESTAMP COMMENT 'Created At',
  PRIMARY KEY (`entity_id`),
  KEY `SALES_SHIPMENT_COMMENT_CREATED_AT` (`created_at`),
  KEY `SALES_SHIPMENT_COMMENT_PARENT_ID` (`parent_id`),
  CONSTRAINT `SALES_SHIPMENT_COMMENT_PARENT_ID_SALES_SHIPMENT_ENTITY_ID` FOREIGN KEY (`parent_id`) REFERENCES `sales_shipment` (`entity_id`) ON DELETE CASCADE
) ENGINE=InnoDB DEFAULT CHARSET=utf8mb3 COMMENT='Sales Flat Shipment Comment';

--
-- Dumping data for table `sales_shipment_comment`
--


--
-- Table structure for table `sales_shipment_grid`
--

CREATE TABLE `sales_shipment_grid` (
  `entity_id` int unsigned NOT NULL COMMENT 'Entity ID',
  `increment_id` varchar(50) DEFAULT NULL COMMENT 'Increment ID',
  `store_id` smallint unsigned DEFAULT NULL COMMENT 'Store ID',
  `order_increment_id` varchar(32) NOT NULL COMMENT 'Order Increment ID',
  `order_id` int unsigned NOT NULL COMMENT 'Order ID',
  `order_created_at` timestamp NOT NULL DEFAULT CURRENT_TIMESTAMP COMMENT 'Order Increment ID',
  `customer_name` varchar(128) NOT NULL COMMENT 'Customer Name',
  `total_qty` decimal(12,4) DEFAULT NULL COMMENT 'Total Qty',
  `shipment_status` int DEFAULT NULL COMMENT 'Shipment Status',
  `order_status` varchar(32) DEFAULT NULL COMMENT 'Order',
  `billing_address` varchar(255) DEFAULT NULL COMMENT 'Billing Address',
  `shipping_address` varchar(255) DEFAULT NULL COMMENT 'Shipping Address',
  `billing_name` varchar(128) DEFAULT NULL COMMENT 'Billing Name',
  `shipping_name` varchar(128) DEFAULT NULL COMMENT 'Shipping Name',
  `customer_email` varchar(128) DEFAULT NULL COMMENT 'Customer Email',
  `customer_group_id` int DEFAULT NULL,
  `payment_method` varchar(32) DEFAULT NULL COMMENT 'Payment Method',
  `shipping_information` varchar(255) DEFAULT NULL COMMENT 'Shipping Method Name',
  `created_at` timestamp NULL DEFAULT NULL COMMENT 'Created At',
  `updated_at` timestamp NULL DEFAULT NULL COMMENT 'Updated At',
  PRIMARY KEY (`entity_id`),
  UNIQUE KEY `SALES_SHIPMENT_GRID_INCREMENT_ID_STORE_ID` (`increment_id`,`store_id`),
  KEY `SALES_SHIPMENT_GRID_STORE_ID` (`store_id`),
  KEY `SALES_SHIPMENT_GRID_TOTAL_QTY` (`total_qty`),
  KEY `SALES_SHIPMENT_GRID_ORDER_INCREMENT_ID` (`order_increment_id`),
  KEY `SALES_SHIPMENT_GRID_SHIPMENT_STATUS` (`shipment_status`),
  KEY `SALES_SHIPMENT_GRID_ORDER_STATUS` (`order_status`),
  KEY `SALES_SHIPMENT_GRID_CREATED_AT` (`created_at`),
  KEY `SALES_SHIPMENT_GRID_UPDATED_AT` (`updated_at`),
  KEY `SALES_SHIPMENT_GRID_ORDER_CREATED_AT` (`order_created_at`),
  KEY `SALES_SHIPMENT_GRID_SHIPPING_NAME` (`shipping_name`),
  KEY `SALES_SHIPMENT_GRID_BILLING_NAME` (`billing_name`),
  KEY `SALES_SHIPMENT_GRID_ORDER_ID` (`order_id`),
  FULLTEXT KEY `FTI_086B40C8955F167B8EA76653437879B4` (`increment_id`,`order_increment_id`,`shipping_name`,`customer_name`,`customer_email`,`billing_address`,`shipping_address`)
) ENGINE=InnoDB DEFAULT CHARSET=utf8mb3 COMMENT='Sales Flat Shipment Grid';

--
-- Dumping data for table `sales_shipment_grid`
--

INSERT INTO `sales_shipment_grid` VALUES (1,'000000001',1,'000000004',4,'2025-02-08 12:21:54','ajay kumar',2.0000,NULL,'complete','aligarh,aligarh,Uttar Pradesh,202002','aligarh,aligarh,Uttar Pradesh,202002','ajay kumar','ajay kumar','user5@gmail.com',4,'checkmo','Flat Rate - Fixed','2025-02-08 12:23:54','2025-02-08 12:23:54'),(2,'000000002',1,'000000003',3,'2025-02-08 12:17:26','amit kumar',1.0000,NULL,'complete','asd,aSASA\nASASA,ASAS,Uttar Pradesh,202002','asd,aSASA\nASASA,ASAS,Uttar Pradesh,202002','amit kumar','amit kumar','user4@gmail.com',4,'checkmo','Flat Rate - Fixed','2025-02-08 12:25:20','2025-02-08 12:25:20'),(3,'000000003',1,'000000002',2,'2025-02-08 12:07:43','jaydeep letscms',4.0000,NULL,'complete','fewf\nwdwdfw,al,Uttar Pradesh,202002','fewf\nwdwdfw,al,Uttar Pradesh,202002','jaydeep letscms','jaydeep letscms','user1@gmail.com',4,'checkmo','Flat Rate - Fixed','2025-02-08 12:27:30','2025-02-08 12:27:30');

--
-- Table structure for table `sales_shipment_item`
--

CREATE TABLE `sales_shipment_item` (
  `entity_id` int unsigned NOT NULL AUTO_INCREMENT COMMENT 'Entity ID',
  `parent_id` int unsigned NOT NULL COMMENT 'Parent ID',
  `row_total` decimal(20,4) DEFAULT NULL COMMENT 'Row Total',
  `price` decimal(20,4) DEFAULT NULL COMMENT 'Price',
  `weight` decimal(12,4) DEFAULT NULL COMMENT 'Weight',
  `qty` decimal(12,4) DEFAULT NULL COMMENT 'Qty',
  `product_id` int DEFAULT NULL COMMENT 'Product ID',
  `order_item_id` int DEFAULT NULL COMMENT 'Order Item ID',
  `additional_data` text COMMENT 'Additional Data',
  `description` text COMMENT 'Description',
  `name` varchar(255) DEFAULT NULL COMMENT 'Name',
  `sku` varchar(255) DEFAULT NULL COMMENT 'Sku',
  PRIMARY KEY (`entity_id`),
  KEY `SALES_SHIPMENT_ITEM_PARENT_ID` (`parent_id`),
  CONSTRAINT `SALES_SHIPMENT_ITEM_PARENT_ID_SALES_SHIPMENT_ENTITY_ID` FOREIGN KEY (`parent_id`) REFERENCES `sales_shipment` (`entity_id`) ON DELETE CASCADE
) ENGINE=InnoDB AUTO_INCREMENT=7 DEFAULT CHARSET=utf8mb3 COMMENT='Sales Flat Shipment Item';

--
-- Dumping data for table `sales_shipment_item`
--

INSERT INTO `sales_shipment_item` VALUES (1,1,NULL,1349.0000,NULL,1.0000,5,6,NULL,NULL,'Fire-Boltt Ninja Call Pro Plus','pd-0005'),(2,1,NULL,1959.0000,NULL,1.0000,2,7,NULL,NULL,'Men Solid Single Breasted Casual, Formal, Party, Festive & Wedding Blazer  (Black)','pd-0002'),(3,2,NULL,1959.0000,NULL,1.0000,2,5,NULL,NULL,'Men Solid Single Breasted Casual, Formal, Party, Festive & Wedding Blazer  (Black)','pd-0002'),(4,3,NULL,789.0000,NULL,2.0000,4,2,NULL,NULL,'Boys Festive & Party Kurta and Pyjama Set  (Yellow Pack of 1)','pd-0004'),(5,3,NULL,1959.0000,NULL,1.0000,2,3,NULL,NULL,'Men Solid Single Breasted Casual, Formal, Party, Festive & Wedding Blazer  (Black)','pd-0002'),(6,3,NULL,749.0000,NULL,1.0000,3,4,NULL,NULL,'RITI Embroidered Kurta, Trouser/Pant & Dupatta Set For Women','pd-0003');

--
-- Table structure for table `sales_shipment_track`
--

CREATE TABLE `sales_shipment_track` (
  `entity_id` int unsigned NOT NULL AUTO_INCREMENT COMMENT 'Entity ID',
  `parent_id` int unsigned NOT NULL COMMENT 'Parent ID',
  `weight` decimal(12,4) DEFAULT NULL COMMENT 'Weight',
  `qty` decimal(12,4) DEFAULT NULL COMMENT 'Qty',
  `order_id` int unsigned NOT NULL COMMENT 'Order ID',
  `track_number` text COMMENT 'Number',
  `description` text COMMENT 'Description',
  `title` varchar(255) DEFAULT NULL COMMENT 'Title',
  `carrier_code` varchar(32) DEFAULT NULL COMMENT 'Carrier Code',
  `created_at` timestamp NOT NULL DEFAULT CURRENT_TIMESTAMP COMMENT 'Created At',
  `updated_at` timestamp NOT NULL DEFAULT CURRENT_TIMESTAMP ON UPDATE CURRENT_TIMESTAMP COMMENT 'Updated At',
  PRIMARY KEY (`entity_id`),
  KEY `SALES_SHIPMENT_TRACK_PARENT_ID` (`parent_id`),
  KEY `SALES_SHIPMENT_TRACK_ORDER_ID` (`order_id`),
  KEY `SALES_SHIPMENT_TRACK_CREATED_AT` (`created_at`),
  CONSTRAINT `SALES_SHIPMENT_TRACK_PARENT_ID_SALES_SHIPMENT_ENTITY_ID` FOREIGN KEY (`parent_id`) REFERENCES `sales_shipment` (`entity_id`) ON DELETE CASCADE
) ENGINE=InnoDB DEFAULT CHARSET=utf8mb3 COMMENT='Sales Flat Shipment Track';

--
-- Dumping data for table `sales_shipment_track`
--


--
-- Table structure for table `sales_shipping_aggregated`
--

CREATE TABLE `sales_shipping_aggregated` (
  `id` int unsigned NOT NULL AUTO_INCREMENT COMMENT 'ID',
  `period` date DEFAULT NULL COMMENT 'Period',
  `store_id` smallint unsigned DEFAULT NULL COMMENT 'Store ID',
  `order_status` varchar(50) DEFAULT NULL COMMENT 'Order Status',
  `shipping_description` varchar(255) DEFAULT NULL COMMENT 'Shipping Description',
  `orders_count` int NOT NULL DEFAULT '0' COMMENT 'Orders Count',
  `total_shipping` decimal(20,4) DEFAULT NULL COMMENT 'Total Shipping',
  `total_shipping_actual` decimal(20,4) DEFAULT NULL COMMENT 'Total Shipping Actual',
  PRIMARY KEY (`id`),
  UNIQUE KEY `SALES_SHPP_AGGRED_PERIOD_STORE_ID_ORDER_STS_SHPP_DESCRIPTION` (`period`,`store_id`,`order_status`,`shipping_description`),
  KEY `SALES_SHIPPING_AGGREGATED_STORE_ID` (`store_id`),
  CONSTRAINT `SALES_SHIPPING_AGGREGATED_STORE_ID_STORE_STORE_ID` FOREIGN KEY (`store_id`) REFERENCES `store` (`store_id`) ON DELETE SET NULL
) ENGINE=InnoDB DEFAULT CHARSET=utf8mb3 COMMENT='Sales Shipping Aggregated';

--
-- Dumping data for table `sales_shipping_aggregated`
--


--
-- Table structure for table `sales_shipping_aggregated_order`
--

CREATE TABLE `sales_shipping_aggregated_order` (
  `id` int unsigned NOT NULL AUTO_INCREMENT COMMENT 'ID',
  `period` date DEFAULT NULL COMMENT 'Period',
  `store_id` smallint unsigned DEFAULT NULL COMMENT 'Store ID',
  `order_status` varchar(50) DEFAULT NULL COMMENT 'Order Status',
  `shipping_description` varchar(255) DEFAULT NULL COMMENT 'Shipping Description',
  `orders_count` int NOT NULL DEFAULT '0' COMMENT 'Orders Count',
  `total_shipping` decimal(20,4) DEFAULT NULL COMMENT 'Total Shipping',
  `total_shipping_actual` decimal(20,4) DEFAULT NULL COMMENT 'Total Shipping Actual',
  PRIMARY KEY (`id`),
  UNIQUE KEY `UNQ_C05FAE47282EEA68654D0924E946761F` (`period`,`store_id`,`order_status`,`shipping_description`),
  KEY `SALES_SHIPPING_AGGREGATED_ORDER_STORE_ID` (`store_id`),
  CONSTRAINT `SALES_SHIPPING_AGGREGATED_ORDER_STORE_ID_STORE_STORE_ID` FOREIGN KEY (`store_id`) REFERENCES `store` (`store_id`) ON DELETE SET NULL
) ENGINE=InnoDB DEFAULT CHARSET=utf8mb3 COMMENT='Sales Shipping Aggregated Order';

--
-- Dumping data for table `sales_shipping_aggregated_order`
--


--
-- Table structure for table `salesrule`
--

CREATE TABLE `salesrule` (
  `rule_id` int unsigned NOT NULL AUTO_INCREMENT COMMENT 'Entity ID',
  `name` varchar(255) DEFAULT NULL COMMENT 'Name',
  `description` text COMMENT 'Description',
  `from_date` date DEFAULT NULL COMMENT 'From',
  `to_date` date DEFAULT NULL COMMENT 'To',
  `uses_per_customer` int NOT NULL DEFAULT '0' COMMENT 'Uses Per Customer',
  `is_active` smallint NOT NULL DEFAULT '0' COMMENT 'Is Active',
  `conditions_serialized` mediumtext COMMENT 'Conditions Serialized',
  `actions_serialized` mediumtext COMMENT 'Actions Serialized',
  `stop_rules_processing` smallint NOT NULL DEFAULT '1' COMMENT 'Stop Rules Processing',
  `is_advanced` smallint unsigned NOT NULL DEFAULT '1' COMMENT 'Is Advanced',
  `product_ids` text COMMENT 'Product Ids',
  `sort_order` int unsigned NOT NULL DEFAULT '0' COMMENT 'Sort Order',
  `simple_action` varchar(32) DEFAULT NULL COMMENT 'Simple Action',
  `discount_amount` decimal(12,4) NOT NULL DEFAULT '0.0000' COMMENT 'Discount Amount',
  `discount_qty` decimal(12,4) DEFAULT NULL COMMENT 'Discount Qty',
  `discount_step` int unsigned NOT NULL DEFAULT '0' COMMENT 'Discount Step',
  `apply_to_shipping` smallint unsigned NOT NULL DEFAULT '0' COMMENT 'Apply To Shipping',
  `times_used` int unsigned NOT NULL DEFAULT '0' COMMENT 'Times Used',
  `is_rss` smallint NOT NULL DEFAULT '0' COMMENT 'Is Rss',
  `coupon_type` smallint unsigned NOT NULL DEFAULT '1' COMMENT 'Coupon Type',
  `use_auto_generation` smallint NOT NULL DEFAULT '0' COMMENT 'Use Auto Generation',
  `uses_per_coupon` int NOT NULL DEFAULT '0' COMMENT 'User Per Coupon',
  `simple_free_shipping` smallint unsigned DEFAULT NULL COMMENT 'Simple Free Shipping',
  PRIMARY KEY (`rule_id`),
  KEY `SALESRULE_IS_ACTIVE_SORT_ORDER_TO_DATE_FROM_DATE` (`is_active`,`sort_order`,`to_date`,`from_date`)
) ENGINE=InnoDB AUTO_INCREMENT=5 DEFAULT CHARSET=utf8mb3 COMMENT='Salesrule';

--
-- Dumping data for table `salesrule`
--

INSERT INTO `salesrule` VALUES (1,'Buy 3 tee shirts and get the 4th free','Buy 3 tee shirts and get the 4th free',NULL,NULL,0,1,'{\"type\":\"Magento\\\\SalesRule\\\\Model\\\\Rule\\\\Condition\\\\Combine\",\"attribute\":null,\"operator\":null,\"value\":\"1\",\"is_value_processed\":null,\"aggregator\":\"all\",\"conditions\":[{\"type\":\"Magento\\\\SalesRule\\\\Model\\\\Rule\\\\Condition\\\\Product\\\\Found\",\"attribute\":null,\"operator\":null,\"value\":\"1\",\"is_value_processed\":null,\"aggregator\":\"all\",\"conditions\":[{\"type\":\"Magento\\\\SalesRule\\\\Model\\\\Rule\\\\Condition\\\\Product\",\"attribute\":\"category_ids\",\"operator\":\"()\",\"value\":\"31,23\",\"is_value_processed\":false,\"attribute_scope\":null}]}]}','{\"type\":\"Magento\\\\SalesRule\\\\Model\\\\Rule\\\\Condition\\\\Product\\\\Combine\",\"attribute\":null,\"operator\":null,\"value\":\"1\",\"is_value_processed\":null,\"aggregator\":\"all\"}',0,1,NULL,0,'buy_x_get_y',1.0000,NULL,3,0,0,1,1,0,0,0),(2,'Spend $50 or more - shipping is free!','Free shipping on any purchase over $50',NULL,NULL,0,1,'{\"type\":\"Magento\\\\SalesRule\\\\Model\\\\Rule\\\\Condition\\\\Combine\",\"attribute\":null,\"operator\":null,\"value\":\"1\",\"is_value_processed\":null,\"aggregator\":\"all\",\"conditions\":[{\"type\":\"Magento\\\\SalesRule\\\\Model\\\\Rule\\\\Condition\\\\Address\",\"attribute\":\"base_subtotal\",\"operator\":\">=\",\"value\":\"50\",\"is_value_processed\":false}]}','{\"type\":\"Magento\\\\SalesRule\\\\Model\\\\Rule\\\\Condition\\\\Product\\\\Combine\",\"attribute\":null,\"operator\":null,\"value\":\"1\",\"is_value_processed\":null,\"aggregator\":\"all\"}',0,1,NULL,0,'by_percent',0.0000,NULL,0,0,0,1,1,0,0,2),(3,'20% OFF Ever $200-plus purchase!*','Shopping cart price rule for the cart over $200. Does not applied on other sales items',NULL,NULL,0,1,'{\"type\":\"Magento\\\\SalesRule\\\\Model\\\\Rule\\\\Condition\\\\Combine\",\"attribute\":null,\"operator\":null,\"value\":\"1\",\"is_value_processed\":null,\"aggregator\":\"all\",\"conditions\":[{\"type\":\"Magento\\\\SalesRule\\\\Model\\\\Rule\\\\Condition\\\\Address\",\"attribute\":\"base_subtotal\",\"operator\":\">=\",\"value\":\"200\",\"is_value_processed\":false}]}','{\"type\":\"Magento\\\\SalesRule\\\\Model\\\\Rule\\\\Condition\\\\Product\\\\Combine\",\"attribute\":null,\"operator\":null,\"value\":\"1\",\"is_value_processed\":null,\"aggregator\":\"all\",\"conditions\":[{\"type\":\"Magento\\\\SalesRule\\\\Model\\\\Rule\\\\Condition\\\\Product\\\\Combine\",\"attribute\":null,\"operator\":null,\"value\":\"0\",\"is_value_processed\":null,\"aggregator\":\"all\",\"conditions\":[{\"type\":\"Magento\\\\SalesRule\\\\Model\\\\Rule\\\\Condition\\\\Product\",\"attribute\":\"category_ids\",\"operator\":\"==\",\"value\":\"14\",\"is_value_processed\":false,\"attribute_scope\":null},{\"type\":\"Magento\\\\SalesRule\\\\Model\\\\Rule\\\\Condition\\\\Product\",\"attribute\":\"sale\",\"operator\":\"==\",\"value\":\"1\",\"is_value_processed\":false,\"attribute_scope\":null}]}]}',0,1,NULL,0,'by_percent',20.0000,NULL,0,0,0,1,1,0,0,0),(4,'$4 Luma water bottle (save 70%)','Use promo code H20 at checkout',NULL,NULL,1,1,'{\"type\":\"Magento\\\\SalesRule\\\\Model\\\\Rule\\\\Condition\\\\Combine\",\"attribute\":null,\"operator\":null,\"value\":\"1\",\"is_value_processed\":null,\"aggregator\":\"all\",\"conditions\":[{\"type\":\"Magento\\\\SalesRule\\\\Model\\\\Rule\\\\Condition\\\\Product\\\\Found\",\"attribute\":null,\"operator\":null,\"value\":\"1\",\"is_value_processed\":null,\"aggregator\":\"all\"}]}','{\"type\":\"Magento\\\\SalesRule\\\\Model\\\\Rule\\\\Condition\\\\Product\\\\Combine\",\"attribute\":null,\"operator\":null,\"value\":\"1\",\"is_value_processed\":null,\"aggregator\":\"all\",\"conditions\":[{\"type\":\"Magento\\\\SalesRule\\\\Model\\\\Rule\\\\Condition\\\\Product\",\"attribute\":\"sku\",\"operator\":\"==\",\"value\":\"24-UG06\",\"is_value_processed\":false,\"attribute_scope\":null}]}',0,1,NULL,0,'by_percent',70.0000,NULL,0,0,0,1,2,0,0,0);

--
-- Table structure for table `salesrule_coupon`
--

CREATE TABLE `salesrule_coupon` (
  `coupon_id` int unsigned NOT NULL AUTO_INCREMENT COMMENT 'Coupon ID',
  `rule_id` int unsigned NOT NULL COMMENT 'Rule ID',
  `code` varchar(255) DEFAULT NULL COMMENT 'Code',
  `usage_limit` int unsigned DEFAULT NULL COMMENT 'Usage Limit',
  `usage_per_customer` int unsigned DEFAULT NULL COMMENT 'Usage Per Customer',
  `times_used` int unsigned NOT NULL DEFAULT '0' COMMENT 'Times Used',
  `expiration_date` datetime DEFAULT NULL COMMENT 'Expiration Date',
  `is_primary` smallint unsigned DEFAULT NULL COMMENT 'Is Primary',
  `created_at` timestamp NULL DEFAULT NULL COMMENT 'Coupon Code Creation Date',
  `type` smallint DEFAULT '0' COMMENT 'Coupon Code Type',
  PRIMARY KEY (`coupon_id`),
  UNIQUE KEY `SALESRULE_COUPON_CODE` (`code`),
  UNIQUE KEY `SALESRULE_COUPON_RULE_ID_IS_PRIMARY` (`rule_id`,`is_primary`),
  KEY `SALESRULE_COUPON_RULE_ID` (`rule_id`),
  CONSTRAINT `SALESRULE_COUPON_RULE_ID_SALESRULE_RULE_ID` FOREIGN KEY (`rule_id`) REFERENCES `salesrule` (`rule_id`) ON DELETE CASCADE
) ENGINE=InnoDB AUTO_INCREMENT=2 DEFAULT CHARSET=utf8mb3 COMMENT='Salesrule Coupon';

--
-- Dumping data for table `salesrule_coupon`
--

INSERT INTO `salesrule_coupon` VALUES (1,4,'H20',0,1,0,NULL,1,'2025-06-11 07:53:00',0);

--
-- Table structure for table `salesrule_coupon_aggregated`
--

CREATE TABLE `salesrule_coupon_aggregated` (
  `id` int unsigned NOT NULL AUTO_INCREMENT COMMENT 'ID',
  `period` date NOT NULL COMMENT 'Period',
  `store_id` smallint unsigned DEFAULT NULL COMMENT 'Store ID',
  `order_status` varchar(50) DEFAULT NULL COMMENT 'Order Status',
  `coupon_code` varchar(50) DEFAULT NULL COMMENT 'Coupon Code',
  `coupon_uses` int NOT NULL DEFAULT '0' COMMENT 'Coupon Uses',
  `subtotal_amount` decimal(20,4) NOT NULL DEFAULT '0.0000' COMMENT 'Subtotal Amount',
  `discount_amount` decimal(12,4) NOT NULL DEFAULT '0.0000' COMMENT 'Discount Amount',
  `total_amount` decimal(20,4) NOT NULL DEFAULT '0.0000' COMMENT 'Total Amount',
  `subtotal_amount_actual` decimal(20,4) NOT NULL DEFAULT '0.0000' COMMENT 'Subtotal Amount Actual',
  `discount_amount_actual` decimal(12,4) NOT NULL DEFAULT '0.0000' COMMENT 'Discount Amount Actual',
  `total_amount_actual` decimal(20,4) NOT NULL DEFAULT '0.0000' COMMENT 'Total Amount Actual',
  `rule_name` varchar(255) DEFAULT NULL COMMENT 'Rule Name',
  PRIMARY KEY (`id`),
  UNIQUE KEY `SALESRULE_COUPON_AGGRED_PERIOD_STORE_ID_ORDER_STS_COUPON_CODE` (`period`,`store_id`,`order_status`,`coupon_code`),
  KEY `SALESRULE_COUPON_AGGREGATED_STORE_ID` (`store_id`),
  KEY `SALESRULE_COUPON_AGGREGATED_RULE_NAME` (`rule_name`),
  CONSTRAINT `SALESRULE_COUPON_AGGREGATED_STORE_ID_STORE_STORE_ID` FOREIGN KEY (`store_id`) REFERENCES `store` (`store_id`) ON DELETE CASCADE
) ENGINE=InnoDB DEFAULT CHARSET=utf8mb3 COMMENT='Coupon Aggregated';

--
-- Dumping data for table `salesrule_coupon_aggregated`
--


--
-- Table structure for table `salesrule_coupon_aggregated_order`
--

CREATE TABLE `salesrule_coupon_aggregated_order` (
  `id` int unsigned NOT NULL AUTO_INCREMENT COMMENT 'ID',
  `period` date NOT NULL COMMENT 'Period',
  `store_id` smallint unsigned DEFAULT NULL COMMENT 'Store ID',
  `order_status` varchar(50) DEFAULT NULL COMMENT 'Order Status',
  `coupon_code` varchar(50) DEFAULT NULL COMMENT 'Coupon Code',
  `coupon_uses` int NOT NULL DEFAULT '0' COMMENT 'Coupon Uses',
  `subtotal_amount` decimal(20,4) NOT NULL DEFAULT '0.0000' COMMENT 'Subtotal Amount',
  `discount_amount` decimal(12,4) NOT NULL DEFAULT '0.0000' COMMENT 'Discount Amount',
  `total_amount` decimal(20,4) NOT NULL DEFAULT '0.0000' COMMENT 'Total Amount',
  `rule_name` varchar(255) DEFAULT NULL COMMENT 'Rule Name',
  PRIMARY KEY (`id`),
  UNIQUE KEY `UNQ_1094D1FBBCBB11704A29DEF3ACC37D2B` (`period`,`store_id`,`order_status`,`coupon_code`),
  KEY `SALESRULE_COUPON_AGGREGATED_ORDER_STORE_ID` (`store_id`),
  KEY `SALESRULE_COUPON_AGGREGATED_ORDER_RULE_NAME` (`rule_name`),
  CONSTRAINT `SALESRULE_COUPON_AGGREGATED_ORDER_STORE_ID_STORE_STORE_ID` FOREIGN KEY (`store_id`) REFERENCES `store` (`store_id`) ON DELETE CASCADE
) ENGINE=InnoDB DEFAULT CHARSET=utf8mb3 COMMENT='Coupon Aggregated Order';

--
-- Dumping data for table `salesrule_coupon_aggregated_order`
--


--
-- Table structure for table `salesrule_coupon_aggregated_updated`
--

CREATE TABLE `salesrule_coupon_aggregated_updated` (
  `id` int unsigned NOT NULL AUTO_INCREMENT COMMENT 'ID',
  `period` date NOT NULL COMMENT 'Period',
  `store_id` smallint unsigned DEFAULT NULL COMMENT 'Store ID',
  `order_status` varchar(50) DEFAULT NULL COMMENT 'Order Status',
  `coupon_code` varchar(50) DEFAULT NULL COMMENT 'Coupon Code',
  `coupon_uses` int NOT NULL DEFAULT '0' COMMENT 'Coupon Uses',
  `subtotal_amount` decimal(20,4) NOT NULL DEFAULT '0.0000' COMMENT 'Subtotal Amount',
  `discount_amount` decimal(12,4) NOT NULL DEFAULT '0.0000' COMMENT 'Discount Amount',
  `total_amount` decimal(20,4) NOT NULL DEFAULT '0.0000' COMMENT 'Total Amount',
  `subtotal_amount_actual` decimal(20,4) NOT NULL DEFAULT '0.0000' COMMENT 'Subtotal Amount Actual',
  `discount_amount_actual` decimal(12,4) NOT NULL DEFAULT '0.0000' COMMENT 'Discount Amount Actual',
  `total_amount_actual` decimal(20,4) NOT NULL DEFAULT '0.0000' COMMENT 'Total Amount Actual',
  `rule_name` varchar(255) DEFAULT NULL COMMENT 'Rule Name',
  PRIMARY KEY (`id`),
  UNIQUE KEY `UNQ_7196FA120A4F0F84E1B66605E87E213E` (`period`,`store_id`,`order_status`,`coupon_code`),
  KEY `SALESRULE_COUPON_AGGREGATED_UPDATED_STORE_ID` (`store_id`),
  KEY `SALESRULE_COUPON_AGGREGATED_UPDATED_RULE_NAME` (`rule_name`),
  CONSTRAINT `SALESRULE_COUPON_AGGREGATED_UPDATED_STORE_ID_STORE_STORE_ID` FOREIGN KEY (`store_id`) REFERENCES `store` (`store_id`) ON DELETE CASCADE
) ENGINE=InnoDB DEFAULT CHARSET=utf8mb3 COMMENT='Salesrule Coupon Aggregated Updated';

--
-- Dumping data for table `salesrule_coupon_aggregated_updated`
--


--
-- Table structure for table `salesrule_coupon_usage`
--

CREATE TABLE `salesrule_coupon_usage` (
  `coupon_id` int unsigned NOT NULL COMMENT 'Coupon ID',
  `customer_id` int unsigned NOT NULL COMMENT 'Customer ID',
  `times_used` int unsigned NOT NULL DEFAULT '0' COMMENT 'Times Used',
  PRIMARY KEY (`coupon_id`,`customer_id`),
  KEY `SALESRULE_COUPON_USAGE_CUSTOMER_ID` (`customer_id`),
  CONSTRAINT `SALESRULE_COUPON_USAGE_COUPON_ID_SALESRULE_COUPON_COUPON_ID` FOREIGN KEY (`coupon_id`) REFERENCES `salesrule_coupon` (`coupon_id`) ON DELETE CASCADE,
  CONSTRAINT `SALESRULE_COUPON_USAGE_CUSTOMER_ID_CUSTOMER_ENTITY_ENTITY_ID` FOREIGN KEY (`customer_id`) REFERENCES `customer_entity` (`entity_id`) ON DELETE CASCADE
) ENGINE=InnoDB DEFAULT CHARSET=utf8mb3 COMMENT='Salesrule Coupon Usage';

--
-- Dumping data for table `salesrule_coupon_usage`
--


--
-- Table structure for table `salesrule_customer`
--

CREATE TABLE `salesrule_customer` (
  `rule_customer_id` int unsigned NOT NULL AUTO_INCREMENT COMMENT 'Rule Customer ID',
  `rule_id` int unsigned NOT NULL DEFAULT '0' COMMENT 'Rule ID',
  `customer_id` int unsigned NOT NULL DEFAULT '0' COMMENT 'Customer ID',
  `times_used` smallint unsigned NOT NULL DEFAULT '0' COMMENT 'Times Used',
  PRIMARY KEY (`rule_customer_id`),
  KEY `SALESRULE_CUSTOMER_RULE_ID_CUSTOMER_ID` (`rule_id`,`customer_id`),
  KEY `SALESRULE_CUSTOMER_CUSTOMER_ID_RULE_ID` (`customer_id`,`rule_id`),
  CONSTRAINT `SALESRULE_CUSTOMER_CUSTOMER_ID_CUSTOMER_ENTITY_ENTITY_ID` FOREIGN KEY (`customer_id`) REFERENCES `customer_entity` (`entity_id`) ON DELETE CASCADE,
  CONSTRAINT `SALESRULE_CUSTOMER_RULE_ID_SALESRULE_RULE_ID` FOREIGN KEY (`rule_id`) REFERENCES `salesrule` (`rule_id`) ON DELETE CASCADE
) ENGINE=InnoDB DEFAULT CHARSET=utf8mb3 COMMENT='Salesrule Customer';

--
-- Dumping data for table `salesrule_customer`
--


--
-- Table structure for table `salesrule_customer_group`
--

CREATE TABLE `salesrule_customer_group` (
  `rule_id` int unsigned NOT NULL COMMENT 'Rule ID',
  `customer_group_id` int unsigned NOT NULL COMMENT 'Customer Group ID',
  PRIMARY KEY (`rule_id`,`customer_group_id`),
  KEY `SALESRULE_CUSTOMER_GROUP_CUSTOMER_GROUP_ID` (`customer_group_id`),
  CONSTRAINT `SALESRULE_CSTR_GROUP_CSTR_GROUP_ID_CSTR_GROUP_CSTR_GROUP_ID` FOREIGN KEY (`customer_group_id`) REFERENCES `customer_group` (`customer_group_id`) ON DELETE CASCADE,
  CONSTRAINT `SALESRULE_CUSTOMER_GROUP_RULE_ID_SALESRULE_RULE_ID` FOREIGN KEY (`rule_id`) REFERENCES `salesrule` (`rule_id`) ON DELETE CASCADE
) ENGINE=InnoDB DEFAULT CHARSET=utf8mb3 COMMENT='Sales Rules To Customer Groups Relations';

--
-- Dumping data for table `salesrule_customer_group`
--

INSERT INTO `salesrule_customer_group` VALUES (1,0),(2,0),(3,0),(4,0),(1,1),(2,1),(3,1),(4,1),(1,2),(2,2),(3,2),(4,2),(1,3),(2,3),(3,3),(4,3),(1,4),(2,4),(3,4),(4,4);

--
-- Table structure for table `salesrule_label`
--

CREATE TABLE `salesrule_label` (
  `label_id` int unsigned NOT NULL AUTO_INCREMENT COMMENT 'Label ID',
  `rule_id` int unsigned NOT NULL COMMENT 'Rule ID',
  `store_id` smallint unsigned NOT NULL COMMENT 'Store ID',
  `label` varchar(255) DEFAULT NULL COMMENT 'Label',
  PRIMARY KEY (`label_id`),
  UNIQUE KEY `SALESRULE_LABEL_RULE_ID_STORE_ID` (`rule_id`,`store_id`),
  KEY `SALESRULE_LABEL_STORE_ID` (`store_id`),
  CONSTRAINT `SALESRULE_LABEL_RULE_ID_SALESRULE_RULE_ID` FOREIGN KEY (`rule_id`) REFERENCES `salesrule` (`rule_id`) ON DELETE CASCADE,
  CONSTRAINT `SALESRULE_LABEL_STORE_ID_STORE_STORE_ID` FOREIGN KEY (`store_id`) REFERENCES `store` (`store_id`) ON DELETE CASCADE
) ENGINE=InnoDB DEFAULT CHARSET=utf8mb3 COMMENT='Salesrule Label';

--
-- Dumping data for table `salesrule_label`
--


--
-- Table structure for table `salesrule_product_attribute`
--

CREATE TABLE `salesrule_product_attribute` (
  `rule_id` int unsigned NOT NULL COMMENT 'Rule ID',
  `website_id` smallint unsigned NOT NULL COMMENT 'Website ID',
  `customer_group_id` int unsigned NOT NULL COMMENT 'Customer Group ID',
  `attribute_id` smallint unsigned NOT NULL COMMENT 'Attribute ID',
  PRIMARY KEY (`rule_id`,`website_id`,`customer_group_id`,`attribute_id`),
  KEY `SALESRULE_PRODUCT_ATTRIBUTE_WEBSITE_ID` (`website_id`),
  KEY `SALESRULE_PRODUCT_ATTRIBUTE_CUSTOMER_GROUP_ID` (`customer_group_id`),
  KEY `SALESRULE_PRODUCT_ATTRIBUTE_ATTRIBUTE_ID` (`attribute_id`),
  CONSTRAINT `SALESRULE_PRD_ATTR_ATTR_ID_EAV_ATTR_ATTR_ID` FOREIGN KEY (`attribute_id`) REFERENCES `eav_attribute` (`attribute_id`) ON DELETE CASCADE,
  CONSTRAINT `SALESRULE_PRD_ATTR_CSTR_GROUP_ID_CSTR_GROUP_CSTR_GROUP_ID` FOREIGN KEY (`customer_group_id`) REFERENCES `customer_group` (`customer_group_id`) ON DELETE CASCADE,
  CONSTRAINT `SALESRULE_PRODUCT_ATTRIBUTE_RULE_ID_SALESRULE_RULE_ID` FOREIGN KEY (`rule_id`) REFERENCES `salesrule` (`rule_id`) ON DELETE CASCADE,
  CONSTRAINT `SALESRULE_PRODUCT_ATTRIBUTE_WEBSITE_ID_STORE_WEBSITE_WEBSITE_ID` FOREIGN KEY (`website_id`) REFERENCES `store_website` (`website_id`) ON DELETE CASCADE
) ENGINE=InnoDB DEFAULT CHARSET=utf8mb3 COMMENT='Salesrule Product Attribute';

--
-- Dumping data for table `salesrule_product_attribute`
--

INSERT INTO `salesrule_product_attribute` VALUES (1,1,0,105),(1,1,1,105),(1,1,2,105),(1,1,3,105),(1,1,4,105),(3,1,0,105),(3,1,0,151),(3,1,1,105),(3,1,1,151),(3,1,2,105),(3,1,2,151),(3,1,3,105),(3,1,3,151),(3,1,4,105),(3,1,4,151),(4,1,0,74),(4,1,1,74),(4,1,2,74),(4,1,3,74),(4,1,4,74);

--
-- Table structure for table `salesrule_website`
--

CREATE TABLE `salesrule_website` (
  `rule_id` int unsigned NOT NULL COMMENT 'Rule ID',
  `website_id` smallint unsigned NOT NULL COMMENT 'Website ID',
  PRIMARY KEY (`rule_id`,`website_id`),
  KEY `SALESRULE_WEBSITE_WEBSITE_ID` (`website_id`),
  CONSTRAINT `SALESRULE_WEBSITE_RULE_ID_SALESRULE_RULE_ID` FOREIGN KEY (`rule_id`) REFERENCES `salesrule` (`rule_id`) ON DELETE CASCADE,
  CONSTRAINT `SALESRULE_WEBSITE_WEBSITE_ID_STORE_WEBSITE_WEBSITE_ID` FOREIGN KEY (`website_id`) REFERENCES `store_website` (`website_id`) ON DELETE CASCADE
) ENGINE=InnoDB DEFAULT CHARSET=utf8mb3 COMMENT='Sales Rules To Websites Relations';

--
-- Dumping data for table `salesrule_website`
--

INSERT INTO `salesrule_website` VALUES (1,1),(2,1),(3,1),(4,1);

--
-- Table structure for table `search_query`
--

CREATE TABLE `search_query` (
  `query_id` int unsigned NOT NULL AUTO_INCREMENT COMMENT 'Query ID',
  `query_text` varchar(255) DEFAULT NULL COMMENT 'Query text',
  `num_results` int unsigned NOT NULL DEFAULT '0' COMMENT 'Num results',
  `popularity` int unsigned NOT NULL DEFAULT '0' COMMENT 'Popularity',
  `redirect` varchar(255) DEFAULT NULL COMMENT 'Redirect',
  `store_id` smallint unsigned NOT NULL DEFAULT '0' COMMENT 'Store ID',
  `display_in_terms` smallint NOT NULL DEFAULT '1' COMMENT 'Display in terms',
  `is_active` smallint DEFAULT '1' COMMENT 'Active status',
  `is_processed` smallint DEFAULT '0' COMMENT 'Processed status',
  `updated_at` timestamp NOT NULL DEFAULT CURRENT_TIMESTAMP ON UPDATE CURRENT_TIMESTAMP COMMENT 'Updated at',
  PRIMARY KEY (`query_id`),
  UNIQUE KEY `SEARCH_QUERY_QUERY_TEXT_STORE_ID` (`query_text`,`store_id`),
  KEY `SEARCH_QUERY_QUERY_TEXT_STORE_ID_POPULARITY` (`query_text`,`store_id`,`popularity`),
  KEY `SEARCH_QUERY_IS_PROCESSED` (`is_processed`),
  KEY `SEARCH_QUERY_STORE_ID_NUM_RESULTS_POPULARITY` (`store_id`,`num_results`,`popularity`),
  CONSTRAINT `SEARCH_QUERY_STORE_ID_STORE_STORE_ID` FOREIGN KEY (`store_id`) REFERENCES `store` (`store_id`) ON DELETE CASCADE
) ENGINE=InnoDB AUTO_INCREMENT=3779 DEFAULT CHARSET=utf8mb3 COMMENT='Search query table';

--
-- Dumping data for table `search_query`
--

INSERT INTO `search_query` VALUES (1,'toys',0,3,NULL,1,1,1,0,'2025-05-06 01:31:12'),(5,'tool',1,18,NULL,1,1,1,0,'2025-08-18 21:23:20'),(29,'one',18,108,NULL,1,1,1,0,'2025-08-20 13:27:19'),(31,'onepush',0,5,NULL,1,1,1,0,'2025-05-26 10:35:12'),(33,'onep',1,2,NULL,1,1,1,0,'2025-05-28 13:06:01'),(35,'oneplush',0,6,NULL,1,1,1,0,'2025-05-26 10:04:15'),(37,'iphone',0,1,NULL,1,1,1,0,'2025-05-26 10:03:31'),(65,'viv',0,4,NULL,1,1,1,0,'2025-07-02 07:33:00'),(67,'vivo',0,14,NULL,1,1,1,0,'2025-06-04 10:00:58'),(83,'oen',0,2,NULL,1,1,1,0,'2025-05-26 11:13:44'),(85,'o',0,2,NULL,1,1,1,0,'2025-05-29 12:33:15'),(89,'oneplus',1,7,NULL,1,1,1,0,'2025-05-28 12:07:52'),(97,'5',0,1,NULL,1,1,1,0,'2025-05-31 14:01:04'),(99,'S',0,1,NULL,1,1,1,0,'2025-05-29 12:03:17'),(101,'S2',0,1,NULL,1,1,1,0,'2025-05-29 12:08:00'),(103,'S25',0,5,NULL,1,1,1,0,'2025-08-19 17:34:48'),(111,'get',1,48,NULL,1,1,1,0,'2025-08-20 13:20:18'),(121,'onedsjfndjfndsj',0,1,NULL,1,1,1,0,'2025-05-26 11:28:55'),(123,'onedsjfndjfndsjjndcbjsdbhssssssssssssssssssssssssssss',0,1,NULL,1,1,1,0,'2025-05-26 11:28:59'),(127,'samsu',0,2,NULL,1,1,1,0,'2025-06-05 01:08:21'),(129,'RAM & Storage',3,26,NULL,1,1,1,0,'2025-08-20 15:59:13'),(135,'kids',0,1,NULL,1,1,1,0,'2025-05-27 04:23:31'),(137,'kid',0,1,NULL,1,1,1,0,'2025-05-27 04:23:35'),(139,'ki',0,1,NULL,1,1,1,0,'2025-05-27 04:23:38'),(141,'boys',1,1,NULL,1,1,1,0,'2025-05-27 04:23:56'),(155,'sams',0,4,NULL,1,1,1,0,'2025-06-06 14:39:45'),(157,'ram',0,33,NULL,1,1,1,0,'2025-08-18 16:10:28'),(163,'r',0,1,NULL,1,1,1,0,'2025-06-01 04:28:41'),(197,'ra',0,1,NULL,1,1,1,0,'2025-05-28 13:06:08'),(238,'over',1,24,NULL,1,1,1,0,'2025-08-20 13:22:02'),(242,'seams',22,69,NULL,1,1,1,0,'2025-08-20 14:05:52'),(248,'seam',22,71,NULL,1,1,1,0,'2025-08-20 13:31:05'),(251,'bodi',13,73,NULL,1,1,1,0,'2025-08-20 14:01:13'),(253,'body',13,71,NULL,1,1,1,0,'2025-08-20 14:02:51'),(255,'troi',1,1,NULL,1,1,1,0,'2025-06-02 15:33:29'),(262,'bolo',1,1,NULL,1,1,1,0,'2025-06-02 15:34:22'),(268,'tone',0,19,NULL,1,1,1,0,'2025-08-20 10:45:41'),(270,'boi',1,1,NULL,1,1,1,0,'2025-06-02 15:35:04'),(273,'bai',1,1,NULL,1,1,1,0,'2025-06-02 15:35:40'),(319,'same',2,1,NULL,1,1,1,0,'2025-06-03 20:13:31'),(389,'via',1,1,NULL,1,1,1,0,'2025-06-05 11:16:40'),(400,'geo',1,1,NULL,1,1,1,0,'2025-06-05 20:26:26'),(749,'MH01-XS-Black',128,137,NULL,1,1,1,0,'2025-08-20 15:07:32'),(751,'tote',3,2,NULL,1,1,1,0,'2025-07-02 15:34:06'),(753,'tank',0,21,NULL,1,1,1,0,'2025-08-20 07:25:19'),(803,'bag',0,8,NULL,1,1,1,0,'2025-08-18 21:22:11'),(814,'mh01 xs block',103,109,NULL,1,1,1,0,'2025-08-14 16:27:27'),(816,'mh01 xs black',128,129,NULL,1,1,1,0,'2025-08-20 16:04:12'),(824,'mh01 xs brick',99,105,NULL,1,1,1,0,'2025-08-14 16:36:03'),(834,'spar',0,1,NULL,1,1,1,0,'2025-08-20 10:44:12'),(838,'trail',0,8,NULL,1,1,1,0,'2025-08-20 11:07:32'),(880,'track',8,3,NULL,1,1,1,0,'2025-08-11 06:10:38'),(902,'sport',10,8,NULL,1,1,1,0,'2025-08-11 06:44:49'),(925,'soft',0,40,NULL,1,1,1,0,'2025-08-20 11:04:32'),(933,'short',0,43,NULL,1,1,1,0,'2025-08-18 16:14:46'),(951,'sports',0,4,NULL,1,1,1,0,'2025-08-20 11:06:01'),(1519,'seri',1,1,NULL,1,1,1,0,'2025-07-10 07:44:58');

--
-- Table structure for table `search_synonyms`
--

CREATE TABLE `search_synonyms` (
  `group_id` bigint unsigned NOT NULL AUTO_INCREMENT COMMENT 'Synonyms Group ID',
  `synonyms` text NOT NULL COMMENT 'list of synonyms making up this group',
  `store_id` smallint unsigned NOT NULL DEFAULT '0' COMMENT 'Store ID - identifies the store view these synonyms belong to',
  `website_id` smallint unsigned NOT NULL DEFAULT '0' COMMENT 'Website ID - identifies the website ID these synonyms belong to',
  PRIMARY KEY (`group_id`),
  KEY `SEARCH_SYNONYMS_STORE_ID` (`store_id`),
  KEY `SEARCH_SYNONYMS_WEBSITE_ID` (`website_id`),
  FULLTEXT KEY `SEARCH_SYNONYMS_SYNONYMS` (`synonyms`),
  CONSTRAINT `SEARCH_SYNONYMS_STORE_ID_STORE_STORE_ID` FOREIGN KEY (`store_id`) REFERENCES `store` (`store_id`) ON DELETE CASCADE,
  CONSTRAINT `SEARCH_SYNONYMS_WEBSITE_ID_STORE_WEBSITE_WEBSITE_ID` FOREIGN KEY (`website_id`) REFERENCES `store_website` (`website_id`) ON DELETE CASCADE
) ENGINE=InnoDB DEFAULT CHARSET=utf8mb3 COMMENT='table storing various synonyms groups';

--
-- Dumping data for table `search_synonyms`
--


--
-- Table structure for table `sendfriend_log`
--

CREATE TABLE `sendfriend_log` (
  `log_id` int unsigned NOT NULL AUTO_INCREMENT COMMENT 'Log ID',
  `ip` bigint unsigned NOT NULL DEFAULT '0' COMMENT 'Customer IP address',
  `time` int unsigned NOT NULL DEFAULT '0' COMMENT 'Log time',
  `website_id` smallint unsigned NOT NULL DEFAULT '0' COMMENT 'Website ID',
  PRIMARY KEY (`log_id`),
  KEY `SENDFRIEND_LOG_IP` (`ip`),
  KEY `SENDFRIEND_LOG_TIME` (`time`)
) ENGINE=InnoDB DEFAULT CHARSET=utf8mb3 COMMENT='Send to friend function log storage table';

--
-- Dumping data for table `sendfriend_log`
--


--
-- Table structure for table `sequence_creditmemo_0`
--

CREATE TABLE `sequence_creditmemo_0` (
  `sequence_value` int unsigned NOT NULL AUTO_INCREMENT,
  PRIMARY KEY (`sequence_value`)
) ENGINE=InnoDB DEFAULT CHARSET=utf8mb4 COLLATE=utf8mb4_0900_ai_ci;

--
-- Dumping data for table `sequence_creditmemo_0`
--


--
-- Table structure for table `sequence_creditmemo_1`
--

CREATE TABLE `sequence_creditmemo_1` (
  `sequence_value` int unsigned NOT NULL AUTO_INCREMENT,
  PRIMARY KEY (`sequence_value`)
) ENGINE=InnoDB DEFAULT CHARSET=utf8mb4 COLLATE=utf8mb4_0900_ai_ci;

--
-- Dumping data for table `sequence_creditmemo_1`
--


--
-- Table structure for table `sequence_invoice_0`
--

CREATE TABLE `sequence_invoice_0` (
  `sequence_value` int unsigned NOT NULL AUTO_INCREMENT,
  PRIMARY KEY (`sequence_value`)
) ENGINE=InnoDB DEFAULT CHARSET=utf8mb4 COLLATE=utf8mb4_0900_ai_ci;

--
-- Dumping data for table `sequence_invoice_0`
--


--
-- Table structure for table `sequence_invoice_1`
--

CREATE TABLE `sequence_invoice_1` (
  `sequence_value` int unsigned NOT NULL AUTO_INCREMENT,
  PRIMARY KEY (`sequence_value`)
) ENGINE=InnoDB AUTO_INCREMENT=6 DEFAULT CHARSET=utf8mb4 COLLATE=utf8mb4_0900_ai_ci;

--
-- Dumping data for table `sequence_invoice_1`
--

INSERT INTO `sequence_invoice_1` VALUES (1),(2),(3),(4),(5);

--
-- Table structure for table `sequence_order_0`
--

CREATE TABLE `sequence_order_0` (
  `sequence_value` int unsigned NOT NULL AUTO_INCREMENT,
  PRIMARY KEY (`sequence_value`)
) ENGINE=InnoDB DEFAULT CHARSET=utf8mb4 COLLATE=utf8mb4_0900_ai_ci;

--
-- Dumping data for table `sequence_order_0`
--


--
-- Table structure for table `sequence_order_1`
--

CREATE TABLE `sequence_order_1` (
  `sequence_value` int unsigned NOT NULL AUTO_INCREMENT,
  PRIMARY KEY (`sequence_value`)
) ENGINE=InnoDB AUTO_INCREMENT=13 DEFAULT CHARSET=utf8mb4 COLLATE=utf8mb4_0900_ai_ci;

--
-- Dumping data for table `sequence_order_1`
--

INSERT INTO `sequence_order_1` VALUES (1),(2),(3),(4),(5),(6),(7),(8),(9),(10),(11),(12);

--
-- Table structure for table `sequence_shipment_0`
--

CREATE TABLE `sequence_shipment_0` (
  `sequence_value` int unsigned NOT NULL AUTO_INCREMENT,
  PRIMARY KEY (`sequence_value`)
) ENGINE=InnoDB DEFAULT CHARSET=utf8mb4 COLLATE=utf8mb4_0900_ai_ci;

--
-- Dumping data for table `sequence_shipment_0`
--


--
-- Table structure for table `sequence_shipment_1`
--

CREATE TABLE `sequence_shipment_1` (
  `sequence_value` int unsigned NOT NULL AUTO_INCREMENT,
  PRIMARY KEY (`sequence_value`)
) ENGINE=InnoDB AUTO_INCREMENT=4 DEFAULT CHARSET=utf8mb4 COLLATE=utf8mb4_0900_ai_ci;

--
-- Dumping data for table `sequence_shipment_1`
--

INSERT INTO `sequence_shipment_1` VALUES (1),(2),(3);

--
-- Table structure for table `session`
--

CREATE TABLE `session` (
  `session_id` varchar(255) NOT NULL COMMENT 'Session Id',
  `session_expires` int unsigned NOT NULL DEFAULT '0' COMMENT 'Date of Session Expiration',
  `session_data` mediumblob NOT NULL COMMENT 'Session Data',
  PRIMARY KEY (`session_id`)
) ENGINE=InnoDB DEFAULT CHARSET=utf8mb3 COMMENT='Database Sessions Storage';

--
-- Dumping data for table `session`
--


--
-- Table structure for table `setup_module`
--

CREATE TABLE `setup_module` (
  `module` varchar(50) NOT NULL COMMENT 'Module',
  `schema_version` varchar(50) DEFAULT NULL COMMENT 'Schema Version',
  `data_version` varchar(50) DEFAULT NULL COMMENT 'Data Version',
  PRIMARY KEY (`module`)
) ENGINE=InnoDB DEFAULT CHARSET=utf8mb3 COMMENT='Module versions registry';

--
-- Dumping data for table `setup_module`
--

INSERT INTO `setup_module` VALUES ('Letscms_AdminSession','1.0.0','1.0.0'),('Letscms_Blog','1.0.0','1.0.0'),('Letscms_BuyNowBtn','1.0.0','1.0.0'),('Letscms_ContentPopup','1.0.0','1.0.0'),('Letscms_Faq','1.0.1','1.0.1'),('Letscms_FixTheme','1.0.0','1.0.0'),('Letscms_FreeProductGift','0.0.1','0.0.1'),('Letscms_PinCodeBasedCharges','1.0.1','1.0.1'),('Letscms_PinCodeBasedProductPrice','1.0.1','1.0.1'),('Letscms_PopupWidget','1.0.0','1.0.0'),('Letscms_ProductAttachmentFile','1.4.8','1.4.8'),('Letscms_Unilevel','1.0.6','1.0.6'),('Letscms_Visitors','1.0.1','1.0.1'),('Magento_DataExporter','42.0.1','42.0.1'),('Magento_QueryXml','42.0.0','42.0.0'),('Magento_Securitytxt','1.0.0','1.0.0'),('Magento_ServicesConnector','1.1.0','1.1.0'),('Magento_ServicesId','1.1.0','1.1.0'),('Magento_ServicesIdLayout','1.0.0','1.0.0'),('PayPal_Braintree','4.6.1','4.6.1');

--
-- Table structure for table `shipping_tablerate`
--

CREATE TABLE `shipping_tablerate` (
  `pk` int unsigned NOT NULL AUTO_INCREMENT COMMENT 'Primary key',
  `website_id` int NOT NULL DEFAULT '0' COMMENT 'Website ID',
  `dest_country_id` varchar(4) NOT NULL DEFAULT '0' COMMENT 'Destination coutry ISO/2 or ISO/3 code',
  `dest_region_id` int NOT NULL DEFAULT '0' COMMENT 'Destination Region ID',
  `dest_zip` varchar(10) NOT NULL DEFAULT '*' COMMENT 'Destination Post Code (Zip)',
  `condition_name` varchar(30) NOT NULL COMMENT 'Rate Condition name',
  `condition_value` decimal(12,4) NOT NULL DEFAULT '0.0000' COMMENT 'Rate condition value',
  `price` decimal(12,4) NOT NULL DEFAULT '0.0000' COMMENT 'Price',
  `cost` decimal(12,4) NOT NULL DEFAULT '0.0000' COMMENT 'Cost',
  PRIMARY KEY (`pk`),
  UNIQUE KEY `UNQ_D60821CDB2AFACEE1566CFC02D0D4CAA` (`website_id`,`dest_country_id`,`dest_region_id`,`dest_zip`,`condition_name`,`condition_value`)
) ENGINE=InnoDB AUTO_INCREMENT=10 DEFAULT CHARSET=utf8mb3 COMMENT='Shipping Tablerate';

--
-- Dumping data for table `shipping_tablerate`
--

INSERT INTO `shipping_tablerate` VALUES (1,1,'US',0,'*','package_value_with_discount',0.0000,15.0000,0.0000),(2,1,'US',0,'*','package_value_with_discount',50.0000,10.0000,0.0000),(3,1,'US',0,'*','package_value_with_discount',100.0000,5.0000,0.0000),(4,1,'US',2,'*','package_value_with_discount',0.0000,20.0000,0.0000),(5,1,'US',2,'*','package_value_with_discount',50.0000,15.0000,0.0000),(6,1,'US',2,'*','package_value_with_discount',100.0000,10.0000,0.0000),(7,1,'US',21,'*','package_value_with_discount',0.0000,20.0000,0.0000),(8,1,'US',21,'*','package_value_with_discount',50.0000,15.0000,0.0000),(9,1,'US',21,'*','package_value_with_discount',100.0000,10.0000,0.0000);

--
-- Table structure for table `sitemap`
--

CREATE TABLE `sitemap` (
  `sitemap_id` int unsigned NOT NULL AUTO_INCREMENT COMMENT 'Sitemap ID',
  `sitemap_type` varchar(32) DEFAULT NULL COMMENT 'Sitemap Type',
  `sitemap_filename` varchar(32) DEFAULT NULL COMMENT 'Sitemap Filename',
  `sitemap_path` varchar(255) DEFAULT NULL COMMENT 'Sitemap Path',
  `sitemap_time` timestamp NULL DEFAULT NULL COMMENT 'Sitemap Time',
  `store_id` smallint unsigned NOT NULL DEFAULT '0' COMMENT 'Store ID',
  PRIMARY KEY (`sitemap_id`),
  KEY `SITEMAP_STORE_ID` (`store_id`),
  CONSTRAINT `SITEMAP_STORE_ID_STORE_STORE_ID` FOREIGN KEY (`store_id`) REFERENCES `store` (`store_id`) ON DELETE CASCADE
) ENGINE=InnoDB AUTO_INCREMENT=2 DEFAULT CHARSET=utf8mb3 COMMENT='XML Sitemap';

--
-- Dumping data for table `sitemap`
--

INSERT INTO `sitemap` VALUES (1,NULL,'sitemap.xml','/','2025-07-10 10:15:05',1);

--
-- Table structure for table `store`
--

CREATE TABLE `store` (
  `store_id` smallint unsigned NOT NULL AUTO_INCREMENT COMMENT 'Store ID',
  `code` varchar(32) DEFAULT NULL COMMENT 'Code',
  `website_id` smallint unsigned NOT NULL DEFAULT '0' COMMENT 'Website ID',
  `group_id` smallint unsigned NOT NULL DEFAULT '0' COMMENT 'Group ID',
  `name` varchar(255) NOT NULL COMMENT 'Store Name',
  `sort_order` smallint unsigned NOT NULL DEFAULT '0' COMMENT 'Store Sort Order',
  `is_active` smallint unsigned NOT NULL DEFAULT '0' COMMENT 'Store Activity',
  PRIMARY KEY (`store_id`),
  UNIQUE KEY `STORE_CODE` (`code`),
  KEY `STORE_WEBSITE_ID` (`website_id`),
  KEY `STORE_IS_ACTIVE_SORT_ORDER` (`is_active`,`sort_order`),
  KEY `STORE_GROUP_ID` (`group_id`),
  CONSTRAINT `STORE_GROUP_ID_STORE_GROUP_GROUP_ID` FOREIGN KEY (`group_id`) REFERENCES `store_group` (`group_id`) ON DELETE CASCADE,
  CONSTRAINT `STORE_WEBSITE_ID_STORE_WEBSITE_WEBSITE_ID` FOREIGN KEY (`website_id`) REFERENCES `store_website` (`website_id`) ON DELETE CASCADE
) ENGINE=InnoDB AUTO_INCREMENT=2 DEFAULT CHARSET=utf8mb3 COMMENT='Stores';

--
-- Dumping data for table `store`
--

INSERT INTO `store` VALUES (0,'admin',0,0,'Admin',0,1),(1,'default',1,1,'Default Store View',0,1);
DELIMITER ;;
/*!50003 CREATE*/ /*!50017 DEFINER=`magentomysql`@`%`*/ /*!50003 TRIGGER `trg_store_after_insert` AFTER INSERT ON `store` FOR EACH ROW BEGIN
INSERT IGNORE INTO `store_data_exporter_cl` (`entity_id`) VALUES (NEW.`website_id`);
END */;;
DELIMITER ;
DELIMITER ;;
/*!50003 CREATE*/ /*!50017 DEFINER=`magentomysql`@`%`*/ /*!50003 TRIGGER `trg_store_after_update` AFTER UPDATE ON `store` FOR EACH ROW BEGIN
IF (NOT(NEW.`store_id` <=> OLD.`store_id`) OR NOT(NEW.`code` <=> OLD.`code`) OR NOT(NEW.`website_id` <=> OLD.`website_id`) OR NOT(NEW.`group_id` <=> OLD.`group_id`) OR NOT(NEW.`name` <=> OLD.`name`) OR NOT(NEW.`sort_order` <=> OLD.`sort_order`) OR NOT(NEW.`is_active` <=> OLD.`is_active`)) THEN INSERT IGNORE INTO `store_data_exporter_cl` (`entity_id`) VALUES (NEW.`website_id`); END IF;
END */;;
DELIMITER ;
DELIMITER ;;
/*!50003 CREATE*/ /*!50017 DEFINER=`magentomysql`@`%`*/ /*!50003 TRIGGER `trg_store_after_delete` AFTER DELETE ON `store` FOR EACH ROW BEGIN
INSERT IGNORE INTO `store_data_exporter_cl` (`entity_id`) VALUES (OLD.`website_id`);
END */;;
DELIMITER ;

--
-- Table structure for table `store_data_exporter_cl`
--

CREATE TABLE `store_data_exporter_cl` (
  `version_id` int unsigned NOT NULL AUTO_INCREMENT COMMENT 'Version ID',
  `entity_id` int unsigned NOT NULL DEFAULT '0' COMMENT 'Entity ID',
  PRIMARY KEY (`version_id`)
) ENGINE=InnoDB AUTO_INCREMENT=3 DEFAULT CHARSET=utf8mb3 COMMENT='store_data_exporter_cl';

--
-- Dumping data for table `store_data_exporter_cl`
--

INSERT INTO `store_data_exporter_cl` VALUES (1,0),(2,1);

--
-- Table structure for table `store_group`
--

CREATE TABLE `store_group` (
  `group_id` smallint unsigned NOT NULL AUTO_INCREMENT COMMENT 'Group ID',
  `website_id` smallint unsigned NOT NULL DEFAULT '0' COMMENT 'Website ID',
  `name` varchar(255) NOT NULL COMMENT 'Store Group Name',
  `root_category_id` int unsigned NOT NULL DEFAULT '0' COMMENT 'Root Category ID',
  `default_store_id` smallint unsigned NOT NULL DEFAULT '0' COMMENT 'Default Store ID',
  `code` varchar(32) DEFAULT NULL COMMENT 'Store group unique code',
  PRIMARY KEY (`group_id`),
  UNIQUE KEY `STORE_GROUP_CODE` (`code`),
  KEY `STORE_GROUP_WEBSITE_ID` (`website_id`),
  KEY `STORE_GROUP_DEFAULT_STORE_ID` (`default_store_id`),
  CONSTRAINT `STORE_GROUP_WEBSITE_ID_STORE_WEBSITE_WEBSITE_ID` FOREIGN KEY (`website_id`) REFERENCES `store_website` (`website_id`) ON DELETE CASCADE
) ENGINE=InnoDB AUTO_INCREMENT=2 DEFAULT CHARSET=utf8mb3 COMMENT='Store Groups';

--
-- Dumping data for table `store_group`
--

INSERT INTO `store_group` VALUES (0,0,'Default',0,0,'default'),(1,1,'Main Website Store',2,1,'main_website_store');
DELIMITER ;;
/*!50003 CREATE*/ /*!50017 DEFINER=`magentomysql`@`%`*/ /*!50003 TRIGGER `trg_store_group_after_insert` AFTER INSERT ON `store_group` FOR EACH ROW BEGIN
INSERT IGNORE INTO `store_data_exporter_cl` (`entity_id`) VALUES (NEW.`website_id`);
END */;;
DELIMITER ;
DELIMITER ;;
/*!50003 CREATE*/ /*!50017 DEFINER=`magentomysql`@`%`*/ /*!50003 TRIGGER `trg_store_group_after_update` AFTER UPDATE ON `store_group` FOR EACH ROW BEGIN
IF (NOT(NEW.`group_id` <=> OLD.`group_id`) OR NOT(NEW.`website_id` <=> OLD.`website_id`) OR NOT(NEW.`name` <=> OLD.`name`) OR NOT(NEW.`root_category_id` <=> OLD.`root_category_id`) OR NOT(NEW.`default_store_id` <=> OLD.`default_store_id`) OR NOT(NEW.`code` <=> OLD.`code`)) THEN INSERT IGNORE INTO `store_data_exporter_cl` (`entity_id`) VALUES (NEW.`website_id`); END IF;
END */;;
DELIMITER ;
DELIMITER ;;
/*!50003 CREATE*/ /*!50017 DEFINER=`magentomysql`@`%`*/ /*!50003 TRIGGER `trg_store_group_after_delete` AFTER DELETE ON `store_group` FOR EACH ROW BEGIN
INSERT IGNORE INTO `store_data_exporter_cl` (`entity_id`) VALUES (OLD.`website_id`);
END */;;
DELIMITER ;

--
-- Table structure for table `store_website`
--

CREATE TABLE `store_website` (
  `website_id` smallint unsigned NOT NULL AUTO_INCREMENT COMMENT 'Website ID',
  `code` varchar(32) DEFAULT NULL COMMENT 'Code',
  `name` varchar(64) DEFAULT NULL COMMENT 'Website Name',
  `sort_order` smallint unsigned NOT NULL DEFAULT '0' COMMENT 'Sort Order',
  `default_group_id` smallint unsigned NOT NULL DEFAULT '0' COMMENT 'Default Group ID',
  `is_default` smallint unsigned DEFAULT '0' COMMENT 'Defines Is Website Default',
  PRIMARY KEY (`website_id`),
  UNIQUE KEY `STORE_WEBSITE_CODE` (`code`),
  KEY `STORE_WEBSITE_SORT_ORDER` (`sort_order`),
  KEY `STORE_WEBSITE_DEFAULT_GROUP_ID` (`default_group_id`)
) ENGINE=InnoDB AUTO_INCREMENT=2 DEFAULT CHARSET=utf8mb3 COMMENT='Websites';

--
-- Dumping data for table `store_website`
--

INSERT INTO `store_website` VALUES (0,'admin','Admin',0,0,0),(1,'base','Main Website',0,1,1);
DELIMITER ;;
/*!50003 CREATE*/ /*!50017 DEFINER=`magentomysql`@`%`*/ /*!50003 TRIGGER `trg_store_website_after_insert` AFTER INSERT ON `store_website` FOR EACH ROW BEGIN
INSERT IGNORE INTO `store_data_exporter_cl` (`entity_id`) VALUES (NEW.`website_id`);
END */;;
DELIMITER ;
DELIMITER ;;
/*!50003 CREATE*/ /*!50017 DEFINER=`magentomysql`@`%`*/ /*!50003 TRIGGER `trg_store_website_after_update` AFTER UPDATE ON `store_website` FOR EACH ROW BEGIN
IF (NOT(NEW.`website_id` <=> OLD.`website_id`) OR NOT(NEW.`code` <=> OLD.`code`) OR NOT(NEW.`name` <=> OLD.`name`) OR NOT(NEW.`sort_order` <=> OLD.`sort_order`) OR NOT(NEW.`default_group_id` <=> OLD.`default_group_id`) OR NOT(NEW.`is_default` <=> OLD.`is_default`)) THEN INSERT IGNORE INTO `store_data_exporter_cl` (`entity_id`) VALUES (NEW.`website_id`); END IF;
END */;;
DELIMITER ;
DELIMITER ;;
/*!50003 CREATE*/ /*!50017 DEFINER=`magentomysql`@`%`*/ /*!50003 TRIGGER `trg_store_website_after_delete` AFTER DELETE ON `store_website` FOR EACH ROW BEGIN
INSERT IGNORE INTO `store_data_exporter_cl` (`entity_id`) VALUES (OLD.`website_id`);
END */;;
DELIMITER ;

--
-- Table structure for table `stores_data_exporter`
--

CREATE TABLE `stores_data_exporter` (
  `id` int unsigned NOT NULL COMMENT 'ID',
  `feed_data` mediumtext NOT NULL COMMENT 'Feed Data',
  `modified_at` timestamp NOT NULL DEFAULT CURRENT_TIMESTAMP ON UPDATE CURRENT_TIMESTAMP COMMENT 'Modified At',
  PRIMARY KEY (`id`),
  KEY `STORES_DATA_EXPORTER_MODIFIED_AT` (`modified_at`)
) ENGINE=InnoDB DEFAULT CHARSET=utf8mb3 COMMENT='Stores Feed Storage';

--
-- Dumping data for table `stores_data_exporter`
--

INSERT INTO `stores_data_exporter` VALUES (1,'{\"store_view_id\":\"1\",\"store_id\":1,\"website_id\":1,\"store_view_name\":\"Default Store View\",\"store_name\":\"Main Website Store\",\"website_name\":\"Main Website\"}','2025-08-18 09:40:37');

--
-- Table structure for table `stores_data_exporter_index_batches`
--

CREATE TABLE `stores_data_exporter_index_batches` (
  `batch_number` int NOT NULL COMMENT 'Batch Number',
  `website_id` smallint unsigned NOT NULL DEFAULT '0' COMMENT 'Website Id',
  PRIMARY KEY (`batch_number`,`website_id`)
) ENGINE=InnoDB DEFAULT CHARSET=utf8mb3 COMMENT='stores_data_exporter_index_batches';

--
-- Dumping data for table `stores_data_exporter_index_batches`
--

INSERT INTO `stores_data_exporter_index_batches` VALUES (1,1);

--
-- Table structure for table `stores_data_exporter_index_sequence`
--

CREATE TABLE `stores_data_exporter_index_sequence` (
  `i` int unsigned NOT NULL AUTO_INCREMENT COMMENT 'Auto Increment ID',
  PRIMARY KEY (`i`)
) ENGINE=InnoDB AUTO_INCREMENT=3 DEFAULT CHARSET=utf8mb3 COMMENT='stores_data_exporter_index_sequence';

--
-- Dumping data for table `stores_data_exporter_index_sequence`
--

INSERT INTO `stores_data_exporter_index_sequence` VALUES (1),(2);

--
-- Table structure for table `tax_calculation`
--

CREATE TABLE `tax_calculation` (
  `tax_calculation_id` int NOT NULL AUTO_INCREMENT COMMENT 'Tax Calculation ID',
  `tax_calculation_rate_id` int NOT NULL COMMENT 'Tax Calculation Rate ID',
  `tax_calculation_rule_id` int NOT NULL COMMENT 'Tax Calculation Rule ID',
  `customer_tax_class_id` smallint NOT NULL COMMENT 'Customer Tax Class ID',
  `product_tax_class_id` smallint NOT NULL COMMENT 'Product Tax Class ID',
  PRIMARY KEY (`tax_calculation_id`),
  KEY `TAX_CALCULATION_TAX_CALCULATION_RULE_ID` (`tax_calculation_rule_id`),
  KEY `TAX_CALCULATION_CUSTOMER_TAX_CLASS_ID` (`customer_tax_class_id`),
  KEY `TAX_CALCULATION_PRODUCT_TAX_CLASS_ID` (`product_tax_class_id`),
  KEY `TAX_CALC_TAX_CALC_RATE_ID_CSTR_TAX_CLASS_ID_PRD_TAX_CLASS_ID` (`tax_calculation_rate_id`,`customer_tax_class_id`,`product_tax_class_id`),
  CONSTRAINT `TAX_CALC_TAX_CALC_RATE_ID_TAX_CALC_RATE_TAX_CALC_RATE_ID` FOREIGN KEY (`tax_calculation_rate_id`) REFERENCES `tax_calculation_rate` (`tax_calculation_rate_id`) ON DELETE CASCADE,
  CONSTRAINT `TAX_CALC_TAX_CALC_RULE_ID_TAX_CALC_RULE_TAX_CALC_RULE_ID` FOREIGN KEY (`tax_calculation_rule_id`) REFERENCES `tax_calculation_rule` (`tax_calculation_rule_id`) ON DELETE CASCADE,
  CONSTRAINT `TAX_CALCULATION_CUSTOMER_TAX_CLASS_ID_TAX_CLASS_CLASS_ID` FOREIGN KEY (`customer_tax_class_id`) REFERENCES `tax_class` (`class_id`) ON DELETE CASCADE,
  CONSTRAINT `TAX_CALCULATION_PRODUCT_TAX_CLASS_ID_TAX_CLASS_CLASS_ID` FOREIGN KEY (`product_tax_class_id`) REFERENCES `tax_class` (`class_id`) ON DELETE CASCADE
) ENGINE=InnoDB AUTO_INCREMENT=2 DEFAULT CHARSET=utf8mb3 COMMENT='Tax Calculation';

--
-- Dumping data for table `tax_calculation`
--

INSERT INTO `tax_calculation` VALUES (1,3,1,3,2);

--
-- Table structure for table `tax_calculation_rate`
--

CREATE TABLE `tax_calculation_rate` (
  `tax_calculation_rate_id` int NOT NULL AUTO_INCREMENT COMMENT 'Tax Calculation Rate ID',
  `tax_country_id` varchar(2) NOT NULL COMMENT 'Tax Country ID',
  `tax_region_id` int NOT NULL COMMENT 'Tax Region ID',
  `tax_postcode` varchar(21) DEFAULT NULL COMMENT 'Tax Postcode',
  `code` varchar(255) NOT NULL COMMENT 'Code',
  `rate` decimal(12,4) NOT NULL COMMENT 'Rate',
  `zip_is_range` smallint DEFAULT NULL COMMENT 'Zip Is Range',
  `zip_from` int unsigned DEFAULT NULL COMMENT 'Zip From',
  `zip_to` int unsigned DEFAULT NULL COMMENT 'Zip To',
  PRIMARY KEY (`tax_calculation_rate_id`),
  KEY `TAX_CALCULATION_RATE_TAX_COUNTRY_ID_TAX_REGION_ID_TAX_POSTCODE` (`tax_country_id`,`tax_region_id`,`tax_postcode`),
  KEY `TAX_CALCULATION_RATE_CODE` (`code`),
  KEY `IDX_CA799F1E2CB843495F601E56C84A626D` (`tax_calculation_rate_id`,`tax_country_id`,`tax_region_id`,`zip_is_range`,`tax_postcode`)
) ENGINE=InnoDB AUTO_INCREMENT=4 DEFAULT CHARSET=utf8mb3 COMMENT='Tax Calculation Rate';

--
-- Dumping data for table `tax_calculation_rate`
--

INSERT INTO `tax_calculation_rate` VALUES (1,'US',12,'*','US-CA-*-Rate 1',8.2500,NULL,NULL,NULL),(2,'US',43,'*','US-NY-*-Rate 1',8.3750,NULL,NULL,NULL),(3,'US',33,'*','US-MI-*-Rate 1',8.2500,NULL,NULL,NULL);

--
-- Table structure for table `tax_calculation_rate_title`
--

CREATE TABLE `tax_calculation_rate_title` (
  `tax_calculation_rate_title_id` int NOT NULL AUTO_INCREMENT COMMENT 'Tax Calculation Rate Title ID',
  `tax_calculation_rate_id` int NOT NULL COMMENT 'Tax Calculation Rate ID',
  `store_id` smallint unsigned NOT NULL COMMENT 'Store ID',
  `value` varchar(255) NOT NULL COMMENT 'Value',
  PRIMARY KEY (`tax_calculation_rate_title_id`),
  KEY `TAX_CALCULATION_RATE_TITLE_TAX_CALCULATION_RATE_ID_STORE_ID` (`tax_calculation_rate_id`,`store_id`),
  KEY `TAX_CALCULATION_RATE_TITLE_STORE_ID` (`store_id`),
  CONSTRAINT `FK_37FB965F786AD5897BB3AE90470C42AB` FOREIGN KEY (`tax_calculation_rate_id`) REFERENCES `tax_calculation_rate` (`tax_calculation_rate_id`) ON DELETE CASCADE,
  CONSTRAINT `TAX_CALCULATION_RATE_TITLE_STORE_ID_STORE_STORE_ID` FOREIGN KEY (`store_id`) REFERENCES `store` (`store_id`) ON DELETE CASCADE
) ENGINE=InnoDB DEFAULT CHARSET=utf8mb3 COMMENT='Tax Calculation Rate Title';

--
-- Dumping data for table `tax_calculation_rate_title`
--


--
-- Table structure for table `tax_calculation_rule`
--

CREATE TABLE `tax_calculation_rule` (
  `tax_calculation_rule_id` int NOT NULL AUTO_INCREMENT COMMENT 'Tax Calculation Rule ID',
  `code` varchar(255) NOT NULL COMMENT 'Code',
  `priority` int NOT NULL COMMENT 'Priority',
  `position` int NOT NULL COMMENT 'Position',
  `calculate_subtotal` int NOT NULL COMMENT 'Calculate off subtotal option',
  PRIMARY KEY (`tax_calculation_rule_id`),
  KEY `TAX_CALCULATION_RULE_PRIORITY_POSITION` (`priority`,`position`),
  KEY `TAX_CALCULATION_RULE_CODE` (`code`)
) ENGINE=InnoDB AUTO_INCREMENT=2 DEFAULT CHARSET=utf8mb3 COMMENT='Tax Calculation Rule';

--
-- Dumping data for table `tax_calculation_rule`
--

INSERT INTO `tax_calculation_rule` VALUES (1,'Rule1',0,0,0);

--
-- Table structure for table `tax_class`
--

CREATE TABLE `tax_class` (
  `class_id` smallint NOT NULL AUTO_INCREMENT COMMENT 'Class ID',
  `class_name` varchar(255) NOT NULL COMMENT 'Class Name',
  `class_type` varchar(8) NOT NULL DEFAULT 'CUSTOMER' COMMENT 'Class Type',
  PRIMARY KEY (`class_id`)
) ENGINE=InnoDB AUTO_INCREMENT=4 DEFAULT CHARSET=utf8mb3 COMMENT='Tax Class';

--
-- Dumping data for table `tax_class`
--

INSERT INTO `tax_class` VALUES (2,'Taxable Goods','PRODUCT'),(3,'Retail Customer','CUSTOMER');

--
-- Table structure for table `tax_order_aggregated_created`
--

CREATE TABLE `tax_order_aggregated_created` (
  `id` int unsigned NOT NULL AUTO_INCREMENT COMMENT 'ID',
  `period` date DEFAULT NULL COMMENT 'Period',
  `store_id` smallint unsigned DEFAULT NULL COMMENT 'Store ID',
  `code` varchar(255) NOT NULL COMMENT 'Code',
  `order_status` varchar(50) NOT NULL COMMENT 'Order Status',
  `percent` float DEFAULT NULL COMMENT 'Percent',
  `orders_count` int unsigned NOT NULL DEFAULT '0' COMMENT 'Orders Count',
  `tax_base_amount_sum` float DEFAULT NULL COMMENT 'Tax Base Amount Sum',
  PRIMARY KEY (`id`),
  UNIQUE KEY `TAX_ORDER_AGGRED_CREATED_PERIOD_STORE_ID_CODE_PERCENT_ORDER_STS` (`period`,`store_id`,`code`,`percent`,`order_status`),
  KEY `TAX_ORDER_AGGREGATED_CREATED_STORE_ID` (`store_id`),
  CONSTRAINT `TAX_ORDER_AGGREGATED_CREATED_STORE_ID_STORE_STORE_ID` FOREIGN KEY (`store_id`) REFERENCES `store` (`store_id`) ON DELETE CASCADE
) ENGINE=InnoDB DEFAULT CHARSET=utf8mb3 COMMENT='Tax Order Aggregation';

--
-- Dumping data for table `tax_order_aggregated_created`
--


--
-- Table structure for table `tax_order_aggregated_updated`
--

CREATE TABLE `tax_order_aggregated_updated` (
  `id` int unsigned NOT NULL AUTO_INCREMENT COMMENT 'ID',
  `period` date DEFAULT NULL COMMENT 'Period',
  `store_id` smallint unsigned DEFAULT NULL COMMENT 'Store ID',
  `code` varchar(255) NOT NULL COMMENT 'Code',
  `order_status` varchar(50) NOT NULL COMMENT 'Order Status',
  `percent` float DEFAULT NULL COMMENT 'Percent',
  `orders_count` int unsigned NOT NULL DEFAULT '0' COMMENT 'Orders Count',
  `tax_base_amount_sum` float DEFAULT NULL COMMENT 'Tax Base Amount Sum',
  PRIMARY KEY (`id`),
  UNIQUE KEY `TAX_ORDER_AGGRED_UPDATED_PERIOD_STORE_ID_CODE_PERCENT_ORDER_STS` (`period`,`store_id`,`code`,`percent`,`order_status`),
  KEY `TAX_ORDER_AGGREGATED_UPDATED_STORE_ID` (`store_id`),
  CONSTRAINT `TAX_ORDER_AGGREGATED_UPDATED_STORE_ID_STORE_STORE_ID` FOREIGN KEY (`store_id`) REFERENCES `store` (`store_id`) ON DELETE CASCADE
) ENGINE=InnoDB DEFAULT CHARSET=utf8mb3 COMMENT='Tax Order Aggregated Updated';

--
-- Dumping data for table `tax_order_aggregated_updated`
--


--
-- Table structure for table `theme`
--

CREATE TABLE `theme` (
  `theme_id` int unsigned NOT NULL AUTO_INCREMENT COMMENT 'Theme identifier',
  `parent_id` int DEFAULT NULL COMMENT 'Parent ID',
  `theme_path` varchar(255) DEFAULT NULL COMMENT 'Theme Path',
  `theme_title` varchar(255) NOT NULL COMMENT 'Theme Title',
  `preview_image` varchar(255) DEFAULT NULL COMMENT 'Preview Image',
  `is_featured` tinyint(1) NOT NULL DEFAULT '0' COMMENT 'Is Theme Featured',
  `area` varchar(255) NOT NULL COMMENT 'Theme Area',
  `type` smallint NOT NULL COMMENT 'Theme type: 0:physical, 1:virtual, 2:staging',
  `code` text COMMENT 'Full theme code, including package',
  PRIMARY KEY (`theme_id`)
) ENGINE=InnoDB AUTO_INCREMENT=4 DEFAULT CHARSET=utf8mb3 COMMENT='Core theme';

--
-- Dumping data for table `theme`
--

INSERT INTO `theme` VALUES (1,NULL,'Magento/blank','Magento Blank','preview_image_67a31599b67c9.jpeg',0,'frontend',0,'Magento/blank'),(2,NULL,'Magento/backend','Magento 2 backend',NULL,0,'adminhtml',0,'Magento/backend'),(3,1,'Magento/luma','Magento Luma','preview_image_67a3159a11d9b.jpeg',0,'frontend',0,'Magento/luma');

--
-- Table structure for table `theme_file`
--

CREATE TABLE `theme_file` (
  `theme_files_id` int unsigned NOT NULL AUTO_INCREMENT COMMENT 'Theme files identifier',
  `theme_id` int unsigned NOT NULL COMMENT 'Theme ID',
  `file_path` varchar(255) DEFAULT NULL COMMENT 'Relative path to file',
  `file_type` varchar(32) NOT NULL COMMENT 'File Type',
  `content` longtext NOT NULL COMMENT 'File Content',
  `sort_order` smallint NOT NULL DEFAULT '0' COMMENT 'Sort Order',
  `is_temporary` tinyint(1) NOT NULL DEFAULT '0' COMMENT 'Is Temporary File',
  PRIMARY KEY (`theme_files_id`),
  KEY `THEME_FILE_THEME_ID_THEME_THEME_ID` (`theme_id`),
  CONSTRAINT `THEME_FILE_THEME_ID_THEME_THEME_ID` FOREIGN KEY (`theme_id`) REFERENCES `theme` (`theme_id`) ON DELETE CASCADE
) ENGINE=InnoDB DEFAULT CHARSET=utf8mb3 COMMENT='Core theme files';

--
-- Dumping data for table `theme_file`
--


--
-- Table structure for table `translation`
--

CREATE TABLE `translation` (
  `key_id` int unsigned NOT NULL AUTO_INCREMENT COMMENT 'Key ID of Translation',
  `string` varchar(255) NOT NULL DEFAULT 'Translate String' COMMENT 'Translation String',
  `store_id` smallint unsigned NOT NULL DEFAULT '0' COMMENT 'Store ID',
  `translate` varchar(255) DEFAULT NULL COMMENT 'Translate',
  `locale` varchar(20) NOT NULL DEFAULT 'en_US' COMMENT 'Locale',
  `crc_string` bigint NOT NULL DEFAULT '1591228201' COMMENT 'Translation String CRC32 Hash',
  PRIMARY KEY (`key_id`),
  UNIQUE KEY `TRANSLATION_STORE_ID_LOCALE_CRC_STRING_STRING` (`store_id`,`locale`,`crc_string`,`string`),
  CONSTRAINT `TRANSLATION_STORE_ID_STORE_STORE_ID` FOREIGN KEY (`store_id`) REFERENCES `store` (`store_id`) ON DELETE CASCADE
) ENGINE=InnoDB DEFAULT CHARSET=utf8mb3 COMMENT='Translations';

--
-- Dumping data for table `translation`
--


--
-- Table structure for table `ui_bookmark`
--

CREATE TABLE `ui_bookmark` (
  `bookmark_id` int unsigned NOT NULL AUTO_INCREMENT COMMENT 'Bookmark identifier',
  `user_id` int unsigned NOT NULL COMMENT 'User ID',
  `namespace` varchar(255) NOT NULL COMMENT 'Bookmark namespace',
  `identifier` varchar(255) NOT NULL COMMENT 'Bookmark Identifier',
  `current` smallint NOT NULL COMMENT 'Mark current bookmark per user and identifier',
  `title` varchar(255) DEFAULT NULL COMMENT 'Bookmark title',
  `config` longtext COMMENT 'Bookmark config',
  `created_at` datetime NOT NULL DEFAULT CURRENT_TIMESTAMP COMMENT 'Bookmark created at',
  `updated_at` datetime NOT NULL DEFAULT CURRENT_TIMESTAMP ON UPDATE CURRENT_TIMESTAMP COMMENT 'Bookmark updated at',
  PRIMARY KEY (`bookmark_id`),
  KEY `UI_BOOKMARK_USER_ID_NAMESPACE_IDENTIFIER` (`user_id`,`namespace`,`identifier`),
  CONSTRAINT `UI_BOOKMARK_USER_ID_ADMIN_USER_USER_ID` FOREIGN KEY (`user_id`) REFERENCES `admin_user` (`user_id`) ON DELETE CASCADE
) ENGINE=InnoDB AUTO_INCREMENT=55 DEFAULT CHARSET=utf8mb3 COMMENT='Bookmark';

--
-- Dumping data for table `ui_bookmark`
--

INSERT INTO `ui_bookmark` VALUES (1,1,'product_listing','default',1,'Default View','{\"views\":{\"default\":{\"label\":\"Default View\",\"index\":\"default\",\"editable\":false,\"data\":{\"filters\":{\"applied\":{\"placeholder\":true}},\"paging\":{\"pageSize\":20,\"current\":1,\"options\":{\"20\":{\"value\":20,\"label\":20},\"30\":{\"value\":30,\"label\":30},\"50\":{\"value\":50,\"label\":50},\"100\":{\"value\":100,\"label\":100},\"200\":{\"value\":200,\"label\":200}},\"value\":20},\"search\":{\"value\":\"\"},\"columns\":{\"entity_id\":{\"visible\":true,\"sorting\":\"asc\"},\"name\":{\"visible\":true,\"sorting\":false},\"sku\":{\"visible\":true,\"sorting\":false},\"price\":{\"visible\":true,\"sorting\":false},\"websites\":{\"visible\":true,\"sorting\":false},\"qty\":{\"visible\":true,\"sorting\":false},\"short_description\":{\"visible\":false,\"sorting\":false},\"special_price\":{\"visible\":false,\"sorting\":false},\"cost\":{\"visible\":false,\"sorting\":false},\"weight\":{\"visible\":false,\"sorting\":false},\"meta_title\":{\"visible\":false,\"sorting\":false},\"meta_keyword\":{\"visible\":false,\"sorting\":false},\"meta_description\":{\"visible\":false,\"sorting\":false},\"url_key\":{\"visible\":false,\"sorting\":false},\"msrp\":{\"visible\":false,\"sorting\":false},\"actions\":{\"visible\":true,\"sorting\":false},\"ids\":{\"visible\":true,\"sorting\":false},\"type_id\":{\"visible\":true,\"sorting\":false},\"attribute_set_id\":{\"visible\":true,\"sorting\":false},\"visibility\":{\"visible\":true,\"sorting\":false},\"status\":{\"visible\":true,\"sorting\":false},\"manufacturer\":{\"visible\":false,\"sorting\":false},\"color\":{\"visible\":false,\"sorting\":false},\"custom_design\":{\"visible\":false,\"sorting\":false},\"page_layout\":{\"visible\":false,\"sorting\":false},\"country_of_manufacture\":{\"visible\":false,\"sorting\":false},\"custom_layout\":{\"visible\":false,\"sorting\":false},\"gift_message_available\":{\"visible\":false,\"sorting\":false},\"tax_class_id\":{\"visible\":false,\"sorting\":false},\"salable_quantity\":{\"visible\":true,\"sorting\":false},\"thumbnail\":{\"visible\":true,\"sorting\":false},\"updated_at\":{\"visible\":true,\"sorting\":false},\"special_from_date\":{\"visible\":false,\"sorting\":false},\"special_to_date\":{\"visible\":false,\"sorting\":false},\"news_from_date\":{\"visible\":false,\"sorting\":false},\"news_to_date\":{\"visible\":false,\"sorting\":false},\"custom_design_from\":{\"visible\":false,\"sorting\":false},\"custom_design_to\":{\"visible\":false,\"sorting\":false},\"inventory\":{\"visible\":true,\"sorting\":false},\"size\":{\"visible\":true,\"sorting\":false}},\"displayMode\":\"grid\",\"positions\":{\"ids\":0,\"entity_id\":1,\"thumbnail\":2,\"name\":3,\"type_id\":4,\"attribute_set_id\":5,\"sku\":6,\"price\":7,\"qty\":8,\"salable_quantity\":9,\"visibility\":10,\"status\":11,\"websites\":12,\"short_description\":13,\"special_price\":14,\"special_from_date\":15,\"special_to_date\":16,\"cost\":17,\"weight\":18,\"manufacturer\":19,\"meta_title\":20,\"meta_keyword\":21,\"meta_description\":22,\"color\":23,\"news_from_date\":24,\"news_to_date\":25,\"custom_design\":26,\"custom_design_from\":27,\"custom_design_to\":28,\"page_layout\":29,\"country_of_manufacture\":30,\"custom_layout\":31,\"url_key\":32,\"msrp\":33,\"gift_message_available\":34,\"tax_class_id\":35,\"updated_at\":36,\"actions\":37,\"inventory\":38,\"size\":39}},\"value\":\"Default View\"}}}','2025-02-06 08:36:05','2025-05-31 07:20:12'),(2,1,'product_listing','current',0,NULL,'{\"current\":{\"filters\":{\"applied\":{\"placeholder\":true}},\"paging\":{\"pageSize\":200,\"current\":1,\"options\":{\"20\":{\"value\":20,\"label\":20},\"30\":{\"value\":30,\"label\":30},\"50\":{\"value\":50,\"label\":50},\"100\":{\"value\":100,\"label\":100},\"200\":{\"value\":200,\"label\":200}},\"value\":200},\"search\":{\"value\":\"\"},\"columns\":{\"entity_id\":{\"visible\":true,\"sorting\":\"asc\"},\"name\":{\"visible\":true,\"sorting\":false},\"sku\":{\"visible\":true,\"sorting\":false},\"price\":{\"visible\":true,\"sorting\":false},\"websites\":{\"visible\":true,\"sorting\":false},\"qty\":{\"visible\":true,\"sorting\":false},\"short_description\":{\"visible\":false,\"sorting\":false},\"special_price\":{\"visible\":false,\"sorting\":false},\"cost\":{\"visible\":false,\"sorting\":false},\"weight\":{\"visible\":false,\"sorting\":false},\"meta_title\":{\"visible\":false,\"sorting\":false},\"meta_keyword\":{\"visible\":false,\"sorting\":false},\"meta_description\":{\"visible\":false,\"sorting\":false},\"url_key\":{\"visible\":false,\"sorting\":false},\"msrp\":{\"visible\":false,\"sorting\":false},\"actions\":{\"visible\":true,\"sorting\":false},\"ids\":{\"visible\":true,\"sorting\":false},\"type_id\":{\"visible\":true,\"sorting\":false},\"attribute_set_id\":{\"visible\":true,\"sorting\":false},\"visibility\":{\"visible\":true,\"sorting\":false},\"status\":{\"visible\":true,\"sorting\":false},\"manufacturer\":{\"visible\":false,\"sorting\":false},\"color\":{\"visible\":false,\"sorting\":false},\"custom_design\":{\"visible\":false,\"sorting\":false},\"page_layout\":{\"visible\":false,\"sorting\":false},\"country_of_manufacture\":{\"visible\":false,\"sorting\":false},\"custom_layout\":{\"visible\":false,\"sorting\":false},\"gift_message_available\":{\"visible\":false,\"sorting\":false},\"tax_class_id\":{\"visible\":false,\"sorting\":false},\"salable_quantity\":{\"visible\":true,\"sorting\":false},\"thumbnail\":{\"visible\":true,\"sorting\":false},\"updated_at\":{\"visible\":true,\"sorting\":false},\"special_from_date\":{\"visible\":false,\"sorting\":false},\"special_to_date\":{\"visible\":false,\"sorting\":false},\"news_from_date\":{\"visible\":false,\"sorting\":false},\"news_to_date\":{\"visible\":false,\"sorting\":false},\"custom_design_from\":{\"visible\":false,\"sorting\":false},\"custom_design_to\":{\"visible\":false,\"sorting\":false},\"inventory\":{\"visible\":true,\"sorting\":false},\"size\":{\"visible\":true,\"sorting\":false}},\"displayMode\":\"grid\",\"positions\":{\"ids\":0,\"entity_id\":1,\"thumbnail\":2,\"name\":3,\"type_id\":4,\"attribute_set_id\":5,\"sku\":6,\"price\":7,\"qty\":8,\"salable_quantity\":9,\"visibility\":10,\"status\":11,\"websites\":12,\"short_description\":13,\"special_price\":14,\"special_from_date\":15,\"special_to_date\":16,\"cost\":17,\"weight\":18,\"manufacturer\":19,\"meta_title\":20,\"meta_keyword\":21,\"meta_description\":22,\"color\":23,\"news_from_date\":24,\"news_to_date\":25,\"custom_design\":26,\"custom_design_from\":27,\"custom_design_to\":28,\"page_layout\":29,\"country_of_manufacture\":30,\"custom_layout\":31,\"url_key\":32,\"msrp\":33,\"gift_message_available\":34,\"tax_class_id\":35,\"updated_at\":36,\"actions\":37,\"inventory\":38,\"size\":39}}}','2025-02-06 08:36:10','2025-06-11 10:12:42'),(3,1,'sales_order_grid','default',1,'Default View','{\"views\":{\"default\":{\"label\":\"Default View\",\"index\":\"default\",\"editable\":false,\"data\":{\"search\":{\"value\":\"\"},\"filters\":{\"applied\":{\"placeholder\":true}},\"paging\":{\"pageSize\":20,\"current\":1,\"options\":{\"20\":{\"value\":20,\"label\":20},\"30\":{\"value\":30,\"label\":30},\"50\":{\"value\":50,\"label\":50},\"100\":{\"value\":100,\"label\":100},\"200\":{\"value\":200,\"label\":200}},\"value\":20},\"columns\":{\"increment_id\":{\"visible\":true,\"sorting\":false},\"store_id\":{\"visible\":true,\"sorting\":false},\"billing_name\":{\"visible\":true,\"sorting\":false},\"shipping_name\":{\"visible\":true,\"sorting\":false},\"base_grand_total\":{\"visible\":true,\"sorting\":false},\"grand_total\":{\"visible\":true,\"sorting\":false},\"billing_address\":{\"visible\":false,\"sorting\":false},\"shipping_address\":{\"visible\":false,\"sorting\":false},\"shipping_information\":{\"visible\":false,\"sorting\":false},\"customer_email\":{\"visible\":false,\"sorting\":false},\"subtotal\":{\"visible\":false,\"sorting\":false},\"shipping_and_handling\":{\"visible\":false,\"sorting\":false},\"customer_name\":{\"visible\":false,\"sorting\":false},\"total_refunded\":{\"visible\":false,\"sorting\":false},\"pickup_location_code\":{\"visible\":false,\"sorting\":false},\"transaction_source\":{\"visible\":true,\"sorting\":false},\"dispute_status\":{\"visible\":true,\"sorting\":false},\"actions\":{\"visible\":true,\"sorting\":false},\"status\":{\"visible\":true,\"sorting\":false},\"customer_group\":{\"visible\":false,\"sorting\":false},\"payment_method\":{\"visible\":false,\"sorting\":false},\"allocated_sources\":{\"visible\":true,\"sorting\":false},\"ids\":{\"visible\":true,\"sorting\":false},\"created_at\":{\"visible\":true,\"sorting\":\"desc\"}},\"displayMode\":\"grid\",\"positions\":{\"ids\":0,\"increment_id\":1,\"store_id\":2,\"created_at\":3,\"billing_name\":4,\"shipping_name\":5,\"base_grand_total\":6,\"grand_total\":7,\"status\":8,\"billing_address\":9,\"shipping_address\":10,\"shipping_information\":11,\"customer_email\":12,\"customer_group\":13,\"subtotal\":14,\"shipping_and_handling\":15,\"customer_name\":16,\"payment_method\":17,\"total_refunded\":18,\"actions\":19,\"allocated_sources\":20,\"pickup_location_code\":21,\"transaction_source\":22,\"dispute_status\":23}},\"value\":\"Default View\"}}}','2025-02-06 08:38:53','2025-02-06 08:38:54'),(4,1,'sales_order_grid','current',0,NULL,'{\"current\":{\"search\":{\"value\":\"\"},\"filters\":{\"applied\":{\"placeholder\":true}},\"paging\":{\"pageSize\":20,\"current\":1,\"options\":{\"20\":{\"value\":20,\"label\":20},\"30\":{\"value\":30,\"label\":30},\"50\":{\"value\":50,\"label\":50},\"100\":{\"value\":100,\"label\":100},\"200\":{\"value\":200,\"label\":200}},\"value\":20},\"columns\":{\"increment_id\":{\"visible\":true,\"sorting\":false},\"store_id\":{\"visible\":true,\"sorting\":false},\"billing_name\":{\"visible\":true,\"sorting\":false},\"shipping_name\":{\"visible\":true,\"sorting\":false},\"base_grand_total\":{\"visible\":true,\"sorting\":false},\"grand_total\":{\"visible\":true,\"sorting\":false},\"billing_address\":{\"visible\":false,\"sorting\":false},\"shipping_address\":{\"visible\":false,\"sorting\":false},\"shipping_information\":{\"visible\":false,\"sorting\":false},\"customer_email\":{\"visible\":false,\"sorting\":false},\"subtotal\":{\"visible\":false,\"sorting\":false},\"shipping_and_handling\":{\"visible\":false,\"sorting\":false},\"customer_name\":{\"visible\":false,\"sorting\":false},\"total_refunded\":{\"visible\":false,\"sorting\":false},\"pickup_location_code\":{\"visible\":false,\"sorting\":false},\"transaction_source\":{\"visible\":true,\"sorting\":false},\"dispute_status\":{\"visible\":true,\"sorting\":false},\"actions\":{\"visible\":true,\"sorting\":false},\"status\":{\"visible\":true,\"sorting\":false},\"customer_group\":{\"visible\":false,\"sorting\":false},\"payment_method\":{\"visible\":false,\"sorting\":false},\"allocated_sources\":{\"visible\":true,\"sorting\":false},\"ids\":{\"visible\":true,\"sorting\":false},\"created_at\":{\"visible\":true,\"sorting\":\"desc\"}},\"displayMode\":\"grid\",\"positions\":{\"ids\":0,\"increment_id\":1,\"store_id\":2,\"created_at\":3,\"billing_name\":4,\"shipping_name\":5,\"base_grand_total\":6,\"grand_total\":7,\"status\":8,\"billing_address\":9,\"shipping_address\":10,\"shipping_information\":11,\"customer_email\":12,\"customer_group\":13,\"subtotal\":14,\"shipping_and_handling\":15,\"customer_name\":16,\"payment_method\":17,\"total_refunded\":18,\"actions\":19,\"allocated_sources\":20,\"pickup_location_code\":21,\"transaction_source\":22,\"dispute_status\":23}}}','2025-02-06 08:39:00','2025-02-06 08:39:00'),(5,1,'cms_page_listing','default',1,'Default View','{\"views\":{\"default\":{\"label\":\"Default View\",\"index\":\"default\",\"editable\":false,\"data\":{\"columns\":{\"page_id\":{\"visible\":true,\"sorting\":\"asc\"},\"title\":{\"visible\":true,\"sorting\":false},\"identifier\":{\"visible\":true,\"sorting\":false},\"store_id\":{\"visible\":true,\"sorting\":false},\"meta_title\":{\"visible\":false,\"sorting\":false},\"meta_keywords\":{\"visible\":false,\"sorting\":false},\"meta_description\":{\"visible\":false,\"sorting\":false},\"actions\":{\"visible\":true,\"sorting\":false},\"ids\":{\"visible\":true,\"sorting\":false},\"page_layout\":{\"visible\":true,\"sorting\":false},\"is_active\":{\"visible\":true,\"sorting\":false},\"custom_theme\":{\"visible\":false,\"sorting\":false},\"custom_root_template\":{\"visible\":false,\"sorting\":false},\"creation_time\":{\"visible\":true,\"sorting\":false},\"update_time\":{\"visible\":true,\"sorting\":false},\"custom_theme_from\":{\"visible\":false,\"sorting\":false},\"custom_theme_to\":{\"visible\":false,\"sorting\":false}},\"displayMode\":\"grid\",\"search\":{\"value\":\"\"},\"filters\":{\"applied\":{\"placeholder\":true}},\"paging\":{\"pageSize\":20,\"current\":1,\"options\":{\"20\":{\"value\":20,\"label\":20},\"30\":{\"value\":30,\"label\":30},\"50\":{\"value\":50,\"label\":50},\"100\":{\"value\":100,\"label\":100},\"200\":{\"value\":200,\"label\":200}},\"value\":20},\"positions\":{\"ids\":0,\"page_id\":1,\"title\":2,\"identifier\":3,\"page_layout\":4,\"store_id\":5,\"is_active\":6,\"creation_time\":7,\"update_time\":8,\"custom_theme_from\":9,\"custom_theme_to\":10,\"custom_theme\":11,\"custom_root_template\":12,\"meta_title\":13,\"meta_keywords\":14,\"meta_description\":15,\"actions\":16}},\"value\":\"Default View\"}}}','2025-02-06 11:16:31','2025-02-06 11:16:32'),(6,1,'cms_page_listing','current',0,NULL,'{\"current\":{\"columns\":{\"page_id\":{\"visible\":true,\"sorting\":\"asc\"},\"title\":{\"visible\":true,\"sorting\":false},\"identifier\":{\"visible\":true,\"sorting\":false},\"store_id\":{\"visible\":true,\"sorting\":false},\"meta_title\":{\"visible\":false,\"sorting\":false},\"meta_keywords\":{\"visible\":false,\"sorting\":false},\"meta_description\":{\"visible\":false,\"sorting\":false},\"actions\":{\"visible\":true,\"sorting\":false},\"ids\":{\"visible\":true,\"sorting\":false},\"page_layout\":{\"visible\":true,\"sorting\":false},\"is_active\":{\"visible\":true,\"sorting\":false},\"custom_theme\":{\"visible\":false,\"sorting\":false},\"custom_root_template\":{\"visible\":false,\"sorting\":false},\"creation_time\":{\"visible\":true,\"sorting\":false},\"update_time\":{\"visible\":true,\"sorting\":false},\"custom_theme_from\":{\"visible\":false,\"sorting\":false},\"custom_theme_to\":{\"visible\":false,\"sorting\":false}},\"displayMode\":\"grid\",\"search\":{\"value\":\"\"},\"filters\":{\"applied\":{\"placeholder\":true}},\"paging\":{\"pageSize\":20,\"current\":1,\"options\":{\"20\":{\"value\":20,\"label\":20},\"30\":{\"value\":30,\"label\":30},\"50\":{\"value\":50,\"label\":50},\"100\":{\"value\":100,\"label\":100},\"200\":{\"value\":200,\"label\":200}},\"value\":20},\"positions\":{\"ids\":0,\"page_id\":1,\"title\":2,\"identifier\":3,\"page_layout\":4,\"store_id\":5,\"is_active\":6,\"creation_time\":7,\"update_time\":8,\"custom_theme_from\":9,\"custom_theme_to\":10,\"custom_theme\":11,\"custom_root_template\":12,\"meta_title\":13,\"meta_keywords\":14,\"meta_description\":15,\"actions\":16}}}','2025-02-06 11:16:33','2025-02-06 11:16:33'),(7,1,'design_theme_listing','default',1,'Default View','{\"views\":{\"default\":{\"label\":\"Default View\",\"index\":\"default\",\"editable\":false,\"data\":{\"filters\":{\"applied\":{\"placeholder\":true}},\"columns\":{\"theme_id\":{\"visible\":false,\"sorting\":\"asc\"},\"theme_title\":{\"visible\":true,\"sorting\":false},\"parent_theme_title\":{\"visible\":true,\"sorting\":false},\"theme_path\":{\"visible\":true,\"sorting\":false},\"actions\":{\"visible\":true,\"sorting\":false}},\"displayMode\":\"grid\",\"positions\":{\"theme_id\":0,\"theme_title\":1,\"parent_theme_title\":2,\"theme_path\":3,\"actions\":4},\"paging\":{\"pageSize\":20,\"current\":1,\"options\":{\"20\":{\"value\":20,\"label\":20},\"30\":{\"value\":30,\"label\":30},\"50\":{\"value\":50,\"label\":50},\"100\":{\"value\":100,\"label\":100},\"200\":{\"value\":200,\"label\":200}},\"value\":20}},\"value\":\"Default View\"}}}','2025-02-08 04:09:50','2025-02-08 04:09:50'),(8,1,'design_theme_listing','current',0,NULL,'{\"current\":{\"filters\":{\"applied\":{\"placeholder\":true}},\"columns\":{\"theme_id\":{\"visible\":false,\"sorting\":\"asc\"},\"theme_title\":{\"visible\":true,\"sorting\":false},\"parent_theme_title\":{\"visible\":true,\"sorting\":false},\"theme_path\":{\"visible\":true,\"sorting\":false},\"actions\":{\"visible\":true,\"sorting\":false}},\"displayMode\":\"grid\",\"positions\":{\"theme_id\":0,\"theme_title\":1,\"parent_theme_title\":2,\"theme_path\":3,\"actions\":4},\"paging\":{\"pageSize\":20,\"current\":1,\"options\":{\"20\":{\"value\":20,\"label\":20},\"30\":{\"value\":30,\"label\":30},\"50\":{\"value\":50,\"label\":50},\"100\":{\"value\":100,\"label\":100},\"200\":{\"value\":200,\"label\":200}},\"value\":20}}}','2025-02-08 04:09:54','2025-02-08 04:09:54'),(9,1,'design_config_listing','default',1,'Default View','{\"views\":{\"default\":{\"label\":\"Default View\",\"index\":\"default\",\"editable\":false,\"data\":{\"filters\":{\"applied\":{\"placeholder\":true}},\"paging\":{\"pageSize\":20,\"current\":1,\"options\":{\"20\":{\"value\":20,\"label\":20},\"30\":{\"value\":30,\"label\":30},\"50\":{\"value\":50,\"label\":50},\"100\":{\"value\":100,\"label\":100},\"200\":{\"value\":200,\"label\":200}},\"value\":20},\"displayMode\":\"grid\",\"columns\":{\"actions\":{\"visible\":true,\"sorting\":false},\"default\":{\"visible\":true,\"sorting\":false},\"store_website_id\":{\"visible\":true,\"sorting\":false},\"store_group_id\":{\"visible\":true,\"sorting\":false},\"store_id\":{\"visible\":true,\"sorting\":false},\"theme_theme_id\":{\"visible\":true,\"sorting\":false}},\"positions\":{\"default\":0,\"store_website_id\":1,\"store_group_id\":2,\"store_id\":3,\"theme_theme_id\":4,\"actions\":5}},\"value\":\"Default View\"}}}','2025-02-08 04:10:07','2025-02-08 04:10:08'),(10,1,'design_config_listing','current',0,NULL,'{\"current\":{\"filters\":{\"applied\":{\"placeholder\":true}},\"paging\":{\"pageSize\":20,\"current\":1,\"options\":{\"20\":{\"value\":20,\"label\":20},\"30\":{\"value\":30,\"label\":30},\"50\":{\"value\":50,\"label\":50},\"100\":{\"value\":100,\"label\":100},\"200\":{\"value\":200,\"label\":200}},\"value\":20},\"displayMode\":\"grid\",\"columns\":{\"actions\":{\"visible\":true,\"sorting\":false},\"default\":{\"visible\":true,\"sorting\":false},\"store_website_id\":{\"visible\":true,\"sorting\":false},\"store_group_id\":{\"visible\":true,\"sorting\":false},\"store_id\":{\"visible\":true,\"sorting\":false},\"theme_theme_id\":{\"visible\":true,\"sorting\":false}},\"positions\":{\"default\":0,\"store_website_id\":1,\"store_group_id\":2,\"store_id\":3,\"theme_theme_id\":4,\"actions\":5}}}','2025-02-08 04:10:09','2025-02-08 04:10:09'),(11,1,'letscms_faqgroup_listing','default',1,'Default View','{\"views\":{\"default\":{\"label\":\"Default View\",\"index\":\"default\",\"editable\":false,\"data\":{\"filters\":{\"applied\":{\"placeholder\":true,\"website_id\":\"1\"}},\"columns\":{\"faqgroupid\":{\"visible\":true,\"sorting\":\"asc\"},\"groupname\":{\"visible\":true,\"sorting\":false},\"sortorder\":{\"visible\":true,\"sorting\":false},\"delete_action\":{\"visible\":true,\"sorting\":false},\"ids\":{\"visible\":true,\"sorting\":false},\"status\":{\"visible\":true,\"sorting\":false}},\"displayMode\":\"grid\",\"positions\":{\"ids\":0,\"faqgroupid\":1,\"groupname\":2,\"sortorder\":3,\"delete_action\":4,\"status\":5}},\"value\":\"Default View\"}}}','2025-02-08 04:57:48','2025-02-08 04:57:48'),(12,1,'letscms_faqgroup_listing','current',0,NULL,'{\"current\":{\"filters\":{\"applied\":{\"placeholder\":true,\"website_id\":\"1\"}},\"columns\":{\"faqgroupid\":{\"visible\":true,\"sorting\":\"asc\"},\"groupname\":{\"visible\":true,\"sorting\":false},\"sortorder\":{\"visible\":true,\"sorting\":false},\"delete_action\":{\"visible\":true,\"sorting\":false},\"ids\":{\"visible\":true,\"sorting\":false},\"status\":{\"visible\":true,\"sorting\":false}},\"displayMode\":\"grid\",\"positions\":{\"ids\":0,\"faqgroupid\":1,\"groupname\":2,\"sortorder\":3,\"delete_action\":4,\"status\":5}}}','2025-02-08 04:57:51','2025-02-08 04:57:51'),(13,1,'Faq_index_listing','default',1,'Default View','{\"views\":{\"default\":{\"label\":\"Default View\",\"index\":\"default\",\"editable\":false,\"data\":{\"filters\":{\"applied\":{\"placeholder\":true}},\"paging\":{\"pageSize\":20,\"current\":1,\"options\":{\"20\":{\"value\":20,\"label\":20},\"30\":{\"value\":30,\"label\":30},\"50\":{\"value\":50,\"label\":50},\"100\":{\"value\":100,\"label\":100},\"200\":{\"value\":200,\"label\":200}},\"value\":20},\"columns\":{\"faqid\":{\"visible\":true,\"sorting\":\"desc\"},\"title\":{\"visible\":true,\"sorting\":false},\"sortorder\":{\"visible\":true,\"sorting\":false},\"delete_action\":{\"visible\":true,\"sorting\":false},\"ids\":{\"visible\":true,\"sorting\":false},\"group\":{\"visible\":true,\"sorting\":false},\"status\":{\"visible\":true,\"sorting\":false}},\"displayMode\":\"grid\",\"positions\":{\"ids\":0,\"faqid\":1,\"title\":2,\"group\":3,\"sortorder\":4,\"delete_action\":5,\"status\":6}},\"value\":\"Default View\"}}}','2025-02-08 05:04:57','2025-02-08 05:04:57'),(14,1,'Faq_index_listing','current',0,NULL,'{\"current\":{\"filters\":{\"applied\":{\"placeholder\":true}},\"paging\":{\"pageSize\":20,\"current\":1,\"options\":{\"20\":{\"value\":20,\"label\":20},\"30\":{\"value\":30,\"label\":30},\"50\":{\"value\":50,\"label\":50},\"100\":{\"value\":100,\"label\":100},\"200\":{\"value\":200,\"label\":200}},\"value\":20},\"columns\":{\"faqid\":{\"visible\":true,\"sorting\":\"desc\"},\"title\":{\"visible\":true,\"sorting\":false},\"sortorder\":{\"visible\":true,\"sorting\":false},\"delete_action\":{\"visible\":true,\"sorting\":false},\"ids\":{\"visible\":true,\"sorting\":false},\"group\":{\"visible\":true,\"sorting\":false},\"status\":{\"visible\":true,\"sorting\":false}},\"displayMode\":\"grid\",\"positions\":{\"ids\":0,\"faqid\":1,\"title\":2,\"group\":3,\"sortorder\":4,\"delete_action\":5,\"status\":6}}}','2025-02-08 05:04:58','2025-02-08 05:04:58'),(15,1,'sales_order_view_invoice_grid','default',1,'Default View','{\"views\":{\"default\":{\"label\":\"Default View\",\"index\":\"default\",\"editable\":false,\"data\":{\"search\":{\"value\":\"\"},\"filters\":{\"applied\":{\"placeholder\":true}},\"paging\":{\"pageSize\":20,\"current\":1,\"options\":{\"20\":{\"value\":20,\"label\":20},\"30\":{\"value\":30,\"label\":30},\"50\":{\"value\":50,\"label\":50},\"100\":{\"value\":100,\"label\":100},\"200\":{\"value\":200,\"label\":200}},\"value\":20},\"columns\":{\"increment_id\":{\"visible\":true,\"sorting\":\"asc\"},\"order_increment_id\":{\"visible\":true,\"sorting\":false},\"billing_name\":{\"visible\":true,\"sorting\":false},\"grand_total\":{\"visible\":true,\"sorting\":false},\"store_id\":{\"visible\":false,\"sorting\":false},\"billing_address\":{\"visible\":false,\"sorting\":false},\"shipping_address\":{\"visible\":false,\"sorting\":false},\"customer_name\":{\"visible\":false,\"sorting\":false},\"customer_email\":{\"visible\":false,\"sorting\":false},\"shipping_information\":{\"visible\":false,\"sorting\":false},\"subtotal\":{\"visible\":false,\"sorting\":false},\"shipping_and_handling\":{\"visible\":false,\"sorting\":false},\"actions\":{\"visible\":true,\"sorting\":false},\"ids\":{\"visible\":true,\"sorting\":false},\"state\":{\"visible\":true,\"sorting\":false},\"customer_group_id\":{\"visible\":false,\"sorting\":false},\"payment_method\":{\"visible\":false,\"sorting\":false},\"created_at\":{\"visible\":true,\"sorting\":false},\"order_created_at\":{\"visible\":true,\"sorting\":false}},\"displayMode\":\"grid\",\"positions\":{\"ids\":0,\"increment_id\":1,\"created_at\":2,\"order_increment_id\":3,\"order_created_at\":4,\"billing_name\":5,\"state\":6,\"grand_total\":7,\"store_id\":8,\"billing_address\":9,\"shipping_address\":10,\"customer_name\":11,\"customer_email\":12,\"customer_group_id\":13,\"payment_method\":14,\"shipping_information\":15,\"subtotal\":16,\"shipping_and_handling\":17,\"actions\":18}},\"value\":\"Default View\"}}}','2025-02-08 12:23:01','2025-02-08 12:23:01'),(16,1,'sales_order_view_creditmemo_grid','default',1,'Default View','{\"views\":{\"default\":{\"label\":\"Default View\",\"index\":\"default\",\"editable\":false,\"data\":{\"search\":{\"value\":\"\"},\"filters\":{\"applied\":{\"placeholder\":true}},\"paging\":{\"pageSize\":20,\"current\":1,\"options\":{\"20\":{\"value\":20,\"label\":20},\"30\":{\"value\":30,\"label\":30},\"50\":{\"value\":50,\"label\":50},\"100\":{\"value\":100,\"label\":100},\"200\":{\"value\":200,\"label\":200}},\"value\":20},\"columns\":{\"increment_id\":{\"visible\":true,\"sorting\":false},\"order_increment_id\":{\"visible\":true,\"sorting\":false},\"billing_name\":{\"visible\":true,\"sorting\":false},\"base_grand_total\":{\"visible\":true,\"sorting\":false},\"store_id\":{\"visible\":false,\"sorting\":false},\"billing_address\":{\"visible\":false,\"sorting\":false},\"shipping_address\":{\"visible\":false,\"sorting\":false},\"customer_name\":{\"visible\":false,\"sorting\":false},\"customer_email\":{\"visible\":false,\"sorting\":false},\"shipping_information\":{\"visible\":false,\"sorting\":false},\"subtotal\":{\"visible\":false,\"sorting\":false},\"shipping_and_handling\":{\"visible\":false,\"sorting\":false},\"adjustment_positive\":{\"visible\":false,\"sorting\":false},\"adjustment_negative\":{\"visible\":false,\"sorting\":false},\"order_base_grand_total\":{\"visible\":false,\"sorting\":false},\"actions\":{\"visible\":true,\"sorting\":false},\"ids\":{\"visible\":true,\"sorting\":false},\"state\":{\"visible\":true,\"sorting\":false},\"order_status\":{\"visible\":false,\"sorting\":false},\"customer_group_id\":{\"visible\":false,\"sorting\":false},\"payment_method\":{\"visible\":false,\"sorting\":false},\"created_at\":{\"visible\":true,\"sorting\":false},\"order_created_at\":{\"visible\":true,\"sorting\":false}},\"displayMode\":\"grid\",\"positions\":{\"ids\":0,\"increment_id\":1,\"created_at\":2,\"order_increment_id\":3,\"order_created_at\":4,\"billing_name\":5,\"state\":6,\"base_grand_total\":7,\"order_status\":8,\"store_id\":9,\"billing_address\":10,\"shipping_address\":11,\"customer_name\":12,\"customer_email\":13,\"customer_group_id\":14,\"payment_method\":15,\"shipping_information\":16,\"subtotal\":17,\"shipping_and_handling\":18,\"adjustment_positive\":19,\"adjustment_negative\":20,\"order_base_grand_total\":21,\"actions\":22}},\"value\":\"Default View\"}}}','2025-02-08 12:23:02','2025-02-08 12:23:02'),(17,1,'sales_order_view_shipment_grid','default',1,'Default View','{\"views\":{\"default\":{\"label\":\"Default View\",\"index\":\"default\",\"editable\":false,\"data\":{\"search\":{\"value\":\"\"},\"filters\":{\"applied\":{\"placeholder\":true}},\"paging\":{\"pageSize\":20,\"current\":1,\"options\":{\"20\":{\"value\":20,\"label\":20},\"30\":{\"value\":30,\"label\":30},\"50\":{\"value\":50,\"label\":50},\"100\":{\"value\":100,\"label\":100},\"200\":{\"value\":200,\"label\":200}},\"value\":20},\"columns\":{\"increment_id\":{\"visible\":true,\"sorting\":\"asc\"},\"order_increment_id\":{\"visible\":true,\"sorting\":false},\"shipping_name\":{\"visible\":true,\"sorting\":false},\"total_qty\":{\"visible\":true,\"sorting\":false},\"store_id\":{\"visible\":false,\"sorting\":false},\"customer_name\":{\"visible\":false,\"sorting\":false},\"customer_email\":{\"visible\":false,\"sorting\":false},\"billing_address\":{\"visible\":false,\"sorting\":false},\"shipping_address\":{\"visible\":false,\"sorting\":false},\"shipping_information\":{\"visible\":false,\"sorting\":false},\"actions\":{\"visible\":true,\"sorting\":false},\"ids\":{\"visible\":true,\"sorting\":false},\"order_status\":{\"visible\":false,\"sorting\":false},\"customer_group_id\":{\"visible\":false,\"sorting\":false},\"payment_method\":{\"visible\":false,\"sorting\":false},\"created_at\":{\"visible\":true,\"sorting\":false},\"order_created_at\":{\"visible\":true,\"sorting\":false}},\"displayMode\":\"grid\",\"positions\":{\"ids\":0,\"increment_id\":1,\"created_at\":2,\"order_increment_id\":3,\"order_created_at\":4,\"shipping_name\":5,\"total_qty\":6,\"order_status\":7,\"store_id\":8,\"customer_name\":9,\"customer_email\":10,\"customer_group_id\":11,\"billing_address\":12,\"shipping_address\":13,\"payment_method\":14,\"shipping_information\":15,\"actions\":16}},\"value\":\"Default View\"}}}','2025-02-08 12:23:03','2025-02-08 12:23:03'),(18,1,'sales_order_view_invoice_grid','current',0,NULL,'{\"current\":{\"search\":{\"value\":\"\"},\"filters\":{\"applied\":{\"placeholder\":true}},\"paging\":{\"pageSize\":20,\"current\":1,\"options\":{\"20\":{\"value\":20,\"label\":20},\"30\":{\"value\":30,\"label\":30},\"50\":{\"value\":50,\"label\":50},\"100\":{\"value\":100,\"label\":100},\"200\":{\"value\":200,\"label\":200}},\"value\":20},\"columns\":{\"increment_id\":{\"visible\":true,\"sorting\":\"asc\"},\"order_increment_id\":{\"visible\":true,\"sorting\":false},\"billing_name\":{\"visible\":true,\"sorting\":false},\"grand_total\":{\"visible\":true,\"sorting\":false},\"store_id\":{\"visible\":false,\"sorting\":false},\"billing_address\":{\"visible\":false,\"sorting\":false},\"shipping_address\":{\"visible\":false,\"sorting\":false},\"customer_name\":{\"visible\":false,\"sorting\":false},\"customer_email\":{\"visible\":false,\"sorting\":false},\"shipping_information\":{\"visible\":false,\"sorting\":false},\"subtotal\":{\"visible\":false,\"sorting\":false},\"shipping_and_handling\":{\"visible\":false,\"sorting\":false},\"actions\":{\"visible\":true,\"sorting\":false},\"ids\":{\"visible\":true,\"sorting\":false},\"state\":{\"visible\":true,\"sorting\":false},\"customer_group_id\":{\"visible\":false,\"sorting\":false},\"payment_method\":{\"visible\":false,\"sorting\":false},\"created_at\":{\"visible\":true,\"sorting\":false},\"order_created_at\":{\"visible\":true,\"sorting\":false}},\"displayMode\":\"grid\",\"positions\":{\"ids\":0,\"increment_id\":1,\"created_at\":2,\"order_increment_id\":3,\"order_created_at\":4,\"billing_name\":5,\"state\":6,\"grand_total\":7,\"store_id\":8,\"billing_address\":9,\"shipping_address\":10,\"customer_name\":11,\"customer_email\":12,\"customer_group_id\":13,\"payment_method\":14,\"shipping_information\":15,\"subtotal\":16,\"shipping_and_handling\":17,\"actions\":18}}}','2025-02-08 12:23:06','2025-02-08 12:23:06'),(19,1,'sales_order_view_creditmemo_grid','current',0,NULL,'{\"current\":{\"search\":{\"value\":\"\"},\"filters\":{\"applied\":{\"placeholder\":true}},\"paging\":{\"pageSize\":20,\"current\":1,\"options\":{\"20\":{\"value\":20,\"label\":20},\"30\":{\"value\":30,\"label\":30},\"50\":{\"value\":50,\"label\":50},\"100\":{\"value\":100,\"label\":100},\"200\":{\"value\":200,\"label\":200}},\"value\":20},\"columns\":{\"increment_id\":{\"visible\":true,\"sorting\":false},\"order_increment_id\":{\"visible\":true,\"sorting\":false},\"billing_name\":{\"visible\":true,\"sorting\":false},\"base_grand_total\":{\"visible\":true,\"sorting\":false},\"store_id\":{\"visible\":false,\"sorting\":false},\"billing_address\":{\"visible\":false,\"sorting\":false},\"shipping_address\":{\"visible\":false,\"sorting\":false},\"customer_name\":{\"visible\":false,\"sorting\":false},\"customer_email\":{\"visible\":false,\"sorting\":false},\"shipping_information\":{\"visible\":false,\"sorting\":false},\"subtotal\":{\"visible\":false,\"sorting\":false},\"shipping_and_handling\":{\"visible\":false,\"sorting\":false},\"adjustment_positive\":{\"visible\":false,\"sorting\":false},\"adjustment_negative\":{\"visible\":false,\"sorting\":false},\"order_base_grand_total\":{\"visible\":false,\"sorting\":false},\"actions\":{\"visible\":true,\"sorting\":false},\"ids\":{\"visible\":true,\"sorting\":false},\"state\":{\"visible\":true,\"sorting\":false},\"order_status\":{\"visible\":false,\"sorting\":false},\"customer_group_id\":{\"visible\":false,\"sorting\":false},\"payment_method\":{\"visible\":false,\"sorting\":false},\"created_at\":{\"visible\":true,\"sorting\":false},\"order_created_at\":{\"visible\":true,\"sorting\":false}},\"displayMode\":\"grid\",\"positions\":{\"ids\":0,\"increment_id\":1,\"created_at\":2,\"order_increment_id\":3,\"order_created_at\":4,\"billing_name\":5,\"state\":6,\"base_grand_total\":7,\"order_status\":8,\"store_id\":9,\"billing_address\":10,\"shipping_address\":11,\"customer_name\":12,\"customer_email\":13,\"customer_group_id\":14,\"payment_method\":15,\"shipping_information\":16,\"subtotal\":17,\"shipping_and_handling\":18,\"adjustment_positive\":19,\"adjustment_negative\":20,\"order_base_grand_total\":21,\"actions\":22}}}','2025-02-08 12:23:07','2025-02-08 12:23:07'),(20,1,'sales_order_view_shipment_grid','current',0,NULL,'{\"current\":{\"search\":{\"value\":\"\"},\"filters\":{\"applied\":{\"placeholder\":true}},\"paging\":{\"pageSize\":20,\"current\":1,\"options\":{\"20\":{\"value\":20,\"label\":20},\"30\":{\"value\":30,\"label\":30},\"50\":{\"value\":50,\"label\":50},\"100\":{\"value\":100,\"label\":100},\"200\":{\"value\":200,\"label\":200}},\"value\":20},\"columns\":{\"increment_id\":{\"visible\":true,\"sorting\":\"asc\"},\"order_increment_id\":{\"visible\":true,\"sorting\":false},\"shipping_name\":{\"visible\":true,\"sorting\":false},\"total_qty\":{\"visible\":true,\"sorting\":false},\"store_id\":{\"visible\":false,\"sorting\":false},\"customer_name\":{\"visible\":false,\"sorting\":false},\"customer_email\":{\"visible\":false,\"sorting\":false},\"billing_address\":{\"visible\":false,\"sorting\":false},\"shipping_address\":{\"visible\":false,\"sorting\":false},\"shipping_information\":{\"visible\":false,\"sorting\":false},\"actions\":{\"visible\":true,\"sorting\":false},\"ids\":{\"visible\":true,\"sorting\":false},\"order_status\":{\"visible\":false,\"sorting\":false},\"customer_group_id\":{\"visible\":false,\"sorting\":false},\"payment_method\":{\"visible\":false,\"sorting\":false},\"created_at\":{\"visible\":true,\"sorting\":false},\"order_created_at\":{\"visible\":true,\"sorting\":false}},\"displayMode\":\"grid\",\"positions\":{\"ids\":0,\"increment_id\":1,\"created_at\":2,\"order_increment_id\":3,\"order_created_at\":4,\"shipping_name\":5,\"total_qty\":6,\"order_status\":7,\"store_id\":8,\"customer_name\":9,\"customer_email\":10,\"customer_group_id\":11,\"billing_address\":12,\"shipping_address\":13,\"payment_method\":14,\"shipping_information\":15,\"actions\":16}}}','2025-02-08 12:23:09','2025-02-08 12:23:09'),(21,1,'letscms_categories_listing','default',1,'Default View','{\"views\":{\"default\":{\"label\":\"Default View\",\"index\":\"default\",\"editable\":false,\"data\":{\"filters\":{\"applied\":{\"placeholder\":true}},\"paging\":{\"pageSize\":20,\"current\":1,\"options\":{\"20\":{\"value\":20,\"label\":20},\"30\":{\"value\":30,\"label\":30},\"50\":{\"value\":50,\"label\":50},\"100\":{\"value\":100,\"label\":100},\"200\":{\"value\":200,\"label\":200}},\"value\":20},\"columns\":{\"id\":{\"visible\":true,\"sorting\":\"desc\"},\"category_name\":{\"visible\":true,\"sorting\":false},\"url_key\":{\"visible\":true,\"sorting\":false},\"meta_keywords\":{\"visible\":true,\"sorting\":false},\"delete_action\":{\"visible\":true,\"sorting\":false},\"ids\":{\"visible\":true,\"sorting\":false},\"created_at\":{\"visible\":true,\"sorting\":false}},\"displayMode\":\"grid\",\"positions\":{\"ids\":0,\"id\":1,\"category_name\":2,\"url_key\":3,\"meta_keywords\":4,\"created_at\":5,\"delete_action\":6}},\"value\":\"Default View\"}}}','2025-02-09 04:36:09','2025-02-09 04:36:09'),(22,1,'letscms_categories_listing','current',0,NULL,'{\"current\":{\"filters\":{\"applied\":{\"placeholder\":true}},\"paging\":{\"pageSize\":20,\"current\":1,\"options\":{\"20\":{\"value\":20,\"label\":20},\"30\":{\"value\":30,\"label\":30},\"50\":{\"value\":50,\"label\":50},\"100\":{\"value\":100,\"label\":100},\"200\":{\"value\":200,\"label\":200}},\"value\":20},\"columns\":{\"id\":{\"visible\":true,\"sorting\":\"desc\"},\"category_name\":{\"visible\":true,\"sorting\":false},\"url_key\":{\"visible\":true,\"sorting\":false},\"meta_keywords\":{\"visible\":true,\"sorting\":false},\"delete_action\":{\"visible\":true,\"sorting\":false},\"ids\":{\"visible\":true,\"sorting\":false},\"created_at\":{\"visible\":true,\"sorting\":false}},\"displayMode\":\"grid\",\"positions\":{\"ids\":0,\"id\":1,\"category_name\":2,\"url_key\":3,\"meta_keywords\":4,\"created_at\":5,\"delete_action\":6}}}','2025-02-09 04:36:11','2025-02-09 04:36:11'),(23,1,'cms_block_listing','default',1,'Default View','{\"views\":{\"default\":{\"label\":\"Default View\",\"index\":\"default\",\"editable\":false,\"data\":{\"search\":{\"value\":\"\"},\"filters\":{\"applied\":{\"placeholder\":true}},\"displayMode\":\"grid\",\"paging\":{\"pageSize\":20,\"current\":1,\"options\":{\"20\":{\"value\":20,\"label\":20},\"30\":{\"value\":30,\"label\":30},\"50\":{\"value\":50,\"label\":50},\"100\":{\"value\":100,\"label\":100},\"200\":{\"value\":200,\"label\":200}},\"value\":20},\"columns\":{\"actions\":{\"visible\":true,\"sorting\":false},\"ids\":{\"visible\":true,\"sorting\":false},\"is_active\":{\"visible\":true,\"sorting\":false},\"creation_time\":{\"visible\":true,\"sorting\":false},\"update_time\":{\"visible\":true,\"sorting\":false},\"block_id\":{\"visible\":true,\"sorting\":\"asc\"},\"title\":{\"visible\":true,\"sorting\":false},\"identifier\":{\"visible\":true,\"sorting\":false},\"store_id\":{\"visible\":true,\"sorting\":false}},\"positions\":{\"ids\":0,\"block_id\":1,\"title\":2,\"identifier\":3,\"store_id\":4,\"is_active\":5,\"creation_time\":6,\"update_time\":7,\"actions\":8}},\"value\":\"Default View\"}}}','2025-02-20 04:50:43','2025-02-20 04:50:43'),(24,1,'cms_block_listing','current',0,NULL,'{\"current\":{\"search\":{\"value\":\"\"},\"filters\":{\"applied\":{\"placeholder\":true}},\"displayMode\":\"grid\",\"paging\":{\"pageSize\":20,\"current\":1,\"options\":{\"20\":{\"value\":20,\"label\":20},\"30\":{\"value\":30,\"label\":30},\"50\":{\"value\":50,\"label\":50},\"100\":{\"value\":100,\"label\":100},\"200\":{\"value\":200,\"label\":200}},\"value\":20},\"columns\":{\"actions\":{\"visible\":true,\"sorting\":false},\"ids\":{\"visible\":true,\"sorting\":false},\"is_active\":{\"visible\":true,\"sorting\":false},\"creation_time\":{\"visible\":true,\"sorting\":false},\"update_time\":{\"visible\":true,\"sorting\":false},\"block_id\":{\"visible\":true,\"sorting\":\"desc\"},\"title\":{\"visible\":true,\"sorting\":false},\"identifier\":{\"visible\":true,\"sorting\":false},\"store_id\":{\"visible\":true,\"sorting\":false}},\"positions\":{\"ids\":0,\"block_id\":1,\"title\":2,\"identifier\":3,\"store_id\":4,\"is_active\":5,\"creation_time\":6,\"update_time\":7,\"actions\":8}}}','2025-02-20 04:50:46','2025-08-17 08:16:19'),(25,1,'customer_listing','default',1,'Default View','{\"views\":{\"default\":{\"label\":\"Default View\",\"index\":\"default\",\"editable\":false,\"data\":{\"positions\":{\"ids\":0,\"entity_id\":1,\"name\":2,\"email\":3,\"group_id\":4,\"billing_telephone\":5,\"billing_postcode\":6,\"billing_country_id\":7,\"billing_region\":8,\"created_at\":9,\"website_id\":10,\"confirmation\":11,\"created_in\":12,\"billing_full\":13,\"shipping_full\":14,\"dob\":15,\"taxvat\":16,\"gender\":17,\"billing_street\":18,\"billing_city\":19,\"billing_fax\":20,\"billing_vat_id\":21,\"billing_company\":22,\"billing_firstname\":23,\"billing_lastname\":24,\"lock_expires\":25,\"actions\":26},\"columns\":{\"entity_id\":{\"visible\":true,\"sorting\":\"asc\"},\"name\":{\"visible\":true,\"sorting\":false},\"email\":{\"visible\":true,\"sorting\":false},\"billing_telephone\":{\"visible\":true,\"sorting\":false},\"billing_postcode\":{\"visible\":true,\"sorting\":false},\"billing_region\":{\"visible\":true,\"sorting\":false},\"confirmation\":{\"visible\":true,\"sorting\":false},\"created_in\":{\"visible\":true,\"sorting\":false},\"billing_full\":{\"visible\":false,\"sorting\":false},\"shipping_full\":{\"visible\":false,\"sorting\":false},\"taxvat\":{\"visible\":true,\"sorting\":false},\"billing_street\":{\"visible\":false,\"sorting\":false},\"billing_city\":{\"visible\":false,\"sorting\":false},\"billing_fax\":{\"visible\":false,\"sorting\":false},\"billing_vat_id\":{\"visible\":false,\"sorting\":false},\"billing_company\":{\"visible\":false,\"sorting\":false},\"billing_firstname\":{\"visible\":false,\"sorting\":false},\"billing_lastname\":{\"visible\":false,\"sorting\":false},\"lock_expires\":{\"visible\":false,\"sorting\":false},\"actions\":{\"visible\":true,\"sorting\":false},\"ids\":{\"visible\":true,\"sorting\":false},\"group_id\":{\"visible\":true,\"sorting\":false},\"billing_country_id\":{\"visible\":true,\"sorting\":false},\"website_id\":{\"visible\":true,\"sorting\":false},\"gender\":{\"visible\":true,\"sorting\":false},\"created_at\":{\"visible\":true,\"sorting\":false},\"dob\":{\"visible\":true,\"sorting\":false}},\"displayMode\":\"grid\",\"search\":{\"value\":\"\"},\"filters\":{\"applied\":{\"placeholder\":true}},\"paging\":{\"pageSize\":20,\"current\":1,\"options\":{\"20\":{\"value\":20,\"label\":20},\"30\":{\"value\":30,\"label\":30},\"50\":{\"value\":50,\"label\":50},\"100\":{\"value\":100,\"label\":100},\"200\":{\"value\":200,\"label\":200}},\"value\":20}},\"value\":\"Default View\"}}}','2025-02-22 04:53:37','2025-02-22 04:53:37'),(26,1,'customer_listing','current',0,NULL,'{\"current\":{\"positions\":{\"ids\":0,\"entity_id\":1,\"name\":2,\"email\":3,\"group_id\":4,\"billing_telephone\":5,\"billing_postcode\":6,\"billing_country_id\":7,\"billing_region\":8,\"created_at\":9,\"website_id\":10,\"confirmation\":11,\"created_in\":12,\"billing_full\":13,\"shipping_full\":14,\"dob\":15,\"taxvat\":16,\"gender\":17,\"billing_street\":18,\"billing_city\":19,\"billing_fax\":20,\"billing_vat_id\":21,\"billing_company\":22,\"billing_firstname\":23,\"billing_lastname\":24,\"lock_expires\":25,\"actions\":26},\"columns\":{\"entity_id\":{\"visible\":true,\"sorting\":\"asc\"},\"name\":{\"visible\":true,\"sorting\":false},\"email\":{\"visible\":true,\"sorting\":false},\"billing_telephone\":{\"visible\":true,\"sorting\":false},\"billing_postcode\":{\"visible\":true,\"sorting\":false},\"billing_region\":{\"visible\":true,\"sorting\":false},\"confirmation\":{\"visible\":true,\"sorting\":false},\"created_in\":{\"visible\":true,\"sorting\":false},\"billing_full\":{\"visible\":false,\"sorting\":false},\"shipping_full\":{\"visible\":false,\"sorting\":false},\"taxvat\":{\"visible\":true,\"sorting\":false},\"billing_street\":{\"visible\":false,\"sorting\":false},\"billing_city\":{\"visible\":false,\"sorting\":false},\"billing_fax\":{\"visible\":false,\"sorting\":false},\"billing_vat_id\":{\"visible\":false,\"sorting\":false},\"billing_company\":{\"visible\":false,\"sorting\":false},\"billing_firstname\":{\"visible\":false,\"sorting\":false},\"billing_lastname\":{\"visible\":false,\"sorting\":false},\"lock_expires\":{\"visible\":false,\"sorting\":false},\"actions\":{\"visible\":true,\"sorting\":false},\"ids\":{\"visible\":true,\"sorting\":false},\"group_id\":{\"visible\":true,\"sorting\":false},\"billing_country_id\":{\"visible\":true,\"sorting\":false},\"website_id\":{\"visible\":true,\"sorting\":false},\"gender\":{\"visible\":true,\"sorting\":false},\"created_at\":{\"visible\":true,\"sorting\":false},\"dob\":{\"visible\":true,\"sorting\":false}},\"displayMode\":\"grid\",\"search\":{\"value\":\"\"},\"filters\":{\"applied\":{\"placeholder\":true}},\"paging\":{\"pageSize\":20,\"current\":1,\"options\":{\"20\":{\"value\":20,\"label\":20},\"30\":{\"value\":30,\"label\":30},\"50\":{\"value\":50,\"label\":50},\"100\":{\"value\":100,\"label\":100},\"200\":{\"value\":200,\"label\":200}},\"value\":20}}}','2025-02-22 04:53:38','2025-05-24 08:13:41'),(27,1,'PinCodeBasedCharges_Pincode_listing','default',1,'Default View','{\"views\":{\"default\":{\"label\":\"Default View\",\"index\":\"default\",\"editable\":false,\"data\":{\"columns\":{\"pincode\":{\"visible\":true,\"sorting\":false},\"amount\":{\"visible\":true,\"sorting\":false},\"city\":{\"visible\":true,\"sorting\":false},\"deliverystatus\":{\"visible\":true,\"sorting\":false},\"time\":{\"visible\":true,\"sorting\":false},\"delete_action\":{\"visible\":true,\"sorting\":false},\"ids\":{\"visible\":true,\"sorting\":false}},\"displayMode\":\"grid\",\"filters\":{\"applied\":{\"placeholder\":true}},\"paging\":{\"pageSize\":20,\"current\":1,\"options\":{\"20\":{\"value\":20,\"label\":20},\"30\":{\"value\":30,\"label\":30},\"50\":{\"value\":50,\"label\":50},\"100\":{\"value\":100,\"label\":100},\"200\":{\"value\":200,\"label\":200}},\"value\":20},\"positions\":{\"ids\":0,\"pincode\":1,\"amount\":2,\"city\":3,\"deliverystatus\":4,\"time\":5,\"delete_action\":6}},\"value\":\"Default View\"}}}','2025-02-26 06:10:16','2025-02-26 06:10:16'),(28,1,'PinCodeBasedCharges_Pincode_listing','current',0,NULL,'{\"current\":{\"columns\":{\"pincode\":{\"visible\":true,\"sorting\":false},\"amount\":{\"visible\":true,\"sorting\":false},\"city\":{\"visible\":true,\"sorting\":false},\"deliverystatus\":{\"visible\":true,\"sorting\":false},\"time\":{\"visible\":true,\"sorting\":false},\"delete_action\":{\"visible\":true,\"sorting\":false},\"ids\":{\"visible\":true,\"sorting\":false}},\"displayMode\":\"grid\",\"filters\":{\"applied\":{\"placeholder\":true}},\"paging\":{\"pageSize\":20,\"current\":1,\"options\":{\"20\":{\"value\":20,\"label\":20},\"30\":{\"value\":30,\"label\":30},\"50\":{\"value\":50,\"label\":50},\"100\":{\"value\":100,\"label\":100},\"200\":{\"value\":200,\"label\":200}},\"value\":20},\"positions\":{\"ids\":0,\"pincode\":1,\"amount\":2,\"city\":3,\"deliverystatus\":4,\"time\":5,\"delete_action\":6}}}','2025-02-26 06:10:18','2025-02-26 06:10:18'),(29,6,'product_listing','default',1,'Default View','{\"views\":{\"default\":{\"label\":\"Default View\",\"index\":\"default\",\"editable\":false,\"data\":{\"filters\":{\"applied\":{\"placeholder\":true}},\"paging\":{\"pageSize\":20,\"current\":1,\"options\":{\"20\":{\"value\":20,\"label\":20},\"30\":{\"value\":30,\"label\":30},\"50\":{\"value\":50,\"label\":50},\"100\":{\"value\":100,\"label\":100},\"200\":{\"value\":200,\"label\":200}},\"value\":20},\"columns\":{\"ids\":{\"visible\":true,\"sorting\":false},\"entity_id\":{\"visible\":true,\"sorting\":\"asc\"},\"name\":{\"visible\":true,\"sorting\":false},\"sku\":{\"visible\":true,\"sorting\":false},\"price\":{\"visible\":true,\"sorting\":false},\"websites\":{\"visible\":true,\"sorting\":false},\"qty\":{\"visible\":true,\"sorting\":false},\"short_description\":{\"visible\":false,\"sorting\":false},\"special_price\":{\"visible\":false,\"sorting\":false},\"cost\":{\"visible\":false,\"sorting\":false},\"weight\":{\"visible\":false,\"sorting\":false},\"meta_title\":{\"visible\":false,\"sorting\":false},\"meta_keyword\":{\"visible\":false,\"sorting\":false},\"meta_description\":{\"visible\":false,\"sorting\":false},\"url_key\":{\"visible\":false,\"sorting\":false},\"msrp\":{\"visible\":false,\"sorting\":false},\"actions\":{\"visible\":true,\"sorting\":false},\"salable_quantity\":{\"visible\":true,\"sorting\":false},\"type_id\":{\"visible\":true,\"sorting\":false},\"attribute_set_id\":{\"visible\":true,\"sorting\":false},\"visibility\":{\"visible\":true,\"sorting\":false},\"status\":{\"visible\":true,\"sorting\":false},\"manufacturer\":{\"visible\":false,\"sorting\":false},\"color\":{\"visible\":false,\"sorting\":false},\"custom_design\":{\"visible\":false,\"sorting\":false},\"page_layout\":{\"visible\":false,\"sorting\":false},\"country_of_manufacture\":{\"visible\":false,\"sorting\":false},\"custom_layout\":{\"visible\":false,\"sorting\":false},\"gift_message_available\":{\"visible\":false,\"sorting\":false},\"tax_class_id\":{\"visible\":false,\"sorting\":false},\"thumbnail\":{\"visible\":true,\"sorting\":false},\"updated_at\":{\"visible\":true,\"sorting\":false},\"special_from_date\":{\"visible\":false,\"sorting\":false},\"special_to_date\":{\"visible\":false,\"sorting\":false},\"news_from_date\":{\"visible\":false,\"sorting\":false},\"news_to_date\":{\"visible\":false,\"sorting\":false},\"custom_design_from\":{\"visible\":false,\"sorting\":false},\"custom_design_to\":{\"visible\":false,\"sorting\":false}},\"displayMode\":\"grid\",\"search\":{\"value\":\"\"},\"positions\":{\"ids\":0,\"entity_id\":1,\"thumbnail\":2,\"name\":3,\"type_id\":4,\"attribute_set_id\":5,\"sku\":6,\"price\":7,\"qty\":8,\"salable_quantity\":9,\"visibility\":10,\"status\":11,\"websites\":12,\"short_description\":13,\"special_price\":14,\"special_from_date\":15,\"special_to_date\":16,\"cost\":17,\"weight\":18,\"manufacturer\":19,\"meta_title\":20,\"meta_keyword\":21,\"meta_description\":22,\"color\":23,\"news_from_date\":24,\"news_to_date\":25,\"custom_design\":26,\"custom_design_from\":27,\"custom_design_to\":28,\"page_layout\":29,\"country_of_manufacture\":30,\"custom_layout\":31,\"url_key\":32,\"msrp\":33,\"gift_message_available\":34,\"tax_class_id\":35,\"updated_at\":36,\"actions\":37}},\"value\":\"Default View\"}}}','2025-02-26 06:19:24','2025-02-26 06:19:24'),(30,6,'product_listing','current',0,NULL,'{\"current\":{\"filters\":{\"applied\":{\"placeholder\":true}},\"paging\":{\"pageSize\":20,\"current\":1,\"options\":{\"20\":{\"value\":20,\"label\":20},\"30\":{\"value\":30,\"label\":30},\"50\":{\"value\":50,\"label\":50},\"100\":{\"value\":100,\"label\":100},\"200\":{\"value\":200,\"label\":200}},\"value\":20},\"columns\":{\"ids\":{\"visible\":true,\"sorting\":false},\"entity_id\":{\"visible\":true,\"sorting\":\"asc\"},\"name\":{\"visible\":true,\"sorting\":false},\"sku\":{\"visible\":true,\"sorting\":false},\"price\":{\"visible\":true,\"sorting\":false},\"websites\":{\"visible\":true,\"sorting\":false},\"qty\":{\"visible\":true,\"sorting\":false},\"short_description\":{\"visible\":false,\"sorting\":false},\"special_price\":{\"visible\":false,\"sorting\":false},\"cost\":{\"visible\":false,\"sorting\":false},\"weight\":{\"visible\":false,\"sorting\":false},\"meta_title\":{\"visible\":false,\"sorting\":false},\"meta_keyword\":{\"visible\":false,\"sorting\":false},\"meta_description\":{\"visible\":false,\"sorting\":false},\"url_key\":{\"visible\":false,\"sorting\":false},\"msrp\":{\"visible\":false,\"sorting\":false},\"actions\":{\"visible\":true,\"sorting\":false},\"salable_quantity\":{\"visible\":true,\"sorting\":false},\"type_id\":{\"visible\":true,\"sorting\":false},\"attribute_set_id\":{\"visible\":true,\"sorting\":false},\"visibility\":{\"visible\":true,\"sorting\":false},\"status\":{\"visible\":true,\"sorting\":false},\"manufacturer\":{\"visible\":false,\"sorting\":false},\"color\":{\"visible\":false,\"sorting\":false},\"custom_design\":{\"visible\":false,\"sorting\":false},\"page_layout\":{\"visible\":false,\"sorting\":false},\"country_of_manufacture\":{\"visible\":false,\"sorting\":false},\"custom_layout\":{\"visible\":false,\"sorting\":false},\"gift_message_available\":{\"visible\":false,\"sorting\":false},\"tax_class_id\":{\"visible\":false,\"sorting\":false},\"thumbnail\":{\"visible\":true,\"sorting\":false},\"updated_at\":{\"visible\":true,\"sorting\":false},\"special_from_date\":{\"visible\":false,\"sorting\":false},\"special_to_date\":{\"visible\":false,\"sorting\":false},\"news_from_date\":{\"visible\":false,\"sorting\":false},\"news_to_date\":{\"visible\":false,\"sorting\":false},\"custom_design_from\":{\"visible\":false,\"sorting\":false},\"custom_design_to\":{\"visible\":false,\"sorting\":false}},\"displayMode\":\"grid\",\"search\":{\"value\":\"\"},\"positions\":{\"ids\":0,\"entity_id\":1,\"thumbnail\":2,\"name\":3,\"type_id\":4,\"attribute_set_id\":5,\"sku\":6,\"price\":7,\"qty\":8,\"salable_quantity\":9,\"visibility\":10,\"status\":11,\"websites\":12,\"short_description\":13,\"special_price\":14,\"special_from_date\":15,\"special_to_date\":16,\"cost\":17,\"weight\":18,\"manufacturer\":19,\"meta_title\":20,\"meta_keyword\":21,\"meta_description\":22,\"color\":23,\"news_from_date\":24,\"news_to_date\":25,\"custom_design\":26,\"custom_design_from\":27,\"custom_design_to\":28,\"page_layout\":29,\"country_of_manufacture\":30,\"custom_layout\":31,\"url_key\":32,\"msrp\":33,\"gift_message_available\":34,\"tax_class_id\":35,\"updated_at\":36,\"actions\":37}}}','2025-02-26 06:19:25','2025-02-26 06:19:25'),(31,1,'post_listing','default',1,'Default View','{\"views\":{\"default\":{\"label\":\"Default View\",\"index\":\"default\",\"editable\":false,\"data\":{\"filters\":{\"applied\":{\"placeholder\":true}},\"paging\":{\"pageSize\":20,\"current\":1,\"options\":{\"20\":{\"value\":20,\"label\":20},\"30\":{\"value\":30,\"label\":30},\"50\":{\"value\":50,\"label\":50},\"100\":{\"value\":100,\"label\":100},\"200\":{\"value\":200,\"label\":200}},\"value\":20},\"columns\":{\"ids\":{\"visible\":true,\"sorting\":false},\"created_at\":{\"visible\":true,\"sorting\":false},\"updated_at\":{\"visible\":true,\"sorting\":false},\"id\":{\"visible\":true,\"sorting\":\"desc\"},\"post_name\":{\"visible\":true,\"sorting\":false},\"url_key\":{\"visible\":true,\"sorting\":false},\"meta_keywords\":{\"visible\":true,\"sorting\":false},\"edited\":{\"visible\":true,\"sorting\":false}},\"positions\":{\"ids\":0,\"id\":1,\"post_name\":2,\"url_key\":3,\"meta_keywords\":4,\"created_at\":5,\"updated_at\":6,\"edited\":7},\"displayMode\":\"grid\"},\"value\":\"Default View\"}}}','2025-02-26 07:25:16','2025-02-26 07:25:16'),(32,1,'post_listing','current',0,NULL,'{\"current\":{\"filters\":{\"applied\":{\"placeholder\":true}},\"paging\":{\"pageSize\":20,\"current\":1,\"options\":{\"20\":{\"value\":20,\"label\":20},\"30\":{\"value\":30,\"label\":30},\"50\":{\"value\":50,\"label\":50},\"100\":{\"value\":100,\"label\":100},\"200\":{\"value\":200,\"label\":200}},\"value\":20},\"columns\":{\"ids\":{\"visible\":true,\"sorting\":false},\"created_at\":{\"visible\":true,\"sorting\":false},\"updated_at\":{\"visible\":true,\"sorting\":false},\"id\":{\"visible\":true,\"sorting\":\"desc\"},\"post_name\":{\"visible\":true,\"sorting\":false},\"url_key\":{\"visible\":true,\"sorting\":false},\"meta_keywords\":{\"visible\":true,\"sorting\":false},\"edited\":{\"visible\":true,\"sorting\":false}},\"positions\":{\"ids\":0,\"id\":1,\"post_name\":2,\"url_key\":3,\"meta_keywords\":4,\"created_at\":5,\"updated_at\":6,\"edited\":7},\"displayMode\":\"grid\"}}','2025-02-26 07:25:17','2025-02-26 07:25:17'),(33,1,'letscms_comment_listing','default',1,'Default View','{\"views\":{\"default\":{\"label\":\"Default View\",\"index\":\"default\",\"editable\":false,\"data\":{\"filters\":{\"applied\":{\"placeholder\":true}},\"paging\":{\"pageSize\":20,\"current\":1,\"options\":{\"20\":{\"value\":20,\"label\":20},\"30\":{\"value\":30,\"label\":30},\"50\":{\"value\":50,\"label\":50},\"100\":{\"value\":100,\"label\":100},\"200\":{\"value\":200,\"label\":200}},\"value\":20},\"columns\":{\"id\":{\"visible\":true,\"sorting\":\"asc\"},\"name\":{\"visible\":true,\"sorting\":false},\"email\":{\"visible\":true,\"sorting\":false},\"comment\":{\"visible\":true,\"sorting\":false},\"post_name\":{\"visible\":true,\"sorting\":false},\"actions\":{\"visible\":true,\"sorting\":false},\"status\":{\"visible\":true,\"sorting\":false},\"created_at\":{\"visible\":true,\"sorting\":false}},\"displayMode\":\"grid\",\"positions\":{\"id\":0,\"name\":1,\"email\":2,\"comment\":3,\"post_name\":4,\"status\":5,\"created_at\":6,\"actions\":7}},\"value\":\"Default View\"}}}','2025-02-26 07:40:56','2025-02-26 07:40:56'),(34,1,'letscms_comment_listing','current',0,NULL,'{\"current\":{\"filters\":{\"applied\":{\"placeholder\":true}},\"paging\":{\"pageSize\":20,\"current\":1,\"options\":{\"20\":{\"value\":20,\"label\":20},\"30\":{\"value\":30,\"label\":30},\"50\":{\"value\":50,\"label\":50},\"100\":{\"value\":100,\"label\":100},\"200\":{\"value\":200,\"label\":200}},\"value\":20},\"columns\":{\"id\":{\"visible\":true,\"sorting\":\"asc\"},\"name\":{\"visible\":true,\"sorting\":false},\"email\":{\"visible\":true,\"sorting\":false},\"comment\":{\"visible\":true,\"sorting\":false},\"post_name\":{\"visible\":true,\"sorting\":false},\"actions\":{\"visible\":true,\"sorting\":false},\"status\":{\"visible\":true,\"sorting\":false},\"created_at\":{\"visible\":true,\"sorting\":false}},\"displayMode\":\"grid\",\"positions\":{\"id\":0,\"name\":1,\"email\":2,\"comment\":3,\"post_name\":4,\"status\":5,\"created_at\":6,\"actions\":7}}}','2025-02-26 07:40:57','2025-02-26 07:40:57'),(35,2,'sales_order_grid','current',0,NULL,'{\"current\":{\"search\":{\"value\":\"\"},\"filters\":{\"applied\":{\"placeholder\":true}},\"displayMode\":\"grid\",\"columns\":{\"increment_id\":{\"visible\":true,\"sorting\":false},\"store_id\":{\"visible\":true,\"sorting\":false},\"billing_name\":{\"visible\":true,\"sorting\":false},\"shipping_name\":{\"visible\":true,\"sorting\":false},\"base_grand_total\":{\"visible\":true,\"sorting\":false},\"grand_total\":{\"visible\":true,\"sorting\":false},\"billing_address\":{\"visible\":false,\"sorting\":false},\"shipping_address\":{\"visible\":false,\"sorting\":false},\"shipping_information\":{\"visible\":false,\"sorting\":false},\"customer_email\":{\"visible\":false,\"sorting\":false},\"subtotal\":{\"visible\":false,\"sorting\":false},\"shipping_and_handling\":{\"visible\":false,\"sorting\":false},\"customer_name\":{\"visible\":false,\"sorting\":false},\"total_refunded\":{\"visible\":false,\"sorting\":false},\"pickup_location_code\":{\"visible\":false,\"sorting\":false},\"transaction_source\":{\"visible\":true,\"sorting\":false},\"dispute_status\":{\"visible\":true,\"sorting\":false},\"actions\":{\"visible\":true,\"sorting\":false},\"allocated_sources\":{\"visible\":true,\"sorting\":false},\"status\":{\"visible\":true,\"sorting\":false},\"customer_group\":{\"visible\":false,\"sorting\":false},\"payment_method\":{\"visible\":false,\"sorting\":false},\"ids\":{\"visible\":true,\"sorting\":false},\"created_at\":{\"visible\":true,\"sorting\":\"desc\"}},\"paging\":{\"pageSize\":20,\"current\":1,\"options\":{\"20\":{\"value\":20,\"label\":20},\"30\":{\"value\":30,\"label\":30},\"50\":{\"value\":50,\"label\":50},\"100\":{\"value\":100,\"label\":100},\"200\":{\"value\":200,\"label\":200}},\"value\":20},\"positions\":{\"ids\":0,\"increment_id\":1,\"store_id\":2,\"created_at\":3,\"billing_name\":4,\"shipping_name\":5,\"base_grand_total\":6,\"grand_total\":7,\"status\":8,\"billing_address\":9,\"shipping_address\":10,\"shipping_information\":11,\"customer_email\":12,\"customer_group\":13,\"subtotal\":14,\"shipping_and_handling\":15,\"customer_name\":16,\"payment_method\":17,\"total_refunded\":18,\"actions\":19,\"allocated_sources\":20,\"pickup_location_code\":21,\"transaction_source\":22,\"dispute_status\":23}}}','2025-03-02 04:10:47','2025-03-02 04:10:47'),(36,2,'sales_order_grid','default',1,'Default View','{\"views\":{\"default\":{\"label\":\"Default View\",\"index\":\"default\",\"editable\":false,\"data\":{\"search\":{\"value\":\"\"},\"filters\":{\"applied\":{\"placeholder\":true}},\"displayMode\":\"grid\",\"columns\":{\"increment_id\":{\"visible\":true,\"sorting\":false},\"store_id\":{\"visible\":true,\"sorting\":false},\"billing_name\":{\"visible\":true,\"sorting\":false},\"shipping_name\":{\"visible\":true,\"sorting\":false},\"base_grand_total\":{\"visible\":true,\"sorting\":false},\"grand_total\":{\"visible\":true,\"sorting\":false},\"billing_address\":{\"visible\":false,\"sorting\":false},\"shipping_address\":{\"visible\":false,\"sorting\":false},\"shipping_information\":{\"visible\":false,\"sorting\":false},\"customer_email\":{\"visible\":false,\"sorting\":false},\"subtotal\":{\"visible\":false,\"sorting\":false},\"shipping_and_handling\":{\"visible\":false,\"sorting\":false},\"customer_name\":{\"visible\":false,\"sorting\":false},\"total_refunded\":{\"visible\":false,\"sorting\":false},\"pickup_location_code\":{\"visible\":false,\"sorting\":false},\"transaction_source\":{\"visible\":true,\"sorting\":false},\"dispute_status\":{\"visible\":true,\"sorting\":false},\"actions\":{\"visible\":true,\"sorting\":false},\"allocated_sources\":{\"visible\":true,\"sorting\":false},\"status\":{\"visible\":true,\"sorting\":false},\"customer_group\":{\"visible\":false,\"sorting\":false},\"payment_method\":{\"visible\":false,\"sorting\":false},\"ids\":{\"visible\":true,\"sorting\":false},\"created_at\":{\"visible\":true,\"sorting\":\"desc\"}},\"paging\":{\"pageSize\":20,\"current\":1,\"options\":{\"20\":{\"value\":20,\"label\":20},\"30\":{\"value\":30,\"label\":30},\"50\":{\"value\":50,\"label\":50},\"100\":{\"value\":100,\"label\":100},\"200\":{\"value\":200,\"label\":200}},\"value\":20},\"positions\":{\"ids\":0,\"increment_id\":1,\"store_id\":2,\"created_at\":3,\"billing_name\":4,\"shipping_name\":5,\"base_grand_total\":6,\"grand_total\":7,\"status\":8,\"billing_address\":9,\"shipping_address\":10,\"shipping_information\":11,\"customer_email\":12,\"customer_group\":13,\"subtotal\":14,\"shipping_and_handling\":15,\"customer_name\":16,\"payment_method\":17,\"total_refunded\":18,\"actions\":19,\"allocated_sources\":20,\"pickup_location_code\":21,\"transaction_source\":22,\"dispute_status\":23}},\"value\":\"Default View\"}}}','2025-03-02 04:11:01','2025-03-02 04:11:01'),(37,1,'abandonedcart_customer_customerlist','default',1,'Default View','{\"views\":{\"default\":{\"label\":\"Default View\",\"index\":\"default\",\"editable\":false,\"data\":{\"filters\":{\"applied\":{\"placeholder\":true}},\"columns\":{\"entity_id\":{\"visible\":true,\"sorting\":false},\"customer_email\":{\"visible\":true,\"sorting\":false},\"customer_firstname\":{\"visible\":true,\"sorting\":false},\"items_qty\":{\"visible\":true,\"sorting\":false},\"websites_name\":{\"visible\":true,\"sorting\":false},\"actions\":{\"visible\":true,\"sorting\":false},\"created_at\":{\"visible\":true,\"sorting\":false},\"updated_at\":{\"visible\":true,\"sorting\":false}},\"displayMode\":\"grid\",\"positions\":{\"entity_id\":0,\"customer_email\":1,\"customer_firstname\":2,\"created_at\":3,\"updated_at\":4,\"websites_name\":5,\"items_qty\":6,\"actions\":7}},\"value\":\"Default View\"}}}','2025-03-08 08:53:20','2025-03-08 08:53:20'),(38,1,'abandonedcart_customer_customerlist','current',0,NULL,'{\"current\":{\"filters\":{\"applied\":{\"placeholder\":true}},\"columns\":{\"entity_id\":{\"visible\":true,\"sorting\":false},\"customer_email\":{\"visible\":true,\"sorting\":false},\"customer_firstname\":{\"visible\":true,\"sorting\":false},\"items_qty\":{\"visible\":true,\"sorting\":false},\"websites_name\":{\"visible\":true,\"sorting\":false},\"actions\":{\"visible\":true,\"sorting\":false},\"created_at\":{\"visible\":true,\"sorting\":false},\"updated_at\":{\"visible\":true,\"sorting\":false}},\"displayMode\":\"grid\",\"positions\":{\"entity_id\":0,\"customer_email\":1,\"customer_firstname\":2,\"created_at\":3,\"updated_at\":4,\"websites_name\":5,\"items_qty\":6,\"actions\":7}}}','2025-03-08 08:53:22','2025-03-08 08:53:22'),(39,1,'inventory_source_listing','default',1,'Default View','{\"views\":{\"default\":{\"label\":\"Default View\",\"index\":\"default\",\"editable\":false,\"data\":{\"filters\":{\"applied\":{\"placeholder\":true}},\"paging\":{\"pageSize\":20,\"current\":1,\"options\":{\"20\":{\"value\":20,\"label\":20},\"30\":{\"value\":30,\"label\":30},\"50\":{\"value\":50,\"label\":50},\"100\":{\"value\":100,\"label\":100},\"200\":{\"value\":200,\"label\":200}},\"value\":20},\"columns\":{\"source_code\":{\"visible\":true,\"sorting\":false},\"name\":{\"visible\":true,\"sorting\":false},\"contact_name\":{\"visible\":false,\"sorting\":false},\"email\":{\"visible\":false,\"sorting\":false},\"latitude\":{\"visible\":false,\"sorting\":false},\"longitude\":{\"visible\":false,\"sorting\":false},\"region\":{\"visible\":false,\"sorting\":false},\"city\":{\"visible\":false,\"sorting\":false},\"street\":{\"visible\":false,\"sorting\":false},\"postcode\":{\"visible\":false,\"sorting\":false},\"phone\":{\"visible\":false,\"sorting\":false},\"fax\":{\"visible\":false,\"sorting\":false},\"actions\":{\"visible\":true,\"sorting\":false},\"enabled\":{\"visible\":true,\"sorting\":false},\"country_id\":{\"visible\":false,\"sorting\":false},\"is_pickup_location_active\":{\"visible\":true,\"sorting\":false},\"ids\":{\"visible\":true,\"sorting\":false}},\"displayMode\":\"grid\",\"positions\":{\"ids\":0,\"source_code\":1,\"name\":2,\"contact_name\":3,\"enabled\":4,\"email\":5,\"is_pickup_location_active\":6,\"latitude\":7,\"longitude\":8,\"country_id\":9,\"region\":10,\"city\":11,\"street\":12,\"postcode\":13,\"phone\":14,\"fax\":15,\"actions\":16},\"search\":{\"value\":\"\"}},\"value\":\"Default View\"}}}','2025-03-11 07:34:06','2025-03-11 07:34:07'),(40,1,'inventory_source_listing','current',0,NULL,'{\"current\":{\"filters\":{\"applied\":{\"placeholder\":true}},\"paging\":{\"pageSize\":20,\"current\":1,\"options\":{\"20\":{\"value\":20,\"label\":20},\"30\":{\"value\":30,\"label\":30},\"50\":{\"value\":50,\"label\":50},\"100\":{\"value\":100,\"label\":100},\"200\":{\"value\":200,\"label\":200}},\"value\":20},\"columns\":{\"source_code\":{\"visible\":true,\"sorting\":false},\"name\":{\"visible\":true,\"sorting\":false},\"contact_name\":{\"visible\":false,\"sorting\":false},\"email\":{\"visible\":false,\"sorting\":false},\"latitude\":{\"visible\":false,\"sorting\":false},\"longitude\":{\"visible\":false,\"sorting\":false},\"region\":{\"visible\":false,\"sorting\":false},\"city\":{\"visible\":false,\"sorting\":false},\"street\":{\"visible\":false,\"sorting\":false},\"postcode\":{\"visible\":false,\"sorting\":false},\"phone\":{\"visible\":false,\"sorting\":false},\"fax\":{\"visible\":false,\"sorting\":false},\"actions\":{\"visible\":true,\"sorting\":false},\"enabled\":{\"visible\":true,\"sorting\":false},\"country_id\":{\"visible\":false,\"sorting\":false},\"is_pickup_location_active\":{\"visible\":true,\"sorting\":false},\"ids\":{\"visible\":true,\"sorting\":false}},\"displayMode\":\"grid\",\"positions\":{\"ids\":0,\"source_code\":1,\"name\":2,\"contact_name\":3,\"enabled\":4,\"email\":5,\"is_pickup_location_active\":6,\"latitude\":7,\"longitude\":8,\"country_id\":9,\"region\":10,\"city\":11,\"street\":12,\"postcode\":13,\"phone\":14,\"fax\":15,\"actions\":16},\"search\":{\"value\":\"\"}}}','2025-03-11 07:34:10','2025-03-11 07:34:10'),(41,1,'inventory_stock_listing','current',0,NULL,'{\"current\":{\"search\":{\"value\":\"\"},\"filters\":{\"applied\":{\"placeholder\":true}},\"paging\":{\"pageSize\":20,\"current\":1,\"options\":{\"20\":{\"value\":20,\"label\":20},\"30\":{\"value\":30,\"label\":30},\"50\":{\"value\":50,\"label\":50},\"100\":{\"value\":100,\"label\":100},\"200\":{\"value\":200,\"label\":200}},\"value\":20},\"columns\":{\"stock_id\":{\"visible\":true,\"sorting\":\"asc\"},\"name\":{\"visible\":true,\"sorting\":false},\"actions\":{\"visible\":true,\"sorting\":false},\"ids\":{\"visible\":true,\"sorting\":false},\"assigned_sources\":{\"visible\":true,\"sorting\":false},\"sales_channels\":{\"visible\":true,\"sorting\":false}},\"displayMode\":\"grid\",\"positions\":{\"ids\":0,\"stock_id\":1,\"name\":2,\"sales_channels\":3,\"assigned_sources\":4,\"actions\":5}}}','2025-03-11 07:34:14','2025-03-11 07:34:14'),(42,1,'inventory_stock_listing','default',1,'Default View','{\"views\":{\"default\":{\"label\":\"Default View\",\"index\":\"default\",\"editable\":false,\"data\":{\"search\":{\"value\":\"\"},\"filters\":{\"applied\":{\"placeholder\":true}},\"paging\":{\"pageSize\":20,\"current\":1,\"options\":{\"20\":{\"value\":20,\"label\":20},\"30\":{\"value\":30,\"label\":30},\"50\":{\"value\":50,\"label\":50},\"100\":{\"value\":100,\"label\":100},\"200\":{\"value\":200,\"label\":200}},\"value\":20},\"columns\":{\"stock_id\":{\"visible\":true,\"sorting\":\"asc\"},\"name\":{\"visible\":true,\"sorting\":false},\"actions\":{\"visible\":true,\"sorting\":false},\"ids\":{\"visible\":true,\"sorting\":false},\"assigned_sources\":{\"visible\":true,\"sorting\":false},\"sales_channels\":{\"visible\":true,\"sorting\":false}},\"displayMode\":\"grid\",\"positions\":{\"ids\":0,\"stock_id\":1,\"name\":2,\"sales_channels\":3,\"assigned_sources\":4,\"actions\":5}},\"value\":\"Default View\"}}}','2025-03-11 07:34:16','2025-03-11 07:34:16'),(43,1,'product_attributes_listing','default',1,'Default View','{\"views\":{\"default\":{\"label\":\"Default View\",\"index\":\"default\",\"editable\":false,\"data\":{\"columns\":{\"ids\":{\"visible\":true,\"sorting\":false},\"is_required\":{\"visible\":true,\"sorting\":false},\"is_user_defined\":{\"visible\":true,\"sorting\":false},\"is_visible\":{\"visible\":true,\"sorting\":false},\"is_global\":{\"visible\":true,\"sorting\":false},\"is_searchable\":{\"visible\":true,\"sorting\":false},\"is_comparable\":{\"visible\":true,\"sorting\":false},\"is_filterable\":{\"visible\":true,\"sorting\":false},\"attribute_code\":{\"visible\":true,\"sorting\":\"asc\"},\"frontend_label\":{\"visible\":true,\"sorting\":false}},\"positions\":{\"ids\":0,\"attribute_code\":1,\"frontend_label\":2,\"is_required\":3,\"is_user_defined\":4,\"is_visible\":5,\"is_global\":6,\"is_searchable\":7,\"is_comparable\":8,\"is_filterable\":9},\"paging\":{\"pageSize\":20,\"current\":1,\"options\":{\"20\":{\"value\":20,\"label\":20},\"30\":{\"value\":30,\"label\":30},\"50\":{\"value\":50,\"label\":50},\"100\":{\"value\":100,\"label\":100},\"200\":{\"value\":200,\"label\":200}},\"value\":20},\"displayMode\":\"grid\"},\"value\":\"Default View\"}}}','2025-03-11 11:03:02','2025-03-11 11:03:02'),(44,1,'product_attributes_listing','current',0,NULL,'{\"current\":{\"columns\":{\"ids\":{\"visible\":true,\"sorting\":false},\"is_required\":{\"visible\":true,\"sorting\":false},\"is_user_defined\":{\"visible\":true,\"sorting\":false},\"is_visible\":{\"visible\":true,\"sorting\":false},\"is_global\":{\"visible\":true,\"sorting\":false},\"is_searchable\":{\"visible\":true,\"sorting\":false},\"is_comparable\":{\"visible\":true,\"sorting\":false},\"is_filterable\":{\"visible\":true,\"sorting\":false},\"attribute_code\":{\"visible\":true,\"sorting\":\"asc\"},\"frontend_label\":{\"visible\":true,\"sorting\":false}},\"positions\":{\"ids\":0,\"attribute_code\":1,\"frontend_label\":2,\"is_required\":3,\"is_user_defined\":4,\"is_visible\":5,\"is_global\":6,\"is_searchable\":7,\"is_comparable\":8,\"is_filterable\":9},\"paging\":{\"pageSize\":20,\"current\":1,\"options\":{\"20\":{\"value\":20,\"label\":20},\"30\":{\"value\":30,\"label\":30},\"50\":{\"value\":50,\"label\":50},\"100\":{\"value\":100,\"label\":100},\"200\":{\"value\":200,\"label\":200}},\"value\":20},\"displayMode\":\"grid\"}}','2025-03-11 11:03:03','2025-03-11 11:03:03'),(45,1,'customer_address_listing','default',1,'Default View','{\"views\":{\"default\":{\"label\":\"Default View\",\"index\":\"default\",\"editable\":false,\"data\":{\"search\":{\"value\":\"\"},\"paging\":{\"pageSize\":20,\"current\":1,\"options\":{\"20\":{\"value\":20,\"label\":20},\"30\":{\"value\":30,\"label\":30},\"50\":{\"value\":50,\"label\":50},\"100\":{\"value\":100,\"label\":100},\"200\":{\"value\":200,\"label\":200}},\"value\":20},\"columns\":{\"ids\":{\"visible\":true,\"sorting\":false},\"country_id\":{\"visible\":true,\"sorting\":false},\"actions\":{\"visible\":true,\"sorting\":false},\"firstname\":{\"visible\":true,\"sorting\":false},\"lastname\":{\"visible\":true,\"sorting\":false},\"street\":{\"visible\":true,\"sorting\":false},\"city\":{\"visible\":true,\"sorting\":false},\"region\":{\"visible\":true,\"sorting\":false},\"postcode\":{\"visible\":true,\"sorting\":false},\"telephone\":{\"visible\":true,\"sorting\":false}},\"filters\":{\"applied\":{\"placeholder\":true}},\"positions\":{\"ids\":0,\"firstname\":1,\"lastname\":2,\"street\":3,\"city\":4,\"country_id\":5,\"region\":6,\"postcode\":7,\"telephone\":8,\"actions\":9},\"displayMode\":\"grid\"},\"value\":\"Default View\"}}}','2025-03-12 04:21:29','2025-03-12 04:21:29'),(46,1,'customer_address_listing','current',0,NULL,'{\"current\":{\"search\":{\"value\":\"\"},\"paging\":{\"pageSize\":20,\"current\":1,\"options\":{\"20\":{\"value\":20,\"label\":20},\"30\":{\"value\":30,\"label\":30},\"50\":{\"value\":50,\"label\":50},\"100\":{\"value\":100,\"label\":100},\"200\":{\"value\":200,\"label\":200}},\"value\":20},\"columns\":{\"ids\":{\"visible\":true,\"sorting\":false},\"country_id\":{\"visible\":true,\"sorting\":false},\"actions\":{\"visible\":true,\"sorting\":false},\"firstname\":{\"visible\":true,\"sorting\":false},\"lastname\":{\"visible\":true,\"sorting\":false},\"street\":{\"visible\":true,\"sorting\":false},\"city\":{\"visible\":true,\"sorting\":false},\"region\":{\"visible\":true,\"sorting\":false},\"postcode\":{\"visible\":true,\"sorting\":false},\"telephone\":{\"visible\":true,\"sorting\":false}},\"filters\":{\"applied\":{\"placeholder\":true}},\"positions\":{\"ids\":0,\"firstname\":1,\"lastname\":2,\"street\":3,\"city\":4,\"country_id\":5,\"region\":6,\"postcode\":7,\"telephone\":8,\"actions\":9},\"displayMode\":\"grid\"}}','2025-03-12 04:21:32','2025-03-12 04:21:32'),(47,5,'product_listing','default',1,'Default View','{\"views\":{\"default\":{\"label\":\"Default View\",\"index\":\"default\",\"editable\":false,\"data\":{\"filters\":{\"applied\":{\"placeholder\":true}},\"paging\":{\"pageSize\":20,\"current\":1,\"options\":{\"20\":{\"value\":20,\"label\":20},\"30\":{\"value\":30,\"label\":30},\"50\":{\"value\":50,\"label\":50},\"100\":{\"value\":100,\"label\":100},\"200\":{\"value\":200,\"label\":200}},\"value\":20},\"search\":{\"value\":\"\"},\"columns\":{\"entity_id\":{\"visible\":true,\"sorting\":\"asc\"},\"name\":{\"visible\":true,\"sorting\":false},\"sku\":{\"visible\":true,\"sorting\":false},\"price\":{\"visible\":true,\"sorting\":false},\"websites\":{\"visible\":true,\"sorting\":false},\"qty\":{\"visible\":true,\"sorting\":false},\"short_description\":{\"visible\":false,\"sorting\":false},\"special_price\":{\"visible\":false,\"sorting\":false},\"cost\":{\"visible\":false,\"sorting\":false},\"weight\":{\"visible\":false,\"sorting\":false},\"meta_title\":{\"visible\":false,\"sorting\":false},\"meta_keyword\":{\"visible\":false,\"sorting\":false},\"meta_description\":{\"visible\":false,\"sorting\":false},\"url_key\":{\"visible\":false,\"sorting\":false},\"msrp\":{\"visible\":false,\"sorting\":false},\"inventory\":{\"visible\":true,\"sorting\":false},\"ids\":{\"visible\":true,\"sorting\":false},\"type_id\":{\"visible\":true,\"sorting\":false},\"attribute_set_id\":{\"visible\":true,\"sorting\":false},\"visibility\":{\"visible\":true,\"sorting\":false},\"status\":{\"visible\":true,\"sorting\":false},\"manufacturer\":{\"visible\":false,\"sorting\":false},\"color\":{\"visible\":false,\"sorting\":false},\"custom_design\":{\"visible\":false,\"sorting\":false},\"page_layout\":{\"visible\":false,\"sorting\":false},\"country_of_manufacture\":{\"visible\":false,\"sorting\":false},\"custom_layout\":{\"visible\":false,\"sorting\":false},\"gift_message_available\":{\"visible\":false,\"sorting\":false},\"tax_class_id\":{\"visible\":false,\"sorting\":false},\"actions\":{\"visible\":true,\"sorting\":false},\"salable_quantity\":{\"visible\":true,\"sorting\":false},\"thumbnail\":{\"visible\":true,\"sorting\":false},\"updated_at\":{\"visible\":true,\"sorting\":false},\"special_from_date\":{\"visible\":false,\"sorting\":false},\"special_to_date\":{\"visible\":false,\"sorting\":false},\"news_from_date\":{\"visible\":false,\"sorting\":false},\"news_to_date\":{\"visible\":false,\"sorting\":false},\"custom_design_from\":{\"visible\":false,\"sorting\":false},\"custom_design_to\":{\"visible\":false,\"sorting\":false}},\"displayMode\":\"grid\",\"positions\":{\"ids\":0,\"entity_id\":1,\"thumbnail\":2,\"name\":3,\"type_id\":4,\"attribute_set_id\":5,\"sku\":6,\"price\":7,\"qty\":8,\"salable_quantity\":9,\"visibility\":10,\"status\":11,\"websites\":12,\"short_description\":13,\"special_price\":14,\"special_from_date\":15,\"special_to_date\":16,\"cost\":17,\"weight\":18,\"manufacturer\":19,\"meta_title\":20,\"meta_keyword\":21,\"meta_description\":22,\"color\":23,\"news_from_date\":24,\"news_to_date\":25,\"custom_design\":26,\"custom_design_from\":27,\"custom_design_to\":28,\"page_layout\":29,\"country_of_manufacture\":30,\"custom_layout\":31,\"url_key\":32,\"msrp\":33,\"gift_message_available\":34,\"tax_class_id\":35,\"inventory\":36,\"updated_at\":37,\"actions\":38}},\"value\":\"Default View\"}}}','2025-03-26 04:55:25','2025-03-26 04:55:25'),(48,5,'product_listing','current',0,NULL,'{\"current\":{\"filters\":{\"applied\":{\"placeholder\":true}},\"paging\":{\"pageSize\":20,\"current\":1,\"options\":{\"20\":{\"value\":20,\"label\":20},\"30\":{\"value\":30,\"label\":30},\"50\":{\"value\":50,\"label\":50},\"100\":{\"value\":100,\"label\":100},\"200\":{\"value\":200,\"label\":200}},\"value\":20},\"search\":{\"value\":\"\"},\"columns\":{\"entity_id\":{\"visible\":true,\"sorting\":\"asc\"},\"name\":{\"visible\":true,\"sorting\":false},\"sku\":{\"visible\":true,\"sorting\":false},\"price\":{\"visible\":true,\"sorting\":false},\"websites\":{\"visible\":true,\"sorting\":false},\"qty\":{\"visible\":true,\"sorting\":false},\"short_description\":{\"visible\":false,\"sorting\":false},\"special_price\":{\"visible\":false,\"sorting\":false},\"cost\":{\"visible\":false,\"sorting\":false},\"weight\":{\"visible\":false,\"sorting\":false},\"meta_title\":{\"visible\":false,\"sorting\":false},\"meta_keyword\":{\"visible\":false,\"sorting\":false},\"meta_description\":{\"visible\":false,\"sorting\":false},\"url_key\":{\"visible\":false,\"sorting\":false},\"msrp\":{\"visible\":false,\"sorting\":false},\"inventory\":{\"visible\":true,\"sorting\":false},\"ids\":{\"visible\":true,\"sorting\":false},\"type_id\":{\"visible\":true,\"sorting\":false},\"attribute_set_id\":{\"visible\":true,\"sorting\":false},\"visibility\":{\"visible\":true,\"sorting\":false},\"status\":{\"visible\":true,\"sorting\":false},\"manufacturer\":{\"visible\":false,\"sorting\":false},\"color\":{\"visible\":false,\"sorting\":false},\"custom_design\":{\"visible\":false,\"sorting\":false},\"page_layout\":{\"visible\":false,\"sorting\":false},\"country_of_manufacture\":{\"visible\":false,\"sorting\":false},\"custom_layout\":{\"visible\":false,\"sorting\":false},\"gift_message_available\":{\"visible\":false,\"sorting\":false},\"tax_class_id\":{\"visible\":false,\"sorting\":false},\"actions\":{\"visible\":true,\"sorting\":false},\"salable_quantity\":{\"visible\":true,\"sorting\":false},\"thumbnail\":{\"visible\":true,\"sorting\":false},\"updated_at\":{\"visible\":true,\"sorting\":false},\"special_from_date\":{\"visible\":false,\"sorting\":false},\"special_to_date\":{\"visible\":false,\"sorting\":false},\"news_from_date\":{\"visible\":false,\"sorting\":false},\"news_to_date\":{\"visible\":false,\"sorting\":false},\"custom_design_from\":{\"visible\":false,\"sorting\":false},\"custom_design_to\":{\"visible\":false,\"sorting\":false}},\"displayMode\":\"grid\",\"positions\":{\"ids\":0,\"entity_id\":1,\"thumbnail\":2,\"name\":3,\"type_id\":4,\"attribute_set_id\":5,\"sku\":6,\"price\":7,\"qty\":8,\"salable_quantity\":9,\"visibility\":10,\"status\":11,\"websites\":12,\"short_description\":13,\"special_price\":14,\"special_from_date\":15,\"special_to_date\":16,\"cost\":17,\"weight\":18,\"manufacturer\":19,\"meta_title\":20,\"meta_keyword\":21,\"meta_description\":22,\"color\":23,\"news_from_date\":24,\"news_to_date\":25,\"custom_design\":26,\"custom_design_from\":27,\"custom_design_to\":28,\"page_layout\":29,\"country_of_manufacture\":30,\"custom_layout\":31,\"url_key\":32,\"msrp\":33,\"gift_message_available\":34,\"tax_class_id\":35,\"inventory\":36,\"updated_at\":37,\"actions\":38}}}','2025-03-26 04:55:25','2025-03-26 04:55:25'),(49,1,'sales_order_invoice_grid','default',1,'Default View','{\"views\":{\"default\":{\"label\":\"Default View\",\"index\":\"default\",\"editable\":false,\"data\":{\"search\":{\"value\":\"\"},\"filters\":{\"applied\":{\"placeholder\":true}},\"paging\":{\"pageSize\":20,\"current\":1,\"options\":{\"20\":{\"value\":20,\"label\":20},\"30\":{\"value\":30,\"label\":30},\"50\":{\"value\":50,\"label\":50},\"100\":{\"value\":100,\"label\":100},\"200\":{\"value\":200,\"label\":200}},\"value\":20},\"columns\":{\"ids\":{\"visible\":true,\"sorting\":false},\"state\":{\"visible\":true,\"sorting\":false},\"customer_group_id\":{\"visible\":false,\"sorting\":false},\"payment_method\":{\"visible\":false,\"sorting\":false},\"created_at\":{\"visible\":true,\"sorting\":false},\"order_created_at\":{\"visible\":true,\"sorting\":false},\"increment_id\":{\"visible\":true,\"sorting\":\"asc\"},\"order_increment_id\":{\"visible\":true,\"sorting\":false},\"billing_name\":{\"visible\":true,\"sorting\":false},\"base_grand_total\":{\"visible\":true,\"sorting\":false},\"grand_total\":{\"visible\":true,\"sorting\":false},\"store_id\":{\"visible\":false,\"sorting\":false},\"billing_address\":{\"visible\":false,\"sorting\":false},\"shipping_address\":{\"visible\":false,\"sorting\":false},\"customer_name\":{\"visible\":false,\"sorting\":false},\"customer_email\":{\"visible\":false,\"sorting\":false},\"shipping_information\":{\"visible\":false,\"sorting\":false},\"subtotal\":{\"visible\":false,\"sorting\":false},\"shipping_and_handling\":{\"visible\":false,\"sorting\":false},\"actions\":{\"visible\":true,\"sorting\":false}},\"positions\":{\"ids\":0,\"increment_id\":1,\"created_at\":2,\"order_increment_id\":3,\"order_created_at\":4,\"billing_name\":5,\"state\":6,\"base_grand_total\":7,\"grand_total\":8,\"store_id\":9,\"billing_address\":10,\"shipping_address\":11,\"customer_name\":12,\"customer_email\":13,\"customer_group_id\":14,\"payment_method\":15,\"shipping_information\":16,\"subtotal\":17,\"shipping_and_handling\":18,\"actions\":19},\"displayMode\":\"grid\"},\"value\":\"Default View\"}}}','2025-05-14 06:33:27','2025-05-14 06:33:27'),(50,1,'sales_order_invoice_grid','current',0,NULL,'{\"current\":{\"search\":{\"value\":\"\"},\"filters\":{\"applied\":{\"placeholder\":true}},\"paging\":{\"pageSize\":20,\"current\":1,\"options\":{\"20\":{\"value\":20,\"label\":20},\"30\":{\"value\":30,\"label\":30},\"50\":{\"value\":50,\"label\":50},\"100\":{\"value\":100,\"label\":100},\"200\":{\"value\":200,\"label\":200}},\"value\":20},\"columns\":{\"ids\":{\"visible\":true,\"sorting\":false},\"state\":{\"visible\":true,\"sorting\":false},\"customer_group_id\":{\"visible\":false,\"sorting\":false},\"payment_method\":{\"visible\":false,\"sorting\":false},\"created_at\":{\"visible\":true,\"sorting\":false},\"order_created_at\":{\"visible\":true,\"sorting\":false},\"increment_id\":{\"visible\":true,\"sorting\":\"asc\"},\"order_increment_id\":{\"visible\":true,\"sorting\":false},\"billing_name\":{\"visible\":true,\"sorting\":false},\"base_grand_total\":{\"visible\":true,\"sorting\":false},\"grand_total\":{\"visible\":true,\"sorting\":false},\"store_id\":{\"visible\":false,\"sorting\":false},\"billing_address\":{\"visible\":false,\"sorting\":false},\"shipping_address\":{\"visible\":false,\"sorting\":false},\"customer_name\":{\"visible\":false,\"sorting\":false},\"customer_email\":{\"visible\":false,\"sorting\":false},\"shipping_information\":{\"visible\":false,\"sorting\":false},\"subtotal\":{\"visible\":false,\"sorting\":false},\"shipping_and_handling\":{\"visible\":false,\"sorting\":false},\"actions\":{\"visible\":true,\"sorting\":false}},\"positions\":{\"ids\":0,\"increment_id\":1,\"created_at\":2,\"order_increment_id\":3,\"order_created_at\":4,\"billing_name\":5,\"state\":6,\"base_grand_total\":7,\"grand_total\":8,\"store_id\":9,\"billing_address\":10,\"shipping_address\":11,\"customer_name\":12,\"customer_email\":13,\"customer_group_id\":14,\"payment_method\":15,\"shipping_information\":16,\"subtotal\":17,\"shipping_and_handling\":18,\"actions\":19},\"displayMode\":\"grid\"}}','2025-05-14 06:33:30','2025-05-14 06:33:30'),(51,1,'media_gallery_listing','default',1,'Default View','{\"views\":{\"default\":{\"label\":\"Default View\",\"index\":\"default\",\"editable\":false,\"data\":{\"search\":{\"value\":\"\"},\"filters\":{\"applied\":{\"placeholder\":true}},\"paging\":{\"pageSize\":\"32\",\"current\":1,\"options\":{\"32\":{\"value\":32,\"label\":\"32\"},\"48\":{\"value\":48,\"label\":\"48\"},\"64\":{\"value\":64,\"label\":\"64\"}},\"value\":\"32\"},\"columns\":{\"source\":{\"visible\":false,\"sorting\":false},\"overlay\":{\"visible\":true,\"sorting\":false},\"newest_first\":{\"visible\":false,\"sorting\":false},\"oldest_first\":{\"visible\":false,\"sorting\":false},\"created_at\":{\"visible\":false,\"sorting\":false},\"path\":{\"visible\":false,\"sorting\":false},\"directory_desc\":{\"visible\":false,\"sorting\":false},\"directory_asc\":{\"visible\":false,\"sorting\":false},\"title\":{\"visible\":false,\"sorting\":false},\"name_az\":{\"visible\":false,\"sorting\":false},\"name_za\":{\"visible\":false,\"sorting\":false},\"thumbnail_url\":{\"visible\":true,\"sorting\":false}},\"displayMode\":\"grid\",\"positions\":{\"source\":0,\"overlay\":1,\"thumbnail_url\":2,\"newest_first\":3,\"oldest_first\":4,\"created_at\":5,\"path\":6,\"directory_desc\":7,\"directory_asc\":8,\"title\":9,\"name_az\":10,\"name_za\":11}},\"value\":\"Default View\"}}}','2025-05-18 06:22:52','2025-05-18 06:22:52'),(52,1,'adobe_stock_images_listing','default',1,'Default View','{\"views\":{\"default\":{\"label\":\"Default View\",\"index\":\"default\",\"editable\":false,\"data\":{\"search\":{\"value\":\"\"},\"filters\":{\"applied\":{\"placeholder\":true}},\"paging\":{\"pageSize\":32,\"current\":1,\"value\":32},\"columns\":{\"relevance\":{\"visible\":false,\"sorting\":false},\"creation\":{\"visible\":false,\"sorting\":false},\"popularity\":{\"visible\":false,\"sorting\":false},\"nb_downloads\":{\"visible\":false,\"sorting\":false},\"undiscovered\":{\"visible\":false,\"sorting\":false},\"thumbnail_url\":{\"visible\":true,\"sorting\":false},\"overlay\":{\"visible\":true,\"sorting\":false},\"preview\":{\"visible\":true,\"sorting\":false,\"lastOpenedImage\":false}},\"displayMode\":\"grid\",\"positions\":{\"overlay\":0,\"thumbnail_url\":1,\"preview\":2,\"relevance\":3,\"creation\":4,\"popularity\":5,\"nb_downloads\":6,\"undiscovered\":7}},\"value\":\"Default View\"}}}','2025-05-18 06:22:53','2025-05-18 06:22:53'),(53,1,'adobe_stock_images_listing','current',0,NULL,'{\"current\":{\"search\":{\"value\":\"\"},\"filters\":{\"applied\":{\"placeholder\":true}},\"paging\":{\"pageSize\":32,\"current\":1,\"value\":32},\"columns\":{\"relevance\":{\"visible\":false,\"sorting\":false},\"creation\":{\"visible\":false,\"sorting\":false},\"popularity\":{\"visible\":false,\"sorting\":false},\"nb_downloads\":{\"visible\":false,\"sorting\":false},\"undiscovered\":{\"visible\":false,\"sorting\":false},\"thumbnail_url\":{\"visible\":true,\"sorting\":false},\"overlay\":{\"visible\":true,\"sorting\":false},\"preview\":{\"visible\":true,\"sorting\":false,\"lastOpenedImage\":false}},\"displayMode\":\"grid\",\"positions\":{\"overlay\":0,\"thumbnail_url\":1,\"preview\":2,\"relevance\":3,\"creation\":4,\"popularity\":5,\"nb_downloads\":6,\"undiscovered\":7}}}','2025-05-18 06:22:55','2025-05-18 06:22:55'),(54,1,'media_gallery_listing','current',0,NULL,'{\"current\":{\"search\":{\"value\":\"\"},\"filters\":{\"applied\":{\"placeholder\":true,\"path\":\"wysiwyg\"}},\"paging\":{\"pageSize\":\"32\",\"current\":1,\"options\":{\"32\":{\"value\":32,\"label\":\"32\"},\"48\":{\"value\":48,\"label\":\"48\"},\"64\":{\"value\":64,\"label\":\"64\"}},\"value\":\"32\"},\"columns\":{\"source\":{\"visible\":false,\"sorting\":false},\"overlay\":{\"visible\":true,\"sorting\":false},\"newest_first\":{\"visible\":false,\"sorting\":false},\"oldest_first\":{\"visible\":false,\"sorting\":false},\"created_at\":{\"visible\":false,\"sorting\":false},\"path\":{\"visible\":false,\"sorting\":false},\"directory_desc\":{\"visible\":false,\"sorting\":false},\"directory_asc\":{\"visible\":false,\"sorting\":false},\"title\":{\"visible\":false,\"sorting\":false},\"name_az\":{\"visible\":false,\"sorting\":false},\"name_za\":{\"visible\":false,\"sorting\":false},\"thumbnail_url\":{\"visible\":true,\"sorting\":false}},\"displayMode\":\"grid\",\"positions\":{\"source\":0,\"overlay\":1,\"thumbnail_url\":2,\"newest_first\":3,\"oldest_first\":4,\"created_at\":5,\"path\":6,\"directory_desc\":7,\"directory_asc\":8,\"title\":9,\"name_az\":10,\"name_za\":11}}}','2025-05-18 06:22:55','2025-05-18 06:22:55');

--
-- Table structure for table `unilevel_bonus`
--

CREATE TABLE `unilevel_bonus` (
  `id` bigint NOT NULL AUTO_INCREMENT COMMENT 'ID',
  `user_id` bigint NOT NULL COMMENT 'User ID',
  `amount` double NOT NULL COMMENT 'Amount',
  `payout_id` bigint NOT NULL DEFAULT '0' COMMENT 'Payout Id',
  `bonus_type` smallint NOT NULL COMMENT 'Bonus Type: Regular Bonus=1, Royalty Bonus=2',
  `bonus_rule` varchar(255) NOT NULL COMMENT 'Bonus rule',
  PRIMARY KEY (`id`)
) ENGINE=InnoDB AUTO_INCREMENT=2 DEFAULT CHARSET=utf8mb3 COMMENT='Unilevel Bonus Table';

--
-- Dumping data for table `unilevel_bonus`
--

INSERT INTO `unilevel_bonus` VALUES (1,1,29.147,1,1,'{\"direct_referrals\":\"3\",\"amount\":\"5\",\"commtype\":\"1\"}');

--
-- Table structure for table `unilevel_commissions`
--

CREATE TABLE `unilevel_commissions` (
  `id` bigint NOT NULL AUTO_INCREMENT COMMENT 'ID',
  `user_id` bigint NOT NULL COMMENT 'User ID',
  `child_id` bigint NOT NULL COMMENT 'Child ID',
  `order_id` bigint NOT NULL COMMENT 'Order ID',
  `amount` double NOT NULL COMMENT 'Amount',
  `payout_id` bigint NOT NULL DEFAULT '0' COMMENT 'Payout Id',
  `insert_date` datetime NOT NULL COMMENT 'Insert Date',
  `type` smallint NOT NULL COMMENT 'Commission Type : join=1, company=2, referral=3, level=4, left-amount=5',
  PRIMARY KEY (`id`)
) ENGINE=InnoDB AUTO_INCREMENT=18 DEFAULT CHARSET=utf8mb3 COMMENT='Unilevel Commissions Table';

--
-- Dumping data for table `unilevel_commissions`
--

INSERT INTO `unilevel_commissions` VALUES (1,5,5,4,100,0,'2025-02-08 12:23:57',1),(2,1,5,4,100,1,'2025-02-08 12:23:57',2),(3,2,5,4,100,0,'2025-02-08 12:23:57',3),(4,2,5,4,99.24,0,'2025-02-08 12:23:57',4),(5,1,5,4,165.4,1,'2025-02-08 12:23:57',4),(6,4,4,3,100,0,'2025-02-08 12:25:22',1),(7,1,4,3,100,1,'2025-02-08 12:25:22',2),(8,1,4,3,100,1,'2025-02-08 12:25:22',3),(9,1,4,3,58.77,1,'2025-02-08 12:25:22',4),(10,1,4,3,58.77,1,'2025-02-08 12:25:22',4),(11,2,2,2,100,0,'2025-02-08 12:27:33',1),(12,1,2,2,100,0,'2025-02-08 12:27:34',2),(13,1,2,2,100,0,'2025-02-08 12:27:34',3),(14,1,2,2,58.77,0,'2025-02-08 12:27:34',4),(15,1,2,2,58.77,0,'2025-02-08 12:27:34',4),(16,1,2,2,58.77,0,'2025-02-08 12:27:34',4),(17,1,2,2,58.77,0,'2025-02-08 12:27:34',4);

--
-- Table structure for table `unilevel_customers`
--

CREATE TABLE `unilevel_customers` (
  `id` bigint NOT NULL AUTO_INCREMENT COMMENT 'ID',
  `website_id` int NOT NULL COMMENT 'Website id of user',
  `user_id` bigint NOT NULL COMMENT 'User ID',
  `username` varchar(255) NOT NULL COMMENT 'Username',
  `userkey` varchar(255) NOT NULL COMMENT 'Userkey',
  `sponsor_id` bigint NOT NULL COMMENT 'Sponsor ID',
  `parent_id` bigint NOT NULL COMMENT 'Parent ID',
  `payment_status` smallint NOT NULL DEFAULT '0' COMMENT 'Payment Status, 0=>not Paid 1=> paid',
  `status` smallint NOT NULL DEFAULT '1' COMMENT 'Status 0=>disabled, 1=> enabled',
  `created_at` timestamp NOT NULL COMMENT 'Created At',
  `paid_at` timestamp NOT NULL COMMENT 'Paid At',
  `image_path` varchar(255) NOT NULL COMMENT 'image path',
  PRIMARY KEY (`id`),
  FULLTEXT KEY `UNILEVEL_CUSTOMERS_USERNAME_USERKEY` (`username`,`userkey`)
) ENGINE=InnoDB AUTO_INCREMENT=11 DEFAULT CHARSET=utf8mb3 COMMENT='Unilevel Customers Table';

--
-- Dumping data for table `unilevel_customers`
--

INSERT INTO `unilevel_customers` VALUES (1,1,1,'root','3sb0ni7jxv',0,0,1,1,'2025-02-06 08:24:13','2025-02-06 08:24:13',''),(4,1,3,'user2','6zpfi1wj7u',1,1,0,1,'2025-02-08 12:01:25','0000-00-00 00:00:00','https://m24umm.askjitendra.com/media/customer_images/1739016084-20250124_183126.jpg'),(6,1,2,'user1','qngsl0pzra',1,1,1,1,'2025-02-08 12:06:31','2025-02-08 12:27:34','https://m24umm.askjitendra.com/media/customer_images/1739016391-20250124_183126.jpg'),(8,1,4,'amit','5ensu8yb6p',1,1,1,1,'2025-02-08 12:09:44','2025-02-08 12:25:22','https://m24umm.askjitendra.com/media/customer_images/1739016584-20250125_042911-Photoroom.jpg'),(9,1,5,'ajay','07p2bxeqtu',2,2,1,1,'2025-02-08 12:20:33','2025-02-08 12:23:57','https://m24umm.askjitendra.com/media/customer_images/1739017232-a0794667-e541-4526-958d-6c9536a0009b1708340067741RoadsterMenGreenWhiteColourblockedRoundNeckPureCottonT-shirt1.jpg'),(10,1,6,'jaydeepletscms','j7i1zq4odt',1,1,0,1,'2025-04-05 06:35:29','2025-04-05 06:35:29','https://m24umm.askjitendra.com/media/customer_images/1743834929-1702060076979.jpg');

--
-- Table structure for table `unilevel_customers_bankinfo`
--

CREATE TABLE `unilevel_customers_bankinfo` (
  `id` bigint NOT NULL AUTO_INCREMENT COMMENT 'ID',
  `user_id` bigint NOT NULL COMMENT 'User ID',
  `account_holder_name` varchar(255) NOT NULL COMMENT 'Account Holder Name',
  `account_number` varchar(255) NOT NULL COMMENT 'Account Number',
  `bank_name` varchar(255) NOT NULL COMMENT 'Bank Name',
  `branch_name` varchar(255) NOT NULL COMMENT 'Branch Name',
  `ifsc_code` varchar(255) NOT NULL COMMENT 'IFSC Code',
  `contact_number` varchar(255) NOT NULL COMMENT 'Contact Number',
  PRIMARY KEY (`id`)
) ENGINE=InnoDB AUTO_INCREMENT=3 DEFAULT CHARSET=utf8mb3 COMMENT='Unilevel Customers Bank info Table';

--
-- Dumping data for table `unilevel_customers_bankinfo`
--

INSERT INTO `unilevel_customers_bankinfo` VALUES (1,6,'xxxxxxxxxxxxxxxxx','xxxxxxxxxxxxxxxxx','xxxxxxxxxxxxxxxxx','xxxxxxxxxxxxxxxxx','xxxxxxxxxxxxxxxxx','xxxxxxxxxxxxxxxxx'),(2,2,'xxxxxxxxxxxxxxxxx','xxxxxxxxxxxxxxxxxxxxx','xxxxxxxxxxxxxxxxxxx','xxxxxxxxxxxxxxxxxxxxxxx','xdsasadasdcqa','xxxxxxxxxxxxxxxxx');

--
-- Table structure for table `unilevel_hierarchy`
--

CREATE TABLE `unilevel_hierarchy` (
  `id` bigint NOT NULL AUTO_INCREMENT COMMENT 'ID',
  `user_id` bigint NOT NULL COMMENT 'User ID',
  `child_id` bigint NOT NULL COMMENT 'Child ID',
  `level` int NOT NULL DEFAULT '0' COMMENT 'User''s Level according to child',
  `bonus_status` varchar(255) NOT NULL COMMENT 'Bonus Status',
  PRIMARY KEY (`id`)
) ENGINE=InnoDB AUTO_INCREMENT=11 DEFAULT CHARSET=utf8mb3 COMMENT='Unilevel Hierarchy Table';

--
-- Dumping data for table `unilevel_hierarchy`
--

INSERT INTO `unilevel_hierarchy` VALUES (1,1,2,1,''),(2,1,2,1,''),(3,1,3,1,''),(4,1,2,1,''),(5,1,2,1,''),(6,1,4,1,''),(7,1,4,1,''),(8,2,5,1,''),(9,1,5,2,''),(10,1,6,1,'');

--
-- Table structure for table `unilevel_master_payouts`
--

CREATE TABLE `unilevel_master_payouts` (
  `id` bigint NOT NULL AUTO_INCREMENT COMMENT 'ID',
  `website_id` bigint NOT NULL COMMENT 'Website id of payout',
  `total_user` bigint NOT NULL COMMENT 'Total Users',
  `total_amount` double NOT NULL COMMENT 'Total Amount',
  `company_commission` double NOT NULL COMMENT 'Company Commission',
  `referral_commission` double NOT NULL COMMENT 'Referral Commission',
  `join_commission` double NOT NULL COMMENT 'Join Commission',
  `level_commission` double NOT NULL COMMENT 'Level Commission',
  `regular_bonus` double NOT NULL COMMENT 'Regular Bonus',
  `service_charge` double NOT NULL COMMENT 'Service Charge Deduction',
  `tds` double NOT NULL COMMENT 'TDS Deduction',
  `payout_id` bigint NOT NULL DEFAULT '0' COMMENT 'Payout Id',
  `created_at` datetime NOT NULL COMMENT 'Created At Date',
  PRIMARY KEY (`id`)
) ENGINE=InnoDB AUTO_INCREMENT=2 DEFAULT CHARSET=utf8mb3 COMMENT='Unilevel Master Payout Table';

--
-- Dumping data for table `unilevel_master_payouts`
--

INSERT INTO `unilevel_master_payouts` VALUES (1,1,1,520.27395,200,100,0,282.94,29.147,61.2087,30.60435,0,'2025-02-08 12:27:19');

--
-- Table structure for table `unilevel_payouts`
--

CREATE TABLE `unilevel_payouts` (
  `id` bigint NOT NULL AUTO_INCREMENT COMMENT 'ID',
  `master_payout_id` bigint NOT NULL COMMENT 'Master Payout ID',
  `user_id` bigint NOT NULL COMMENT 'User ID',
  `total_amount` double NOT NULL COMMENT 'Total Amount',
  `company_commission` double NOT NULL COMMENT 'Company Commission',
  `referral_commission` double NOT NULL COMMENT 'Referral Commission',
  `join_commission` double NOT NULL COMMENT 'Join Commission',
  `level_commission` double NOT NULL COMMENT 'Level Commission',
  `regular_bonus` double NOT NULL COMMENT 'Regular Bonus',
  `service_charge` double NOT NULL COMMENT 'Service Charge Deduction',
  `tds` double NOT NULL COMMENT 'TDS Deduction',
  `payout_id` bigint NOT NULL DEFAULT '0' COMMENT 'Payout Id',
  `created_at` datetime NOT NULL COMMENT 'Created At Date',
  PRIMARY KEY (`id`)
) ENGINE=InnoDB AUTO_INCREMENT=2 DEFAULT CHARSET=utf8mb3 COMMENT='Unilevel Payout Table';

--
-- Dumping data for table `unilevel_payouts`
--

INSERT INTO `unilevel_payouts` VALUES (1,1,1,520.27395,200,100,0,282.94,29.147,61.2087,30.60435,0,'2025-02-08 12:27:19');

--
-- Table structure for table `unilevel_transactions`
--

CREATE TABLE `unilevel_transactions` (
  `id` bigint NOT NULL AUTO_INCREMENT COMMENT 'ID',
  `user_id` bigint NOT NULL COMMENT 'User ID',
  `cr` double NOT NULL COMMENT 'Credit Amount',
  `dr` double NOT NULL COMMENT 'Debit Amount',
  `type` smallint NOT NULL COMMENT 'Type 0 => Payout, 1 => Withdrawal',
  `referrence` varchar(255) NOT NULL COMMENT 'Referrence Of Transaction',
  `created_at` datetime NOT NULL COMMENT 'Created At Date',
  PRIMARY KEY (`id`)
) ENGINE=InnoDB AUTO_INCREMENT=2 DEFAULT CHARSET=utf8mb3 COMMENT='Unilevel Transactions Table';

--
-- Dumping data for table `unilevel_transactions`
--

INSERT INTO `unilevel_transactions` VALUES (1,1,520.27395,0,0,'1','2025-02-08 12:27:19');

--
-- Table structure for table `unilevel_withdrawals`
--

CREATE TABLE `unilevel_withdrawals` (
  `id` bigint NOT NULL AUTO_INCREMENT COMMENT 'ID',
  `website_id` bigint NOT NULL COMMENT 'Website id of user who requested',
  `user_id` bigint NOT NULL COMMENT 'User ID',
  `amount` double NOT NULL COMMENT 'Amount',
  `withdrawal_fee` double NOT NULL COMMENT 'Withdrawal Fee',
  `status` smallint NOT NULL COMMENT 'Status, 0 => Withdrawal initiated, 1 => Payment Processed, 2 => Payment Failed',
  `referrence` varchar(255) NOT NULL COMMENT 'Referrence Of Transaction',
  `withdrawal_initiated_date` datetime NOT NULL COMMENT 'Withdrawal Initiated Date',
  `payment_processed_date` datetime NOT NULL COMMENT 'Payment Processed Date',
  `bankinfo` varchar(255) NOT NULL COMMENT 'Bank Info',
  `payment_mode` varchar(255) NOT NULL COMMENT 'Payment Mode',
  `payment_failed_comment` varchar(255) NOT NULL COMMENT 'Payment failed Comment',
  `transaction_id` varchar(255) NOT NULL COMMENT 'Transaction Id',
  `user_bank_name` varchar(255) NOT NULL COMMENT 'User Bank Name',
  `user_account_no` varchar(255) NOT NULL COMMENT 'User Bank Number',
  PRIMARY KEY (`id`)
) ENGINE=InnoDB DEFAULT CHARSET=utf8mb3 COMMENT='Unilevel Withdrawals Table';

--
-- Dumping data for table `unilevel_withdrawals`
--


--
-- Table structure for table `url_rewrite`
--

CREATE TABLE `url_rewrite` (
  `url_rewrite_id` int unsigned NOT NULL AUTO_INCREMENT COMMENT 'Rewrite ID',
  `entity_type` varchar(32) NOT NULL COMMENT 'Entity type code',
  `entity_id` int unsigned NOT NULL COMMENT 'Entity ID',
  `request_path` varchar(255) DEFAULT NULL COMMENT 'Request Path',
  `target_path` varchar(255) DEFAULT NULL COMMENT 'Target Path',
  `redirect_type` smallint unsigned NOT NULL DEFAULT '0' COMMENT 'Redirect Type',
  `store_id` smallint unsigned NOT NULL COMMENT 'Store ID',
  `description` varchar(255) DEFAULT NULL COMMENT 'Description',
  `is_autogenerated` smallint unsigned NOT NULL DEFAULT '0' COMMENT 'Is rewrite generated automatically flag',
  `metadata` varchar(255) DEFAULT NULL COMMENT 'Meta data for url rewrite',
  PRIMARY KEY (`url_rewrite_id`),
  UNIQUE KEY `URL_REWRITE_REQUEST_PATH_STORE_ID` (`request_path`,`store_id`),
  KEY `URL_REWRITE_TARGET_PATH` (`target_path`),
  KEY `URL_REWRITE_STORE_ID_ENTITY_ID` (`store_id`,`entity_id`),
  KEY `URL_REWRITE_ENTITY_ID` (`entity_id`),
  KEY `URL_REWRITE_IS_AUTOGENERATED_METADATA` (`is_autogenerated`,`metadata`)
) ENGINE=InnoDB AUTO_INCREMENT=507 DEFAULT CHARSET=utf8mb3 COMMENT='Url Rewrites';

--
-- Dumping data for table `url_rewrite`
--

INSERT INTO `url_rewrite` VALUES (1,'cms-page',1,'no-route','cms/page/view/page_id/1',0,1,NULL,1,NULL),(2,'cms-page',2,'home','cms/page/view/page_id/2',0,1,NULL,1,NULL),(3,'cms-page',3,'enable-cookies','cms/page/view/page_id/3',0,1,NULL,1,NULL),(4,'cms-page',4,'privacy-policy-cookie-restriction-mode','cms/page/view/page_id/4',0,1,NULL,1,NULL),(5,'category',3,'mobiles.html','catalog/category/view/id/3',0,1,NULL,1,NULL),(6,'category',4,'men.html','catalog/category/view/id/4',0,1,NULL,1,NULL),(7,'category',5,'women.html','catalog/category/view/id/5',0,1,NULL,1,NULL),(8,'category',6,'kids.html','catalog/category/view/id/6',0,1,NULL,1,NULL),(9,'product',1,'oneplus-nord-ce-2-lite-5g.html','catalog/product/view/id/1',0,1,NULL,1,NULL),(10,'product',2,'men-solid-single-breasted-casual-formal-party-festive-wedding-blazer-black.html','catalog/product/view/id/2',0,1,NULL,1,NULL),(11,'product',3,'riti-embroidered-kurta-trouser-pant-dupatta-set-for-women.html','catalog/product/view/id/3',0,1,NULL,1,NULL),(12,'product',4,'boys-festive-party-kurta-and-pyjama-set-yellow-pack-of-1.html','catalog/product/view/id/4',0,1,NULL,1,NULL),(13,'product',5,'fire-boltt-ninja-call-pro-plus.html','catalog/product/view/id/5',0,1,NULL,1,NULL),(14,'category',7,'watch.html','catalog/category/view/id/7',0,1,NULL,1,NULL),(20,'Category',0,'business-finance','blog/index/Category/id/5',0,1,NULL,1,NULL),(22,'Category',0,'travel','blog/index/Category/id/3',0,1,NULL,1,NULL),(23,'Category',0,'food-recipes','blog/index/Category/id/4',0,1,NULL,1,NULL),(24,'Category',0,'technology','blog/index/Category/id/1',0,1,NULL,1,NULL),(25,'Category',0,'health-wellness','blog/index/Category/id/2',0,1,NULL,1,NULL),(27,'post',0,'magento-ecommerce-platform-overview','blog/view/index/id/1',0,1,NULL,1,NULL),(28,'Category',0,'magento','blog/index/Category/id/',0,0,NULL,1,NULL),(29,'post',0,'magento-api-integration-guide','blog/view/index/id/2',0,1,NULL,1,NULL),(30,'Category',0,'magento','blog/index/Category/id/6',0,1,NULL,1,NULL),(31,'product',6,'samsung-galaxy-s25-ultra.html','catalog/product/view/id/6',0,1,NULL,1,NULL),(32,'product',6,'mobiles/samsung-galaxy-s25-ultra.html','catalog/product/view/id/6/category/3',0,1,NULL,1,'{\"category_id\":\"3\"}'),(33,'product',7,'vivo-x200-pro.html','catalog/product/view/id/7',0,1,NULL,1,NULL),(34,'product',7,'mobiles/vivo-x200-pro.html','catalog/product/view/id/7/category/3',0,1,NULL,1,'{\"category_id\":\"3\"}'),(35,'product',8,'oppo-find-x8-pro.html','catalog/product/view/id/8',0,1,NULL,1,NULL),(36,'product',9,'apple-watch-series-6-cellular.html','catalog/product/view/id/9',0,1,NULL,1,NULL),(37,'product',9,'watch/apple-watch-series-6-cellular.html','catalog/product/view/id/9/category/7',0,1,NULL,1,'{\"category_id\":\"7\"}'),(44,'category',10,'mobiles/android.html','catalog/category/view/id/10',0,1,NULL,1,NULL),(45,'product',14,'ew.html','catalog/product/view/id/14',0,1,NULL,1,NULL),(46,'product',14,'watch/ew.html','catalog/product/view/id/14/category/7',0,1,NULL,1,'{\"category_id\":\"7\"}'),(47,'product',15,'ewf.html','catalog/product/view/id/15',0,1,NULL,1,NULL),(48,'category',11,'gear.html','catalog/category/view/id/11',0,1,NULL,1,NULL),(49,'category',12,'gear/bags.html','catalog/category/view/id/12',0,1,NULL,1,NULL),(50,'category',13,'gear/fitness-equipment.html','catalog/category/view/id/13',0,1,NULL,1,NULL),(51,'category',14,'gear/watches.html','catalog/category/view/id/14',0,1,NULL,1,NULL),(52,'category',15,'collections.html','catalog/category/view/id/15',0,1,NULL,1,NULL),(53,'category',16,'collections/yoga-new.html','catalog/category/view/id/16',0,1,NULL,1,NULL),(54,'product',16,'joust-duffle-bag.html','catalog/product/view/id/16',0,1,NULL,1,NULL),(55,'product',16,'gear/joust-duffle-bag.html','catalog/product/view/id/16/category/11',0,1,NULL,1,'{\"category_id\":\"11\"}'),(56,'product',16,'gear/bags/joust-duffle-bag.html','catalog/product/view/id/16/category/12',0,1,NULL,1,'{\"category_id\":\"12\"}'),(57,'product',17,'strive-shoulder-pack.html','catalog/product/view/id/17',0,1,NULL,1,NULL),(58,'product',17,'gear/strive-shoulder-pack.html','catalog/product/view/id/17/category/11',0,1,NULL,1,'{\"category_id\":\"11\"}'),(59,'product',17,'gear/bags/strive-shoulder-pack.html','catalog/product/view/id/17/category/12',0,1,NULL,1,'{\"category_id\":\"12\"}'),(60,'product',17,'collections/strive-shoulder-pack.html','catalog/product/view/id/17/category/15',0,1,NULL,1,'{\"category_id\":\"15\"}'),(61,'product',18,'crown-summit-backpack.html','catalog/product/view/id/18',0,1,NULL,1,NULL),(62,'product',18,'gear/crown-summit-backpack.html','catalog/product/view/id/18/category/11',0,1,NULL,1,'{\"category_id\":\"11\"}'),(63,'product',18,'gear/bags/crown-summit-backpack.html','catalog/product/view/id/18/category/12',0,1,NULL,1,'{\"category_id\":\"12\"}'),(64,'product',19,'wayfarer-messenger-bag.html','catalog/product/view/id/19',0,1,NULL,1,NULL),(65,'product',19,'gear/wayfarer-messenger-bag.html','catalog/product/view/id/19/category/11',0,1,NULL,1,'{\"category_id\":\"11\"}'),(66,'product',19,'gear/bags/wayfarer-messenger-bag.html','catalog/product/view/id/19/category/12',0,1,NULL,1,'{\"category_id\":\"12\"}'),(67,'product',19,'collections/wayfarer-messenger-bag.html','catalog/product/view/id/19/category/15',0,1,NULL,1,'{\"category_id\":\"15\"}'),(68,'product',19,'collections/yoga-new/wayfarer-messenger-bag.html','catalog/product/view/id/19/category/16',0,1,NULL,1,'{\"category_id\":\"16\"}'),(69,'product',20,'rival-field-messenger.html','catalog/product/view/id/20',0,1,NULL,1,NULL),(70,'product',20,'gear/rival-field-messenger.html','catalog/product/view/id/20/category/11',0,1,NULL,1,'{\"category_id\":\"11\"}'),(71,'product',20,'gear/bags/rival-field-messenger.html','catalog/product/view/id/20/category/12',0,1,NULL,1,'{\"category_id\":\"12\"}'),(72,'product',20,'collections/rival-field-messenger.html','catalog/product/view/id/20/category/15',0,1,NULL,1,'{\"category_id\":\"15\"}'),(73,'product',20,'collections/yoga-new/rival-field-messenger.html','catalog/product/view/id/20/category/16',0,1,NULL,1,'{\"category_id\":\"16\"}'),(74,'product',21,'fusion-backpack.html','catalog/product/view/id/21',0,1,NULL,1,NULL),(75,'product',21,'gear/fusion-backpack.html','catalog/product/view/id/21/category/11',0,1,NULL,1,'{\"category_id\":\"11\"}'),(76,'product',21,'gear/bags/fusion-backpack.html','catalog/product/view/id/21/category/12',0,1,NULL,1,'{\"category_id\":\"12\"}'),(77,'product',22,'impulse-duffle.html','catalog/product/view/id/22',0,1,NULL,1,NULL),(78,'product',22,'gear/impulse-duffle.html','catalog/product/view/id/22/category/11',0,1,NULL,1,'{\"category_id\":\"11\"}'),(79,'product',22,'gear/bags/impulse-duffle.html','catalog/product/view/id/22/category/12',0,1,NULL,1,'{\"category_id\":\"12\"}'),(80,'product',23,'voyage-yoga-bag.html','catalog/product/view/id/23',0,1,NULL,1,NULL),(81,'product',23,'gear/voyage-yoga-bag.html','catalog/product/view/id/23/category/11',0,1,NULL,1,'{\"category_id\":\"11\"}'),(82,'product',23,'gear/bags/voyage-yoga-bag.html','catalog/product/view/id/23/category/12',0,1,NULL,1,'{\"category_id\":\"12\"}'),(83,'product',24,'compete-track-tote.html','catalog/product/view/id/24',0,1,NULL,1,NULL),(84,'product',24,'gear/compete-track-tote.html','catalog/product/view/id/24/category/11',0,1,NULL,1,'{\"category_id\":\"11\"}'),(85,'product',24,'gear/bags/compete-track-tote.html','catalog/product/view/id/24/category/12',0,1,NULL,1,'{\"category_id\":\"12\"}'),(86,'product',25,'savvy-shoulder-tote.html','catalog/product/view/id/25',0,1,NULL,1,NULL),(87,'product',25,'gear/savvy-shoulder-tote.html','catalog/product/view/id/25/category/11',0,1,NULL,1,'{\"category_id\":\"11\"}'),(88,'product',25,'gear/bags/savvy-shoulder-tote.html','catalog/product/view/id/25/category/12',0,1,NULL,1,'{\"category_id\":\"12\"}'),(89,'product',25,'collections/savvy-shoulder-tote.html','catalog/product/view/id/25/category/15',0,1,NULL,1,'{\"category_id\":\"15\"}'),(90,'product',26,'endeavor-daytrip-backpack.html','catalog/product/view/id/26',0,1,NULL,1,NULL),(91,'product',26,'gear/endeavor-daytrip-backpack.html','catalog/product/view/id/26/category/11',0,1,NULL,1,'{\"category_id\":\"11\"}'),(92,'product',26,'gear/bags/endeavor-daytrip-backpack.html','catalog/product/view/id/26/category/12',0,1,NULL,1,'{\"category_id\":\"12\"}'),(93,'product',26,'collections/endeavor-daytrip-backpack.html','catalog/product/view/id/26/category/15',0,1,NULL,1,'{\"category_id\":\"15\"}'),(94,'product',27,'driven-backpack.html','catalog/product/view/id/27',0,1,NULL,1,NULL),(95,'product',27,'gear/driven-backpack.html','catalog/product/view/id/27/category/11',0,1,NULL,1,'{\"category_id\":\"11\"}'),(96,'product',27,'gear/bags/driven-backpack.html','catalog/product/view/id/27/category/12',0,1,NULL,1,'{\"category_id\":\"12\"}'),(97,'product',28,'overnight-duffle.html','catalog/product/view/id/28',0,1,NULL,1,NULL),(98,'product',28,'gear/overnight-duffle.html','catalog/product/view/id/28/category/11',0,1,NULL,1,'{\"category_id\":\"11\"}'),(99,'product',28,'gear/bags/overnight-duffle.html','catalog/product/view/id/28/category/12',0,1,NULL,1,'{\"category_id\":\"12\"}'),(100,'product',28,'collections/overnight-duffle.html','catalog/product/view/id/28/category/15',0,1,NULL,1,'{\"category_id\":\"15\"}'),(101,'product',28,'collections/yoga-new/overnight-duffle.html','catalog/product/view/id/28/category/16',0,1,NULL,1,'{\"category_id\":\"16\"}'),(102,'product',29,'push-it-messenger-bag.html','catalog/product/view/id/29',0,1,NULL,1,NULL),(103,'product',29,'gear/push-it-messenger-bag.html','catalog/product/view/id/29/category/11',0,1,NULL,1,'{\"category_id\":\"11\"}'),(104,'product',29,'gear/bags/push-it-messenger-bag.html','catalog/product/view/id/29/category/12',0,1,NULL,1,'{\"category_id\":\"12\"}'),(105,'product',29,'collections/push-it-messenger-bag.html','catalog/product/view/id/29/category/15',0,1,NULL,1,'{\"category_id\":\"15\"}'),(106,'product',30,'affirm-water-bottle.html','catalog/product/view/id/30',0,1,NULL,1,NULL),(107,'product',30,'gear/affirm-water-bottle.html','catalog/product/view/id/30/category/11',0,1,NULL,1,'{\"category_id\":\"11\"}'),(108,'product',30,'gear/fitness-equipment/affirm-water-bottle.html','catalog/product/view/id/30/category/13',0,1,NULL,1,'{\"category_id\":\"13\"}'),(109,'product',31,'dual-handle-cardio-ball.html','catalog/product/view/id/31',0,1,NULL,1,NULL),(110,'product',31,'gear/dual-handle-cardio-ball.html','catalog/product/view/id/31/category/11',0,1,NULL,1,'{\"category_id\":\"11\"}'),(111,'product',31,'gear/fitness-equipment/dual-handle-cardio-ball.html','catalog/product/view/id/31/category/13',0,1,NULL,1,'{\"category_id\":\"13\"}'),(112,'product',31,'collections/dual-handle-cardio-ball.html','catalog/product/view/id/31/category/15',0,1,NULL,1,'{\"category_id\":\"15\"}'),(113,'product',32,'zing-jump-rope.html','catalog/product/view/id/32',0,1,NULL,1,NULL),(114,'product',32,'gear/zing-jump-rope.html','catalog/product/view/id/32/category/11',0,1,NULL,1,'{\"category_id\":\"11\"}'),(115,'product',32,'gear/fitness-equipment/zing-jump-rope.html','catalog/product/view/id/32/category/13',0,1,NULL,1,'{\"category_id\":\"13\"}'),(116,'product',33,'pursuit-lumaflex-trade-tone-band.html','catalog/product/view/id/33',0,1,NULL,1,NULL),(117,'product',33,'gear/pursuit-lumaflex-trade-tone-band.html','catalog/product/view/id/33/category/11',0,1,NULL,1,'{\"category_id\":\"11\"}'),(118,'product',33,'gear/fitness-equipment/pursuit-lumaflex-trade-tone-band.html','catalog/product/view/id/33/category/13',0,1,NULL,1,'{\"category_id\":\"13\"}'),(119,'product',34,'go-get-r-pushup-grips.html','catalog/product/view/id/34',0,1,NULL,1,NULL),(120,'product',34,'gear/go-get-r-pushup-grips.html','catalog/product/view/id/34/category/11',0,1,NULL,1,'{\"category_id\":\"11\"}'),(121,'product',34,'gear/fitness-equipment/go-get-r-pushup-grips.html','catalog/product/view/id/34/category/13',0,1,NULL,1,'{\"category_id\":\"13\"}'),(122,'product',34,'collections/go-get-r-pushup-grips.html','catalog/product/view/id/34/category/15',0,1,NULL,1,'{\"category_id\":\"15\"}'),(123,'product',34,'collections/yoga-new/go-get-r-pushup-grips.html','catalog/product/view/id/34/category/16',0,1,NULL,1,'{\"category_id\":\"16\"}'),(124,'product',35,'quest-lumaflex-trade-band.html','catalog/product/view/id/35',0,1,NULL,1,NULL),(125,'product',35,'gear/quest-lumaflex-trade-band.html','catalog/product/view/id/35/category/11',0,1,NULL,1,'{\"category_id\":\"11\"}'),(126,'product',35,'gear/fitness-equipment/quest-lumaflex-trade-band.html','catalog/product/view/id/35/category/13',0,1,NULL,1,'{\"category_id\":\"13\"}'),(127,'product',36,'sprite-foam-yoga-brick.html','catalog/product/view/id/36',0,1,NULL,1,NULL),(128,'product',36,'gear/sprite-foam-yoga-brick.html','catalog/product/view/id/36/category/11',0,1,NULL,1,'{\"category_id\":\"11\"}'),(129,'product',36,'gear/fitness-equipment/sprite-foam-yoga-brick.html','catalog/product/view/id/36/category/13',0,1,NULL,1,'{\"category_id\":\"13\"}'),(130,'product',37,'sprite-foam-roller.html','catalog/product/view/id/37',0,1,NULL,1,NULL),(131,'product',37,'gear/sprite-foam-roller.html','catalog/product/view/id/37/category/11',0,1,NULL,1,'{\"category_id\":\"11\"}'),(132,'product',37,'gear/fitness-equipment/sprite-foam-roller.html','catalog/product/view/id/37/category/13',0,1,NULL,1,'{\"category_id\":\"13\"}'),(133,'product',38,'harmony-lumaflex-trade-strength-band-kit.html','catalog/product/view/id/38',0,1,NULL,1,NULL),(134,'product',38,'gear/harmony-lumaflex-trade-strength-band-kit.html','catalog/product/view/id/38/category/11',0,1,NULL,1,'{\"category_id\":\"11\"}'),(135,'product',38,'gear/fitness-equipment/harmony-lumaflex-trade-strength-band-kit.html','catalog/product/view/id/38/category/13',0,1,NULL,1,'{\"category_id\":\"13\"}'),(136,'product',51,'aim-analog-watch.html','catalog/product/view/id/51',0,1,NULL,1,NULL),(137,'product',51,'gear/aim-analog-watch.html','catalog/product/view/id/51/category/11',0,1,NULL,1,'{\"category_id\":\"11\"}'),(138,'product',51,'gear/watches/aim-analog-watch.html','catalog/product/view/id/51/category/14',0,1,NULL,1,'{\"category_id\":\"14\"}'),(139,'product',52,'endurance-watch.html','catalog/product/view/id/52',0,1,NULL,1,NULL),(140,'product',52,'gear/endurance-watch.html','catalog/product/view/id/52/category/11',0,1,NULL,1,'{\"category_id\":\"11\"}'),(141,'product',52,'gear/watches/endurance-watch.html','catalog/product/view/id/52/category/14',0,1,NULL,1,'{\"category_id\":\"14\"}'),(142,'product',53,'summit-watch.html','catalog/product/view/id/53',0,1,NULL,1,NULL),(143,'product',53,'gear/summit-watch.html','catalog/product/view/id/53/category/11',0,1,NULL,1,'{\"category_id\":\"11\"}'),(144,'product',53,'gear/watches/summit-watch.html','catalog/product/view/id/53/category/14',0,1,NULL,1,'{\"category_id\":\"14\"}'),(145,'product',53,'collections/summit-watch.html','catalog/product/view/id/53/category/15',0,1,NULL,1,'{\"category_id\":\"15\"}'),(146,'product',53,'collections/yoga-new/summit-watch.html','catalog/product/view/id/53/category/16',0,1,NULL,1,'{\"category_id\":\"16\"}'),(147,'product',54,'cruise-dual-analog-watch.html','catalog/product/view/id/54',0,1,NULL,1,NULL),(148,'product',54,'gear/cruise-dual-analog-watch.html','catalog/product/view/id/54/category/11',0,1,NULL,1,'{\"category_id\":\"11\"}'),(149,'product',54,'gear/watches/cruise-dual-analog-watch.html','catalog/product/view/id/54/category/14',0,1,NULL,1,'{\"category_id\":\"14\"}'),(150,'product',54,'collections/cruise-dual-analog-watch.html','catalog/product/view/id/54/category/15',0,1,NULL,1,'{\"category_id\":\"15\"}'),(151,'product',54,'collections/yoga-new/cruise-dual-analog-watch.html','catalog/product/view/id/54/category/16',0,1,NULL,1,'{\"category_id\":\"16\"}'),(152,'product',55,'dash-digital-watch.html','catalog/product/view/id/55',0,1,NULL,1,NULL),(153,'product',55,'gear/dash-digital-watch.html','catalog/product/view/id/55/category/11',0,1,NULL,1,'{\"category_id\":\"11\"}'),(154,'product',55,'gear/watches/dash-digital-watch.html','catalog/product/view/id/55/category/14',0,1,NULL,1,'{\"category_id\":\"14\"}'),(155,'product',55,'collections/dash-digital-watch.html','catalog/product/view/id/55/category/15',0,1,NULL,1,'{\"category_id\":\"15\"}'),(156,'product',55,'collections/yoga-new/dash-digital-watch.html','catalog/product/view/id/55/category/16',0,1,NULL,1,'{\"category_id\":\"16\"}'),(157,'product',56,'luma-analog-watch.html','catalog/product/view/id/56',0,1,NULL,1,NULL),(158,'product',56,'gear/luma-analog-watch.html','catalog/product/view/id/56/category/11',0,1,NULL,1,'{\"category_id\":\"11\"}'),(159,'product',56,'gear/watches/luma-analog-watch.html','catalog/product/view/id/56/category/14',0,1,NULL,1,'{\"category_id\":\"14\"}'),(160,'product',57,'bolo-sport-watch.html','catalog/product/view/id/57',0,1,NULL,1,NULL),(161,'product',57,'gear/bolo-sport-watch.html','catalog/product/view/id/57/category/11',0,1,NULL,1,'{\"category_id\":\"11\"}'),(162,'product',57,'gear/watches/bolo-sport-watch.html','catalog/product/view/id/57/category/14',0,1,NULL,1,'{\"category_id\":\"14\"}'),(163,'product',58,'clamber-watch.html','catalog/product/view/id/58',0,1,NULL,1,NULL),(164,'product',58,'gear/clamber-watch.html','catalog/product/view/id/58/category/11',0,1,NULL,1,'{\"category_id\":\"11\"}'),(165,'product',58,'gear/watches/clamber-watch.html','catalog/product/view/id/58/category/14',0,1,NULL,1,'{\"category_id\":\"14\"}'),(166,'product',59,'didi-sport-watch.html','catalog/product/view/id/59',0,1,NULL,1,NULL),(167,'product',59,'gear/didi-sport-watch.html','catalog/product/view/id/59/category/11',0,1,NULL,1,'{\"category_id\":\"11\"}'),(168,'product',59,'gear/watches/didi-sport-watch.html','catalog/product/view/id/59/category/14',0,1,NULL,1,'{\"category_id\":\"14\"}'),(169,'product',59,'collections/didi-sport-watch.html','catalog/product/view/id/59/category/15',0,1,NULL,1,'{\"category_id\":\"15\"}'),(170,'product',59,'collections/yoga-new/didi-sport-watch.html','catalog/product/view/id/59/category/16',0,1,NULL,1,'{\"category_id\":\"16\"}'),(171,'product',60,'sprite-yoga-companion-kit.html','catalog/product/view/id/60',0,1,NULL,1,NULL),(172,'product',60,'gear/sprite-yoga-companion-kit.html','catalog/product/view/id/60/category/11',0,1,NULL,1,'{\"category_id\":\"11\"}'),(173,'product',60,'gear/fitness-equipment/sprite-yoga-companion-kit.html','catalog/product/view/id/60/category/13',0,1,NULL,1,'{\"category_id\":\"13\"}'),(174,'product',61,'set-of-sprite-yoga-straps.html','catalog/product/view/id/61',0,1,NULL,1,NULL),(175,'product',61,'gear/set-of-sprite-yoga-straps.html','catalog/product/view/id/61/category/11',0,1,NULL,1,'{\"category_id\":\"11\"}'),(176,'product',61,'gear/fitness-equipment/set-of-sprite-yoga-straps.html','catalog/product/view/id/61/category/13',0,1,NULL,1,'{\"category_id\":\"13\"}'),(177,'category',17,'training.html','catalog/category/view/id/17',0,1,NULL,1,NULL),(178,'category',18,'training/training-video.html','catalog/category/view/id/18',0,1,NULL,1,NULL),(179,'category',19,'men/tops-men.html','catalog/category/view/id/19',0,1,NULL,1,NULL),(180,'category',20,'men/bottoms-men.html','catalog/category/view/id/20',0,1,NULL,1,NULL),(181,'category',21,'men/tops-men/jackets-men.html','catalog/category/view/id/21',0,1,NULL,1,NULL),(182,'category',22,'men/tops-men/hoodies-and-sweatshirts-men.html','catalog/category/view/id/22',0,1,NULL,1,NULL),(183,'category',23,'men/tops-men/tees-men.html','catalog/category/view/id/23',0,1,NULL,1,NULL),(184,'category',24,'men/tops-men/tanks-men.html','catalog/category/view/id/24',0,1,NULL,1,NULL),(185,'category',25,'men/bottoms-men/pants-men.html','catalog/category/view/id/25',0,1,NULL,1,NULL),(186,'category',26,'men/bottoms-men/shorts-men.html','catalog/category/view/id/26',0,1,NULL,1,NULL),(187,'category',27,'women/tops-women.html','catalog/category/view/id/27',0,1,NULL,1,NULL),(188,'category',28,'women/bottoms-women.html','catalog/category/view/id/28',0,1,NULL,1,NULL),(189,'category',29,'women/tops-women/jackets-women.html','catalog/category/view/id/29',0,1,NULL,1,NULL),(190,'category',30,'women/tops-women/hoodies-and-sweatshirts-women.html','catalog/category/view/id/30',0,1,NULL,1,NULL),(191,'category',31,'women/tops-women/tees-women.html','catalog/category/view/id/31',0,1,NULL,1,NULL),(192,'category',32,'women/tops-women/tanks-women.html','catalog/category/view/id/32',0,1,NULL,1,NULL),(193,'category',33,'women/bottoms-women/pants-women.html','catalog/category/view/id/33',0,1,NULL,1,NULL),(194,'category',34,'women/bottoms-women/shorts-women.html','catalog/category/view/id/34',0,1,NULL,1,NULL),(195,'category',35,'promotions.html','catalog/category/view/id/35',0,1,NULL,1,NULL),(196,'category',36,'promotions/women-sale.html','catalog/category/view/id/36',0,1,NULL,1,NULL),(197,'category',37,'promotions/men-sale.html','catalog/category/view/id/37',0,1,NULL,1,NULL),(198,'category',38,'promotions/pants-all.html','catalog/category/view/id/38',0,1,NULL,1,NULL),(199,'category',39,'promotions/tees-all.html','catalog/category/view/id/39',0,1,NULL,1,NULL),(200,'category',40,'collections/erin-recommends.html','catalog/category/view/id/40',0,1,NULL,1,NULL),(201,'category',41,'collections/performance-fabrics.html','catalog/category/view/id/41',0,1,NULL,1,NULL),(202,'category',42,'collections/eco-friendly.html','catalog/category/view/id/42',0,1,NULL,1,NULL),(203,'product',77,'chaz-kangeroo-hoodie.html','catalog/product/view/id/77',0,1,NULL,1,NULL),(204,'product',93,'teton-pullover-hoodie.html','catalog/product/view/id/93',0,1,NULL,1,NULL),(205,'product',109,'bruno-compete-hoodie.html','catalog/product/view/id/109',0,1,NULL,1,NULL),(206,'product',125,'frankie-sweatshirt.html','catalog/product/view/id/125',0,1,NULL,1,NULL),(207,'product',141,'hollister-backyard-sweatshirt.html','catalog/product/view/id/141',0,1,NULL,1,NULL),(208,'product',157,'stark-fundamental-hoodie.html','catalog/product/view/id/157',0,1,NULL,1,NULL),(209,'product',173,'hero-hoodie.html','catalog/product/view/id/173',0,1,NULL,1,NULL),(210,'product',189,'oslo-trek-hoodie.html','catalog/product/view/id/189',0,1,NULL,1,NULL),(211,'product',205,'abominable-hoodie.html','catalog/product/view/id/205',0,1,NULL,1,NULL),(212,'product',221,'mach-street-sweatshirt.html','catalog/product/view/id/221',0,1,NULL,1,NULL),(213,'product',237,'grayson-crewneck-sweatshirt.html','catalog/product/view/id/237',0,1,NULL,1,NULL),(214,'product',253,'ajax-full-zip-sweatshirt.html','catalog/product/view/id/253',0,1,NULL,1,NULL),(215,'product',269,'marco-lightweight-active-hoodie.html','catalog/product/view/id/269',0,1,NULL,1,NULL),(216,'product',285,'beaumont-summit-kit.html','catalog/product/view/id/285',0,1,NULL,1,NULL),(217,'product',301,'hyperion-elements-jacket.html','catalog/product/view/id/301',0,1,NULL,1,NULL),(218,'product',317,'kenobi-trail-jacket.html','catalog/product/view/id/317',0,1,NULL,1,NULL),(219,'product',333,'orion-two-tone-fitted-jacket.html','catalog/product/view/id/333',0,1,NULL,1,NULL),(220,'product',349,'lando-gym-jacket.html','catalog/product/view/id/349',0,1,NULL,1,NULL),(221,'product',365,'taurus-elements-shell.html','catalog/product/view/id/365',0,1,NULL,1,NULL),(222,'product',381,'mars-heattech-trade-pullover.html','catalog/product/view/id/381',0,1,NULL,1,NULL),(223,'product',397,'typhon-performance-fleece-lined-jacket.html','catalog/product/view/id/397',0,1,NULL,1,NULL),(224,'product',413,'jupiter-all-weather-trainer.html','catalog/product/view/id/413',0,1,NULL,1,NULL),(225,'product',429,'montana-wind-jacket.html','catalog/product/view/id/429',0,1,NULL,1,NULL),(226,'product',445,'proteus-fitness-jackshirt.html','catalog/product/view/id/445',0,1,NULL,1,NULL),(227,'product',461,'gobi-heattec-reg-tee.html','catalog/product/view/id/461',0,1,NULL,1,NULL),(228,'product',477,'helios-evercool-trade-tee.html','catalog/product/view/id/477',0,1,NULL,1,NULL),(229,'product',493,'ryker-lumatech-trade-tee-crew-neck.html','catalog/product/view/id/493',0,1,NULL,1,NULL),(230,'product',509,'atomic-endurance-running-tee-v-neck.html','catalog/product/view/id/509',0,1,NULL,1,NULL),(231,'product',525,'atomic-endurance-running-tee-crew-neck.html','catalog/product/view/id/525',0,1,NULL,1,NULL),(232,'product',541,'balboa-persistence-tee.html','catalog/product/view/id/541',0,1,NULL,1,NULL),(233,'product',557,'zoltan-gym-tee.html','catalog/product/view/id/557',0,1,NULL,1,NULL),(234,'product',573,'aero-daily-fitness-tee.html','catalog/product/view/id/573',0,1,NULL,1,NULL),(235,'product',589,'ryker-lumatech-trade-tee-v-neck.html','catalog/product/view/id/589',0,1,NULL,1,NULL),(236,'product',605,'logan-heattec-reg-tee.html','catalog/product/view/id/605',0,1,NULL,1,NULL),(237,'product',621,'deion-long-sleeve-evercool-trade-tee.html','catalog/product/view/id/621',0,1,NULL,1,NULL),(238,'product',637,'strike-endurance-tee.html','catalog/product/view/id/637',0,1,NULL,1,NULL),(239,'product',653,'erikssen-cooltech-trade-fitness-tank.html','catalog/product/view/id/653',0,1,NULL,1,NULL),(240,'product',669,'tristan-endurance-tank.html','catalog/product/view/id/669',0,1,NULL,1,NULL),(241,'product',685,'primo-endurance-tank.html','catalog/product/view/id/685',0,1,NULL,1,NULL),(242,'product',691,'helios-endurance-tank.html','catalog/product/view/id/691',0,1,NULL,1,NULL),(243,'product',697,'rocco-gym-tank.html','catalog/product/view/id/697',0,1,NULL,1,NULL),(244,'product',703,'vulcan-weightlifting-tank.html','catalog/product/view/id/703',0,1,NULL,1,NULL),(245,'product',709,'argus-all-weather-tank.html','catalog/product/view/id/709',0,1,NULL,1,NULL),(246,'product',715,'sparta-gym-tank.html','catalog/product/view/id/715',0,1,NULL,1,NULL),(247,'product',721,'sinbad-fitness-tank.html','catalog/product/view/id/721',0,1,NULL,1,NULL),(248,'product',727,'tiberius-gym-tank.html','catalog/product/view/id/727',0,1,NULL,1,NULL),(249,'product',733,'atlas-fitness-tank.html','catalog/product/view/id/733',0,1,NULL,1,NULL),(250,'product',739,'cassius-sparring-tank.html','catalog/product/view/id/739',0,1,NULL,1,NULL),(251,'product',752,'caesar-warm-up-pant.html','catalog/product/view/id/752',0,1,NULL,1,NULL),(252,'product',765,'viktor-lumatech-trade-pant.html','catalog/product/view/id/765',0,1,NULL,1,NULL),(253,'product',778,'geo-insulated-jogging-pant.html','catalog/product/view/id/778',0,1,NULL,1,NULL),(254,'product',791,'supernova-sport-pant.html','catalog/product/view/id/791',0,1,NULL,1,NULL),(255,'product',804,'kratos-gym-pant.html','catalog/product/view/id/804',0,1,NULL,1,NULL),(256,'product',817,'mithra-warmup-pant.html','catalog/product/view/id/817',0,1,NULL,1,NULL),(257,'product',830,'thorpe-track-pant.html','catalog/product/view/id/830',0,1,NULL,1,NULL),(258,'product',843,'zeppelin-yoga-pant.html','catalog/product/view/id/843',0,1,NULL,1,NULL),(259,'product',856,'livingston-all-purpose-tight.html','catalog/product/view/id/856',0,1,NULL,1,NULL),(260,'product',869,'orestes-yoga-pant.html','catalog/product/view/id/869',0,1,NULL,1,NULL),(261,'product',882,'aether-gym-pant.html','catalog/product/view/id/882',0,1,NULL,1,NULL),(262,'product',895,'cronus-yoga-pant.html','catalog/product/view/id/895',0,1,NULL,1,NULL),(263,'product',908,'cobalt-cooltech-trade-fitness-short.html','catalog/product/view/id/908',0,1,NULL,1,NULL),(264,'product',913,'apollo-running-short.html','catalog/product/view/id/913',0,1,NULL,1,NULL),(265,'product',926,'meteor-workout-short.html','catalog/product/view/id/926',0,1,NULL,1,NULL),(266,'product',939,'torque-power-short.html','catalog/product/view/id/939',0,1,NULL,1,NULL),(267,'product',952,'hawkeye-yoga-short.html','catalog/product/view/id/952',0,1,NULL,1,NULL),(268,'product',965,'lono-yoga-short.html','catalog/product/view/id/965',0,1,NULL,1,NULL),(269,'product',978,'rapha-sports-short.html','catalog/product/view/id/978',0,1,NULL,1,NULL),(270,'product',991,'orestes-fitness-short.html','catalog/product/view/id/991',0,1,NULL,1,NULL),(271,'product',1004,'troy-yoga-short.html','catalog/product/view/id/1004',0,1,NULL,1,NULL),(272,'product',1017,'sol-active-short.html','catalog/product/view/id/1017',0,1,NULL,1,NULL),(273,'product',1030,'arcadio-gym-short.html','catalog/product/view/id/1030',0,1,NULL,1,NULL),(274,'product',1043,'pierce-gym-short.html','catalog/product/view/id/1043',0,1,NULL,1,NULL),(275,'product',1059,'mona-pullover-hoodlie.html','catalog/product/view/id/1059',0,1,NULL,1,NULL),(276,'product',1075,'hera-pullover-hoodie.html','catalog/product/view/id/1075',0,1,NULL,1,NULL),(277,'product',1091,'autumn-pullie.html','catalog/product/view/id/1091',0,1,NULL,1,NULL),(278,'product',1107,'miko-pullover-hoodie.html','catalog/product/view/id/1107',0,1,NULL,1,NULL),(279,'product',1123,'selene-yoga-hoodie.html','catalog/product/view/id/1123',0,1,NULL,1,NULL),(280,'product',1129,'daphne-full-zip-hoodie.html','catalog/product/view/id/1129',0,1,NULL,1,NULL),(281,'product',1145,'phoebe-zipper-sweatshirt.html','catalog/product/view/id/1145',0,1,NULL,1,NULL),(282,'product',1161,'cassia-funnel-sweatshirt.html','catalog/product/view/id/1161',0,1,NULL,1,NULL),(283,'product',1177,'ariel-roll-sleeve-sweatshirt.html','catalog/product/view/id/1177',0,1,NULL,1,NULL),(284,'product',1193,'helena-hooded-fleece.html','catalog/product/view/id/1193',0,1,NULL,1,NULL),(285,'product',1209,'eos-v-neck-hoodie.html','catalog/product/view/id/1209',0,1,NULL,1,NULL),(286,'product',1225,'circe-hooded-ice-fleece.html','catalog/product/view/id/1225',0,1,NULL,1,NULL),(287,'product',1235,'stellar-solar-jacket.html','catalog/product/view/id/1235',0,1,NULL,1,NULL),(288,'product',1251,'josie-yoga-jacket.html','catalog/product/view/id/1251',0,1,NULL,1,NULL),(289,'product',1267,'augusta-pullover-jacket.html','catalog/product/view/id/1267',0,1,NULL,1,NULL),(290,'product',1283,'ingrid-running-jacket.html','catalog/product/view/id/1283',0,1,NULL,1,NULL),(291,'product',1299,'riona-full-zip-jacket.html','catalog/product/view/id/1299',0,1,NULL,1,NULL),(292,'product',1315,'inez-full-zip-jacket.html','catalog/product/view/id/1315',0,1,NULL,1,NULL),(293,'product',1331,'adrienne-trek-jacket.html','catalog/product/view/id/1331',0,1,NULL,1,NULL),(294,'product',1347,'jade-yoga-jacket.html','catalog/product/view/id/1347',0,1,NULL,1,NULL),(295,'product',1363,'nadia-elements-shell.html','catalog/product/view/id/1363',0,1,NULL,1,NULL),(296,'product',1379,'neve-studio-dance-jacket.html','catalog/product/view/id/1379',0,1,NULL,1,NULL),(297,'product',1395,'juno-jacket.html','catalog/product/view/id/1395',0,1,NULL,1,NULL),(298,'product',1411,'olivia-1-4-zip-light-jacket.html','catalog/product/view/id/1411',0,1,NULL,1,NULL),(299,'product',1427,'gabrielle-micro-sleeve-top.html','catalog/product/view/id/1427',0,1,NULL,1,NULL),(300,'product',1443,'iris-workout-top.html','catalog/product/view/id/1443',0,1,NULL,1,NULL),(301,'product',1459,'layla-tee.html','catalog/product/view/id/1459',0,1,NULL,1,NULL),(302,'product',1475,'elisa-evercool-trade-tee.html','catalog/product/view/id/1475',0,1,NULL,1,NULL),(303,'product',1491,'juliana-short-sleeve-tee.html','catalog/product/view/id/1491',0,1,NULL,1,NULL),(304,'product',1507,'minerva-lumatech-trade-v-tee.html','catalog/product/view/id/1507',0,1,NULL,1,NULL),(305,'product',1523,'tiffany-fitness-tee.html','catalog/product/view/id/1523',0,1,NULL,1,NULL),(306,'product',1539,'karissa-v-neck-tee.html','catalog/product/view/id/1539',0,1,NULL,1,NULL),(307,'product',1555,'diva-gym-tee.html','catalog/product/view/id/1555',0,1,NULL,1,NULL),(308,'product',1571,'radiant-tee.html','catalog/product/view/id/1571',0,1,NULL,1,NULL),(309,'product',1587,'gwyn-endurance-tee.html','catalog/product/view/id/1587',0,1,NULL,1,NULL),(310,'product',1603,'desiree-fitness-tee.html','catalog/product/view/id/1603',0,1,NULL,1,NULL),(311,'product',1619,'electra-bra-top.html','catalog/product/view/id/1619',0,1,NULL,1,NULL),(312,'product',1635,'erica-evercool-sports-bra.html','catalog/product/view/id/1635',0,1,NULL,1,NULL),(313,'product',1651,'celeste-sports-bra.html','catalog/product/view/id/1651',0,1,NULL,1,NULL),(314,'product',1667,'prima-compete-bra-top.html','catalog/product/view/id/1667',0,1,NULL,1,NULL),(315,'product',1683,'lucia-cross-fit-bra.html','catalog/product/view/id/1683',0,1,NULL,1,NULL),(316,'product',1699,'bella-tank.html','catalog/product/view/id/1699',0,1,NULL,1,NULL),(317,'product',1715,'zoe-tank.html','catalog/product/view/id/1715',0,1,NULL,1,NULL),(318,'product',1731,'nora-practice-tank.html','catalog/product/view/id/1731',0,1,NULL,1,NULL),(319,'product',1747,'nona-fitness-tank.html','catalog/product/view/id/1747',0,1,NULL,1,NULL),(320,'product',1763,'leah-yoga-top.html','catalog/product/view/id/1763',0,1,NULL,1,NULL),(321,'product',1779,'chloe-compete-tank.html','catalog/product/view/id/1779',0,1,NULL,1,NULL),(322,'product',1795,'maya-tunic.html','catalog/product/view/id/1795',0,1,NULL,1,NULL),(323,'product',1811,'antonia-racer-tank.html','catalog/product/view/id/1811',0,1,NULL,1,NULL),(324,'product',1827,'breathe-easy-tank.html','catalog/product/view/id/1827',0,1,NULL,1,NULL),(325,'product',1834,'karmen-yoga-pant.html','catalog/product/view/id/1834',0,1,NULL,1,NULL),(326,'product',1841,'emma-leggings.html','catalog/product/view/id/1841',0,1,NULL,1,NULL),(327,'product',1848,'ida-workout-parachute-pant.html','catalog/product/view/id/1848',0,1,NULL,1,NULL),(328,'product',1855,'cora-parachute-pant.html','catalog/product/view/id/1855',0,1,NULL,1,NULL),(329,'product',1862,'sahara-leggings.html','catalog/product/view/id/1862',0,1,NULL,1,NULL),(330,'product',1869,'diana-tights.html','catalog/product/view/id/1869',0,1,NULL,1,NULL),(331,'product',1876,'aeon-capri.html','catalog/product/view/id/1876',0,1,NULL,1,NULL),(332,'product',1883,'bardot-capri.html','catalog/product/view/id/1883',0,1,NULL,1,NULL),(333,'product',1890,'carina-basic-capri.html','catalog/product/view/id/1890',0,1,NULL,1,NULL),(334,'product',1897,'daria-bikram-pant.html','catalog/product/view/id/1897',0,1,NULL,1,NULL),(335,'product',1904,'sylvia-capri.html','catalog/product/view/id/1904',0,1,NULL,1,NULL),(336,'product',1911,'deirdre-relaxed-fit-capri.html','catalog/product/view/id/1911',0,1,NULL,1,NULL),(337,'product',1918,'portia-capri.html','catalog/product/view/id/1918',0,1,NULL,1,NULL),(338,'product',1934,'fiona-fitness-short.html','catalog/product/view/id/1934',0,1,NULL,1,NULL),(339,'product',1950,'maxima-drawstring-short.html','catalog/product/view/id/1950',0,1,NULL,1,NULL),(340,'product',1966,'gwen-drawstring-bike-short.html','catalog/product/view/id/1966',0,1,NULL,1,NULL),(341,'product',1982,'artemis-running-short.html','catalog/product/view/id/1982',0,1,NULL,1,NULL),(342,'product',1998,'bess-yoga-short.html','catalog/product/view/id/1998',0,1,NULL,1,NULL),(343,'product',2005,'angel-light-running-short.html','catalog/product/view/id/2005',0,1,NULL,1,NULL),(344,'product',2012,'echo-fit-compression-short.html','catalog/product/view/id/2012',0,1,NULL,1,NULL),(345,'product',2018,'sybil-running-short.html','catalog/product/view/id/2018',0,1,NULL,1,NULL),(346,'product',2025,'mimi-all-purpose-short.html','catalog/product/view/id/2025',0,1,NULL,1,NULL),(347,'product',2032,'ana-running-short.html','catalog/product/view/id/2032',0,1,NULL,1,NULL),(348,'product',2039,'ina-compression-short.html','catalog/product/view/id/2039',0,1,NULL,1,NULL),(349,'product',2055,'erika-running-short.html','catalog/product/view/id/2055',0,1,NULL,1,NULL),(362,'category',43,'sale.html','catalog/category/view/id/43',0,1,NULL,1,NULL),(363,'category',44,'what-is-new.html','catalog/category/view/id/44',0,1,NULL,1,NULL),(364,'category',45,'collections/performance-new.html','catalog/category/view/id/45',0,1,NULL,1,NULL),(365,'category',46,'collections/eco-new.html','catalog/category/view/id/46',0,1,NULL,1,NULL),(366,'cms-page',5,'about-us','cms/page/view/page_id/5',0,1,NULL,1,NULL),(367,'cms-page',6,'customer-service','cms/page/view/page_id/6',0,1,NULL,1,NULL),(506,'cms-page',7,'home-page','cms/page/view/page_id/7',0,1,NULL,1,NULL);

--
-- Table structure for table `variable`
--

CREATE TABLE `variable` (
  `variable_id` int unsigned NOT NULL AUTO_INCREMENT COMMENT 'Variable ID',
  `code` varchar(255) DEFAULT NULL COMMENT 'Variable Code',
  `name` varchar(255) DEFAULT NULL COMMENT 'Variable Name',
  PRIMARY KEY (`variable_id`),
  UNIQUE KEY `VARIABLE_CODE` (`code`)
) ENGINE=InnoDB DEFAULT CHARSET=utf8mb3 COMMENT='Variables';

--
-- Dumping data for table `variable`
--


--
-- Table structure for table `variable_value`
--

CREATE TABLE `variable_value` (
  `value_id` int unsigned NOT NULL AUTO_INCREMENT COMMENT 'Variable Value ID',
  `variable_id` int unsigned NOT NULL DEFAULT '0' COMMENT 'Variable ID',
  `store_id` smallint unsigned NOT NULL DEFAULT '0' COMMENT 'Store ID',
  `plain_value` text COMMENT 'Plain Text Value',
  `html_value` text COMMENT 'Html Value',
  PRIMARY KEY (`value_id`),
  UNIQUE KEY `VARIABLE_VALUE_VARIABLE_ID_STORE_ID` (`variable_id`,`store_id`),
  KEY `VARIABLE_VALUE_STORE_ID` (`store_id`),
  CONSTRAINT `VARIABLE_VALUE_STORE_ID_STORE_STORE_ID` FOREIGN KEY (`store_id`) REFERENCES `store` (`store_id`) ON DELETE CASCADE,
  CONSTRAINT `VARIABLE_VALUE_VARIABLE_ID_VARIABLE_VARIABLE_ID` FOREIGN KEY (`variable_id`) REFERENCES `variable` (`variable_id`) ON DELETE CASCADE
) ENGINE=InnoDB DEFAULT CHARSET=utf8mb3 COMMENT='Variable Value';

--
-- Dumping data for table `variable_value`
--


--
-- Table structure for table `vault_payment_token`
--

CREATE TABLE `vault_payment_token` (
  `entity_id` int unsigned NOT NULL AUTO_INCREMENT COMMENT 'Entity ID',
  `customer_id` int unsigned DEFAULT NULL COMMENT 'Customer ID',
  `website_id` int unsigned DEFAULT NULL COMMENT 'Website ID',
  `public_hash` varchar(128) NOT NULL COMMENT 'Hash code for using on frontend',
  `payment_method_code` varchar(128) NOT NULL COMMENT 'Payment method code',
  `type` varchar(128) NOT NULL COMMENT 'Type',
  `created_at` timestamp NOT NULL DEFAULT CURRENT_TIMESTAMP COMMENT 'Created At',
  `expires_at` timestamp NULL DEFAULT NULL COMMENT 'Expires At',
  `gateway_token` varchar(255) NOT NULL COMMENT 'Gateway Token',
  `details` text COMMENT 'Details',
  `is_active` tinyint(1) NOT NULL DEFAULT '1',
  `is_visible` tinyint(1) NOT NULL DEFAULT '1',
  PRIMARY KEY (`entity_id`),
  UNIQUE KEY `VAULT_PAYMENT_TOKEN_PUBLIC_HASH` (`public_hash`),
  UNIQUE KEY `VAULT_PAYMENT_TOKEN_PAYMENT_METHOD_CODE_CSTR_ID_GATEWAY_TOKEN` (`payment_method_code`,`customer_id`,`gateway_token`),
  KEY `VAULT_PAYMENT_TOKEN_CUSTOMER_ID_CUSTOMER_ENTITY_ENTITY_ID` (`customer_id`),
  CONSTRAINT `VAULT_PAYMENT_TOKEN_CUSTOMER_ID_CUSTOMER_ENTITY_ENTITY_ID` FOREIGN KEY (`customer_id`) REFERENCES `customer_entity` (`entity_id`) ON DELETE CASCADE
) ENGINE=InnoDB DEFAULT CHARSET=utf8mb3 COMMENT='Vault tokens of payment';

--
-- Dumping data for table `vault_payment_token`
--


--
-- Table structure for table `vault_payment_token_order_payment_link`
--

CREATE TABLE `vault_payment_token_order_payment_link` (
  `order_payment_id` int unsigned NOT NULL COMMENT 'Order payment ID',
  `payment_token_id` int unsigned NOT NULL COMMENT 'Payment token ID',
  PRIMARY KEY (`order_payment_id`,`payment_token_id`),
  KEY `FK_4ED894655446D385894580BECA993862` (`payment_token_id`),
  CONSTRAINT `FK_4ED894655446D385894580BECA993862` FOREIGN KEY (`payment_token_id`) REFERENCES `vault_payment_token` (`entity_id`) ON DELETE CASCADE,
  CONSTRAINT `FK_CF37B9D854256534BE23C818F6291CA2` FOREIGN KEY (`order_payment_id`) REFERENCES `sales_order_payment` (`entity_id`) ON DELETE CASCADE
) ENGINE=InnoDB DEFAULT CHARSET=utf8mb3 COMMENT='Order payments to vault token';

--
-- Dumping data for table `vault_payment_token_order_payment_link`
--


--
-- Table structure for table `weee_tax`
--

CREATE TABLE `weee_tax` (
  `value_id` int NOT NULL AUTO_INCREMENT COMMENT 'Value ID',
  `website_id` smallint unsigned NOT NULL DEFAULT '0' COMMENT 'Website ID',
  `entity_id` int unsigned NOT NULL DEFAULT '0' COMMENT 'Entity ID',
  `country` varchar(2) DEFAULT NULL COMMENT 'Country',
  `value` decimal(12,4) NOT NULL DEFAULT '0.0000' COMMENT 'Value',
  `state` int NOT NULL DEFAULT '0' COMMENT 'State',
  `attribute_id` smallint unsigned NOT NULL COMMENT 'Attribute ID',
  PRIMARY KEY (`value_id`),
  KEY `WEEE_TAX_WEBSITE_ID` (`website_id`),
  KEY `WEEE_TAX_ENTITY_ID` (`entity_id`),
  KEY `WEEE_TAX_COUNTRY` (`country`),
  KEY `WEEE_TAX_ATTRIBUTE_ID` (`attribute_id`),
  CONSTRAINT `WEEE_TAX_ATTRIBUTE_ID_EAV_ATTRIBUTE_ATTRIBUTE_ID` FOREIGN KEY (`attribute_id`) REFERENCES `eav_attribute` (`attribute_id`) ON DELETE CASCADE,
  CONSTRAINT `WEEE_TAX_COUNTRY_DIRECTORY_COUNTRY_COUNTRY_ID` FOREIGN KEY (`country`) REFERENCES `directory_country` (`country_id`) ON DELETE CASCADE,
  CONSTRAINT `WEEE_TAX_ENTITY_ID_CATALOG_PRODUCT_ENTITY_ENTITY_ID` FOREIGN KEY (`entity_id`) REFERENCES `catalog_product_entity` (`entity_id`) ON DELETE CASCADE,
  CONSTRAINT `WEEE_TAX_WEBSITE_ID_STORE_WEBSITE_WEBSITE_ID` FOREIGN KEY (`website_id`) REFERENCES `store_website` (`website_id`) ON DELETE CASCADE
) ENGINE=InnoDB DEFAULT CHARSET=utf8mb3 COMMENT='Weee Tax';

--
-- Dumping data for table `weee_tax`
--


--
-- Table structure for table `widget`
--

CREATE TABLE `widget` (
  `widget_id` int unsigned NOT NULL AUTO_INCREMENT COMMENT 'Widget ID',
  `widget_code` varchar(255) DEFAULT NULL COMMENT 'Widget code for template directive',
  `widget_type` varchar(255) DEFAULT NULL COMMENT 'Widget Type',
  `parameters` text COMMENT 'Parameters',
  PRIMARY KEY (`widget_id`),
  KEY `WIDGET_WIDGET_CODE` (`widget_code`)
) ENGINE=InnoDB DEFAULT CHARSET=utf8mb3 COMMENT='Preconfigured Widgets';

--
-- Dumping data for table `widget`
--


--
-- Table structure for table `widget_instance`
--

CREATE TABLE `widget_instance` (
  `instance_id` int unsigned NOT NULL AUTO_INCREMENT COMMENT 'Instance ID',
  `instance_type` varchar(255) DEFAULT NULL COMMENT 'Instance Type',
  `theme_id` int unsigned NOT NULL COMMENT 'Theme ID',
  `title` varchar(255) DEFAULT NULL COMMENT 'Widget Title',
  `store_ids` varchar(255) NOT NULL DEFAULT '0' COMMENT 'Store ids',
  `widget_parameters` text COMMENT 'Widget parameters',
  `sort_order` smallint unsigned NOT NULL DEFAULT '0' COMMENT 'Sort order',
  PRIMARY KEY (`instance_id`),
  KEY `WIDGET_INSTANCE_THEME_ID_THEME_THEME_ID` (`theme_id`),
  CONSTRAINT `WIDGET_INSTANCE_THEME_ID_THEME_THEME_ID` FOREIGN KEY (`theme_id`) REFERENCES `theme` (`theme_id`) ON DELETE CASCADE
) ENGINE=InnoDB AUTO_INCREMENT=18 DEFAULT CHARSET=utf8mb3 COMMENT='Instances of Widget for Package Theme';

--
-- Dumping data for table `widget_instance`
--

INSERT INTO `widget_instance` VALUES (1,'Magento\\Cms\\Block\\Widget\\Block',3,'Contact us info','0','{\"block_id\":\"2\"}',0),(2,'Magento\\Cms\\Block\\Widget\\Block',3,'Footer Links','0','{\"block_id\":\"1\"}',0),(3,'Magento\\Cms\\Block\\Widget\\Block',3,'Sale Left Menu','0','{\"block_id\":\"3\"}',0),(4,'Magento\\Cms\\Block\\Widget\\Block',3,'Gear Left Menu','0','{\"block_id\":\"4\"}',0),(5,'Magento\\Cms\\Block\\Widget\\Block',3,'Men\'s Left Menu','0','{\"block_id\":\"5\"}',0),(6,'Magento\\Cms\\Block\\Widget\\Block',3,'Women\'s Left Menu','0','{\"block_id\":\"6\"}',0),(7,'Magento\\Cms\\Block\\Widget\\Block',3,'What\'s New Left Menu','0','{\"block_id\":\"7\"}',0),(8,'Magento\\Cms\\Block\\Widget\\Block',3,'Women Category Content','0','{\"block_id\":\"8\"}',0),(9,'Magento\\Cms\\Block\\Widget\\Block',3,'Training Category Content','0','{\"block_id\":\"9\"}',0),(10,'Magento\\Cms\\Block\\Widget\\Block',3,'Men Category Content','0','{\"block_id\":\"10\"}',0),(11,'Magento\\Cms\\Block\\Widget\\Block',3,'Gear Category Content','0','{\"block_id\":\"11\"}',0),(12,'Magento\\Cms\\Block\\Widget\\Block',3,'New Products Category Content','0','{\"block_id\":\"13\"}',0),(13,'Magento\\Cms\\Block\\Widget\\Block',3,'Sale Category Content','0','{\"block_id\":\"12\"}',0),(14,'Magento\\Cms\\Block\\Widget\\Block',3,'Home Page','0','{\"block_id\":\"14\"}',0),(15,'Magento\\Cms\\Block\\Widget\\Block',3,'Performance Fabrics','0','{\"block_id\":\"15\"}',0),(16,'Magento\\Cms\\Block\\Widget\\Block',3,'Eco Friendly','0','{\"block_id\":\"16\"}',0),(17,'Magento\\Cms\\Block\\Widget\\Block',3,'Login Info','0','{\"block_id\":\"17\"}',0);

--
-- Table structure for table `widget_instance_page`
--

CREATE TABLE `widget_instance_page` (
  `page_id` int unsigned NOT NULL AUTO_INCREMENT COMMENT 'Page ID',
  `instance_id` int unsigned NOT NULL DEFAULT '0' COMMENT 'Instance ID',
  `page_group` varchar(25) DEFAULT NULL COMMENT 'Block Group Type',
  `layout_handle` varchar(255) DEFAULT NULL COMMENT 'Layout Handle',
  `block_reference` varchar(255) DEFAULT NULL COMMENT 'Container',
  `page_for` varchar(25) DEFAULT NULL COMMENT 'For instance entities',
  `entities` text COMMENT 'Catalog entities (comma separated)',
  `page_template` varchar(255) DEFAULT NULL COMMENT 'Path to widget template',
  PRIMARY KEY (`page_id`),
  KEY `WIDGET_INSTANCE_PAGE_INSTANCE_ID` (`instance_id`),
  CONSTRAINT `WIDGET_INSTANCE_PAGE_INSTANCE_ID_WIDGET_INSTANCE_INSTANCE_ID` FOREIGN KEY (`instance_id`) REFERENCES `widget_instance` (`instance_id`) ON DELETE CASCADE
) ENGINE=InnoDB AUTO_INCREMENT=18 DEFAULT CHARSET=utf8mb3 COMMENT='Instance of Widget on Page';

--
-- Dumping data for table `widget_instance_page`
--

INSERT INTO `widget_instance_page` VALUES (1,1,'pages','contact_index_index','content.top','all','','widget/static_block/default.phtml'),(2,2,'all_pages','default','cms_footer_links_container','all','','widget/static_block/default.phtml'),(3,3,'anchor_categories','catalog_category_view_type_layered','sidebar.main','specific','43','widget/static_block/default.phtml'),(4,4,'anchor_categories','catalog_category_view_type_layered','sidebar.main','specific','11','widget/static_block/default.phtml'),(5,5,'anchor_categories','catalog_category_view_type_layered','sidebar.main','specific','4','widget/static_block/default.phtml'),(6,6,'anchor_categories','catalog_category_view_type_layered','sidebar.main','specific','5','widget/static_block/default.phtml'),(7,7,'anchor_categories','catalog_category_view_type_layered','sidebar.main','specific','44','widget/static_block/default.phtml'),(8,8,'anchor_categories','catalog_category_view_type_layered','content.top','specific','5','widget/static_block/default.phtml'),(9,9,'anchor_categories','catalog_category_view_type_layered','content.top','specific','17','widget/static_block/default.phtml'),(10,10,'anchor_categories','catalog_category_view_type_layered','content.top','specific','4','widget/static_block/default.phtml'),(11,11,'anchor_categories','catalog_category_view_type_layered','content.top','specific','11','widget/static_block/default.phtml'),(12,12,'anchor_categories','catalog_category_view_type_layered','content.top','specific','44','widget/static_block/default.phtml'),(13,13,'anchor_categories','catalog_category_view_type_layered','content.top','specific','43','widget/static_block/default.phtml'),(14,14,'pages','cms_index_index','content','all','','widget/static_block/default.phtml'),(15,15,'anchor_categories','catalog_category_view_type_layered','content.top','specific','45','widget/static_block/default.phtml'),(16,16,'anchor_categories','catalog_category_view_type_layered','content.top','specific','46','widget/static_block/default.phtml'),(17,17,'pages','customer_account_login','customer.login.container','all','','widget/static_block/default.phtml');

--
-- Table structure for table `widget_instance_page_layout`
--

CREATE TABLE `widget_instance_page_layout` (
  `page_id` int unsigned NOT NULL DEFAULT '0' COMMENT 'Page ID',
  `layout_update_id` int unsigned NOT NULL DEFAULT '0' COMMENT 'Layout Update ID',
  PRIMARY KEY (`layout_update_id`,`page_id`),
  KEY `WIDGET_INSTANCE_PAGE_LAYOUT_PAGE_ID` (`page_id`),
  CONSTRAINT `WIDGET_INSTANCE_PAGE_LAYOUT_PAGE_ID_WIDGET_INSTANCE_PAGE_PAGE_ID` FOREIGN KEY (`page_id`) REFERENCES `widget_instance_page` (`page_id`) ON DELETE CASCADE,
  CONSTRAINT `WIDGET_INSTANCE_PAGE_LYT_LYT_UPDATE_ID_LYT_UPDATE_LYT_UPDATE_ID` FOREIGN KEY (`layout_update_id`) REFERENCES `layout_update` (`layout_update_id`) ON DELETE CASCADE
) ENGINE=InnoDB DEFAULT CHARSET=utf8mb3 COMMENT='Layout updates';

--
-- Dumping data for table `widget_instance_page_layout`
--

INSERT INTO `widget_instance_page_layout` VALUES (1,1),(2,2),(3,3),(4,4),(5,5),(6,6),(7,7),(8,8),(9,9),(10,10),(11,11),(12,12),(13,13),(14,14),(15,15),(16,16),(17,17);

--
-- Table structure for table `wishlist`
--

CREATE TABLE `wishlist` (
  `wishlist_id` int unsigned NOT NULL AUTO_INCREMENT COMMENT 'Wishlist ID',
  `customer_id` int unsigned NOT NULL DEFAULT '0' COMMENT 'Customer ID',
  `shared` smallint unsigned NOT NULL DEFAULT '0' COMMENT 'Sharing flag (0 or 1)',
  `sharing_code` varchar(32) DEFAULT NULL COMMENT 'Sharing encrypted code',
  `updated_at` timestamp NULL DEFAULT NULL COMMENT 'Last updated date',
  PRIMARY KEY (`wishlist_id`),
  UNIQUE KEY `WISHLIST_CUSTOMER_ID` (`customer_id`),
  KEY `WISHLIST_SHARED` (`shared`),
  CONSTRAINT `WISHLIST_CUSTOMER_ID_CUSTOMER_ENTITY_ENTITY_ID` FOREIGN KEY (`customer_id`) REFERENCES `customer_entity` (`entity_id`) ON DELETE CASCADE
) ENGINE=InnoDB AUTO_INCREMENT=10 DEFAULT CHARSET=utf8mb3 COMMENT='Wishlist main Table';

--
-- Dumping data for table `wishlist`
--

INSERT INTO `wishlist` VALUES (1,2,0,'XV4LDJHvKYDk2IIeMrgDk0NG1iTOWwbN','2025-05-27 11:28:52'),(2,3,0,'uWHD99IRGCLm4hzAjjTrH5rEpSnsHVNl','2025-02-08 12:01:26'),(3,4,0,'Tms7vnUrRnSQVOrhNH0htQsrO04EPkgC','2025-02-08 12:08:59'),(4,5,0,'Lp9Bj5fi6OPvSNkUDa2wThkbtLIPjbcv','2025-02-08 12:20:34'),(5,6,0,'cclJokf29h2keSo3FHufvX1NI37Vihxb','2025-03-31 08:08:00'),(6,1,0,'rYvaHg5GP47VrzlNrfBPlg0kvDIpufSy','2025-04-07 07:21:44'),(7,7,0,'j6RcUOdlbd1A1hNbqNIlCDd1oJ2erJOw','2025-05-06 03:22:25'),(8,8,0,'e0RtBMdQTKJqoaJQVc31NuCuYA9wLDu1','2025-05-21 10:55:21'),(9,11,0,'mDAaJ8xSA4teHsVmsj7hGO8Jj5zja4E0','2025-08-01 19:18:50');

--
-- Table structure for table `wishlist_item`
--

CREATE TABLE `wishlist_item` (
  `wishlist_item_id` int unsigned NOT NULL AUTO_INCREMENT COMMENT 'Wishlist item ID',
  `wishlist_id` int unsigned NOT NULL DEFAULT '0' COMMENT 'Wishlist ID',
  `product_id` int unsigned NOT NULL DEFAULT '0' COMMENT 'Product ID',
  `store_id` smallint unsigned DEFAULT NULL COMMENT 'Store ID',
  `added_at` timestamp NULL DEFAULT NULL COMMENT 'Add date and time',
  `description` text COMMENT 'Short description of wish list item',
  `qty` decimal(12,4) NOT NULL COMMENT 'Qty',
  PRIMARY KEY (`wishlist_item_id`),
  KEY `WISHLIST_ITEM_WISHLIST_ID` (`wishlist_id`),
  KEY `WISHLIST_ITEM_PRODUCT_ID` (`product_id`),
  KEY `WISHLIST_ITEM_STORE_ID` (`store_id`),
  CONSTRAINT `WISHLIST_ITEM_PRODUCT_ID_CATALOG_PRODUCT_ENTITY_ENTITY_ID` FOREIGN KEY (`product_id`) REFERENCES `catalog_product_entity` (`entity_id`) ON DELETE CASCADE,
  CONSTRAINT `WISHLIST_ITEM_STORE_ID_STORE_STORE_ID` FOREIGN KEY (`store_id`) REFERENCES `store` (`store_id`) ON DELETE SET NULL,
  CONSTRAINT `WISHLIST_ITEM_WISHLIST_ID_WISHLIST_WISHLIST_ID` FOREIGN KEY (`wishlist_id`) REFERENCES `wishlist` (`wishlist_id`) ON DELETE CASCADE
) ENGINE=InnoDB AUTO_INCREMENT=15 DEFAULT CHARSET=utf8mb3 COMMENT='Wishlist items';

--
-- Dumping data for table `wishlist_item`
--

INSERT INTO `wishlist_item` VALUES (4,1,4,1,'2025-05-26 12:56:18',NULL,1.0000),(13,1,1,1,'2025-05-27 05:32:01',NULL,1.0000),(14,1,2,1,'2025-05-27 11:28:51',NULL,1.0000);

--
-- Table structure for table `wishlist_item_option`
--

CREATE TABLE `wishlist_item_option` (
  `option_id` int unsigned NOT NULL AUTO_INCREMENT COMMENT 'Option ID',
  `wishlist_item_id` int unsigned NOT NULL COMMENT 'Wishlist Item ID',
  `product_id` int unsigned NOT NULL COMMENT 'Product ID',
  `code` varchar(255) NOT NULL COMMENT 'Code',
  `value` text COMMENT 'Value',
  PRIMARY KEY (`option_id`),
  KEY `FK_A014B30B04B72DD0EAB3EECD779728D6` (`wishlist_item_id`),
  CONSTRAINT `FK_A014B30B04B72DD0EAB3EECD779728D6` FOREIGN KEY (`wishlist_item_id`) REFERENCES `wishlist_item` (`wishlist_item_id`) ON DELETE CASCADE
) ENGINE=InnoDB AUTO_INCREMENT=15 DEFAULT CHARSET=utf8mb3 COMMENT='Wishlist Item Option Table';

--
-- Dumping data for table `wishlist_item_option`
--

INSERT INTO `wishlist_item_option` VALUES (4,4,4,'info_buyRequest','{\"qty\":1,\"action\":\"add\"}'),(13,13,1,'info_buyRequest','{\"qty\":1,\"action\":\"add\"}'),(14,14,2,'info_buyRequest','{\"qty\":1,\"action\":\"add\"}');

--
-- Table structure for table `wk_abandoned_cart_mail_logs`
--

CREATE TABLE `wk_abandoned_cart_mail_logs` (
  `entity_id` int unsigned NOT NULL AUTO_INCREMENT COMMENT 'Entity ID',
  `quote_id` int NOT NULL COMMENT 'Quote ID',
  `sent_on` timestamp NULL DEFAULT NULL COMMENT 'Mail Sent On',
  `mail_content` text COMMENT 'Mail Content',
  `sent_by` text COMMENT 'Sent by',
  `mode` int DEFAULT NULL COMMENT 'Mode',
  PRIMARY KEY (`entity_id`)
) ENGINE=InnoDB DEFAULT CHARSET=utf8mb3 COMMENT='Abandoned Cart Mail Logs Table';

--
-- Dumping data for table `wk_abandoned_cart_mail_logs`
--


--
-- Table structure for table `wk_abandoned_cart_mails`
--

CREATE TABLE `wk_abandoned_cart_mails` (
  `entity_id` int unsigned NOT NULL AUTO_INCREMENT COMMENT 'Entity ID',
  `quote_id` int NOT NULL COMMENT 'Quote ID',
  `mail_sent` int DEFAULT NULL COMMENT 'Number Of Mails Sent',
  `created_at` timestamp NULL DEFAULT NULL COMMENT 'First Mail Sent On',
  `sent_on` timestamp NULL DEFAULT NULL COMMENT 'Mail Sent On',
  PRIMARY KEY (`entity_id`)
) ENGINE=InnoDB DEFAULT CHARSET=utf8mb3 COMMENT='Abandoned Cart Mails Table';

--
-- Dumping data for table `wk_abandoned_cart_mails`
--


--
-- Table structure for table `wk_abandoned_wysiwyg_image`
--

CREATE TABLE `wk_abandoned_wysiwyg_image` (
  `entity_id` int unsigned NOT NULL AUTO_INCREMENT COMMENT 'Entity Id',
  `url` text COMMENT 'Image Url',
  `name` text COMMENT 'Name',
  `type` text COMMENT 'Type',
  `file` text COMMENT 'File',
  PRIMARY KEY (`entity_id`)
) ENGINE=InnoDB DEFAULT CHARSET=utf8mb3 COMMENT='Decription Image';

--
-- Dumping data for table `wk_abandoned_wysiwyg_image`
--


--
-- Final view structure for view `inventory_stock_1`
--

/*!50001 DROP VIEW IF EXISTS `inventory_stock_1`*/;
/*!50001 CREATE ALGORITHM=UNDEFINED */
/*!50013 DEFINER=`magentomysql`@`%` SQL SECURITY INVOKER */
/*!50001 VIEW `inventory_stock_1` AS select distinct `legacy_stock_status`.`product_id` AS `product_id`,`legacy_stock_status`.`website_id` AS `website_id`,`legacy_stock_status`.`stock_id` AS `stock_id`,`legacy_stock_status`.`qty` AS `quantity`,`legacy_stock_status`.`stock_status` AS `is_salable`,`product`.`sku` AS `sku` from (`cataloginventory_stock_status` `legacy_stock_status` join `catalog_product_entity` `product` on((`legacy_stock_status`.`product_id` = `product`.`entity_id`))) */;


