-- Table structure for table `customer_entity_datetime`
--

CREATE TABLE `customer_entity_datetime` (
  `value_id` int NOT NULL AUTO_INCREMENT COMMENT 'Value ID',
  `attribute_id` smallint unsigned NOT NULL DEFAULT '0' COMMENT 'Attribute ID',
  `entity_id` int unsigned NOT NULL DEFAULT '0' COMMENT 'Entity ID',
  `value` datetime DEFAULT NULL COMMENT 'Value',
  PRIMARY KEY (`value_id`),
  UNIQUE KEY `CUSTOMER_ENTITY_DATETIME_ENTITY_ID_ATTRIBUTE_ID` (`entity_id`,`attribute_id`),
  KEY `CUSTOMER_ENTITY_DATETIME_ATTRIBUTE_ID` (`attribute_id`),
  KEY `CUSTOMER_ENTITY_DATETIME_ENTITY_ID_ATTRIBUTE_ID_VALUE` (`entity_id`,`attribute_id`,`value`),
  CONSTRAINT `CUSTOMER_ENTITY_DATETIME_ATTRIBUTE_ID_EAV_ATTRIBUTE_ATTRIBUTE_ID` FOREIGN KEY (`attribute_id`) REFERENCES `eav_attribute` (`attribute_id`) ON DELETE CASCADE,
  CONSTRAINT `CUSTOMER_ENTITY_DATETIME_ENTITY_ID_CUSTOMER_ENTITY_ENTITY_ID` FOREIGN KEY (`entity_id`) REFERENCES `customer_entity` (`entity_id`) ON DELETE CASCADE
) ENGINE=InnoDB DEFAULT CHARSET=utf8mb3 COMMENT='Customer Entity Datetime';

--
-- Dumping data for table `customer_entity_datetime`
--


--
-- Table structure for table `customer_entity_decimal`
--

CREATE TABLE `customer_entity_decimal` (
  `value_id` int NOT NULL AUTO_INCREMENT COMMENT 'Value ID',
  `attribute_id` smallint unsigned NOT NULL DEFAULT '0' COMMENT 'Attribute ID',
  `entity_id` int unsigned NOT NULL DEFAULT '0' COMMENT 'Entity ID',
  `value` decimal(12,4) NOT NULL DEFAULT '0.0000' COMMENT 'Value',
  PRIMARY KEY (`value_id`),
  UNIQUE KEY `CUSTOMER_ENTITY_DECIMAL_ENTITY_ID_ATTRIBUTE_ID` (`entity_id`,`attribute_id`),
  KEY `CUSTOMER_ENTITY_DECIMAL_ATTRIBUTE_ID` (`attribute_id`),
  KEY `CUSTOMER_ENTITY_DECIMAL_ENTITY_ID_ATTRIBUTE_ID_VALUE` (`entity_id`,`attribute_id`,`value`),
  CONSTRAINT `CUSTOMER_ENTITY_DECIMAL_ATTRIBUTE_ID_EAV_ATTRIBUTE_ATTRIBUTE_ID` FOREIGN KEY (`attribute_id`) REFERENCES `eav_attribute` (`attribute_id`) ON DELETE CASCADE,
  CONSTRAINT `CUSTOMER_ENTITY_DECIMAL_ENTITY_ID_CUSTOMER_ENTITY_ENTITY_ID` FOREIGN KEY (`entity_id`) REFERENCES `customer_entity` (`entity_id`) ON DELETE CASCADE
) ENGINE=InnoDB DEFAULT CHARSET=utf8mb3 COMMENT='Customer Entity Decimal';

--
-- Dumping data for table `customer_entity_decimal`
--


--
-- Table structure for table `customer_entity_int`
--

CREATE TABLE `customer_entity_int` (
  `value_id` int NOT NULL AUTO_INCREMENT COMMENT 'Value ID',
  `attribute_id` smallint unsigned NOT NULL DEFAULT '0' COMMENT 'Attribute ID',
  `entity_id` int unsigned NOT NULL DEFAULT '0' COMMENT 'Entity ID',
  `value` int NOT NULL DEFAULT '0' COMMENT 'Value',
  PRIMARY KEY (`value_id`),
  UNIQUE KEY `CUSTOMER_ENTITY_INT_ENTITY_ID_ATTRIBUTE_ID` (`entity_id`,`attribute_id`),
  KEY `CUSTOMER_ENTITY_INT_ATTRIBUTE_ID` (`attribute_id`),
  KEY `CUSTOMER_ENTITY_INT_ENTITY_ID_ATTRIBUTE_ID_VALUE` (`entity_id`,`attribute_id`,`value`),
  CONSTRAINT `CUSTOMER_ENTITY_INT_ATTRIBUTE_ID_EAV_ATTRIBUTE_ATTRIBUTE_ID` FOREIGN KEY (`attribute_id`) REFERENCES `eav_attribute` (`attribute_id`) ON DELETE CASCADE,
  CONSTRAINT `CUSTOMER_ENTITY_INT_ENTITY_ID_CUSTOMER_ENTITY_ENTITY_ID` FOREIGN KEY (`entity_id`) REFERENCES `customer_entity` (`entity_id`) ON DELETE CASCADE
) ENGINE=InnoDB DEFAULT CHARSET=utf8mb3 COMMENT='Customer Entity Int';

--
-- Dumping data for table `customer_entity_int`
--


--
-- Table structure for table `customer_entity_text`
--

CREATE TABLE `customer_entity_text` (
  `value_id` int NOT NULL AUTO_INCREMENT COMMENT 'Value ID',
  `attribute_id` smallint unsigned NOT NULL DEFAULT '0' COMMENT 'Attribute ID',
  `entity_id` int unsigned NOT NULL DEFAULT '0' COMMENT 'Entity ID',
  `value` text NOT NULL COMMENT 'Value',
  PRIMARY KEY (`value_id`),
  UNIQUE KEY `CUSTOMER_ENTITY_TEXT_ENTITY_ID_ATTRIBUTE_ID` (`entity_id`,`attribute_id`),
  KEY `CUSTOMER_ENTITY_TEXT_ATTRIBUTE_ID` (`attribute_id`),
  CONSTRAINT `CUSTOMER_ENTITY_TEXT_ATTRIBUTE_ID_EAV_ATTRIBUTE_ATTRIBUTE_ID` FOREIGN KEY (`attribute_id`) REFERENCES `eav_attribute` (`attribute_id`) ON DELETE CASCADE,
  CONSTRAINT `CUSTOMER_ENTITY_TEXT_ENTITY_ID_CUSTOMER_ENTITY_ENTITY_ID` FOREIGN KEY (`entity_id`) REFERENCES `customer_entity` (`entity_id`) ON DELETE CASCADE
) ENGINE=InnoDB DEFAULT CHARSET=utf8mb3 COMMENT='Customer Entity Text';

--
-- Dumping data for table `customer_entity_text`
--


--
-- Table structure for table `customer_entity_varchar`
--

CREATE TABLE `customer_entity_varchar` (
  `value_id` int NOT NULL AUTO_INCREMENT COMMENT 'Value ID',
  `attribute_id` smallint unsigned NOT NULL DEFAULT '0' COMMENT 'Attribute ID',
  `entity_id` int unsigned NOT NULL DEFAULT '0' COMMENT 'Entity ID',
  `value` varchar(255) DEFAULT NULL COMMENT 'Value',
  PRIMARY KEY (`value_id`),
  UNIQUE KEY `CUSTOMER_ENTITY_VARCHAR_ENTITY_ID_ATTRIBUTE_ID` (`entity_id`,`attribute_id`),
  KEY `CUSTOMER_ENTITY_VARCHAR_ATTRIBUTE_ID` (`attribute_id`),
  KEY `CUSTOMER_ENTITY_VARCHAR_ENTITY_ID_ATTRIBUTE_ID_VALUE` (`entity_id`,`attribute_id`,`value`),
  CONSTRAINT `CUSTOMER_ENTITY_VARCHAR_ATTRIBUTE_ID_EAV_ATTRIBUTE_ATTRIBUTE_ID` FOREIGN KEY (`attribute_id`) REFERENCES `eav_attribute` (`attribute_id`) ON DELETE CASCADE,
  CONSTRAINT `CUSTOMER_ENTITY_VARCHAR_ENTITY_ID_CUSTOMER_ENTITY_ENTITY_ID` FOREIGN KEY (`entity_id`) REFERENCES `customer_entity` (`entity_id`) ON DELETE CASCADE
) ENGINE=InnoDB DEFAULT CHARSET=utf8mb3 COMMENT='Customer Entity Varchar';

--
-- Dumping data for table `customer_entity_varchar`
--


--
-- Table structure for table `customer_form_attribute`
--

CREATE TABLE `customer_form_attribute` (
  `form_code` varchar(32) NOT NULL COMMENT 'Form Code',
  `attribute_id` smallint unsigned NOT NULL COMMENT 'Attribute ID',
  PRIMARY KEY (`form_code`,`attribute_id`),
  KEY `CUSTOMER_FORM_ATTRIBUTE_ATTRIBUTE_ID` (`attribute_id`),
  CONSTRAINT `CUSTOMER_FORM_ATTRIBUTE_ATTRIBUTE_ID_EAV_ATTRIBUTE_ATTRIBUTE_ID` FOREIGN KEY (`attribute_id`) REFERENCES `eav_attribute` (`attribute_id`) ON DELETE CASCADE
) ENGINE=InnoDB DEFAULT CHARSET=utf8mb3 COMMENT='Customer Form Attribute';

--
-- Dumping data for table `customer_form_attribute`
--

INSERT INTO `customer_form_attribute` VALUES ('adminhtml_customer',1),('adminhtml_customer',3),('adminhtml_customer',4),('customer_account_create',4),('customer_account_edit',4),('adminhtml_customer',5),('customer_account_create',5),('customer_account_edit',5),('adminhtml_customer',6),('customer_account_create',6),('customer_account_edit',6),('adminhtml_customer',7),('customer_account_create',7),('customer_account_edit',7),('adminhtml_customer',8),('customer_account_create',8),('customer_account_edit',8),('adminhtml_checkout',9),('adminhtml_customer',9),('customer_account_create',9),('customer_account_edit',9),('adminhtml_checkout',10),('adminhtml_customer',10),('adminhtml_checkout',11),('adminhtml_customer',11),('customer_account_create',11),('customer_account_edit',11),('adminhtml_checkout',17),('adminhtml_customer',17),('customer_account_create',17),('customer_account_edit',17),('adminhtml_customer',19),('customer_account_create',19),('customer_account_edit',19),('adminhtml_checkout',20),('adminhtml_customer',20),('customer_account_create',20),('customer_account_edit',20),('adminhtml_customer',21),('adminhtml_customer_address',22),('customer_address_edit',22),('customer_register_address',22),('adminhtml_customer_address',23),('customer_address_edit',23),('customer_register_address',23),('adminhtml_customer_address',24),('customer_address_edit',24),('customer_register_address',24),('adminhtml_customer_address',25),('customer_address_edit',25),('customer_register_address',25),('adminhtml_customer_address',26),('customer_address_edit',26),('customer_register_address',26),('adminhtml_customer_address',27),('customer_address_edit',27),('customer_register_address',27),('adminhtml_customer_address',28),('customer_address_edit',28),('customer_register_address',28),('adminhtml_customer_address',29),('customer_address_edit',29),('customer_register_address',29),('adminhtml_customer_address',30),('customer_address_edit',30),('customer_register_address',30),('adminhtml_customer_address',31),('customer_address_edit',31),('customer_register_address',31),('adminhtml_customer_address',32),('customer_address_edit',32),('customer_register_address',32),('adminhtml_customer_address',33),('customer_address_edit',33),('customer_register_address',33),('adminhtml_customer_address',34),('customer_address_edit',34),('customer_register_address',34),('adminhtml_customer_address',35),('customer_address_edit',35),('customer_register_address',35),('adminhtml_customer_address',36),('customer_address_edit',36),('customer_register_address',36);

--
-- Table structure for table `customer_grid_flat`
--

CREATE TABLE `customer_grid_flat` (
  `entity_id` int unsigned NOT NULL COMMENT 'Entity ID',
  `name` text COMMENT 'Name',
  `email` varchar(255) DEFAULT NULL COMMENT 'Email',
  `group_id` int DEFAULT NULL COMMENT 'Group_id',
  `created_at` timestamp NULL DEFAULT NULL COMMENT 'Created_at',
  `website_id` int DEFAULT NULL COMMENT 'Website_id',
  `confirmation` varchar(255) DEFAULT NULL COMMENT 'Confirmation',
  `created_in` text COMMENT 'Created_in',
  `dob` date DEFAULT NULL COMMENT 'Dob',
  `gender` int DEFAULT NULL COMMENT 'Gender',
  `taxvat` varchar(255) DEFAULT NULL COMMENT 'Taxvat',
  `lock_expires` timestamp NULL DEFAULT NULL COMMENT 'Lock_expires',
  `shipping_full` text COMMENT 'Shipping_full',
  `billing_full` text COMMENT 'Billing_full',
  `billing_firstname` varchar(255) DEFAULT NULL COMMENT 'Billing_firstname',
  `billing_lastname` varchar(255) DEFAULT NULL COMMENT 'Billing_lastname',
  `billing_telephone` varchar(255) DEFAULT NULL COMMENT 'Billing_telephone',
  `billing_postcode` varchar(255) DEFAULT NULL COMMENT 'Billing_postcode',
  `billing_country_id` varchar(255) DEFAULT NULL COMMENT 'Billing_country_id',
  `billing_region` varchar(255) DEFAULT NULL COMMENT 'Billing_region',
  `billing_region_id` int DEFAULT NULL COMMENT 'Billing_region_id',
  `billing_street` varchar(255) DEFAULT NULL COMMENT 'Billing_street',
  `billing_city` varchar(255) DEFAULT NULL COMMENT 'Billing_city',
  `billing_fax` varchar(255) DEFAULT NULL COMMENT 'Billing_fax',
  `billing_vat_id` varchar(255) DEFAULT NULL COMMENT 'Billing_vat_id',
  `billing_company` varchar(255) DEFAULT NULL COMMENT 'Billing_company',
  PRIMARY KEY (`entity_id`),
  KEY `CUSTOMER_GRID_FLAT_GROUP_ID` (`group_id`),
  KEY `CUSTOMER_GRID_FLAT_CREATED_AT` (`created_at`),
  KEY `CUSTOMER_GRID_FLAT_WEBSITE_ID` (`website_id`),
  KEY `CUSTOMER_GRID_FLAT_CONFIRMATION` (`confirmation`),
  KEY `CUSTOMER_GRID_FLAT_DOB` (`dob`),
  KEY `CUSTOMER_GRID_FLAT_GENDER` (`gender`),
  KEY `CUSTOMER_GRID_FLAT_BILLING_COUNTRY_ID` (`billing_country_id`),
  FULLTEXT KEY `FTI_8746F705702DD5F6D45B8C7CE7FE9F2F` (`name`,`email`,`created_in`,`taxvat`,`shipping_full`,`billing_full`,`billing_firstname`,`billing_lastname`,`billing_telephone`,`billing_postcode`,`billing_region`,`billing_city`,`billing_fax`,`billing_company`)
) ENGINE=InnoDB DEFAULT CHARSET=utf8mb3 COMMENT='customer_grid_flat';

--
-- Dumping data for table `customer_grid_flat`
--

INSERT INTO `customer_grid_flat` VALUES (1,'root admin','root@gmail.com',4,'2025-02-06 08:24:12',1,NULL,'Default Store View',NULL,NULL,NULL,NULL,'','',NULL,NULL,NULL,NULL,NULL,NULL,NULL,NULL,NULL,NULL,NULL,NULL),(2,'jaydeep letscmss','user1@gmail.com',4,'2025-02-06 09:49:15',1,NULL,'Default Store View',NULL,NULL,NULL,NULL,'SASASASA\nASASASAS dsfsdf AsaS 01211251','SASASASA\nASASASAS dsfsdf AsaS 01211251','sasa','FGDF','21212121112','01211251','US','AsaS',0,'SASASASA\nASASASAS','dsfsdf',NULL,NULL,NULL),(3,'user 2','user2@gmail.com',4,'2025-02-08 12:01:22',1,NULL,'Default Store View',NULL,NULL,NULL,NULL,'fewf\nwdwdfw al Uttar Pradesh 202002','fewf\nwdwdfw al Uttar Pradesh 202002','user','2','7896541230','202002','IN','Uttar Pradesh',602,'fewf\nwdwdfw','al',NULL,NULL,NULL),(4,'amit kumar','user4@gmail.com',4,'2025-02-08 12:08:56',1,NULL,'Default Store View',NULL,NULL,NULL,NULL,'aSASA\nASASA ASAS Uttar Pradesh 202002','aSASA\nASASA ASAS Uttar Pradesh 202002','amit','kumar','7896541230','202002','IN','Uttar Pradesh',602,'aSASA\nASASA','ASAS',NULL,NULL,'asd'),(5,'ajay kumar','user5@gmail.com',4,'2025-02-08 12:20:31',1,NULL,'Default Store View',NULL,NULL,NULL,NULL,'aligarh aligarh Uttar Pradesh 202002','aligarh aligarh Uttar Pradesh 202002','ajay','kumar','7896541230','202002','IN','Uttar Pradesh',602,'aligarh','aligarh',NULL,NULL,NULL),(6,'Alex Paris','jaydeep.letscms@gmail.com',1,'2025-03-26 12:36:42',1,NULL,'Default Store View',NULL,NULL,NULL,NULL,'sdadasd\nsadasd sadasd Arizona 5345345','sdadasd\nsadasd sadasd Arizona 5345345','dfgwedfas','sdfsdaf','45435345','5345345','US','Arizona',4,'sdadasd\nsadasd','sadasd',NULL,NULL,NULL),(7,'Joseph Deir','joedeir@gmail.com',1,'2025-05-06 03:22:22',1,NULL,'Default Store View',NULL,NULL,NULL,NULL,'319 Fairground Street\nUnit 12 Mount Sterling Illinois 62353','319 Fairground Street\nUnit 12 Mount Sterling Illinois 62353','Joseph','Deir','7083079777','62353','US','Illinois',23,'319 Fairground Street\nUnit 12','Mount Sterling',NULL,NULL,'Exchange Internatioal'),(8,'react theme','reacttheme@gmail.com',1,'2025-05-19 11:07:27',1,NULL,'Default Store View',NULL,NULL,NULL,NULL,'','',NULL,NULL,NULL,NULL,NULL,NULL,NULL,NULL,NULL,NULL,NULL,NULL),(9,'jaydeeep raj','jaydeeprajtech@gmail.com',1,'2025-05-20 05:24:36',1,NULL,'Default Store View',NULL,NULL,NULL,NULL,'','',NULL,NULL,NULL,NULL,NULL,NULL,NULL,NULL,NULL,NULL,NULL,NULL),(10,'Veronica Costello','roni_cost@example.com',1,'2025-06-11 07:53:52',1,NULL,'Default Store View','1973-12-15',2,NULL,NULL,'6146 Honey Bluff Parkway Calder Michigan 49628-7978','6146 Honey Bluff Parkway Calder Michigan 49628-7978','Veronica','Costello','(555) 229-3326','49628-7978','US','Michigan',33,'6146 Honey Bluff Parkway','Calder',NULL,NULL,NULL),(11,'GeorgeDouby GeorgeDoubyLY','BofMoirlrili@example.com',1,'2025-08-01 19:18:47',1,NULL,'Default Store View',NULL,NULL,NULL,NULL,'','',NULL,NULL,NULL,NULL,NULL,NULL,NULL,NULL,NULL,NULL,NULL,NULL);

--
-- Table structure for table `customer_group`
--

CREATE TABLE `customer_group` (
  `customer_group_id` int unsigned NOT NULL AUTO_INCREMENT,
  `customer_group_code` varchar(32) NOT NULL COMMENT 'Customer Group Code',
  `tax_class_id` int unsigned NOT NULL DEFAULT '0' COMMENT 'Tax Class ID',
  PRIMARY KEY (`customer_group_id`)
) ENGINE=InnoDB AUTO_INCREMENT=5 DEFAULT CHARSET=utf8mb3 COMMENT='Customer Group';

--
-- Dumping data for table `customer_group`
--

INSERT INTO `customer_group` VALUES (0,'NOT LOGGED IN',3),(1,'General',3),(2,'Wholesale',3),(3,'Retailer',3),(4,'Unilevel User',0);

--
-- Table structure for table `customer_group_excluded_website`
--

CREATE TABLE `customer_group_excluded_website` (
  `entity_id` int unsigned NOT NULL AUTO_INCREMENT,
  `customer_group_id` int unsigned NOT NULL COMMENT 'Customer Group ID',
  `website_id` smallint unsigned NOT NULL COMMENT 'Excluded Website ID from Customer Group',
  PRIMARY KEY (`entity_id`),
  KEY `CUSTOMER_GROUP_EXCLUDED_WEBSITE_CUSTOMER_GROUP_ID_WEBSITE_ID` (`customer_group_id`,`website_id`)
) ENGINE=InnoDB DEFAULT CHARSET=utf8mb3 COMMENT='Excluded Websites From Customer Group';

--
-- Dumping data for table `customer_group_excluded_website`
--


--
-- Table structure for table `customer_log`
--

CREATE TABLE `customer_log` (
  `log_id` int NOT NULL AUTO_INCREMENT COMMENT 'Log ID',
  `customer_id` int NOT NULL COMMENT 'Customer ID',
  `last_login_at` timestamp NULL DEFAULT NULL COMMENT 'Last Login Time',
  `last_logout_at` timestamp NULL DEFAULT NULL COMMENT 'Last Logout Time',
  PRIMARY KEY (`log_id`),
  UNIQUE KEY `CUSTOMER_LOG_CUSTOMER_ID` (`customer_id`)
) ENGINE=InnoDB AUTO_INCREMENT=217 DEFAULT CHARSET=utf8mb3 COMMENT='Customer Log Table';

--
-- Dumping data for table `customer_log`
--

INSERT INTO `customer_log` VALUES (1,2,'2025-08-06 12:27:12','2025-06-20 15:18:29'),(4,3,'2025-02-08 12:01:25','2025-02-08 12:03:47'),(8,4,'2025-02-08 12:08:58','2025-02-08 12:17:38'),(10,5,'2025-02-08 12:20:33',NULL),(18,6,'2025-05-18 06:28:32','2025-04-05 07:38:15'),(53,1,'2025-04-07 07:21:43',NULL),(68,7,'2025-05-14 05:26:49','2025-05-06 03:32:42'),(92,9,'2025-05-20 05:24:38',NULL),(101,8,'2025-05-26 05:28:00',NULL),(215,11,'2025-08-01 19:18:49',NULL);

--
-- Table structure for table `customer_visitor`
--

CREATE TABLE `customer_visitor` (
  `visitor_id` bigint unsigned NOT NULL AUTO_INCREMENT COMMENT 'Visitor ID',
  `customer_id` int DEFAULT NULL COMMENT 'Customer ID',
  `session_id` varchar(1) DEFAULT NULL COMMENT 'Deprecated: Session ID value no longer used',
  `created_at` timestamp NOT NULL DEFAULT CURRENT_TIMESTAMP COMMENT 'Created At',
  `last_visit_at` timestamp NOT NULL DEFAULT CURRENT_TIMESTAMP ON UPDATE CURRENT_TIMESTAMP COMMENT 'Last Visit Time',
  PRIMARY KEY (`visitor_id`),
  KEY `CUSTOMER_VISITOR_CUSTOMER_ID` (`customer_id`),
  KEY `CUSTOMER_VISITOR_LAST_VISIT_AT` (`last_visit_at`)
) ENGINE=InnoDB AUTO_INCREMENT=130 DEFAULT CHARSET=utf8mb3 COMMENT='Visitor Table';

--
-- Dumping data for table `customer_visitor`
--

INSERT INTO `customer_visitor` VALUES (1,2,NULL,'2025-02-06 09:48:29','2025-02-06 09:57:52'),(2,2,NULL,'2025-02-06 10:41:17','2025-02-06 11:44:19'),(3,2,NULL,'2025-02-08 05:21:00','2025-02-08 08:46:02'),(4,3,NULL,'2025-02-08 11:59:24','2025-02-08 12:03:47'),(5,2,NULL,'2025-02-08 12:03:59','2025-02-08 12:08:12'),(6,4,NULL,'2025-02-08 12:08:41','2025-02-08 12:17:37'),(7,5,NULL,'2025-02-08 12:19:28','2025-02-08 12:20:59'),(8,NULL,NULL,'2025-02-09 04:54:19','2025-02-09 04:58:17'),(9,NULL,NULL,'2025-02-15 12:58:07','2025-02-15 12:58:07'),(10,NULL,NULL,'2025-02-23 06:01:23','2025-02-23 06:01:23'),(11,2,NULL,'2025-02-23 06:01:36','2025-02-23 06:01:37'),(12,NULL,NULL,'2025-02-25 11:18:37','2025-02-25 11:19:01'),(13,NULL,NULL,'2025-02-26 05:08:01','2025-02-26 05:08:02'),(14,NULL,NULL,'2025-02-26 07:38:07','2025-02-26 07:40:42'),(15,NULL,NULL,'2025-03-06 09:50:51','2025-03-06 09:51:47'),(16,2,NULL,'2025-03-06 11:57:58','2025-03-06 11:58:01'),(17,NULL,NULL,'2025-03-06 11:58:58','2025-03-06 11:59:05'),(18,NULL,NULL,'2025-03-08 08:20:59','2025-03-08 08:21:27'),(19,NULL,NULL,'2025-03-08 08:54:41','2025-03-08 08:54:41'),(20,2,NULL,'2025-03-08 08:55:03','2025-03-08 09:32:57'),(21,NULL,NULL,'2025-03-09 01:32:47','2025-03-09 01:32:47'),(22,NULL,NULL,'2025-03-11 08:19:54','2025-03-11 08:24:50'),(23,2,NULL,'2025-03-12 04:24:22','2025-03-12 04:24:26'),(24,NULL,NULL,'2025-03-12 08:17:31','2025-03-12 08:17:55'),(25,NULL,NULL,'2025-03-23 04:22:20','2025-03-23 04:28:06'),(26,2,NULL,'2025-03-26 04:49:11','2025-03-26 04:49:14'),(27,NULL,NULL,'2025-03-26 10:36:25','2025-03-26 10:36:25'),(28,2,NULL,'2025-03-26 12:27:11','2025-03-26 12:27:59'),(29,NULL,NULL,'2025-03-28 14:22:55','2025-03-28 14:23:39'),(30,6,NULL,'2025-03-31 08:07:58','2025-03-31 08:08:32'),(31,6,NULL,'2025-03-31 12:01:00','2025-03-31 12:39:59'),(32,NULL,NULL,'2025-03-31 12:47:31','2025-03-31 12:47:31'),(33,6,NULL,'2025-04-02 12:45:53','2025-04-02 12:45:57'),(34,NULL,NULL,'2025-04-02 16:28:40','2025-04-02 16:28:40'),(35,NULL,NULL,'2025-04-04 12:35:48','2025-04-04 12:35:48'),(36,6,NULL,'2025-04-05 06:34:35','2025-04-05 07:38:14'),(37,2,NULL,'2025-04-05 07:38:31','2025-04-05 07:38:34'),(38,2,NULL,'2025-04-05 08:10:35','2025-04-05 08:10:39'),(39,NULL,NULL,'2025-04-05 19:41:59','2025-04-05 19:41:59'),(40,2,NULL,'2025-04-07 05:18:38','2025-04-07 05:18:41'),(41,NULL,NULL,'2025-04-07 07:21:16','2025-04-07 07:21:16'),(42,NULL,NULL,'2025-04-07 07:21:29','2025-04-07 07:21:29'),(43,1,NULL,'2025-04-07 07:21:42','2025-04-07 07:21:44'),(44,NULL,NULL,'2025-04-07 19:52:51','2025-04-07 19:52:52'),(45,2,NULL,'2025-04-09 06:35:38','2025-04-09 06:35:40'),(46,2,NULL,'2025-04-09 06:36:34','2025-04-09 06:36:53'),(47,2,NULL,'2025-04-09 08:29:52','2025-04-09 08:31:18'),(48,2,NULL,'2025-04-09 10:23:23','2025-04-09 10:23:24'),(49,2,NULL,'2025-04-10 11:05:30','2025-04-10 11:05:32'),(50,NULL,NULL,'2025-04-15 06:36:53','2025-04-15 06:36:53'),(51,NULL,NULL,'2025-04-15 11:23:03','2025-04-15 11:23:03'),(52,2,NULL,'2025-04-15 11:23:14','2025-04-15 11:23:33'),(53,2,NULL,'2025-04-23 02:11:53','2025-04-23 02:11:56'),(54,NULL,NULL,'2025-04-24 22:08:52','2025-04-24 22:08:52'),(55,NULL,NULL,'2025-04-27 20:46:19','2025-04-27 20:46:47'),(56,NULL,NULL,'2025-05-04 13:49:35','2025-05-04 13:49:35'),(57,2,NULL,'2025-05-06 00:22:40','2025-05-06 00:22:42'),(58,7,NULL,'2025-05-06 03:16:35','2025-05-06 03:32:42'),(59,NULL,NULL,'2025-05-06 03:37:12','2025-05-06 03:37:49'),(60,NULL,NULL,'2025-05-06 07:29:41','2025-05-06 07:29:41'),(61,2,NULL,'2025-05-06 07:30:09','2025-05-06 07:30:11'),(62,NULL,NULL,'2025-05-08 04:26:35','2025-05-08 04:26:34'),(63,2,NULL,'2025-05-12 07:55:21','2025-05-12 08:00:25'),(64,2,NULL,'2025-05-12 09:58:57','2025-05-12 10:00:00'),(65,2,NULL,'2025-05-13 07:52:21','2025-05-13 07:52:24'),(66,2,NULL,'2025-05-13 09:31:37','2025-05-13 09:31:40'),(67,7,NULL,'2025-05-14 05:26:47','2025-05-14 05:26:50'),(68,NULL,NULL,'2025-05-16 08:15:16','2025-05-16 08:15:16'),(69,NULL,NULL,'2025-05-17 03:45:57','2025-05-17 03:45:57'),(70,2,NULL,'2025-05-17 03:46:36','2025-05-17 03:46:38'),(71,2,NULL,'2025-05-17 10:07:42','2025-05-17 10:07:45'),(72,2,NULL,'2025-05-17 11:43:12','2025-05-17 11:43:15'),(73,6,NULL,'2025-05-18 06:28:31','2025-05-18 06:28:34'),(74,NULL,NULL,'2025-05-18 09:32:40','2025-05-18 09:32:40'),(75,NULL,NULL,'2025-05-19 04:21:33','2025-05-19 04:21:33'),(76,2,NULL,'2025-05-19 04:21:54','2025-05-19 04:21:57'),(77,NULL,NULL,'2025-05-19 04:24:02','2025-05-19 04:24:02'),(78,2,NULL,'2025-05-21 04:20:56','2025-05-21 04:20:59'),(79,2,NULL,'2025-05-21 10:52:23','2025-05-21 10:54:55'),(80,8,NULL,'2025-05-21 10:55:19','2025-05-21 10:55:21'),(81,NULL,NULL,'2025-05-22 12:37:14','2025-05-22 12:37:14'),(82,2,NULL,'2025-05-26 12:07:07','2025-05-26 12:07:40'),(83,NULL,NULL,'2025-05-26 12:22:12','2025-05-26 12:22:12'),(84,NULL,NULL,'2025-05-26 12:23:13','2025-05-26 12:23:13'),(85,NULL,NULL,'2025-05-26 12:26:30','2025-05-26 12:26:30'),(86,NULL,NULL,'2025-05-26 12:26:33','2025-05-26 12:26:33'),(87,2,NULL,'2025-05-26 12:56:46','2025-05-26 12:56:50'),(88,NULL,NULL,'2025-05-26 13:04:47','2025-05-26 13:05:10'),(89,2,NULL,'2025-05-27 06:33:52','2025-05-27 06:33:56'),(90,NULL,NULL,'2025-05-29 07:48:39','2025-05-29 08:02:13'),(91,NULL,NULL,'2025-06-03 08:24:06','2025-06-03 08:24:06'),(92,NULL,NULL,'2025-06-03 08:24:12','2025-06-03 08:24:12'),(93,NULL,NULL,'2025-06-03 08:24:17','2025-06-03 08:24:18'),(94,NULL,NULL,'2025-06-03 08:24:23','2025-06-03 08:24:23'),(95,NULL,NULL,'2025-06-03 08:24:29','2025-06-03 08:24:29'),(96,NULL,NULL,'2025-06-03 10:29:10','2025-06-03 10:29:10'),(97,NULL,NULL,'2025-06-03 10:29:19','2025-06-03 10:29:19'),(98,NULL,NULL,'2025-06-03 10:29:27','2025-06-03 10:29:27'),(99,NULL,NULL,'2025-06-03 10:29:36','2025-06-03 10:29:37'),(100,NULL,NULL,'2025-06-05 22:49:22','2025-06-05 22:49:22'),(101,NULL,NULL,'2025-06-07 11:51:22','2025-06-07 11:51:22'),(102,2,NULL,'2025-06-07 11:54:19','2025-06-07 11:54:22'),(103,NULL,NULL,'2025-06-10 01:02:30','2025-06-10 01:02:31'),(104,NULL,NULL,'2025-06-16 09:51:56','2025-06-16 09:51:57'),(105,2,NULL,'2025-06-17 08:40:10','2025-06-17 08:40:13'),(106,NULL,NULL,'2025-06-18 06:53:32','2025-06-18 06:53:32'),(107,2,NULL,'2025-06-20 14:55:52','2025-06-20 15:18:27'),(108,NULL,NULL,'2025-06-25 08:35:33','2025-06-25 08:35:33'),(109,NULL,NULL,'2025-06-25 08:35:41','2025-06-25 08:35:41'),(110,NULL,NULL,'2025-06-25 08:35:49','2025-06-25 08:35:50'),(111,NULL,NULL,'2025-06-25 08:35:58','2025-06-25 08:35:59'),(112,NULL,NULL,'2025-06-25 08:36:08','2025-06-25 08:36:08'),(113,NULL,NULL,'2025-06-25 09:07:20','2025-06-25 09:07:20'),(114,NULL,NULL,'2025-06-25 09:07:26','2025-06-25 09:07:27'),(115,NULL,NULL,'2025-06-25 09:07:33','2025-06-25 09:07:33'),(116,NULL,NULL,'2025-06-25 09:07:38','2025-06-25 09:07:39'),(117,NULL,NULL,'2025-06-25 09:07:46','2025-06-25 09:07:46'),(118,NULL,NULL,'2025-07-10 04:24:33','2025-07-10 04:24:33'),(119,2,NULL,'2025-07-10 11:12:07','2025-07-10 11:36:14'),(120,NULL,NULL,'2025-07-11 11:44:16','2025-07-11 11:44:16'),(121,NULL,NULL,'2025-07-13 09:01:01','2025-07-13 09:01:01'),(122,NULL,NULL,'2025-07-13 10:03:00','2025-07-13 10:03:00'),(123,NULL,NULL,'2025-07-15 04:20:19','2025-07-15 04:20:19'),(124,11,NULL,'2025-08-01 19:18:46','2025-08-01 19:18:51'),(125,2,NULL,'2025-08-06 12:27:10','2025-08-06 12:27:13'),(126,NULL,NULL,'2025-08-06 16:26:43','2025-08-06 16:26:43'),(127,NULL,NULL,'2025-08-06 16:26:47','2025-08-06 16:26:47'),(128,NULL,NULL,'2025-08-18 20:42:18','2025-08-18 20:42:18'),(129,NULL,NULL,'2025-08-20 11:14:46','2025-08-20 11:14:46');

--
-- Table structure for table `data_exporter_uuid`
--

CREATE TABLE `data_exporter_uuid` (
  `uuid` varchar(36) NOT NULL COMMENT 'Entity UUID',
  `entity_id` int unsigned NOT NULL COMMENT 'Entity ID',
  `type` varchar(36) NOT NULL COMMENT 'Entity type',
  `created_at` timestamp NOT NULL DEFAULT CURRENT_TIMESTAMP ON UPDATE CURRENT_TIMESTAMP COMMENT 'Created At',
  PRIMARY KEY (`uuid`),
  UNIQUE KEY `DATA_EXPORTER_UUID_ENTITY_ID_TYPE` (`entity_id`,`type`)
) ENGINE=InnoDB DEFAULT CHARSET=utf8mb3 COMMENT='Data Export Items UUID References Table';

--
-- Dumping data for table `data_exporter_uuid`
--


--
-- Table structure for table `design_change`
--

CREATE TABLE `design_change` (
  `design_change_id` int NOT NULL AUTO_INCREMENT COMMENT 'Design Change ID',
  `store_id` smallint unsigned NOT NULL DEFAULT '0' COMMENT 'Store ID',
  `design` varchar(255) DEFAULT NULL COMMENT 'Design',
  `date_from` date DEFAULT NULL COMMENT 'First Date of Design Activity',
  `date_to` date DEFAULT NULL COMMENT 'Last Date of Design Activity',
  PRIMARY KEY (`design_change_id`),
  KEY `DESIGN_CHANGE_STORE_ID` (`store_id`),
  CONSTRAINT `DESIGN_CHANGE_STORE_ID_STORE_STORE_ID` FOREIGN KEY (`store_id`) REFERENCES `store` (`store_id`) ON DELETE CASCADE
) ENGINE=InnoDB DEFAULT CHARSET=utf8mb3 COMMENT='Design Changes';

--
-- Dumping data for table `design_change`
--


--
-- Table structure for table `design_config_dummy_cl`
--

CREATE TABLE `design_config_dummy_cl` (
  `version_id` int unsigned NOT NULL AUTO_INCREMENT COMMENT 'Version ID',
  `entity_id` int unsigned NOT NULL DEFAULT '0' COMMENT 'Entity ID',
  PRIMARY KEY (`version_id`)
) ENGINE=InnoDB DEFAULT CHARSET=utf8mb3 COMMENT='design_config_dummy_cl';

--
-- Dumping data for table `design_config_dummy_cl`
--


--
-- Table structure for table `design_config_grid_flat`
--

CREATE TABLE `design_config_grid_flat` (
  `entity_id` int unsigned NOT NULL COMMENT 'Entity ID',
  `store_website_id` int DEFAULT NULL COMMENT 'Store_website_id',
  `store_group_id` int DEFAULT NULL COMMENT 'Store_group_id',
  `store_id` int DEFAULT NULL COMMENT 'Store_id',
  `theme_theme_id` varchar(255) DEFAULT NULL COMMENT 'Theme_theme_id',
  PRIMARY KEY (`entity_id`),
  KEY `DESIGN_CONFIG_GRID_FLAT_STORE_WEBSITE_ID` (`store_website_id`),
  KEY `DESIGN_CONFIG_GRID_FLAT_STORE_GROUP_ID` (`store_group_id`),
  KEY `DESIGN_CONFIG_GRID_FLAT_STORE_ID` (`store_id`),
  FULLTEXT KEY `DESIGN_CONFIG_GRID_FLAT_THEME_THEME_ID` (`theme_theme_id`)
) ENGINE=InnoDB DEFAULT CHARSET=utf8mb3 COMMENT='design_config_grid_flat';

--
-- Dumping data for table `design_config_grid_flat`
--

INSERT INTO `design_config_grid_flat` VALUES (0,NULL,NULL,NULL,'3'),(1,1,NULL,NULL,'3'),(2,1,1,1,'3');

--
-- Table structure for table `directory_country`
--

CREATE TABLE `directory_country` (
  `country_id` varchar(2) NOT NULL COMMENT 'Country ID in ISO-2',
  `iso2_code` varchar(2) DEFAULT NULL COMMENT 'Country ISO-2 format',
  `iso3_code` varchar(3) DEFAULT NULL COMMENT 'Country ISO-3',
  PRIMARY KEY (`country_id`)
) ENGINE=InnoDB DEFAULT CHARSET=utf8mb3 COMMENT='Directory Country';

--
-- Dumping data for table `directory_country`
--

INSERT INTO `directory_country` VALUES ('AD','AD','AND'),('AE','AE','ARE'),('AF','AF','AFG'),('AG','AG','ATG'),('AI','AI','AIA'),('AL','AL','ALB'),('AM','AM','ARM'),('AN','AN','ANT'),('AO','AO','AGO'),('AQ','AQ','ATA'),('AR','AR','ARG'),('AS','AS','ASM'),('AT','AT','AUT'),('AU','AU','AUS'),('AW','AW','ABW'),('AX','AX','ALA'),('AZ','AZ','AZE'),('BA','BA','BIH'),('BB','BB','BRB'),('BD','BD','BGD'),('BE','BE','BEL'),('BF','BF','BFA'),('BG','BG','BGR'),('BH','BH','BHR'),('BI','BI','BDI'),('BJ','BJ','BEN'),('BL','BL','BLM'),('BM','BM','BMU'),('BN','BN','BRN'),('BO','BO','BOL'),('BQ','BQ','BES'),('BR','BR','BRA'),('BS','BS','BHS'),('BT','BT','BTN'),('BV','BV','BVT'),('BW','BW','BWA'),('BY','BY','BLR'),('BZ','BZ','BLZ'),('CA','CA','CAN'),('CC','CC','CCK'),('CD','CD','COD'),('CF','CF','CAF'),('CG','CG','COG'),('CH','CH','CHE'),('CI','CI','CIV'),('CK','CK','COK'),('CL','CL','CHL'),('CM','CM','CMR'),('CN','CN','CHN'),('CO','CO','COL'),('CR','CR','CRI'),('CU','CU','CUB'),('CV','CV','CPV'),('CW','CW','CUW'),('CX','CX','CXR'),('CY','CY','CYP'),('CZ','CZ','CZE'),('DE','DE','DEU'),('DJ','DJ','DJI'),('DK','DK','DNK'),('DM','DM','DMA'),('DO','DO','DOM'),('DZ','DZ','DZA'),('EC','EC','ECU'),('EE','EE','EST'),('EG','EG','EGY'),('EH','EH','ESH'),('ER','ER','ERI'),('ES','ES','ESP'),('ET','ET','ETH'),('FI','FI','FIN'),('FJ','FJ','FJI'),('FK','FK','FLK'),('FM','FM','FSM'),('FO','FO','FRO'),('FR','FR','FRA'),('GA','GA','GAB'),('GB','GB','GBR'),('GD','GD','GRD'),('GE','GE','GEO'),('GF','GF','GUF'),('GG','GG','GGY'),('GH','GH','GHA'),('GI','GI','GIB'),('GL','GL','GRL'),('GM','GM','GMB'),('GN','GN','GIN'),('GP','GP','GLP'),('GQ','GQ','GNQ'),('GR','GR','GRC'),('GS','GS','SGS'),('GT','GT','GTM'),('GU','GU','GUM'),('GW','GW','GNB'),('GY','GY','GUY'),('HK','HK','HKG'),('HM','HM','HMD'),('HN','HN','HND'),('HR','HR','HRV'),('HT','HT','HTI'),('HU','HU','HUN'),('ID','ID','IDN'),('IE','IE','IRL'),('IL','IL','ISR'),('IM','IM','IMN'),('IN','IN','IND'),('IO','IO','IOT'),('IQ','IQ','IRQ'),('IR','IR','IRN'),('IS','IS','ISL'),('IT','IT','ITA'),('JE','JE','JEY'),('JM','JM','JAM'),('JO','JO','JOR'),('JP','JP','JPN'),('KE','KE','KEN'),('KG','KG','KGZ'),('KH','KH','KHM'),('KI','KI','KIR'),('KM','KM','COM'),('KN','KN','KNA'),('KP','KP','PRK'),('KR','KR','KOR'),('KW','KW','KWT'),('KY','KY','CYM'),('KZ','KZ','KAZ'),('LA','LA','LAO'),('LB','LB','LBN'),('LC','LC','LCA'),('LI','LI','LIE'),('LK','LK','LKA'),('LR','LR','LBR'),('LS','LS','LSO'),('LT','LT','LTU'),('LU','LU','LUX'),('LV','LV','LVA'),('LY','LY','LBY'),('MA','MA','MAR'),('MC','MC','MCO'),('MD','MD','MDA'),('ME','ME','MNE'),('MF','MF','MAF'),('MG','MG','MDG'),('MH','MH','MHL'),('MK','MK','MKD'),('ML','ML','MLI'),('MM','MM','MMR'),('MN','MN','MNG'),('MO','MO','MAC'),('MP','MP','MNP'),('MQ','MQ','MTQ'),('MR','MR','MRT'),('MS','MS','MSR'),('MT','MT','MLT'),('MU','MU','MUS'),('MV','MV','MDV'),('MW','MW','MWI'),('MX','MX','MEX'),('MY','MY','MYS'),('MZ','MZ','MOZ'),('NA','NA','NAM'),('NC','NC','NCL'),('NE','NE','NER'),('NF','NF','NFK'),('NG','NG','NGA'),('NI','NI','NIC'),('NL','NL','NLD'),('NO','NO','NOR'),('NP','NP','NPL'),('NR','NR','NRU'),('NU','NU','NIU'),('NZ','NZ','NZL'),('OM','OM','OMN'),('PA','PA','PAN'),('PE','PE','PER'),('PF','PF','PYF'),('PG','PG','PNG'),('PH','PH','PHL'),('PK','PK','PAK'),('PL','PL','POL'),('PM','PM','SPM'),('PN','PN','PCN'),('PS','PS','PSE'),('PT','PT','PRT'),('PW','PW','PLW'),('PY','PY','PRY'),('QA','QA','QAT'),('RE','RE','REU'),('RO','RO','ROU'),('RS','RS','SRB'),('RU','RU','RUS'),('RW','RW','RWA'),('SA','SA','SAU'),('SB','SB','SLB'),('SC','SC','SYC'),('SD','SD','SDN'),('SE','SE','SWE'),('SG','SG','SGP'),('SH','SH','SHN'),('SI','SI','SVN'),('SJ','SJ','SJM'),('SK','SK','SVK'),('SL','SL','SLE'),('SM','SM','SMR'),('SN','SN','SEN'),('SO','SO','SOM'),('SR','SR','SUR'),('ST','ST','STP'),('SV','SV','SLV'),('SX','SX','SXM'),('SY','SY','SYR'),('SZ','SZ','SWZ'),('TC','TC','TCA'),('TD','TD','TCD'),('TF','TF','ATF'),('TG','TG','TGO'),('TH','TH','THA'),('TJ','TJ','TJK'),('TK','TK','TKL'),('TL','TL','TLS'),('TM','TM','TKM'),('TN','TN','TUN'),('TO','TO','TON'),('TR','TR','TUR'),('TT','TT','TTO'),('TV','TV','TUV'),('TW','TW','TWN'),('TZ','TZ','TZA'),('UA','UA','UKR'),('UG','UG','UGA'),('UM','UM','UMI'),('US','US','USA'),('UY','UY','URY'),('UZ','UZ','UZB'),('VA','VA','VAT'),('VC','VC','VCT'),('VE','VE','VEN'),('VG','VG','VGB'),('VI','VI','VIR'),('VN','VN','VNM'),('VU','VU','VUT'),('WF','WF','WLF'),('WS','WS','WSM'),('XK','XK','XKX'),('YE','YE','YEM'),('YT','YT','MYT'),('ZA','ZA','ZAF'),('ZM','ZM','ZMB'),('ZW','ZW','ZWE');

--
-- Table structure for table `directory_country_format`
--

CREATE TABLE `directory_country_format` (
  `country_format_id` int unsigned NOT NULL AUTO_INCREMENT COMMENT 'Country Format ID',
  `country_id` varchar(2) DEFAULT NULL COMMENT 'Country ID in ISO-2',
  `type` varchar(30) DEFAULT NULL COMMENT 'Country Format Type',
  `format` text NOT NULL COMMENT 'Country Format',
  PRIMARY KEY (`country_format_id`),
  UNIQUE KEY `DIRECTORY_COUNTRY_FORMAT_COUNTRY_ID_TYPE` (`country_id`,`type`)
) ENGINE=InnoDB DEFAULT CHARSET=utf8mb3 COMMENT='Directory Country Format';

--
-- Dumping data for table `directory_country_format`
--


--
-- Table structure for table `directory_country_region`
--

CREATE TABLE `directory_country_region` (
  `region_id` int unsigned NOT NULL AUTO_INCREMENT COMMENT 'Region ID',
  `country_id` varchar(4) NOT NULL DEFAULT '0' COMMENT 'Country ID in ISO-2',
  `code` varchar(32) DEFAULT NULL COMMENT 'Region code',
  `default_name` varchar(255) DEFAULT NULL COMMENT 'Region Name',
  PRIMARY KEY (`region_id`),
  KEY `DIRECTORY_COUNTRY_REGION_COUNTRY_ID` (`country_id`)
) ENGINE=InnoDB AUTO_INCREMENT=1157 DEFAULT CHARSET=utf8mb3 COMMENT='Directory Country Region';

--
-- Dumping data for table `directory_country_region`
--

INSERT INTO `directory_country_region` VALUES (1,'US','AL','Alabama'),(2,'US','AK','Alaska'),(3,'US','AS','American Samoa'),(4,'US','AZ','Arizona'),(5,'US','AR','Arkansas'),(6,'US','AE','Armed Forces Africa'),(7,'US','AA','Armed Forces Americas'),(8,'US','AE','Armed Forces Canada'),(9,'US','AE','Armed Forces Europe'),(10,'US','AE','Armed Forces Middle East'),(11,'US','AP','Armed Forces Pacific'),(12,'US','CA','California'),(13,'US','CO','Colorado'),(14,'US','CT','Connecticut'),(15,'US','DE','Delaware'),(16,'US','DC','District of Columbia'),(17,'US','FM','Federated States Of Micronesia'),(18,'US','FL','Florida'),(19,'US','GA','Georgia'),(20,'US','GU','Guam'),(21,'US','HI','Hawaii'),(22,'US','ID','Idaho'),(23,'US','IL','Illinois'),(24,'US','IN','Indiana'),(25,'US','IA','Iowa'),(26,'US','KS','Kansas'),(27,'US','KY','Kentucky'),(28,'US','LA','Louisiana'),(29,'US','ME','Maine'),(30,'US','MH','Marshall Islands'),(31,'US','MD','Maryland'),(32,'US','MA','Massachusetts'),(33,'US','MI','Michigan'),(34,'US','MN','Minnesota'),(35,'US','MS','Mississippi'),(36,'US','MO','Missouri'),(37,'US','MT','Montana'),(38,'US','NE','Nebraska'),(39,'US','NV','Nevada'),(40,'US','NH','New Hampshire'),(41,'US','NJ','New Jersey'),(42,'US','NM','New Mexico'),(43,'US','NY','New York'),(44,'US','NC','North Carolina'),(45,'US','ND','North Dakota'),(46,'US','MP','Northern Mariana Islands'),(47,'US','OH','Ohio'),(48,'US','OK','Oklahoma'),(49,'US','OR','Oregon'),(50,'US','PW','Palau'),(51,'US','PA','Pennsylvania'),(52,'US','PR','Puerto Rico'),(53,'US','RI','Rhode Island'),(54,'US','SC','South Carolina'),(55,'US','SD','South Dakota'),(56,'US','TN','Tennessee'),(57,'US','TX','Texas'),(58,'US','UT','Utah'),(59,'US','VT','Vermont'),(60,'US','VI','Virgin Islands'),(61,'US','VA','Virginia'),(62,'US','WA','Washington'),(63,'US','WV','West Virginia'),(64,'US','WI','Wisconsin'),(65,'US','WY','Wyoming'),(66,'CA','AB','Alberta'),(67,'CA','BC','British Columbia'),(68,'CA','MB','Manitoba'),(69,'CA','NL','Newfoundland and Labrador'),(70,'CA','NB','New Brunswick'),(71,'CA','NS','Nova Scotia'),(72,'CA','NT','Northwest Territories'),(73,'CA','NU','Nunavut'),(74,'CA','ON','Ontario'),(75,'CA','PE','Prince Edward Island'),(76,'CA','QC','Quebec'),(77,'CA','SK','Saskatchewan'),(78,'CA','YT','Yukon Territory'),(79,'DE','NDS','Niedersachsen'),(80,'DE','BAW','Baden-Württemberg'),(81,'DE','BAY','Bayern'),(82,'DE','BER','Berlin'),(83,'DE','BRG','Brandenburg'),(84,'DE','BRE','Bremen'),(85,'DE','HAM','Hamburg'),(86,'DE','HES','Hessen'),(87,'DE','MEC','Mecklenburg-Vorpommern'),(88,'DE','NRW','Nordrhein-Westfalen'),(89,'DE','RHE','Rheinland-Pfalz'),(90,'DE','SAR','Saarland'),(91,'DE','SAS','Sachsen'),(92,'DE','SAC','Sachsen-Anhalt'),(93,'DE','SCN','Schleswig-Holstein'),(94,'DE','THE','Thüringen'),(95,'AT','WI','Wien'),(96,'AT','NO','Niederösterreich'),(97,'AT','OO','Oberösterreich'),(98,'AT','SB','Salzburg'),(99,'AT','KN','Kärnten'),(100,'AT','ST','Steiermark'),(101,'AT','TI','Tirol'),(102,'AT','BL','Burgenland'),(103,'AT','VB','Vorarlberg'),(104,'CH','AG','Aargau'),(105,'CH','AI','Appenzell Innerrhoden'),(106,'CH','AR','Appenzell Ausserrhoden'),(107,'CH','BE','Bern'),(108,'CH','BL','Basel-Landschaft'),(109,'CH','BS','Basel-Stadt'),(110,'CH','FR','Friburg'),(111,'CH','GE','Geneva'),(112,'CH','GL','Glarus'),(113,'CH','GR','Graubünden'),(114,'CH','JU','Jura'),(115,'CH','LU','Lucerne'),(116,'CH','NE','Neuchâtel'),(117,'CH','NW','Nidwalden'),(118,'CH','OW','Obwalden'),(119,'CH','SG','St. Gallen'),(120,'CH','SH','Schaffhausen'),(121,'CH','SO','Solothurn'),(122,'CH','SZ','Schwyz'),(123,'CH','TG','Thurgau'),(124,'CH','TI','Ticino'),(125,'CH','UR','Uri'),(126,'CH','VD','Vaud'),(127,'CH','VS','Wallis'),(128,'CH','ZG','Zug'),(129,'CH','ZH','Zürich'),(130,'ES','A Coruсa','A Coruña'),(131,'ES','Alava','Alava'),(132,'ES','Albacete','Albacete'),(133,'ES','Alicante','Alicante'),(134,'ES','Almeria','Almeria'),(135,'ES','Asturias','Asturias'),(136,'ES','Avila','Avila'),(137,'ES','Badajoz','Badajoz'),(138,'ES','Baleares','Baleares'),(139,'ES','Barcelona','Barcelona'),(140,'ES','Burgos','Burgos'),(141,'ES','Caceres','Caceres'),(142,'ES','Cadiz','Cadiz'),(143,'ES','Cantabria','Cantabria'),(144,'ES','Castellon','Castellon'),(145,'ES','Ceuta','Ceuta'),(146,'ES','Ciudad Real','Ciudad Real'),(147,'ES','Cordoba','Cordoba'),(148,'ES','Cuenca','Cuenca'),(149,'ES','Girona','Girona'),(150,'ES','Granada','Granada'),(151,'ES','Guadalajara','Guadalajara'),(152,'ES','Guipuzcoa','Guipuzcoa'),(153,'ES','Huelva','Huelva'),(154,'ES','Huesca','Huesca'),(155,'ES','Jaen','Jaen'),(156,'ES','La Rioja','La Rioja'),(157,'ES','Las Palmas','Las Palmas'),(158,'ES','Leon','Leon'),(159,'ES','Lleida','Lleida'),(160,'ES','Lugo','Lugo'),(161,'ES','Madrid','Madrid'),(162,'ES','Malaga','Malaga'),(163,'ES','Melilla','Melilla'),(164,'ES','Murcia','Murcia'),(165,'ES','Navarra','Navarra'),(166,'ES','Ourense','Ourense'),(167,'ES','Palencia','Palencia'),(168,'ES','Pontevedra','Pontevedra'),(169,'ES','Salamanca','Salamanca'),(170,'ES','Santa Cruz de Tenerife','Santa Cruz de Tenerife'),(171,'ES','Segovia','Segovia'),(172,'ES','Sevilla','Sevilla'),(173,'ES','Soria','Soria'),(174,'ES','Tarragona','Tarragona'),(175,'ES','Teruel','Teruel'),(176,'ES','Toledo','Toledo'),(177,'ES','Valencia','Valencia'),(178,'ES','Valladolid','Valladolid'),(179,'ES','Vizcaya','Vizcaya'),(180,'ES','Zamora','Zamora'),(181,'ES','Zaragoza','Zaragoza'),(182,'FR','1','Ain'),(183,'FR','2','Aisne'),(184,'FR','3','Allier'),(185,'FR','4','Alpes-de-Haute-Provence'),(186,'FR','5','Hautes-Alpes'),(187,'FR','6','Alpes-Maritimes'),(188,'FR','7','Ardèche'),(189,'FR','8','Ardennes'),(190,'FR','9','Ariège'),(191,'FR','10','Aube'),(192,'FR','11','Aude'),(193,'FR','12','Aveyron'),(194,'FR','13','Bouches-du-Rhône'),(195,'FR','14','Calvados'),(196,'FR','15','Cantal'),(197,'FR','16','Charente'),(198,'FR','17','Charente-Maritime'),(199,'FR','18','Cher'),(200,'FR','19','Corrèze'),(201,'FR','2A','Corse-du-Sud'),(202,'FR','2B','Haute-Corse'),(203,'FR','21','Côte-d\'Or'),(204,'FR','22','Côtes-d\'Armor'),(205,'FR','23','Creuse'),(206,'FR','24','Dordogne'),(207,'FR','25','Doubs'),(208,'FR','26','Drôme'),(209,'FR','27','Eure'),(210,'FR','28','Eure-et-Loir'),(211,'FR','29','Finistère'),(212,'FR','30','Gard'),(213,'FR','31','Haute-Garonne'),(214,'FR','32','Gers'),(215,'FR','33','Gironde'),(216,'FR','34','Hérault'),(217,'FR','35','Ille-et-Vilaine'),(218,'FR','36','Indre'),(219,'FR','37','Indre-et-Loire'),(220,'FR','38','Isère'),(221,'FR','39','Jura'),(222,'FR','40','Landes'),(223,'FR','41','Loir-et-Cher'),(224,'FR','42','Loire'),(225,'FR','43','Haute-Loire'),(226,'FR','44','Loire-Atlantique'),(227,'FR','45','Loiret'),(228,'FR','46','Lot'),(229,'FR','47','Lot-et-Garonne'),(230,'FR','48','Lozère'),(231,'FR','49','Maine-et-Loire'),(232,'FR','50','Manche'),(233,'FR','51','Marne'),(234,'FR','52','Haute-Marne'),(235,'FR','53','Mayenne'),(236,'FR','54','Meurthe-et-Moselle'),(237,'FR','55','Meuse'),(238,'FR','56','Morbihan'),(239,'FR','57','Moselle'),(240,'FR','58','Nièvre'),(241,'FR','59','Nord'),(242,'FR','60','Oise'),(243,'FR','61','Orne'),(244,'FR','62','Pas-de-Calais'),(245,'FR','63','Puy-de-Dôme'),(246,'FR','64','Pyrénées-Atlantiques'),(247,'FR','65','Hautes-Pyrénées'),(248,'FR','66','Pyrénées-Orientales'),(249,'FR','67','Bas-Rhin'),(250,'FR','68','Haut-Rhin'),(251,'FR','69','Rhône'),(252,'FR','70','Haute-Saône'),(253,'FR','71','Saône-et-Loire'),(254,'FR','72','Sarthe'),(255,'FR','73','Savoie'),(256,'FR','74','Haute-Savoie'),(257,'FR','75','Paris'),(258,'FR','76','Seine-Maritime'),(259,'FR','77','Seine-et-Marne'),(260,'FR','78','Yvelines'),(261,'FR','79','Deux-Sèvres'),(262,'FR','80','Somme'),(263,'FR','81','Tarn'),(264,'FR','82','Tarn-et-Garonne'),(265,'FR','83','Var'),(266,'FR','84','Vaucluse'),(267,'FR','85','Vendée'),(268,'FR','86','Vienne'),(269,'FR','87','Haute-Vienne'),(270,'FR','88','Vosges'),(271,'FR','89','Yonne'),(272,'FR','90','Territoire-de-Belfort'),(273,'FR','91','Essonne'),(274,'FR','92','Hauts-de-Seine'),(275,'FR','93','Seine-Saint-Denis'),(276,'FR','94','Val-de-Marne'),(277,'FR','95','Val-d\'Oise'),(278,'RO','AB','Alba'),(279,'RO','AR','Arad'),(280,'RO','AG','Argeş'),(281,'RO','BC','Bacău'),(282,'RO','BH','Bihor'),(283,'RO','BN','Bistriţa-Năsăud'),(284,'RO','BT','Botoşani'),(285,'RO','BV','Braşov'),(286,'RO','BR','Brăila'),(287,'RO','B','Bucureşti'),(288,'RO','BZ','Buzău'),(289,'RO','CS','Caraş-Severin'),(290,'RO','CL','Călăraşi'),(291,'RO','CJ','Cluj'),(292,'RO','CT','Constanţa'),(293,'RO','CV','Covasna'),(294,'RO','DB','Dâmboviţa'),(295,'RO','DJ','Dolj'),(296,'RO','GL','Galaţi'),(297,'RO','GR','Giurgiu'),(298,'RO','GJ','Gorj'),(299,'RO','HR','Harghita'),(300,'RO','HD','Hunedoara'),(301,'RO','IL','Ialomiţa'),(302,'RO','IS','Iaşi'),(303,'RO','IF','Ilfov'),(304,'RO','MM','Maramureş'),(305,'RO','MH','Mehedinţi'),(306,'RO','MS','Mureş'),(307,'RO','NT','Neamţ'),(308,'RO','OT','Olt'),(309,'RO','PH','Prahova'),(310,'RO','SM','Satu-Mare'),(311,'RO','SJ','Sălaj'),(312,'RO','SB','Sibiu'),(313,'RO','SV','Suceava'),(314,'RO','TR','Teleorman'),(315,'RO','TM','Timiş'),(316,'RO','TL','Tulcea'),(317,'RO','VS','Vaslui'),(318,'RO','VL','Vâlcea'),(319,'RO','VN','Vrancea'),(320,'FI','Lappi','Lappi'),(321,'FI','Pohjois-Pohjanmaa','Pohjois-Pohjanmaa'),(322,'FI','Kainuu','Kainuu'),(323,'FI','Pohjois-Karjala','Pohjois-Karjala'),(324,'FI','Pohjois-Savo','Pohjois-Savo'),(325,'FI','Etelä-Savo','Etelä-Savo'),(326,'FI','Etelä-Pohjanmaa','Etelä-Pohjanmaa'),(327,'FI','Pohjanmaa','Pohjanmaa'),(328,'FI','Pirkanmaa','Pirkanmaa'),(329,'FI','Satakunta','Satakunta'),(330,'FI','Keski-Pohjanmaa','Keski-Pohjanmaa'),(331,'FI','Keski-Suomi','Keski-Suomi'),(332,'FI','Varsinais-Suomi','Varsinais-Suomi'),(333,'FI','Etelä-Karjala','Etelä-Karjala'),(334,'FI','Päijät-Häme','Päijät-Häme'),(335,'FI','Kanta-Häme','Kanta-Häme'),(336,'FI','Uusimaa','Uusimaa'),(337,'FI','Itä-Uusimaa','Itä-Uusimaa'),(338,'FI','Kymenlaakso','Kymenlaakso'),(339,'FI','Ahvenanmaa','Ahvenanmaa'),(340,'EE','EE-37','Harjumaa'),(341,'EE','EE-39','Hiiumaa'),(342,'EE','EE-44','Ida-Virumaa'),(343,'EE','EE-49','Jõgevamaa'),(344,'EE','EE-51','Järvamaa'),(345,'EE','EE-57','Läänemaa'),(346,'EE','EE-59','Lääne-Virumaa'),(347,'EE','EE-65','Põlvamaa'),(348,'EE','EE-67','Pärnumaa'),(349,'EE','EE-70','Raplamaa'),(350,'EE','EE-74','Saaremaa'),(351,'EE','EE-78','Tartumaa'),(352,'EE','EE-82','Valgamaa'),(353,'EE','EE-84','Viljandimaa'),(354,'EE','EE-86','Võrumaa'),(355,'LV','LV-DGV','Daugavpils'),(356,'LV','LV-JEL','Jelgava'),(357,'LV','Jēkabpils','Jēkabpils'),(358,'LV','LV-JUR','Jūrmala'),(359,'LV','LV-LPX','Liepāja'),(360,'LV','LV-LE','Liepājas novads'),(361,'LV','LV-REZ','Rēzekne'),(362,'LV','LV-RIX','Rīga'),(363,'LV','LV-RI','Rīgas novads'),(364,'LV','Valmiera','Valmiera'),(365,'LV','LV-VEN','Ventspils'),(366,'LV','Aglonas novads','Aglonas novads'),(367,'LV','LV-AI','Aizkraukles novads'),(368,'LV','Aizputes novads','Aizputes novads'),(369,'LV','Aknīstes novads','Aknīstes novads'),(370,'LV','Alojas novads','Alojas novads'),(371,'LV','Alsungas novads','Alsungas novads'),(372,'LV','LV-AL','Alūksnes novads'),(373,'LV','Amatas novads','Amatas novads'),(374,'LV','Apes novads','Apes novads'),(375,'LV','Auces novads','Auces novads'),(376,'LV','Babītes novads','Babītes novads'),(377,'LV','Baldones novads','Baldones novads'),(378,'LV','Baltinavas novads','Baltinavas novads'),(379,'LV','LV-BL','Balvu novads'),(380,'LV','LV-BU','Bauskas novads'),(381,'LV','Beverīnas novads','Beverīnas novads'),(382,'LV','Brocēnu novads','Brocēnu novads'),(383,'LV','Burtnieku novads','Burtnieku novads'),(384,'LV','Carnikavas novads','Carnikavas novads'),(385,'LV','Cesvaines novads','Cesvaines novads'),(386,'LV','Ciblas novads','Ciblas novads'),(387,'LV','LV-CE','Cēsu novads'),(388,'LV','Dagdas novads','Dagdas novads'),(389,'LV','LV-DA','Daugavpils novads'),(390,'LV','LV-DO','Dobeles novads'),(391,'LV','Dundagas novads','Dundagas novads'),(392,'LV','Durbes novads','Durbes novads'),(393,'LV','Engures novads','Engures novads'),(394,'LV','Garkalnes novads','Garkalnes novads'),(395,'LV','Grobiņas novads','Grobiņas novads'),(396,'LV','LV-GU','Gulbenes novads'),(397,'LV','Iecavas novads','Iecavas novads'),(398,'LV','Ikšķiles novads','Ikšķiles novads'),(399,'LV','Ilūkstes novads','Ilūkstes novads'),(400,'LV','Inčukalna novads','Inčukalna novads'),(401,'LV','Jaunjelgavas novads','Jaunjelgavas novads'),(402,'LV','Jaunpiebalgas novads','Jaunpiebalgas novads'),(403,'LV','Jaunpils novads','Jaunpils novads'),(404,'LV','LV-JL','Jelgavas novads'),(405,'LV','LV-JK','Jēkabpils novads'),(406,'LV','Kandavas novads','Kandavas novads'),(407,'LV','Kokneses novads','Kokneses novads'),(408,'LV','Krimuldas novads','Krimuldas novads'),(409,'LV','Krustpils novads','Krustpils novads'),(410,'LV','LV-KR','Krāslavas novads'),(411,'LV','LV-KU','Kuldīgas novads'),(412,'LV','Kārsavas novads','Kārsavas novads'),(413,'LV','Lielvārdes novads','Lielvārdes novads'),(414,'LV','LV-LM','Limbažu novads'),(415,'LV','Lubānas novads','Lubānas novads'),(416,'LV','LV-LU','Ludzas novads'),(417,'LV','Līgatnes novads','Līgatnes novads'),(418,'LV','Līvānu novads','Līvānu novads'),(419,'LV','LV-MA','Madonas novads'),(420,'LV','Mazsalacas novads','Mazsalacas novads'),(421,'LV','Mālpils novads','Mālpils novads'),(422,'LV','Mārupes novads','Mārupes novads'),(423,'LV','Naukšēnu novads','Naukšēnu novads'),(424,'LV','Neretas novads','Neretas novads'),(425,'LV','Nīcas novads','Nīcas novads'),(426,'LV','LV-OG','Ogres novads'),(427,'LV','Olaines novads','Olaines novads'),(428,'LV','Ozolnieku novads','Ozolnieku novads'),(429,'LV','LV-PR','Preiļu novads'),(430,'LV','Priekules novads','Priekules novads'),(431,'LV','Priekuļu novads','Priekuļu novads'),(432,'LV','Pārgaujas novads','Pārgaujas novads'),(433,'LV','Pāvilostas novads','Pāvilostas novads'),(434,'LV','Pļaviņu novads','Pļaviņu novads'),(435,'LV','Raunas novads','Raunas novads'),(436,'LV','Riebiņu novads','Riebiņu novads'),(437,'LV','Rojas novads','Rojas novads'),(438,'LV','Ropažu novads','Ropažu novads'),(439,'LV','Rucavas novads','Rucavas novads'),(440,'LV','Rugāju novads','Rugāju novads'),(441,'LV','Rundāles novads','Rundāles novads'),(442,'LV','LV-RE','Rēzeknes novads'),(443,'LV','Rūjienas novads','Rūjienas novads'),(444,'LV','Salacgrīvas novads','Salacgrīvas novads'),(445,'LV','Salas novads','Salas novads'),(446,'LV','Salaspils novads','Salaspils novads'),(447,'LV','LV-SA','Saldus novads'),(448,'LV','Saulkrastu novads','Saulkrastu novads'),(449,'LV','Siguldas novads','Siguldas novads'),(450,'LV','Skrundas novads','Skrundas novads'),(451,'LV','Skrīveru novads','Skrīveru novads'),(452,'LV','Smiltenes novads','Smiltenes novads'),(453,'LV','Stopiņu novads','Stopiņu novads'),(454,'LV','Strenču novads','Strenču novads'),(455,'LV','Sējas novads','Sējas novads'),(456,'LV','LV-TA','Talsu novads'),(457,'LV','LV-TU','Tukuma novads'),(458,'LV','Tērvetes novads','Tērvetes novads'),(459,'LV','Vaiņodes novads','Vaiņodes novads'),(460,'LV','LV-VK','Valkas novads'),(461,'LV','LV-VM','Valmieras novads'),(462,'LV','Varakļānu novads','Varakļānu novads'),(463,'LV','Vecpiebalgas novads','Vecpiebalgas novads'),(464,'LV','Vecumnieku novads','Vecumnieku novads'),(465,'LV','LV-VE','Ventspils novads'),(466,'LV','Viesītes novads','Viesītes novads'),(467,'LV','Viļakas novads','Viļakas novads'),(468,'LV','Viļānu novads','Viļānu novads'),(469,'LV','Vārkavas novads','Vārkavas novads'),(470,'LV','Zilupes novads','Zilupes novads'),(471,'LV','Ādažu novads','Ādažu novads'),(472,'LV','Ērgļu novads','Ērgļu novads'),(473,'LV','Ķeguma novads','Ķeguma novads'),(474,'LV','Ķekavas novads','Ķekavas novads'),(475,'LT','LT-AL','Alytaus Apskritis'),(476,'LT','LT-KU','Kauno Apskritis'),(477,'LT','LT-KL','Klaipėdos Apskritis'),(478,'LT','LT-MR','Marijampolės Apskritis'),(479,'LT','LT-PN','Panevėžio Apskritis'),(480,'LT','LT-SA','Šiaulių Apskritis'),(481,'LT','LT-TA','Tauragės Apskritis'),(482,'LT','LT-TE','Telšių Apskritis'),(483,'LT','LT-UT','Utenos Apskritis'),(484,'LT','LT-VL','Vilniaus Apskritis'),(485,'BR','AC','Acre'),(486,'BR','AL','Alagoas'),(487,'BR','AP','Amapá'),(488,'BR','AM','Amazonas'),(489,'BR','BA','Bahia'),(490,'BR','CE','Ceará'),(491,'BR','ES','Espírito Santo'),(492,'BR','GO','Goiás'),(493,'BR','MA','Maranhão'),(494,'BR','MT','Mato Grosso'),(495,'BR','MS','Mato Grosso do Sul'),(496,'BR','MG','Minas Gerais'),(497,'BR','PA','Pará'),(498,'BR','PB','Paraíba'),(499,'BR','PR','Paraná'),(500,'BR','PE','Pernambuco'),(501,'BR','PI','Piauí'),(502,'BR','RJ','Rio de Janeiro'),(503,'BR','RN','Rio Grande do Norte'),(504,'BR','RS','Rio Grande do Sul'),(505,'BR','RO','Rondônia'),(506,'BR','RR','Roraima'),(507,'BR','SC','Santa Catarina'),(508,'BR','SP','São Paulo'),(509,'BR','SE','Sergipe'),(510,'BR','TO','Tocantins'),(511,'BR','DF','Distrito Federal'),(512,'AL','AL-01','Berat'),(513,'AL','AL-09','Dibër'),(514,'AL','AL-02','Durrës'),(515,'AL','AL-03','Elbasan'),(516,'AL','AL-04','Fier'),(517,'AL','AL-05','Gjirokastër'),(518,'AL','AL-06','Korçë'),(519,'AL','AL-07','Kukës'),(520,'AL','AL-08','Lezhë'),(521,'AL','AL-10','Shkodër'),(522,'AL','AL-11','Tiranë'),(523,'AL','AL-12','Vlorë'),(524,'AR','AR-C','Ciudad Autónoma de Buenos Aires'),(525,'AR','AR-B','Buenos Aires'),(526,'AR','AR-K','Catamarca'),(527,'AR','AR-H','Chaco'),(528,'AR','AR-U','Chubut'),(529,'AR','AR-X','Córdoba'),(530,'AR','AR-W','Corrientes'),(531,'AR','AR-E','Entre Ríos'),(532,'AR','AR-P','Formosa'),(533,'AR','AR-Y','Jujuy'),(534,'AR','AR-L','La Pampa'),(535,'AR','AR-F','La Rioja'),(536,'AR','AR-M','Mendoza'),(537,'AR','AR-N','Misiones'),(538,'AR','AR-Q','Neuquén'),(539,'AR','AR-R','Río Negro'),(540,'AR','AR-A','Salta'),(541,'AR','AR-J','San Juan'),(542,'AR','AR-D','San Luis'),(543,'AR','AR-Z','Santa Cruz'),(544,'AR','AR-S','Santa Fe'),(545,'AR','AR-G','Santiago del Estero'),(546,'AR','AR-V','Tierra del Fuego'),(547,'AR','AR-T','Tucumán'),(548,'HR','HR-01','Zagrebačka županija'),(549,'HR','HR-02','Krapinsko-zagorska županija'),(550,'HR','HR-03','Sisačko-moslavačka županija'),(551,'HR','HR-04','Karlovačka županija'),(552,'HR','HR-05','Varaždinska županija'),(553,'HR','HR-06','Koprivničko-križevačka županija'),(554,'HR','HR-07','Bjelovarsko-bilogorska županija'),(555,'HR','HR-08','Primorsko-goranska županija'),(556,'HR','HR-09','Ličko-senjska županija'),(557,'HR','HR-10','Virovitičko-podravska županija'),(558,'HR','HR-11','Požeško-slavonska županija'),(559,'HR','HR-12','Brodsko-posavska županija'),(560,'HR','HR-13','Zadarska županija'),(561,'HR','HR-14','Osječko-baranjska županija'),(562,'HR','HR-15','Šibensko-kninska županija'),(563,'HR','HR-16','Vukovarsko-srijemska županija'),(564,'HR','HR-17','Splitsko-dalmatinska županija'),(565,'HR','HR-18','Istarska županija'),(566,'HR','HR-19','Dubrovačko-neretvanska županija'),(567,'HR','HR-20','Međimurska županija'),(568,'HR','HR-21','Grad Zagreb'),(569,'IN','AN','Andaman and Nicobar Islands'),(570,'IN','AP','Andhra Pradesh'),(571,'IN','AR','Arunachal Pradesh'),(572,'IN','AS','Assam'),(573,'IN','BR','Bihar'),(574,'IN','CH','Chandigarh'),(575,'IN','CT','Chhattisgarh'),(576,'IN','DN','Dadra and Nagar Haveli'),(577,'IN','DD','Daman and Diu'),(578,'IN','DL','Delhi'),(579,'IN','GA','Goa'),(580,'IN','GJ','Gujarat'),(581,'IN','HR','Haryana'),(582,'IN','HP','Himachal Pradesh'),(583,'IN','JK','Jammu and Kashmir'),(584,'IN','JH','Jharkhand'),(585,'IN','KA','Karnataka'),(586,'IN','KL','Kerala'),(587,'IN','LD','Lakshadweep'),(588,'IN','MP','Madhya Pradesh'),(589,'IN','MH','Maharashtra'),(590,'IN','MN','Manipur'),(591,'IN','ML','Meghalaya'),(592,'IN','MZ','Mizoram'),(593,'IN','NL','Nagaland'),(594,'IN','OR','Odisha'),(595,'IN','PY','Puducherry'),(596,'IN','PB','Punjab'),(597,'IN','RJ','Rajasthan'),(598,'IN','SK','Sikkim'),(599,'IN','TN','Tamil Nadu'),(600,'IN','TG','Telangana'),(601,'IN','TR','Tripura'),(602,'IN','UP','Uttar Pradesh'),(603,'IN','UT','Uttarakhand'),(604,'IN','WB','West Bengal'),(605,'AU','ACT','Australian Capital Territory'),(606,'AU','NSW','New South Wales'),(607,'AU','VIC','Victoria'),(608,'AU','QLD','Queensland'),(609,'AU','SA','South Australia'),(610,'AU','TAS','Tasmania'),(611,'AU','WA','Western Australia'),(612,'AU','NT','Northern Territory'),(613,'BY','BY-BR','Bresckaja voblasć'),(614,'BY','BY-HO','Homieĺskaja voblasć'),(615,'BY','BY-HM','Horad Minsk'),(616,'BY','BY-HR','Hrodzienskaja voblasć'),(617,'BY','BY-MA','Mahilioŭskaja voblasć'),(618,'BY','BY-MI','Minskaja voblasć'),(619,'BY','BY-VI','Viciebskaja voblasć'),(620,'BE','VAN','Antwerpen'),(621,'BE','WBR','Brabant wallon'),(622,'BE','BRU','Brussels-Capital Region'),(623,'BE','WHT','Hainaut'),(624,'BE','VLI','Limburg'),(625,'BE','WLG','Liège'),(626,'BE','WLX','Luxembourg'),(627,'BE','WNA','Namur'),(628,'BE','VOV','Oost-Vlaanderen'),(629,'BE','VBR','Vlaams-Brabant'),(630,'BE','VWV','West-Vlaanderen'),(631,'BO','BO-C','Cochabamba'),(632,'BO','BO-H','Chuquisaca'),(633,'BO','BO-B','El Beni'),(634,'BO','BO-L','La Paz'),(635,'BO','BO-O','Oruro'),(636,'BO','BO-N','Pando'),(637,'BO','BO-P','Potosí'),(638,'BO','BO-S','Santa Cruz'),(639,'BO','BO-T','Tarija'),(640,'BG','BG-01','Blagoevgrad'),(641,'BG','BG-02','Burgas'),(642,'BG','BG-03','Varna'),(643,'BG','BG-04','Veliko Tarnovo'),(644,'BG','BG-05','Vidin'),(645,'BG','BG-06','Vratsa'),(646,'BG','BG-07','Gabrovo'),(647,'BG','BG-08','Dobrich'),(648,'BG','BG-09','Kardzhali'),(649,'BG','BG-10','Kyustendil'),(650,'BG','BG-11','Lovech'),(651,'BG','BG-12','Montana'),(652,'BG','BG-13','Pazardzhik'),(653,'BG','BG-14','Pernik'),(654,'BG','BG-15','Pleven'),(655,'BG','BG-16','Plovdiv'),(656,'BG','BG-17','Razgrad'),(657,'BG','BG-18','Ruse'),(658,'BG','BG-19','Silistra'),(659,'BG','BG-20','Sliven'),(660,'BG','BG-21','Smolyan'),(661,'BG','BG-22','Sofia City'),(662,'BG','BG-23','Sofia Province'),(663,'BG','BG-24','Stara Zagora'),(664,'BG','BG-25','Targovishte'),(665,'BG','BG-26','Haskovo'),(666,'BG','BG-27','Shumen'),(667,'BG','BG-28','Yambol'),(668,'CL','CL-AI','Aisén del General Carlos Ibañez del Campo'),(669,'CL','CL-AN','Antofagasta'),(670,'CL','CL-AP','Arica y Parinacota'),(671,'CL','CL-AR','La Araucanía'),(672,'CL','CL-AT','Atacama'),(673,'CL','CL-BI','Biobío'),(674,'CL','CL-CO','Coquimbo'),(675,'CL','CL-LI','Libertador General Bernardo O\'Higgins'),(676,'CL','CL-LL','Los Lagos'),(677,'CL','CL-LR','Los Ríos'),(678,'CL','CL-MA','Magallanes'),(679,'CL','CL-ML','Maule'),(680,'CL','CL-NB','Ñuble'),(681,'CL','CL-RM','Región Metropolitana de Santiago'),(682,'CL','CL-TA','Tarapacá'),(683,'CL','CL-VS','Valparaíso'),(684,'CN','CN-AH','Anhui Sheng'),(685,'CN','CN-BJ','Beijing Shi'),(686,'CN','CN-CQ','Chongqing Shi'),(687,'CN','CN-FJ','Fujian Sheng'),(688,'CN','CN-GS','Gansu Sheng'),(689,'CN','CN-GD','Guangdong Sheng'),(690,'CN','CN-GX','Guangxi Zhuangzu Zizhiqu'),(691,'CN','CN-GZ','Guizhou Sheng'),(692,'CN','CN-HI','Hainan Sheng'),(693,'CN','CN-HE','Hebei Sheng'),(694,'CN','CN-HL','Heilongjiang Sheng'),(695,'CN','CN-HA','Henan Sheng'),(696,'CN','CN-HK','Hong Kong SAR'),(697,'CN','CN-HB','Hubei Sheng'),(698,'CN','CN-HN','Hunan Sheng'),(699,'CN','CN-JS','Jiangsu Sheng'),(700,'CN','CN-JX','Jiangxi Sheng'),(701,'CN','CN-JL','Jilin Sheng'),(702,'CN','CN-LN','Liaoning Sheng'),(703,'CN','CN-MO','Macao SAR'),(704,'CN','CN-NM','Nei Mongol Zizhiqu'),(705,'CN','CN-NX','Ningxia Huizi Zizhiqu'),(706,'CN','CN-QH','Qinghai Sheng'),(707,'CN','CN-SN','Shaanxi Sheng'),(708,'CN','CN-SD','Shandong Sheng'),(709,'CN','CN-SH','Shanghai Shi'),(710,'CN','CN-SX','Shanxi Sheng'),(711,'CN','CN-SC','Sichuan Sheng'),(712,'CN','CN-TW','Taiwan Sheng'),(713,'CN','CN-TJ','Tianjin Shi'),(714,'CN','CN-XJ','Xinjiang Uygur Zizhiqu'),(715,'CN','CN-XZ','Xizang Zizhiqu'),(716,'CN','CN-YN','Yunnan Sheng'),(717,'CN','CN-ZJ','Zhejiang Sheng'),(718,'CO','CO-AMA','Amazonas'),(719,'CO','CO-ANT','Antioquia'),(720,'CO','CO-ARA','Arauca'),(721,'CO','CO-ATL','Atlántico'),(722,'CO','CO-BOL','Bolívar'),(723,'CO','CO-BOY','Boyacá'),(724,'CO','CO-CAL','Caldas'),(725,'CO','CO-CAQ','Caquetá'),(726,'CO','CO-CAS','Casanare'),(727,'CO','CO-CAU','Cauca'),(728,'CO','CO-CES','Cesar'),(729,'CO','CO-CHO','Chocó'),(730,'CO','CO-COR','Córdoba'),(731,'CO','CO-CUN','Cundinamarca'),(732,'CO','CO-GUA','Guainía'),(733,'CO','CO-GUV','Guaviare'),(734,'CO','CO-HUL','Huila'),(735,'CO','CO-LAG','La Guajira'),(736,'CO','CO-MAG','Magdalena'),(737,'CO','CO-MET','Meta'),(738,'CO','CO-NAR','Nariño'),(739,'CO','CO-NSA','Norte de Santander'),(740,'CO','CO-PUT','Putumayo'),(741,'CO','CO-QUI','Quindío'),(742,'CO','CO-RIS','Risaralda'),(743,'CO','CO-SAP','San Andrés y Providencia'),(744,'CO','CO-SAN','Santander'),(745,'CO','CO-SUC','Sucre'),(746,'CO','CO-TOL','Tolima'),(747,'CO','CO-VAC','Valle del Cauca'),(748,'CO','CO-VAU','Vaupés'),(749,'CO','CO-VID','Vichada'),(750,'CR','CR-SJ','San José'),(751,'CR','CR-AL','Alajuela'),(752,'CR','CR-CA','Cartago'),(753,'CR','CR-HE','Heredia'),(754,'CR','CR-GU','Guanacaste'),(755,'CR','CR-PU','Puntarenas'),(756,'CR','CR-LI','Limón'),(757,'CZ','CZ-10','Praha, Hlavní město'),(758,'CZ','CZ-20','Středočeský kraj'),(759,'CZ','CZ-31','Jihočeský kraj'),(760,'CZ','CZ-32','Plzeňský kraj'),(761,'CZ','CZ-41','Karlovarský kraj'),(762,'CZ','CZ-42','Ústecký kraj'),(763,'CZ','CZ-51','Liberecký kraj'),(764,'CZ','CZ-52','Královéhradecký kraj'),(765,'CZ','CZ-53','Pardubický kraj'),(766,'CZ','CZ-63','Kraj Vysočina'),(767,'CZ','CZ-64','Jihomoravský kraj'),(768,'CZ','CZ-71','Olomoucký kraj'),(769,'CZ','CZ-72','Zlínský kraj'),(770,'CZ','CZ-80','Moravskoslezský kraj'),(771,'DK','DK-84','Hovedstaden'),(772,'DK','DK-82','Midtjylland'),(773,'DK','DK-81','Nordjylland'),(774,'DK','DK-85','Sjælland'),(775,'DK','DK-83','Syddanmark'),(776,'EC','EC-A','Azuay'),(777,'EC','EC-B','Bolívar'),(778,'EC','EC-F','Cañar'),(779,'EC','EC-C','Carchi'),(780,'EC','EC-H','Chimborazo'),(781,'EC','EC-X','Cotopaxi'),(782,'EC','EC-O','El Oro'),(783,'EC','EC-E','Esmeraldas'),(784,'EC','EC-W','Galápagos'),(785,'EC','EC-G','Guayas'),(786,'EC','EC-I','Imbabura'),(787,'EC','EC-L','Loja'),(788,'EC','EC-R','Los Ríos'),(789,'EC','EC-M','Manabí'),(790,'EC','EC-S','Morona Santiago'),(791,'EC','EC-N','Napo'),(792,'EC','EC-D','Orellana'),(793,'EC','EC-Y','Pastaza'),(794,'EC','EC-P','Pichincha'),(795,'EC','EC-SE','Santa Elena'),(796,'EC','EC-SD','Santo Domingo de los Tsáchilas'),(797,'EC','EC-U','Sucumbíos'),(798,'EC','EC-T','Tungurahua'),(799,'EC','EC-Z','Zamora Chinchipe'),(800,'GR','GR-A','Anatolikí Makedonía kai Thráki'),(801,'GR','GR-I','Attikí'),(802,'GR','GR-G','Dytikí Elláda'),(803,'GR','GR-C','Dytikí Makedonía'),(804,'GR','GR-F','Ionía Nísia'),(805,'GR','GR-D','Ípeiros'),(806,'GR','GR-B','Kentrikí Makedonía'),(807,'GR','GR-M','Kríti'),(808,'GR','GR-L','Nótio Aigaío'),(809,'GR','GR-J','Pelopónnisos'),(810,'GR','GR-H','Stereá Elláda'),(811,'GR','GR-E','Thessalía'),(812,'GR','GR-K','Vóreio Aigaío'),(813,'GR','GR-69','Ágion Óros'),(814,'GY','GY-BA','Barima-Waini'),(815,'GY','GY-CU','Cuyuni-Mazaruni'),(816,'GY','GY-DE','Demerara-Mahaica'),(817,'GY','GY-EB','East Berbice-Corentyne'),(818,'GY','GY-ES','Essequibo Islands-West Demerara'),(819,'GY','GY-MA','Mahaica-Berbice'),(820,'GY','GY-PM','Pomeroon-Supenaam'),(821,'GY','GY-PT','Potaro-Siparuni'),(822,'GY','GY-UD','Upper Demerara-Berbice'),(823,'GY','GY-UT','Upper Takutu-Upper Essequibo'),(824,'IS','IS-01','Höfuðborgarsvæði'),(825,'IS','IS-02','Suðurnes'),(826,'IS','IS-03','Vesturland'),(827,'IS','IS-04','Vestfirðir'),(828,'IS','IS-05','Norðurland vestra'),(829,'IS','IS-06','Norðurland eystra'),(830,'IS','IS-07','Austurland'),(831,'IS','IS-08','Suðurland'),(832,'IT','AG','Agrigento'),(833,'IT','AL','Alessandria'),(834,'IT','AN','Ancona'),(835,'IT','AO','Aosta'),(836,'IT','AQ','L\'Aquila'),(837,'IT','AR','Arezzo'),(838,'IT','AP','Ascoli-Piceno'),(839,'IT','AT','Asti'),(840,'IT','AV','Avellino'),(841,'IT','BA','Bari'),(842,'IT','BT','Barletta-Andria-Trani'),(843,'IT','BL','Belluno'),(844,'IT','BN','Benevento'),(845,'IT','BG','Bergamo'),(846,'IT','BI','Biella'),(847,'IT','BO','Bologna'),(848,'IT','BZ','Bolzano'),(849,'IT','BS','Brescia'),(850,'IT','BR','Brindisi'),(851,'IT','CA','Cagliari'),(852,'IT','CL','Caltanissetta'),(853,'IT','CB','Campobasso'),(854,'IT','CI','Carbonia Iglesias'),(855,'IT','CE','Caserta'),(856,'IT','CT','Catania'),(857,'IT','CZ','Catanzaro'),(858,'IT','CH','Chieti'),(859,'IT','CO','Como'),(860,'IT','CS','Cosenza'),(861,'IT','CR','Cremona'),(862,'IT','KR','Crotone'),(863,'IT','CN','Cuneo'),(864,'IT','EN','Enna'),(865,'IT','FM','Fermo'),(866,'IT','FE','Ferrara'),(867,'IT','FI','Firenze'),(868,'IT','FG','Foggia'),(869,'IT','FC','Forli-Cesena'),(870,'IT','FR','Frosinone'),(871,'IT','GE','Genova'),(872,'IT','GO','Gorizia'),(873,'IT','GR','Grosseto'),(874,'IT','IM','Imperia'),(875,'IT','IS','Isernia'),(876,'IT','SP','La-Spezia'),(877,'IT','LT','Latina'),(878,'IT','LE','Lecce'),(879,'IT','LC','Lecco'),(880,'IT','LI','Livorno'),(881,'IT','LO','Lodi'),(882,'IT','LU','Lucca'),(883,'IT','MC','Macerata'),(884,'IT','MN','Mantova'),(885,'IT','MS','Massa-Carrara'),(886,'IT','MT','Matera'),(887,'IT','VS','Medio Campidano'),(888,'IT','ME','Messina'),(889,'IT','MI','Milano'),(890,'IT','MO','Modena'),(891,'IT','MB','Monza-Brianza'),(892,'IT','NA','Napoli'),(893,'IT','NO','Novara'),(894,'IT','NU','Nuoro'),(895,'IT','OG','Ogliastra'),(896,'IT','OT','Olbia Tempio'),(897,'IT','OR','Oristano'),(898,'IT','PD','Padova'),(899,'IT','PA','Palermo'),(900,'IT','PR','Parma'),(901,'IT','PV','Pavia'),(902,'IT','PG','Perugia'),(903,'IT','PU','Pesaro-Urbino'),(904,'IT','PE','Pescara'),(905,'IT','PC','Piacenza'),(906,'IT','PI','Pisa'),(907,'IT','PT','Pistoia'),(908,'IT','PN','Pordenone'),(909,'IT','PZ','Potenza'),(910,'IT','PO','Prato'),(911,'IT','RG','Ragusa'),(912,'IT','RA','Ravenna'),(913,'IT','RC','Reggio-Calabria'),(914,'IT','RE','Reggio-Emilia'),(915,'IT','RI','Rieti'),(916,'IT','RN','Rimini'),(917,'IT','RM','Roma'),(918,'IT','RO','Rovigo'),(919,'IT','SA','Salerno'),(920,'IT','SS','Sassari'),(921,'IT','SV','Savona'),(922,'IT','SI','Siena'),(923,'IT','SR','Siracusa'),(924,'IT','SO','Sondrio'),(925,'IT','TA','Taranto'),(926,'IT','TE','Teramo'),(927,'IT','TR','Terni'),(928,'IT','TO','Torino'),(929,'IT','TP','Trapani'),(930,'IT','TN','Trento'),(931,'IT','TV','Treviso'),(932,'IT','TS','Trieste'),(933,'IT','UD','Udine'),(934,'IT','VA','Varese'),(935,'IT','VE','Venezia'),(936,'IT','VB','Verbania'),(937,'IT','VC','Vercelli'),(938,'IT','VR','Verona'),(939,'IT','VV','Vibo-Valentia'),(940,'IT','VI','Vicenza'),(941,'IT','VT','Viterbo'),(942,'MX','AGU','Aguascalientes'),(943,'MX','BCN','Baja California'),(944,'MX','BCS','Baja California Sur'),(945,'MX','CAM','Campeche'),(946,'MX','CHP','Chiapas'),(947,'MX','CHH','Chihuahua'),(948,'MX','CMX','Ciudad de México'),(949,'MX','COA','Coahuila'),(950,'MX','COL','Colima'),(951,'MX','DUR','Durango'),(952,'MX','MEX','Estado de México'),(953,'MX','GUA','Guanajuato'),(954,'MX','GRO','Guerrero'),(955,'MX','HID','Hidalgo'),(956,'MX','JAL','Jalisco'),(957,'MX','MIC','Michoacán'),(958,'MX','MOR','Morelos'),(959,'MX','NAY','Nayarit'),(960,'MX','NLE','Nuevo León'),(961,'MX','OAX','Oaxaca'),(962,'MX','PUE','Puebla'),(963,'MX','QUE','Querétaro'),(964,'MX','ROO','Quintana Roo'),(965,'MX','SLP','San Luis Potosí'),(966,'MX','SIN','Sinaloa'),(967,'MX','SON','Sonora'),(968,'MX','TAB','Tabasco'),(969,'MX','TAM','Tamaulipas'),(970,'MX','TLA','Tlaxcala'),(971,'MX','VER','Veracruz'),(972,'MX','YUC','Yucatán'),(973,'MX','ZAC','Zacatecas'),(974,'PY','PY-ASU','Asunción'),(975,'PY','PY-16','Alto Paraguay'),(976,'PY','PY-10','Alto Paraná'),(977,'PY','PY-13','Amambay'),(978,'PY','PY-19','Boquerón'),(979,'PY','PY-5','Caaguazú'),(980,'PY','PY-6','Caazapá'),(981,'PY','PY-14','Canindeyú'),(982,'PY','PY-11','Central'),(983,'PY','PY-1','Concepción'),(984,'PY','PY-3','Cordillera'),(985,'PY','PY-4','Guairá'),(986,'PY','PY-7','Itapúa'),(987,'PY','PY-8','Misiones'),(988,'PY','PY-12','Ñeembucú'),(989,'PY','PY-9','Paraguarí'),(990,'PY','PY-15','Presidente Hayes'),(991,'PY','PY-2','San Pedro'),(992,'PE','PE-LMA','Municipalidad Metropolitana de Lima'),(993,'PE','PE-AMA','Amazonas'),(994,'PE','PE-ANC','Ancash'),(995,'PE','PE-APU','Apurímac'),(996,'PE','PE-ARE','Arequipa'),(997,'PE','PE-AYA','Ayacucho'),(998,'PE','PE-CAJ','Cajamarca'),(999,'PE','PE-CUS','Cusco'),(1000,'PE','PE-CAL','El Callao'),(1001,'PE','PE-HUV','Huancavelica'),(1002,'PE','PE-HUC','Huánuco'),(1003,'PE','PE-ICA','Ica'),(1004,'PE','PE-JUN','Junín'),(1005,'PE','PE-LAL','La Libertad'),(1006,'PE','PE-LAM','Lambayeque'),(1007,'PE','PE-LIM','Lima'),(1008,'PE','PE-LOR','Loreto'),(1009,'PE','PE-MDD','Madre de Dios'),(1010,'PE','PE-MOQ','Moquegua'),(1011,'PE','PE-PAS','Pasco'),(1012,'PE','PE-PIU','Piura'),(1013,'PE','PE-PUN','Puno'),(1014,'PE','PE-SAM','San Martín'),(1015,'PE','PE-TAC','Tacna'),(1016,'PE','PE-TUM','Tumbes'),(1017,'PE','PE-UCA','Ucayali'),(1018,'PL','PL-02','dolnośląskie'),(1019,'PL','PL-04','kujawsko-pomorskie'),(1020,'PL','PL-06','lubelskie'),(1021,'PL','PL-08','lubuskie'),(1022,'PL','PL-10','łódzkie'),(1023,'PL','PL-12','małopolskie'),(1024,'PL','PL-14','mazowieckie'),(1025,'PL','PL-16','opolskie'),(1026,'PL','PL-18','podkarpackie'),(1027,'PL','PL-20','podlaskie'),(1028,'PL','PL-22','pomorskie'),(1029,'PL','PL-24','śląskie'),(1030,'PL','PL-26','świętokrzyskie'),(1031,'PL','PL-28','warmińsko-mazurskie'),(1032,'PL','PL-30','wielkopolskie'),(1033,'PL','PL-32','zachodniopomorskie'),(1034,'PT','PT-01','Aveiro'),(1035,'PT','PT-02','Beja'),(1036,'PT','PT-03','Braga'),(1037,'PT','PT-04','Bragança'),(1038,'PT','PT-05','Castelo Branco'),(1039,'PT','PT-06','Coimbra'),(1040,'PT','PT-07','Évora'),(1041,'PT','PT-08','Faro'),(1042,'PT','PT-09','Guarda'),(1043,'PT','PT-10','Leiria'),(1044,'PT','PT-11','Lisboa'),(1045,'PT','PT-12','Portalegre'),(1046,'PT','PT-13','Porto'),(1047,'PT','PT-14','Santarém'),(1048,'PT','PT-15','Setúbal'),(1049,'PT','PT-16','Viana do Castelo'),(1050,'PT','PT-17','Vila Real'),(1051,'PT','PT-18','Viseu'),(1052,'PT','PT-20','Região Autónoma dos Açores'),(1053,'PT','PT-30','Região Autónoma da Madeira'),(1054,'SR','SR-BR','Brokopondo'),(1055,'SR','SR-CM','Commewijne'),(1056,'SR','SR-CR','Coronie'),(1057,'SR','SR-MA','Marowijne'),(1058,'SR','SR-NI','Nickerie'),(1059,'SR','SR-PR','Para'),(1060,'SR','SR-PM','Paramaribo'),(1061,'SR','SR-SA','Saramacca'),(1062,'SR','SR-SI','Sipaliwini'),(1063,'SR','SR-WA','Wanica'),(1064,'SE','SE-K','Blekinge län'),(1065,'SE','SE-W','Dalarnas län'),(1066,'SE','SE-I','Gotlands län'),(1067,'SE','SE-X','Gävleborgs län'),(1068,'SE','SE-N','Hallands län'),(1069,'SE','SE-Z','Jämtlands län'),(1070,'SE','SE-F','Jönköpings län'),(1071,'SE','SE-H','Kalmar län'),(1072,'SE','SE-G','Kronobergs län'),(1073,'SE','SE-BD','Norrbottens län'),(1074,'SE','SE-M','Skåne län'),(1075,'SE','SE-AB','Stockholms län'),(1076,'SE','SE-D','Södermanlands län'),(1077,'SE','SE-C','Uppsala län'),(1078,'SE','SE-S','Värmlands län'),(1079,'SE','SE-AC','Västerbottens län'),(1080,'SE','SE-Y','Västernorrlands län'),(1081,'SE','SE-U','Västmanlands län'),(1082,'SE','SE-O','Västra Götalands län'),(1083,'SE','SE-T','Örebro län'),(1084,'SE','SE-E','Östergötlands län'),(1085,'UA','UA-71','Cherkaska oblast'),(1086,'UA','UA-74','Chernihivska oblast'),(1087,'UA','UA-77','Chernivetska oblast'),(1088,'UA','UA-12','Dnipropetrovska oblast'),(1089,'UA','UA-14','Donetska oblast'),(1090,'UA','UA-26','Ivano-Frankivska oblast'),(1091,'UA','UA-63','Kharkivska oblast'),(1092,'UA','UA-65','Khersonska oblast'),(1093,'UA','UA-68','Khmelnytska oblast'),(1094,'UA','UA-35','Kirovohradska oblast'),(1095,'UA','UA-32','Kyivska oblast'),(1096,'UA','UA-09','Luhanska oblast'),(1097,'UA','UA-46','Lvivska oblast'),(1098,'UA','UA-48','Mykolaivska oblast'),(1099,'UA','UA-51','Odeska oblast'),(1100,'UA','UA-53','Poltavska oblast'),(1101,'UA','UA-56','Rivnenska oblast'),(1102,'UA','UA-59','Sumska oblast'),(1103,'UA','UA-61','Ternopilska oblast'),(1104,'UA','UA-05','Vinnytska oblast'),(1105,'UA','UA-07','Volynska oblast'),(1106,'UA','UA-21','Zakarpatska oblast'),(1107,'UA','UA-23','Zaporizka oblast'),(1108,'UA','UA-18','Zhytomyrska oblast'),(1109,'UA','UA-43','Avtonomna Respublika Krym'),(1110,'UA','UA-30','Kyiv'),(1111,'UA','UA-40','Sevastopol'),(1112,'UY','UY-AR','Artigas'),(1113,'UY','UY-CA','Canelones'),(1114,'UY','UY-CL','Cerro Largo'),(1115,'UY','UY-CO','Colonia'),(1116,'UY','UY-DU','Durazno'),(1117,'UY','UY-FS','Flores'),(1118,'UY','UY-FD','Florida'),(1119,'UY','UY-LA','Lavalleja'),(1120,'UY','UY-MA','Maldonado'),(1121,'UY','UY-MO','Montevideo'),(1122,'UY','UY-PA','Paysandu'),(1123,'UY','UY-RN','Río Negro'),(1124,'UY','UY-RV','Rivera'),(1125,'UY','UY-RO','Rocha'),(1126,'UY','UY-SA','Salto'),(1127,'UY','UY-SJ','San José'),(1128,'UY','UY-SO','Soriano'),(1129,'UY','UY-TA','Tacuarembó'),(1130,'UY','UY-TT','Treinta y Tres'),(1131,'VE','VE-W','Dependencias Federales'),(1132,'VE','VE-A','Distrito Capital'),(1133,'VE','VE-Z','Amazonas'),(1134,'VE','VE-B','Anzoátegui'),(1135,'VE','VE-C','Apure'),(1136,'VE','VE-D','Aragua'),(1137,'VE','VE-E','Barinas'),(1138,'VE','VE-F','Bolívar'),(1139,'VE','VE-G','Carabobo'),(1140,'VE','VE-H','Cojedes'),(1141,'VE','VE-Y','Delta Amacuro'),(1142,'VE','VE-I','Falcón'),(1143,'VE','VE-J','Guárico'),(1144,'VE','VE-K','Lara'),(1145,'VE','VE-L','Mérida'),(1146,'VE','VE-M','Miranda'),(1147,'VE','VE-N','Monagas'),(1148,'VE','VE-O','Nueva Esparta'),(1149,'VE','VE-P','Portuguesa'),(1150,'VE','VE-R','Sucre'),(1151,'VE','VE-S','Táchira'),(1152,'VE','VE-T','Trujillo'),(1153,'VE','VE-X','Vargas'),(1154,'VE','VE-U','Yaracuy'),(1155,'VE','VE-V','Zulia'),(1156,'IN','LA','Ladakh');

--
-- Table structure for table `directory_country_region_name`
--

CREATE TABLE `directory_country_region_name` (
  `locale` varchar(16) NOT NULL COMMENT 'Locale',
  `region_id` int unsigned NOT NULL DEFAULT '0' COMMENT 'Region ID',
  `name` varchar(255) DEFAULT NULL COMMENT 'Region Name',
  PRIMARY KEY (`locale`,`region_id`),
  KEY `DIRECTORY_COUNTRY_REGION_NAME_REGION_ID` (`region_id`),
  CONSTRAINT `DIR_COUNTRY_REGION_NAME_REGION_ID_DIR_COUNTRY_REGION_REGION_ID` FOREIGN KEY (`region_id`) REFERENCES `directory_country_region` (`region_id`) ON DELETE CASCADE
) ENGINE=InnoDB DEFAULT CHARSET=utf8mb3 COMMENT='Directory Country Region Name';

--
-- Dumping data for table `directory_country_region_name`
--

INSERT INTO `directory_country_region_name` VALUES ('en_US',1,'Alabama'),('en_US',2,'Alaska'),('en_US',3,'American Samoa'),('en_US',4,'Arizona'),('en_US',5,'Arkansas'),('en_US',6,'Armed Forces Africa'),('en_US',7,'Armed Forces Americas'),('en_US',8,'Armed Forces Canada'),('en_US',9,'Armed Forces Europe'),('en_US',10,'Armed Forces Middle East'),('en_US',11,'Armed Forces Pacific'),('en_US',12,'California'),('en_US',13,'Colorado'),('en_US',14,'Connecticut'),('en_US',15,'Delaware'),('en_US',16,'District of Columbia'),('en_US',17,'Federated States Of Micronesia'),('en_US',18,'Florida'),('en_US',19,'Georgia'),('en_US',20,'Guam'),('en_US',21,'Hawaii'),('en_US',22,'Idaho'),('en_US',23,'Illinois'),('en_US',24,'Indiana'),('en_US',25,'Iowa'),('en_US',26,'Kansas'),('en_US',27,'Kentucky'),('en_US',28,'Louisiana'),('en_US',29,'Maine'),('en_US',30,'Marshall Islands'),('en_US',31,'Maryland'),('en_US',32,'Massachusetts'),('en_US',33,'Michigan'),('en_US',34,'Minnesota'),('en_US',35,'Mississippi'),('en_US',36,'Missouri'),('en_US',37,'Montana'),('en_US',38,'Nebraska'),('en_US',39,'Nevada'),('en_US',40,'New Hampshire'),('en_US',41,'New Jersey'),('en_US',42,'New Mexico'),('en_US',43,'New York'),('en_US',44,'North Carolina'),('en_US',45,'North Dakota'),('en_US',46,'Northern Mariana Islands'),('en_US',47,'Ohio'),('en_US',48,'Oklahoma'),('en_US',49,'Oregon'),('en_US',50,'Palau'),('en_US',51,'Pennsylvania'),('en_US',52,'Puerto Rico'),('en_US',53,'Rhode Island'),('en_US',54,'South Carolina'),('en_US',55,'South Dakota'),('en_US',56,'Tennessee'),('en_US',57,'Texas'),('en_US',58,'Utah'),('en_US',59,'Vermont'),('en_US',60,'Virgin Islands'),('en_US',61,'Virginia'),('en_US',62,'Washington'),('en_US',63,'West Virginia'),('en_US',64,'Wisconsin'),('en_US',65,'Wyoming'),('en_US',66,'Alberta'),('en_US',67,'British Columbia'),('en_US',68,'Manitoba'),('en_US',69,'Newfoundland and Labrador'),('en_US',70,'New Brunswick'),('en_US',71,'Nova Scotia'),('en_US',72,'Northwest Territories'),('en_US',73,'Nunavut'),('en_US',74,'Ontario'),('en_US',75,'Prince Edward Island'),('en_US',76,'Quebec'),('en_US',77,'Saskatchewan'),('en_US',78,'Yukon Territory'),('en_US',79,'Niedersachsen'),('en_US',80,'Baden-Württemberg'),('en_US',81,'Bayern'),('en_US',82,'Berlin'),('en_US',83,'Brandenburg'),('en_US',84,'Bremen'),('en_US',85,'Hamburg'),('en_US',86,'Hessen'),('en_US',87,'Mecklenburg-Vorpommern'),('en_US',88,'Nordrhein-Westfalen'),('en_US',89,'Rheinland-Pfalz'),('en_US',90,'Saarland'),('en_US',91,'Sachsen'),('en_US',92,'Sachsen-Anhalt'),('en_US',93,'Schleswig-Holstein'),('en_US',94,'Thüringen'),('en_US',95,'Wien'),('en_US',96,'Niederösterreich'),('en_US',97,'Oberösterreich'),('en_US',98,'Salzburg'),('en_US',99,'Kärnten'),('en_US',100,'Steiermark'),('en_US',101,'Tirol'),('en_US',102,'Burgenland'),('en_US',103,'Vorarlberg'),('en_US',104,'Aargau'),('en_US',105,'Appenzell Innerrhoden'),('en_US',106,'Appenzell Ausserrhoden'),('en_US',107,'Bern'),('en_US',108,'Basel-Landschaft'),('en_US',109,'Basel-Stadt'),('en_US',110,'Friburg'),('en_US',111,'Geneva'),('en_US',112,'Glarus'),('en_US',113,'Graubünden'),('en_US',114,'Jura'),('en_US',115,'Lucerne'),('en_US',116,'Neuchâtel'),('en_US',117,'Nidwalden'),('en_US',118,'Obwalden'),('en_US',119,'St. Gallen'),('en_US',120,'Schaffhausen'),('en_US',121,'Solothurn'),('en_US',122,'Schwyz'),('en_US',123,'Thurgau'),('en_US',124,'Ticino'),('en_US',125,'Uri'),('en_US',126,'Vaud'),('en_US',127,'Wallis'),('en_US',128,'Zug'),('en_US',129,'Zürich'),('en_US',130,'A Coruña'),('en_US',131,'Alava'),('en_US',132,'Albacete'),('en_US',133,'Alicante'),('en_US',134,'Almeria'),('en_US',135,'Asturias'),('en_US',136,'Avila'),('en_US',137,'Badajoz'),('en_US',138,'Baleares'),('en_US',139,'Barcelona'),('en_US',140,'Burgos'),('en_US',141,'Caceres'),('en_US',142,'Cadiz'),('en_US',143,'Cantabria'),('en_US',144,'Castellon'),('en_US',145,'Ceuta'),('en_US',146,'Ciudad Real'),('en_US',147,'Cordoba'),('en_US',148,'Cuenca'),('en_US',149,'Girona'),('en_US',150,'Granada'),('en_US',151,'Guadalajara'),('en_US',152,'Guipuzcoa'),('en_US',153,'Huelva'),('en_US',154,'Huesca'),('en_US',155,'Jaen'),('en_US',156,'La Rioja'),('en_US',157,'Las Palmas'),('en_US',158,'Leon'),('en_US',159,'Lleida'),('en_US',160,'Lugo'),('en_US',161,'Madrid'),('en_US',162,'Malaga'),('en_US',163,'Melilla'),('en_US',164,'Murcia'),('en_US',165,'Navarra'),('en_US',166,'Ourense'),('en_US',167,'Palencia'),('en_US',168,'Pontevedra'),('en_US',169,'Salamanca'),('en_US',170,'Santa Cruz de Tenerife'),('en_US',171,'Segovia'),('en_US',172,'Sevilla'),('en_US',173,'Soria'),('en_US',174,'Tarragona'),('en_US',175,'Teruel'),('en_US',176,'Toledo'),('en_US',177,'Valencia'),('en_US',178,'Valladolid'),('en_US',179,'Vizcaya'),('en_US',180,'Zamora'),('en_US',181,'Zaragoza'),('en_US',182,'Ain'),('en_US',183,'Aisne'),('en_US',184,'Allier'),('en_US',185,'Alpes-de-Haute-Provence'),('en_US',186,'Hautes-Alpes'),('en_US',187,'Alpes-Maritimes'),('en_US',188,'Ardèche'),('en_US',189,'Ardennes'),('en_US',190,'Ariège'),('en_US',191,'Aube'),('en_US',192,'Aude'),('en_US',193,'Aveyron'),('en_US',194,'Bouches-du-Rhône'),('en_US',195,'Calvados'),('en_US',196,'Cantal'),('en_US',197,'Charente'),('en_US',198,'Charente-Maritime'),('en_US',199,'Cher'),('en_US',200,'Corrèze'),('en_US',201,'Corse-du-Sud'),('en_US',202,'Haute-Corse'),('en_US',203,'Côte-d\'Or'),('en_US',204,'Côtes-d\'Armor'),('en_US',205,'Creuse'),('en_US',206,'Dordogne'),('en_US',207,'Doubs'),('en_US',208,'Drôme'),('en_US',209,'Eure'),('en_US',210,'Eure-et-Loir'),('en_US',211,'Finistère'),('en_US',212,'Gard'),('en_US',213,'Haute-Garonne'),('en_US',214,'Gers'),('en_US',215,'Gironde'),('en_US',216,'Hérault'),('en_US',217,'Ille-et-Vilaine'),('en_US',218,'Indre'),('en_US',219,'Indre-et-Loire'),('en_US',220,'Isère'),('en_US',221,'Jura'),('en_US',222,'Landes'),('en_US',223,'Loir-et-Cher'),('en_US',224,'Loire'),('en_US',225,'Haute-Loire'),('en_US',226,'Loire-Atlantique'),('en_US',227,'Loiret'),('en_US',228,'Lot'),('en_US',229,'Lot-et-Garonne'),('en_US',230,'Lozère'),('en_US',231,'Maine-et-Loire'),('en_US',232,'Manche'),('en_US',233,'Marne'),('en_US',234,'Haute-Marne'),('en_US',235,'Mayenne'),('en_US',236,'Meurthe-et-Moselle'),('en_US',237,'Meuse'),('en_US',238,'Morbihan'),('en_US',239,'Moselle'),('en_US',240,'Nièvre'),('en_US',241,'Nord'),('en_US',242,'Oise'),('en_US',243,'Orne'),('en_US',244,'Pas-de-Calais'),('en_US',245,'Puy-de-Dôme'),('en_US',246,'Pyrénées-Atlantiques'),('en_US',247,'Hautes-Pyrénées'),('en_US',248,'Pyrénées-Orientales'),('en_US',249,'Bas-Rhin'),('en_US',250,'Haut-Rhin'),('en_US',251,'Rhône'),('en_US',252,'Haute-Saône'),('en_US',253,'Saône-et-Loire'),('en_US',254,'Sarthe'),('en_US',255,'Savoie'),('en_US',256,'Haute-Savoie'),('en_US',257,'Paris'),('en_US',258,'Seine-Maritime'),('en_US',259,'Seine-et-Marne'),('en_US',260,'Yvelines'),('en_US',261,'Deux-Sèvres'),('en_US',262,'Somme'),('en_US',263,'Tarn'),('en_US',264,'Tarn-et-Garonne'),('en_US',265,'Var'),('en_US',266,'Vaucluse'),('en_US',267,'Vendée'),('en_US',268,'Vienne'),('en_US',269,'Haute-Vienne'),('en_US',270,'Vosges'),('en_US',271,'Yonne'),('en_US',272,'Territoire-de-Belfort'),('en_US',273,'Essonne'),('en_US',274,'Hauts-de-Seine'),('en_US',275,'Seine-Saint-Denis'),('en_US',276,'Val-de-Marne'),('en_US',277,'Val-d\'Oise'),('en_US',278,'Alba'),('en_US',279,'Arad'),('en_US',280,'Argeş'),('en_US',281,'Bacău'),('en_US',282,'Bihor'),('en_US',283,'Bistriţa-Năsăud'),('en_US',284,'Botoşani'),('en_US',285,'Braşov'),('en_US',286,'Brăila'),('en_US',287,'Bucureşti'),('en_US',288,'Buzău'),('en_US',289,'Caraş-Severin'),('en_US',290,'Călăraşi'),('en_US',291,'Cluj'),('en_US',292,'Constanţa'),('en_US',293,'Covasna'),('en_US',294,'Dâmboviţa'),('en_US',295,'Dolj'),('en_US',296,'Galaţi'),('en_US',297,'Giurgiu'),('en_US',298,'Gorj'),('en_US',299,'Harghita'),('en_US',300,'Hunedoara'),('en_US',301,'Ialomiţa'),('en_US',302,'Iaşi'),('en_US',303,'Ilfov'),('en_US',304,'Maramureş'),('en_US',305,'Mehedinţi'),('en_US',306,'Mureş'),('en_US',307,'Neamţ'),('en_US',308,'Olt'),('en_US',309,'Prahova'),('en_US',310,'Satu-Mare'),('en_US',311,'Sălaj'),('en_US',312,'Sibiu'),('en_US',313,'Suceava'),('en_US',314,'Teleorman'),('en_US',315,'Timiş'),('en_US',316,'Tulcea'),('en_US',317,'Vaslui'),('en_US',318,'Vâlcea'),('en_US',319,'Vrancea'),('en_US',320,'Lappi'),('en_US',321,'Pohjois-Pohjanmaa'),('en_US',322,'Kainuu'),('en_US',323,'Pohjois-Karjala'),('en_US',324,'Pohjois-Savo'),('en_US',325,'Etelä-Savo'),('en_US',326,'Etelä-Pohjanmaa'),('en_US',327,'Pohjanmaa'),('en_US',328,'Pirkanmaa'),('en_US',329,'Satakunta'),('en_US',330,'Keski-Pohjanmaa'),('en_US',331,'Keski-Suomi'),('en_US',332,'Varsinais-Suomi'),('en_US',333,'Etelä-Karjala'),('en_US',334,'Päijät-Häme'),('en_US',335,'Kanta-Häme'),('en_US',336,'Uusimaa'),('en_US',337,'Itä-Uusimaa'),('en_US',338,'Kymenlaakso'),('en_US',339,'Ahvenanmaa'),('en_US',340,'Harjumaa'),('en_US',341,'Hiiumaa'),('en_US',342,'Ida-Virumaa'),('en_US',343,'Jõgevamaa'),('en_US',344,'Järvamaa'),('en_US',345,'Läänemaa'),('en_US',346,'Lääne-Virumaa'),('en_US',347,'Põlvamaa'),('en_US',348,'Pärnumaa'),('en_US',349,'Raplamaa'),('en_US',350,'Saaremaa'),('en_US',351,'Tartumaa'),('en_US',352,'Valgamaa'),('en_US',353,'Viljandimaa'),('en_US',354,'Võrumaa'),('en_US',355,'Daugavpils'),('en_US',356,'Jelgava'),('en_US',357,'Jēkabpils'),('en_US',358,'Jūrmala'),('en_US',359,'Liepāja'),('en_US',360,'Liepājas novads'),('en_US',361,'Rēzekne'),('en_US',362,'Rīga'),('en_US',363,'Rīgas novads'),('en_US',364,'Valmiera'),('en_US',365,'Ventspils'),('en_US',366,'Aglonas novads'),('en_US',367,'Aizkraukles novads'),('en_US',368,'Aizputes novads'),('en_US',369,'Aknīstes novads'),('en_US',370,'Alojas novads'),('en_US',371,'Alsungas novads'),('en_US',372,'Alūksnes novads'),('en_US',373,'Amatas novads'),('en_US',374,'Apes novads'),('en_US',375,'Auces novads'),('en_US',376,'Babītes novads'),('en_US',377,'Baldones novads'),('en_US',378,'Baltinavas novads'),('en_US',379,'Balvu novads'),('en_US',380,'Bauskas novads'),('en_US',381,'Beverīnas novads'),('en_US',382,'Brocēnu novads'),('en_US',383,'Burtnieku novads'),('en_US',384,'Carnikavas novads'),('en_US',385,'Cesvaines novads'),('en_US',386,'Ciblas novads'),('en_US',387,'Cēsu novads'),('en_US',388,'Dagdas novads'),('en_US',389,'Daugavpils novads'),('en_US',390,'Dobeles novads'),('en_US',391,'Dundagas novads'),('en_US',392,'Durbes novads'),('en_US',393,'Engures novads'),('en_US',394,'Garkalnes novads'),('en_US',395,'Grobiņas novads'),('en_US',396,'Gulbenes novads'),('en_US',397,'Iecavas novads'),('en_US',398,'Ikšķiles novads'),('en_US',399,'Ilūkstes novads'),('en_US',400,'Inčukalna novads'),('en_US',401,'Jaunjelgavas novads'),('en_US',402,'Jaunpiebalgas novads'),('en_US',403,'Jaunpils novads'),('en_US',404,'Jelgavas novads'),('en_US',405,'Jēkabpils novads'),('en_US',406,'Kandavas novads'),('en_US',407,'Kokneses novads'),('en_US',408,'Krimuldas novads'),('en_US',409,'Krustpils novads'),('en_US',410,'Krāslavas novads'),('en_US',411,'Kuldīgas novads'),('en_US',412,'Kārsavas novads'),('en_US',413,'Lielvārdes novads'),('en_US',414,'Limbažu novads'),('en_US',415,'Lubānas novads'),('en_US',416,'Ludzas novads'),('en_US',417,'Līgatnes novads'),('en_US',418,'Līvānu novads'),('en_US',419,'Madonas novads'),('en_US',420,'Mazsalacas novads'),('en_US',421,'Mālpils novads'),('en_US',422,'Mārupes novads'),('en_US',423,'Naukšēnu novads'),('en_US',424,'Neretas novads'),('en_US',425,'Nīcas novads'),('en_US',426,'Ogres novads'),('en_US',427,'Olaines novads'),('en_US',428,'Ozolnieku novads'),('en_US',429,'Preiļu novads'),('en_US',430,'Priekules novads'),('en_US',431,'Priekuļu novads'),('en_US',432,'Pārgaujas novads'),('en_US',433,'Pāvilostas novads'),('en_US',434,'Pļaviņu novads'),('en_US',435,'Raunas novads'),('en_US',436,'Riebiņu novads'),('en_US',437,'Rojas novads'),('en_US',438,'Ropažu novads'),('en_US',439,'Rucavas novads'),('en_US',440,'Rugāju novads'),('en_US',441,'Rundāles novads'),('en_US',442,'Rēzeknes novads'),('en_US',443,'Rūjienas novads'),('en_US',444,'Salacgrīvas novads'),('en_US',445,'Salas novads'),('en_US',446,'Salaspils novads'),('en_US',447,'Saldus novads'),('en_US',448,'Saulkrastu novads'),('en_US',449,'Siguldas novads'),('en_US',450,'Skrundas novads'),('en_US',451,'Skrīveru novads'),('en_US',452,'Smiltenes novads'),('en_US',453,'Stopiņu novads'),('en_US',454,'Strenču novads'),('en_US',455,'Sējas novads'),('en_US',456,'Talsu novads'),('en_US',457,'Tukuma novads'),('en_US',458,'Tērvetes novads'),('en_US',459,'Vaiņodes novads'),('en_US',460,'Valkas novads'),('en_US',461,'Valmieras novads'),('en_US',462,'Varakļānu novads'),('en_US',463,'Vecpiebalgas novads'),('en_US',464,'Vecumnieku novads'),('en_US',465,'Ventspils novads'),('en_US',466,'Viesītes novads'),('en_US',467,'Viļakas novads'),('en_US',468,'Viļānu novads'),('en_US',469,'Vārkavas novads'),('en_US',470,'Zilupes novads'),('en_US',471,'Ādažu novads'),('en_US',472,'Ērgļu novads'),('en_US',473,'Ķeguma novads'),('en_US',474,'Ķekavas novads'),('en_US',475,'Alytaus Apskritis'),('en_US',476,'Kauno Apskritis'),('en_US',477,'Klaipėdos Apskritis'),('en_US',478,'Marijampolės Apskritis'),('en_US',479,'Panevėžio Apskritis'),('en_US',480,'Šiaulių Apskritis'),('en_US',481,'Tauragės Apskritis'),('en_US',482,'Telšių Apskritis'),('en_US',483,'Utenos Apskritis'),('en_US',484,'Vilniaus Apskritis'),('en_US',485,'Acre'),('en_US',486,'Alagoas'),('en_US',487,'Amapá'),('en_US',488,'Amazonas'),('en_US',489,'Bahia'),('en_US',490,'Ceará'),('en_US',491,'Espírito Santo'),('en_US',492,'Goiás'),('en_US',493,'Maranhão'),('en_US',494,'Mato Grosso'),('en_US',495,'Mato Grosso do Sul'),('en_US',496,'Minas Gerais'),('en_US',497,'Pará'),('en_US',498,'Paraíba'),('en_US',499,'Paraná'),('en_US',500,'Pernambuco'),('en_US',501,'Piauí'),('en_US',502,'Rio de Janeiro'),('en_US',503,'Rio Grande do Norte'),('en_US',504,'Rio Grande do Sul'),('en_US',505,'Rondônia'),('en_US',506,'Roraima'),('en_US',507,'Santa Catarina'),('en_US',508,'São Paulo'),('en_US',509,'Sergipe'),('en_US',510,'Tocantins'),('en_US',511,'Distrito Federal'),('en_US',512,'Berat'),('en_US',513,'Dibër'),('en_US',514,'Durrës'),('en_US',515,'Elbasan'),('en_US',516,'Fier'),('en_US',517,'Gjirokastër'),('en_US',518,'Korçë'),('en_US',519,'Kukës'),('en_US',520,'Lezhë'),('en_US',521,'Shkodër'),('en_US',522,'Tiranë'),('en_US',523,'Vlorë'),('en_US',524,'Ciudad Autónoma de Buenos Aires'),('en_US',525,'Buenos Aires'),('en_US',526,'Catamarca'),('en_US',527,'Chaco'),('en_US',528,'Chubut'),('en_US',529,'Córdoba'),('en_US',530,'Corrientes'),('en_US',531,'Entre Ríos'),('en_US',532,'Formosa'),('en_US',533,'Jujuy'),('en_US',534,'La Pampa'),('en_US',535,'La Rioja'),('en_US',536,'Mendoza'),('en_US',537,'Misiones'),('en_US',538,'Neuquén'),('en_US',539,'Río Negro'),('en_US',540,'Salta'),('en_US',541,'San Juan'),('en_US',542,'San Luis'),('en_US',543,'Santa Cruz'),('en_US',544,'Santa Fe'),('en_US',545,'Santiago del Estero'),('en_US',546,'Tierra del Fuego'),('en_US',547,'Tucumán'),('en_US',548,'Zagrebačka županija'),('en_US',549,'Krapinsko-zagorska županija'),('en_US',550,'Sisačko-moslavačka županija'),('en_US',551,'Karlovačka županija'),('en_US',552,'Varaždinska županija'),('en_US',553,'Koprivničko-križevačka županija'),('en_US',554,'Bjelovarsko-bilogorska županija'),('en_US',555,'Primorsko-goranska županija'),('en_US',556,'Ličko-senjska županija'),('en_US',557,'Virovitičko-podravska županija'),('en_US',558,'Požeško-slavonska županija'),('en_US',559,'Brodsko-posavska županija'),('en_US',560,'Zadarska županija'),('en_US',561,'Osječko-baranjska županija'),('en_US',562,'Šibensko-kninska županija'),('en_US',563,'Vukovarsko-srijemska županija'),('en_US',564,'Splitsko-dalmatinska županija'),('en_US',565,'Istarska županija'),('en_US',566,'Dubrovačko-neretvanska županija'),('en_US',567,'Međimurska županija'),('en_US',568,'Grad Zagreb'),('en_US',569,'Andaman and Nicobar Islands'),('en_US',570,'Andhra Pradesh'),('en_US',571,'Arunachal Pradesh'),('en_US',572,'Assam'),('en_US',573,'Bihar'),('en_US',574,'Chandigarh'),('en_US',575,'Chhattisgarh'),('en_US',576,'Dadra and Nagar Haveli'),('en_US',577,'Daman and Diu'),('en_US',578,'Delhi'),('en_US',579,'Goa'),('en_US',580,'Gujarat'),('en_US',581,'Haryana'),('en_US',582,'Himachal Pradesh'),('en_US',583,'Jammu and Kashmir'),('en_US',584,'Jharkhand'),('en_US',585,'Karnataka'),('en_US',586,'Kerala'),('en_US',587,'Lakshadweep'),('en_US',588,'Madhya Pradesh'),('en_US',589,'Maharashtra'),('en_US',590,'Manipur'),('en_US',591,'Meghalaya'),('en_US',592,'Mizoram'),('en_US',593,'Nagaland'),('en_US',594,'Odisha'),('en_US',595,'Puducherry'),('en_US',596,'Punjab'),('en_US',597,'Rajasthan'),('en_US',598,'Sikkim'),('en_US',599,'Tamil Nadu'),('en_US',600,'Telangana'),('en_US',601,'Tripura'),('en_US',602,'Uttar Pradesh'),('en_US',603,'Uttarakhand'),('en_US',604,'West Bengal'),('en_US',605,'Australian Capital Territory'),('en_US',606,'New South Wales'),('en_US',607,'Victoria'),('en_US',608,'Queensland'),('en_US',609,'South Australia'),('en_US',610,'Tasmania'),('en_US',611,'Western Australia'),('en_US',612,'Northern Territory'),('en_US',613,'Bresckaja voblasć'),('en_US',614,'Homieĺskaja voblasć'),('en_US',615,'Horad Minsk'),('en_US',616,'Hrodzienskaja voblasć'),('en_US',617,'Mahilioŭskaja voblasć'),('en_US',618,'Minskaja voblasć'),('en_US',619,'Viciebskaja voblasć'),('en_US',620,'Antwerpen'),('en_US',621,'Brabant wallon'),('en_US',622,'Brussels-Capital Region'),('en_US',623,'Hainaut'),('en_US',624,'Limburg'),('en_US',625,'Liège'),('en_US',626,'Luxembourg'),('en_US',627,'Namur'),('en_US',628,'Oost-Vlaanderen'),('en_US',629,'Vlaams-Brabant'),('en_US',630,'West-Vlaanderen'),('en_US',631,'Cochabamba'),('en_US',632,'Chuquisaca'),('en_US',633,'El Beni'),('en_US',634,'La Paz'),('en_US',635,'Oruro'),('en_US',636,'Pando'),('en_US',637,'Potosí'),('en_US',638,'Santa Cruz'),('en_US',639,'Tarija'),('en_US',640,'Blagoevgrad'),('en_US',641,'Burgas'),('en_US',642,'Varna'),('en_US',643,'Veliko Tarnovo'),('en_US',644,'Vidin'),('en_US',645,'Vratsa'),('en_US',646,'Gabrovo'),('en_US',647,'Dobrich'),('en_US',648,'Kardzhali'),('en_US',649,'Kyustendil'),('en_US',650,'Lovech'),('en_US',651,'Montana'),('en_US',652,'Pazardzhik'),('en_US',653,'Pernik'),('en_US',654,'Pleven'),('en_US',655,'Plovdiv'),('en_US',656,'Razgrad'),('en_US',657,'Ruse'),('en_US',658,'Silistra'),('en_US',659,'Sliven'),('en_US',660,'Smolyan'),('en_US',661,'Sofia City'),('en_US',662,'Sofia Province'),('en_US',663,'Stara Zagora'),('en_US',664,'Targovishte'),('en_US',665,'Haskovo'),('en_US',666,'Shumen'),('en_US',667,'Yambol'),('en_US',668,'Aisén del General Carlos Ibañez del Campo'),('en_US',669,'Antofagasta'),('en_US',670,'Arica y Parinacota'),('en_US',671,'La Araucanía'),('en_US',672,'Atacama'),('en_US',673,'Biobío'),('en_US',674,'Coquimbo'),('en_US',675,'Libertador General Bernardo O\'Higgins'),('en_US',676,'Los Lagos'),('en_US',677,'Los Ríos'),('en_US',678,'Magallanes'),('en_US',679,'Maule'),('en_US',680,'Ñuble'),('en_US',681,'Región Metropolitana de Santiago'),('en_US',682,'Tarapacá'),('en_US',683,'Valparaíso'),('en_US',684,'Anhui Sheng'),('en_US',685,'Beijing Shi'),('en_US',686,'Chongqing Shi'),('en_US',687,'Fujian Sheng'),('en_US',688,'Gansu Sheng'),('en_US',689,'Guangdong Sheng'),('en_US',690,'Guangxi Zhuangzu Zizhiqu'),('en_US',691,'Guizhou Sheng'),('en_US',692,'Hainan Sheng'),('en_US',693,'Hebei Sheng'),('en_US',694,'Heilongjiang Sheng'),('en_US',695,'Henan Sheng'),('en_US',696,'Hong Kong SAR'),('en_US',697,'Hubei Sheng'),('en_US',698,'Hunan Sheng'),('en_US',699,'Jiangsu Sheng'),('en_US',700,'Jiangxi Sheng'),('en_US',701,'Jilin Sheng'),('en_US',702,'Liaoning Sheng'),('en_US',703,'Macao SAR'),('en_US',704,'Nei Mongol Zizhiqu'),('en_US',705,'Ningxia Huizi Zizhiqu'),('en_US',706,'Qinghai Sheng'),('en_US',707,'Shaanxi Sheng'),('en_US',708,'Shandong Sheng'),('en_US',709,'Shanghai Shi'),('en_US',710,'Shanxi Sheng'),('en_US',711,'Sichuan Sheng'),('en_US',712,'Taiwan Sheng'),('en_US',713,'Tianjin Shi'),('en_US',714,'Xinjiang Uygur Zizhiqu'),('en_US',715,'Xizang Zizhiqu'),('en_US',716,'Yunnan Sheng'),('en_US',717,'Zhejiang Sheng'),('en_US',718,'Amazonas'),('en_US',719,'Antioquia'),('en_US',720,'Arauca'),('en_US',721,'Atlántico'),('en_US',722,'Bolívar'),('en_US',723,'Boyacá'),('en_US',724,'Caldas'),('en_US',725,'Caquetá'),('en_US',726,'Casanare'),('en_US',727,'Cauca'),('en_US',728,'Cesar'),('en_US',729,'Chocó'),('en_US',730,'Córdoba'),('en_US',731,'Cundinamarca'),('en_US',732,'Guainía'),('en_US',733,'Guaviare'),('en_US',734,'Huila'),('en_US',735,'La Guajira'),('en_US',736,'Magdalena'),('en_US',737,'Meta'),('en_US',738,'Nariño'),('en_US',739,'Norte de Santander'),('en_US',740,'Putumayo'),('en_US',741,'Quindío'),('en_US',742,'Risaralda'),('en_US',743,'San Andrés y Providencia'),('en_US',744,'Santander'),('en_US',745,'Sucre'),('en_US',746,'Tolima'),('en_US',747,'Valle del Cauca'),('en_US',748,'Vaupés'),('en_US',749,'Vichada'),('en_US',750,'San José'),('en_US',751,'Alajuela'),('en_US',752,'Cartago'),('en_US',753,'Heredia'),('en_US',754,'Guanacaste'),('en_US',755,'Puntarenas'),('en_US',756,'Limón'),('en_US',757,'Praha, Hlavní město'),('en_US',758,'Středočeský kraj'),('en_US',759,'Jihočeský kraj'),('en_US',760,'Plzeňský kraj'),('en_US',761,'Karlovarský kraj'),('en_US',762,'Ústecký kraj'),('en_US',763,'Liberecký kraj'),('en_US',764,'Královéhradecký kraj'),('en_US',765,'Pardubický kraj'),('en_US',766,'Kraj Vysočina'),('en_US',767,'Jihomoravský kraj'),('en_US',768,'Olomoucký kraj'),('en_US',769,'Zlínský kraj'),('en_US',770,'Moravskoslezský kraj'),('en_US',771,'Hovedstaden'),('en_US',772,'Midtjylland'),('en_US',773,'Nordjylland'),('en_US',774,'Sjælland'),('en_US',775,'Syddanmark'),('en_US',776,'Azuay'),('en_US',777,'Bolívar'),('en_US',778,'Cañar'),('en_US',779,'Carchi'),('en_US',780,'Chimborazo'),('en_US',781,'Cotopaxi'),('en_US',782,'El Oro'),('en_US',783,'Esmeraldas'),('en_US',784,'Galápagos'),('en_US',785,'Guayas'),('en_US',786,'Imbabura'),('en_US',787,'Loja'),('en_US',788,'Los Ríos'),('en_US',789,'Manabí'),('en_US',790,'Morona Santiago'),('en_US',791,'Napo'),('en_US',792,'Orellana'),('en_US',793,'Pastaza'),('en_US',794,'Pichincha'),('en_US',795,'Santa Elena'),('en_US',796,'Santo Domingo de los Tsáchilas'),('en_US',797,'Sucumbíos'),('en_US',798,'Tungurahua'),('en_US',799,'Zamora Chinchipe'),('en_US',800,'Anatolikí Makedonía kai Thráki'),('en_US',801,'Attikí'),('en_US',802,'Dytikí Elláda'),('en_US',803,'Dytikí Makedonía'),('en_US',804,'Ionía Nísia'),('en_US',805,'Ípeiros'),('en_US',806,'Kentrikí Makedonía'),('en_US',807,'Kríti'),('en_US',808,'Nótio Aigaío'),('en_US',809,'Pelopónnisos'),('en_US',810,'Stereá Elláda'),('en_US',811,'Thessalía'),('en_US',812,'Vóreio Aigaío'),('en_US',813,'Ágion Óros'),('en_US',814,'Barima-Waini'),('en_US',815,'Cuyuni-Mazaruni'),('en_US',816,'Demerara-Mahaica'),('en_US',817,'East Berbice-Corentyne'),('en_US',818,'Essequibo Islands-West Demerara'),('en_US',819,'Mahaica-Berbice'),('en_US',820,'Pomeroon-Supenaam'),('en_US',821,'Potaro-Siparuni'),('en_US',822,'Upper Demerara-Berbice'),('en_US',823,'Upper Takutu-Upper Essequibo'),('en_US',824,'Höfuðborgarsvæði'),('en_US',825,'Suðurnes'),('en_US',826,'Vesturland'),('en_US',827,'Vestfirðir'),('en_US',828,'Norðurland vestra'),('en_US',829,'Norðurland eystra'),('en_US',830,'Austurland'),('en_US',831,'Suðurland'),('en_US',832,'Agrigento'),('en_US',833,'Alessandria'),('en_US',834,'Ancona'),('en_US',835,'Aosta'),('en_US',836,'L\'Aquila'),('en_US',837,'Arezzo'),('en_US',838,'Ascoli-Piceno'),('en_US',839,'Asti'),('en_US',840,'Avellino'),('en_US',841,'Bari'),('en_US',842,'Barletta-Andria-Trani'),('en_US',843,'Belluno'),('en_US',844,'Benevento'),('en_US',845,'Bergamo'),('en_US',846,'Biella'),('en_US',847,'Bologna'),('en_US',848,'Bolzano'),('en_US',849,'Brescia'),('en_US',850,'Brindisi'),('en_US',851,'Cagliari'),('en_US',852,'Caltanissetta'),('en_US',853,'Campobasso'),('en_US',854,'Carbonia Iglesias'),('en_US',855,'Caserta'),('en_US',856,'Catania'),('en_US',857,'Catanzaro'),('en_US',858,'Chieti'),('en_US',859,'Como'),('en_US',860,'Cosenza'),('en_US',861,'Cremona'),('en_US',862,'Crotone'),('en_US',863,'Cuneo'),('en_US',864,'Enna'),('en_US',865,'Fermo'),('en_US',866,'Ferrara'),('en_US',867,'Firenze'),('en_US',868,'Foggia'),('en_US',869,'Forli-Cesena'),('en_US',870,'Frosinone'),('en_US',871,'Genova'),('en_US',872,'Gorizia'),('en_US',873,'Grosseto'),('en_US',874,'Imperia'),('en_US',875,'Isernia'),('en_US',876,'La-Spezia'),('en_US',877,'Latina'),('en_US',878,'Lecce'),('en_US',879,'Lecco'),('en_US',880,'Livorno'),('en_US',881,'Lodi'),('en_US',882,'Lucca'),('en_US',883,'Macerata'),('en_US',884,'Mantova'),('en_US',885,'Massa-Carrara'),('en_US',886,'Matera'),('en_US',887,'Medio Campidano'),('en_US',888,'Messina'),('en_US',889,'Milano'),('en_US',890,'Modena'),('en_US',891,'Monza-Brianza'),('en_US',892,'Napoli'),('en_US',893,'Novara'),('en_US',894,'Nuoro'),('en_US',895,'Ogliastra'),('en_US',896,'Olbia Tempio'),('en_US',897,'Oristano'),('en_US',898,'Padova'),('en_US',899,'Palermo'),('en_US',900,'Parma'),('en_US',901,'Pavia'),('en_US',902,'Perugia'),('en_US',903,'Pesaro-Urbino'),('en_US',904,'Pescara'),('en_US',905,'Piacenza'),('en_US',906,'Pisa'),('en_US',907,'Pistoia'),('en_US',908,'Pordenone'),('en_US',909,'Potenza'),('en_US',910,'Prato'),('en_US',911,'Ragusa'),('en_US',912,'Ravenna'),('en_US',913,'Reggio-Calabria'),('en_US',914,'Reggio-Emilia'),('en_US',915,'Rieti'),('en_US',916,'Rimini'),('en_US',917,'Roma'),('en_US',918,'Rovigo'),('en_US',919,'Salerno'),('en_US',920,'Sassari'),('en_US',921,'Savona'),('en_US',922,'Siena'),('en_US',923,'Siracusa'),('en_US',924,'Sondrio'),('en_US',925,'Taranto'),('en_US',926,'Teramo'),('en_US',927,'Terni'),('en_US',928,'Torino'),('en_US',929,'Trapani'),('en_US',930,'Trento'),('en_US',931,'Treviso'),('en_US',932,'Trieste'),('en_US',933,'Udine'),('en_US',934,'Varese'),('en_US',935,'Venezia'),('en_US',936,'Verbania'),('en_US',937,'Vercelli'),('en_US',938,'Verona'),('en_US',939,'Vibo-Valentia'),('en_US',940,'Vicenza'),('en_US',941,'Viterbo'),('en_US',942,'Aguascalientes'),('en_US',943,'Baja California'),('en_US',944,'Baja California Sur'),('en_US',945,'Campeche'),('en_US',946,'Chiapas'),('en_US',947,'Chihuahua'),('en_US',948,'Ciudad de México'),('en_US',949,'Coahuila'),('en_US',950,'Colima'),('en_US',951,'Durango'),('en_US',952,'Estado de México'),('en_US',953,'Guanajuato'),('en_US',954,'Guerrero'),('en_US',955,'Hidalgo'),('en_US',956,'Jalisco'),('en_US',957,'Michoacán'),('en_US',958,'Morelos'),('en_US',959,'Nayarit'),('en_US',960,'Nuevo León'),('en_US',961,'Oaxaca'),('en_US',962,'Puebla'),('en_US',963,'Querétaro'),('en_US',964,'Quintana Roo'),('en_US',965,'San Luis Potosí'),('en_US',966,'Sinaloa'),('en_US',967,'Sonora'),('en_US',968,'Tabasco'),('en_US',969,'Tamaulipas'),('en_US',970,'Tlaxcala'),('en_US',971,'Veracruz'),('en_US',972,'Yucatán'),('en_US',973,'Zacatecas'),('en_US',974,'Asunción'),('en_US',975,'Alto Paraguay'),('en_US',976,'Alto Paraná'),('en_US',977,'Amambay'),('en_US',978,'Boquerón'),('en_US',979,'Caaguazú'),('en_US',980,'Caazapá'),('en_US',981,'Canindeyú'),('en_US',982,'Central'),('en_US',983,'Concepción'),('en_US',984,'Cordillera'),('en_US',985,'Guairá'),('en_US',986,'Itapúa'),('en_US',987,'Misiones'),('en_US',988,'Ñeembucú'),('en_US',989,'Paraguarí'),('en_US',990,'Presidente Hayes'),('en_US',991,'San Pedro'),('en_US',992,'Municipalidad Metropolitana de Lima'),('en_US',993,'Amazonas'),('en_US',994,'Ancash'),('en_US',995,'Apurímac'),('en_US',996,'Arequipa'),('en_US',997,'Ayacucho'),('en_US',998,'Cajamarca'),('en_US',999,'Cusco'),('en_US',1000,'El Callao'),('en_US',1001,'Huancavelica'),('en_US',1002,'Huánuco'),('en_US',1003,'Ica'),('en_US',1004,'Junín'),('en_US',1005,'La Libertad'),('en_US',1006,'Lambayeque'),('en_US',1007,'Lima'),('en_US',1008,'Loreto'),('en_US',1009,'Madre de Dios'),('en_US',1010,'Moquegua'),('en_US',1011,'Pasco'),('en_US',1012,'Piura'),('en_US',1013,'Puno'),('en_US',1014,'San Martín'),('en_US',1015,'Tacna'),('en_US',1016,'Tumbes'),('en_US',1017,'Ucayali'),('en_US',1018,'dolnośląskie'),('en_US',1019,'kujawsko-pomorskie'),('en_US',1020,'lubelskie'),('en_US',1021,'lubuskie'),('en_US',1022,'łódzkie'),('en_US',1023,'małopolskie'),('en_US',1024,'mazowieckie'),('en_US',1025,'opolskie'),('en_US',1026,'podkarpackie'),('en_US',1027,'podlaskie'),('en_US',1028,'pomorskie'),('en_US',1029,'śląskie'),('en_US',1030,'świętokrzyskie'),('en_US',1031,'warmińsko-mazurskie'),('en_US',1032,'wielkopolskie'),('en_US',1033,'zachodniopomorskie'),('en_US',1034,'Aveiro'),('en_US',1035,'Beja'),('en_US',1036,'Braga'),('en_US',1037,'Bragança'),('en_US',1038,'Castelo Branco'),('en_US',1039,'Coimbra'),('en_US',1040,'Évora'),('en_US',1041,'Faro'),('en_US',1042,'Guarda'),('en_US',1043,'Leiria'),('en_US',1044,'Lisboa'),('en_US',1045,'Portalegre'),('en_US',1046,'Porto'),('en_US',1047,'Santarém'),('en_US',1048,'Setúbal'),('en_US',1049,'Viana do Castelo'),('en_US',1050,'Vila Real'),('en_US',1051,'Viseu'),('en_US',1052,'Região Autónoma dos Açores'),('en_US',1053,'Região Autónoma da Madeira'),('en_US',1054,'Brokopondo'),('en_US',1055,'Commewijne'),('en_US',1056,'Coronie'),('en_US',1057,'Marowijne'),('en_US',1058,'Nickerie'),('en_US',1059,'Para'),('en_US',1060,'Paramaribo'),('en_US',1061,'Saramacca'),('en_US',1062,'Sipaliwini'),('en_US',1063,'Wanica'),('en_US',1064,'Blekinge län'),('en_US',1065,'Dalarnas län'),('en_US',1066,'Gotlands län'),('en_US',1067,'Gävleborgs län'),('en_US',1068,'Hallands län'),('en_US',1069,'Jämtlands län'),('en_US',1070,'Jönköpings län'),('en_US',1071,'Kalmar län'),('en_US',1072,'Kronobergs län'),('en_US',1073,'Norrbottens län'),('en_US',1074,'Skåne län'),('en_US',1075,'Stockholms län'),('en_US',1076,'Södermanlands län'),('en_US',1077,'Uppsala län'),('en_US',1078,'Värmlands län'),('en_US',1079,'Västerbottens län'),('en_US',1080,'Västernorrlands län'),('en_US',1081,'Västmanlands län'),('en_US',1082,'Västra Götalands län'),('en_US',1083,'Örebro län'),('en_US',1084,'Östergötlands län'),('en_US',1085,'Cherkaska oblast'),('en_US',1086,'Chernihivska oblast'),('en_US',1087,'Chernivetska oblast'),('en_US',1088,'Dnipropetrovska oblast'),('en_US',1089,'Donetska oblast'),('en_US',1090,'Ivano-Frankivska oblast'),('en_US',1091,'Kharkivska oblast'),('en_US',1092,'Khersonska oblast'),('en_US',1093,'Khmelnytska oblast'),('en_US',1094,'Kirovohradska oblast'),('en_US',1095,'Kyivska oblast'),('en_US',1096,'Luhanska oblast'),('en_US',1097,'Lvivska oblast'),('en_US',1098,'Mykolaivska oblast'),('en_US',1099,'Odeska oblast'),('en_US',1100,'Poltavska oblast'),('en_US',1101,'Rivnenska oblast'),('en_US',1102,'Sumska oblast'),('en_US',1103,'Ternopilska oblast'),('en_US',1104,'Vinnytska oblast'),('en_US',1105,'Volynska oblast'),('en_US',1106,'Zakarpatska oblast'),('en_US',1107,'Zaporizka oblast'),('en_US',1108,'Zhytomyrska oblast'),('en_US',1109,'Avtonomna Respublika Krym'),('en_US',1110,'Kyiv'),('en_US',1111,'Sevastopol'),('en_US',1112,'Artigas'),('en_US',1113,'Canelones'),('en_US',1114,'Cerro Largo'),('en_US',1115,'Colonia'),('en_US',1116,'Durazno'),('en_US',1117,'Flores'),('en_US',1118,'Florida'),('en_US',1119,'Lavalleja'),('en_US',1120,'Maldonado'),('en_US',1121,'Montevideo'),('en_US',1122,'Paysandu'),('en_US',1123,'Río Negro'),('en_US',1124,'Rivera'),('en_US',1125,'Rocha'),('en_US',1126,'Salto'),('en_US',1127,'San José'),('en_US',1128,'Soriano'),('en_US',1129,'Tacuarembó'),('en_US',1130,'Treinta y Tres'),('en_US',1131,'Dependencias Federales'),('en_US',1132,'Distrito Capital'),('en_US',1133,'Amazonas'),('en_US',1134,'Anzoátegui'),('en_US',1135,'Apure'),('en_US',1136,'Aragua'),('en_US',1137,'Barinas'),('en_US',1138,'Bolívar'),('en_US',1139,'Carabobo'),('en_US',1140,'Cojedes'),('en_US',1141,'Delta Amacuro'),('en_US',1142,'Falcón'),('en_US',1143,'Guárico'),('en_US',1144,'Lara'),('en_US',1145,'Mérida'),('en_US',1146,'Miranda'),('en_US',1147,'Monagas'),('en_US',1148,'Nueva Esparta'),('en_US',1149,'Portuguesa'),('en_US',1150,'Sucre'),('en_US',1151,'Táchira'),('en_US',1152,'Trujillo'),('en_US',1153,'Vargas'),('en_US',1154,'Yaracuy'),('en_US',1155,'Zulia'),('en_US',1156,'Ladakh');

--
-- Table structure for table `directory_currency_rate`
--

CREATE TABLE `directory_currency_rate` (
  `currency_from` varchar(3) NOT NULL COMMENT 'Currency Code Convert From',
  `currency_to` varchar(3) NOT NULL COMMENT 'Currency Code Convert To',
  `rate` decimal(24,12) NOT NULL DEFAULT '0.000000000000' COMMENT 'Currency Conversion Rate',
  PRIMARY KEY (`currency_from`,`currency_to`),
  KEY `DIRECTORY_CURRENCY_RATE_CURRENCY_TO` (`currency_to`)
) ENGINE=InnoDB DEFAULT CHARSET=utf8mb3 COMMENT='Directory Currency Rate';

--
-- Dumping data for table `directory_currency_rate`
--

INSERT INTO `directory_currency_rate` VALUES ('EUR','EUR',1.000000000000),('EUR','USD',1.415000000000),('USD','EUR',0.706700000000),('USD','USD',1.000000000000);

--
-- Table structure for table `downloadable_link`
--

CREATE TABLE `downloadable_link` (
  `link_id` int unsigned NOT NULL AUTO_INCREMENT COMMENT 'Link ID',
  `product_id` int unsigned NOT NULL DEFAULT '0' COMMENT 'Product ID',
  `sort_order` int unsigned NOT NULL DEFAULT '0' COMMENT 'Sort order',
  `number_of_downloads` int DEFAULT NULL COMMENT 'Number of downloads',
  `is_shareable` smallint unsigned NOT NULL DEFAULT '0' COMMENT 'Shareable flag',
  `link_url` varchar(255) DEFAULT NULL COMMENT 'Link Url',
  `link_file` varchar(255) DEFAULT NULL COMMENT 'Link File',
  `link_type` varchar(20) DEFAULT NULL COMMENT 'Link Type',
  `sample_url` varchar(255) DEFAULT NULL COMMENT 'Sample Url',
  `sample_file` varchar(255) DEFAULT NULL COMMENT 'Sample File',
  `sample_type` varchar(20) DEFAULT NULL COMMENT 'Sample Type',
  PRIMARY KEY (`link_id`),
  KEY `DOWNLOADABLE_LINK_PRODUCT_ID_SORT_ORDER` (`product_id`,`sort_order`),
  CONSTRAINT `DOWNLOADABLE_LINK_PRODUCT_ID_CATALOG_PRODUCT_ENTITY_ENTITY_ID` FOREIGN KEY (`product_id`) REFERENCES `catalog_product_entity` (`entity_id`) ON DELETE CASCADE
) ENGINE=InnoDB DEFAULT CHARSET=utf8mb3 COMMENT='Downloadable Link Table';

--
-- Dumping data for table `downloadable_link`
--


--
-- Table structure for table `downloadable_link_price`
--

CREATE TABLE `downloadable_link_price` (
  `price_id` int unsigned NOT NULL AUTO_INCREMENT COMMENT 'Price ID',
  `link_id` int unsigned NOT NULL DEFAULT '0' COMMENT 'Link ID',
  `website_id` smallint unsigned NOT NULL DEFAULT '0' COMMENT 'Website ID',
  `price` decimal(20,6) NOT NULL DEFAULT '0.000000' COMMENT 'Price',
  PRIMARY KEY (`price_id`),
  KEY `DOWNLOADABLE_LINK_PRICE_LINK_ID` (`link_id`),
  KEY `DOWNLOADABLE_LINK_PRICE_WEBSITE_ID` (`website_id`),
  CONSTRAINT `DOWNLOADABLE_LINK_PRICE_LINK_ID_DOWNLOADABLE_LINK_LINK_ID` FOREIGN KEY (`link_id`) REFERENCES `downloadable_link` (`link_id`) ON DELETE CASCADE,
  CONSTRAINT `DOWNLOADABLE_LINK_PRICE_WEBSITE_ID_STORE_WEBSITE_WEBSITE_ID` FOREIGN KEY (`website_id`) REFERENCES `store_website` (`website_id`) ON DELETE CASCADE
) ENGINE=InnoDB DEFAULT CHARSET=utf8mb3 COMMENT='Downloadable Link Price Table';

--
-- Dumping data for table `downloadable_link_price`
--


--
-- Table structure for table `downloadable_link_purchased`
--

CREATE TABLE `downloadable_link_purchased` (
  `purchased_id` int unsigned NOT NULL AUTO_INCREMENT COMMENT 'Purchased ID',
  `order_id` int unsigned DEFAULT '0' COMMENT 'Order ID',
  `order_increment_id` varchar(50) DEFAULT NULL COMMENT 'Order Increment ID',
  `order_item_id` int unsigned NOT NULL DEFAULT '0' COMMENT 'Order Item ID',
  `created_at` timestamp NOT NULL DEFAULT CURRENT_TIMESTAMP COMMENT 'Date of creation',
  `updated_at` timestamp NOT NULL DEFAULT CURRENT_TIMESTAMP ON UPDATE CURRENT_TIMESTAMP COMMENT 'Date of modification',
  `customer_id` int unsigned DEFAULT '0' COMMENT 'Customer ID',
  `product_name` varchar(255) DEFAULT NULL COMMENT 'Product name',
  `product_sku` varchar(255) DEFAULT NULL COMMENT 'Product sku',
  `link_section_title` varchar(255) DEFAULT NULL COMMENT 'Link_section_title',
  PRIMARY KEY (`purchased_id`),
  KEY `DOWNLOADABLE_LINK_PURCHASED_ORDER_ID` (`order_id`),
  KEY `DOWNLOADABLE_LINK_PURCHASED_ORDER_ITEM_ID` (`order_item_id`),
  KEY `DOWNLOADABLE_LINK_PURCHASED_CUSTOMER_ID` (`customer_id`),
  CONSTRAINT `DL_LNK_PURCHASED_CSTR_ID_CSTR_ENTT_ENTT_ID` FOREIGN KEY (`customer_id`) REFERENCES `customer_entity` (`entity_id`) ON DELETE SET NULL,
  CONSTRAINT `DOWNLOADABLE_LINK_PURCHASED_ORDER_ID_SALES_ORDER_ENTITY_ID` FOREIGN KEY (`order_id`) REFERENCES `sales_order` (`entity_id`) ON DELETE SET NULL
) ENGINE=InnoDB DEFAULT CHARSET=utf8mb3 COMMENT='Downloadable Link Purchased Table';

--
-- Dumping data for table `downloadable_link_purchased`
--


--
-- Table structure for table `downloadable_link_purchased_item`
--

CREATE TABLE `downloadable_link_purchased_item` (
  `item_id` int unsigned NOT NULL AUTO_INCREMENT COMMENT 'Item ID',
  `purchased_id` int unsigned NOT NULL DEFAULT '0' COMMENT 'Purchased ID',
  `order_item_id` int unsigned DEFAULT '0' COMMENT 'Order Item ID',
  `product_id` int unsigned DEFAULT '0' COMMENT 'Product ID',
  `link_hash` varchar(255) DEFAULT NULL COMMENT 'Link hash',
  `number_of_downloads_bought` int unsigned NOT NULL DEFAULT '0' COMMENT 'Number of downloads bought',
  `number_of_downloads_used` int unsigned NOT NULL DEFAULT '0' COMMENT 'Number of downloads used',
  `link_id` int unsigned NOT NULL DEFAULT '0' COMMENT 'Link ID',
  `link_title` varchar(255) DEFAULT NULL COMMENT 'Link Title',
  `is_shareable` smallint unsigned NOT NULL DEFAULT '0' COMMENT 'Shareable Flag',
  `link_url` varchar(255) DEFAULT NULL COMMENT 'Link Url',
  `link_file` varchar(255) DEFAULT NULL COMMENT 'Link File',
  `link_type` varchar(255) DEFAULT NULL COMMENT 'Link Type',
  `status` varchar(50) DEFAULT NULL COMMENT 'Status',
  `created_at` timestamp NOT NULL DEFAULT CURRENT_TIMESTAMP COMMENT 'Creation Time',
  `updated_at` timestamp NOT NULL DEFAULT CURRENT_TIMESTAMP ON UPDATE CURRENT_TIMESTAMP COMMENT 'Update Time',
  PRIMARY KEY (`item_id`),
  KEY `DOWNLOADABLE_LINK_PURCHASED_ITEM_LINK_HASH` (`link_hash`),
  KEY `DOWNLOADABLE_LINK_PURCHASED_ITEM_ORDER_ITEM_ID` (`order_item_id`),
  KEY `DOWNLOADABLE_LINK_PURCHASED_ITEM_PURCHASED_ID` (`purchased_id`),
  CONSTRAINT `DL_LNK_PURCHASED_ITEM_ORDER_ITEM_ID_SALES_ORDER_ITEM_ITEM_ID` FOREIGN KEY (`order_item_id`) REFERENCES `sales_order_item` (`item_id`) ON DELETE SET NULL,
  CONSTRAINT `DL_LNK_PURCHASED_ITEM_PURCHASED_ID_DL_LNK_PURCHASED_PURCHASED_ID` FOREIGN KEY (`purchased_id`) REFERENCES `downloadable_link_purchased` (`purchased_id`) ON DELETE CASCADE
) ENGINE=InnoDB DEFAULT CHARSET=utf8mb3 COMMENT='Downloadable Link Purchased Item Table';

--
-- Dumping data for table `downloadable_link_purchased_item`
--


--
-- Table structure for table `downloadable_link_title`
--

CREATE TABLE `downloadable_link_title` (
  `title_id` int unsigned NOT NULL AUTO_INCREMENT COMMENT 'Title ID',
  `link_id` int unsigned NOT NULL DEFAULT '0' COMMENT 'Link ID',
  `store_id` smallint unsigned NOT NULL DEFAULT '0' COMMENT 'Store ID',
  `title` varchar(255) DEFAULT NULL COMMENT 'Title',
  PRIMARY KEY (`title_id`),
  UNIQUE KEY `DOWNLOADABLE_LINK_TITLE_LINK_ID_STORE_ID` (`link_id`,`store_id`),
  KEY `DOWNLOADABLE_LINK_TITLE_STORE_ID` (`store_id`),
  CONSTRAINT `DOWNLOADABLE_LINK_TITLE_LINK_ID_DOWNLOADABLE_LINK_LINK_ID` FOREIGN KEY (`link_id`) REFERENCES `downloadable_link` (`link_id`) ON DELETE CASCADE,
  CONSTRAINT `DOWNLOADABLE_LINK_TITLE_STORE_ID_STORE_STORE_ID` FOREIGN KEY (`store_id`) REFERENCES `store` (`store_id`) ON DELETE CASCADE
) ENGINE=InnoDB DEFAULT CHARSET=utf8mb3 COMMENT='Link Title Table';

--
-- Dumping data for table `downloadable_link_title`
--


--
-- Table structure for table `downloadable_sample`
--

CREATE TABLE `downloadable_sample` (
  `sample_id` int unsigned NOT NULL AUTO_INCREMENT COMMENT 'Sample ID',
  `product_id` int unsigned NOT NULL DEFAULT '0' COMMENT 'Product ID',
  `sample_url` varchar(255) DEFAULT NULL COMMENT 'Sample URL',
  `sample_file` varchar(255) DEFAULT NULL COMMENT 'Sample file',
  `sample_type` varchar(20) DEFAULT NULL COMMENT 'Sample Type',
  `sort_order` int unsigned NOT NULL DEFAULT '0' COMMENT 'Sort Order',
  PRIMARY KEY (`sample_id`),
  KEY `DOWNLOADABLE_SAMPLE_PRODUCT_ID` (`product_id`),
  CONSTRAINT `DOWNLOADABLE_SAMPLE_PRODUCT_ID_CATALOG_PRODUCT_ENTITY_ENTITY_ID` FOREIGN KEY (`product_id`) REFERENCES `catalog_product_entity` (`entity_id`) ON DELETE CASCADE
) ENGINE=InnoDB DEFAULT CHARSET=utf8mb3 COMMENT='Downloadable Sample Table';

--
-- Dumping data for table `downloadable_sample`
--


--
-- Table structure for table `downloadable_sample_title`
--

CREATE TABLE `downloadable_sample_title` (
  `title_id` int unsigned NOT NULL AUTO_INCREMENT COMMENT 'Title ID',
  `sample_id` int unsigned NOT NULL DEFAULT '0' COMMENT 'Sample ID',
  `store_id` smallint unsigned NOT NULL DEFAULT '0' COMMENT 'Store ID',
  `title` varchar(255) DEFAULT NULL COMMENT 'Title',
  PRIMARY KEY (`title_id`),
  UNIQUE KEY `DOWNLOADABLE_SAMPLE_TITLE_SAMPLE_ID_STORE_ID` (`sample_id`,`store_id`),
  KEY `DOWNLOADABLE_SAMPLE_TITLE_STORE_ID` (`store_id`),
  CONSTRAINT `DL_SAMPLE_TTL_SAMPLE_ID_DL_SAMPLE_SAMPLE_ID` FOREIGN KEY (`sample_id`) REFERENCES `downloadable_sample` (`sample_id`) ON DELETE CASCADE,
  CONSTRAINT `DOWNLOADABLE_SAMPLE_TITLE_STORE_ID_STORE_STORE_ID` FOREIGN KEY (`store_id`) REFERENCES `store` (`store_id`) ON DELETE CASCADE
) ENGINE=InnoDB DEFAULT CHARSET=utf8mb3 COMMENT='Downloadable Sample Title Table';

--
-- Dumping data for table `downloadable_sample_title`
--


--
-- Table structure for table `eav_attribute`
--

CREATE TABLE `eav_attribute` (
  `attribute_id` smallint unsigned NOT NULL AUTO_INCREMENT COMMENT 'Attribute ID',
  `entity_type_id` smallint unsigned NOT NULL DEFAULT '0' COMMENT 'Entity Type ID',
  `attribute_code` varchar(255) NOT NULL COMMENT 'Attribute Code',
  `attribute_model` varchar(255) DEFAULT NULL COMMENT 'Attribute Model',
  `backend_model` varchar(255) DEFAULT NULL COMMENT 'Backend Model',
  `backend_type` varchar(8) NOT NULL DEFAULT 'static' COMMENT 'Backend Type',
  `backend_table` varchar(255) DEFAULT NULL COMMENT 'Backend Table',
  `frontend_model` varchar(255) DEFAULT NULL COMMENT 'Frontend Model',
  `frontend_input` varchar(50) DEFAULT NULL COMMENT 'Frontend Input',
  `frontend_label` varchar(255) DEFAULT NULL COMMENT 'Frontend Label',
  `frontend_class` varchar(255) DEFAULT NULL COMMENT 'Frontend Class',
  `source_model` varchar(255) DEFAULT NULL COMMENT 'Source Model',
  `is_required` smallint unsigned NOT NULL DEFAULT '0' COMMENT 'Defines Is Required',
  `is_user_defined` smallint unsigned NOT NULL DEFAULT '0' COMMENT 'Defines Is User Defined',
  `default_value` text COMMENT 'Default Value',
  `is_unique` smallint unsigned NOT NULL DEFAULT '0' COMMENT 'Defines Is Unique',
  `note` varchar(255) DEFAULT NULL COMMENT 'Note',
  PRIMARY KEY (`attribute_id`),
  UNIQUE KEY `EAV_ATTRIBUTE_ENTITY_TYPE_ID_ATTRIBUTE_CODE` (`entity_type_id`,`attribute_code`),
  KEY `EAV_ATTRIBUTE_FRONTEND_INPUT_ENTITY_TYPE_ID_IS_USER_DEFINED` (`frontend_input`,`entity_type_id`,`is_user_defined`),
  CONSTRAINT `EAV_ATTRIBUTE_ENTITY_TYPE_ID_EAV_ENTITY_TYPE_ENTITY_TYPE_ID` FOREIGN KEY (`entity_type_id`) REFERENCES `eav_entity_type` (`entity_type_id`) ON DELETE CASCADE
) ENGINE=InnoDB AUTO_INCREMENT=159 DEFAULT CHARSET=utf8mb3 COMMENT='Eav Attribute';

--
-- Dumping data for table `eav_attribute`
--

INSERT INTO `eav_attribute` VALUES (1,1,'website_id',NULL,'Magento\\Customer\\Model\\Customer\\Attribute\\Backend\\Website','static',NULL,NULL,'select','Associate to Website',NULL,'Magento\\Customer\\Model\\Customer\\Attribute\\Source\\Website',1,0,NULL,0,NULL),(2,1,'store_id',NULL,'Magento\\Customer\\Model\\Customer\\Attribute\\Backend\\Store','static',NULL,NULL,'select','Create In',NULL,'Magento\\Customer\\Model\\Customer\\Attribute\\Source\\Store',1,0,NULL,0,NULL),(3,1,'created_in',NULL,NULL,'static',NULL,NULL,'text','Created From',NULL,NULL,0,0,NULL,0,NULL),(4,1,'prefix',NULL,NULL,'static',NULL,NULL,'text','Name Prefix',NULL,NULL,0,0,NULL,0,NULL),(5,1,'firstname',NULL,NULL,'static',NULL,NULL,'text','First Name',NULL,NULL,1,0,NULL,0,NULL),(6,1,'middlename',NULL,NULL,'static',NULL,NULL,'text','Middle Name/Initial',NULL,NULL,0,0,NULL,0,NULL),(7,1,'lastname',NULL,NULL,'static',NULL,NULL,'text','Last Name',NULL,NULL,1,0,NULL,0,NULL),(8,1,'suffix',NULL,NULL,'static',NULL,NULL,'text','Name Suffix',NULL,NULL,0,0,NULL,0,NULL),(9,1,'email',NULL,NULL,'static',NULL,NULL,'text','Email',NULL,NULL,1,0,NULL,0,NULL),(10,1,'group_id',NULL,NULL,'static',NULL,NULL,'select','Group',NULL,'Magento\\Customer\\Model\\Customer\\Attribute\\Source\\Group',1,0,NULL,0,NULL),(11,1,'dob',NULL,'Magento\\Eav\\Model\\Entity\\Attribute\\Backend\\Datetime','static',NULL,'Magento\\Eav\\Model\\Entity\\Attribute\\Frontend\\Datetime','date','Date of Birth',NULL,NULL,0,0,NULL,0,NULL),(12,1,'password_hash',NULL,'Magento\\Customer\\Model\\Customer\\Attribute\\Backend\\Password','static',NULL,NULL,'hidden',NULL,NULL,NULL,0,0,NULL,0,NULL),(13,1,'rp_token',NULL,NULL,'static',NULL,NULL,'hidden',NULL,NULL,NULL,0,0,NULL,0,NULL),(14,1,'rp_token_created_at',NULL,NULL,'static',NULL,NULL,'date',NULL,NULL,NULL,0,0,NULL,0,NULL),(15,1,'default_billing',NULL,'Magento\\Customer\\Model\\Customer\\Attribute\\Backend\\Billing','static',NULL,NULL,'text','Default Billing Address',NULL,NULL,0,0,NULL,0,NULL),(16,1,'default_shipping',NULL,'Magento\\Customer\\Model\\Customer\\Attribute\\Backend\\Shipping','static',NULL,NULL,'text','Default Shipping Address',NULL,NULL,0,0,NULL,0,NULL),(17,1,'taxvat',NULL,NULL,'static',NULL,NULL,'text','Tax/VAT Number',NULL,NULL,0,0,NULL,0,NULL),(18,1,'confirmation',NULL,NULL,'static',NULL,NULL,'text','Is Confirmed',NULL,NULL,0,0,NULL,0,NULL),(19,1,'created_at',NULL,NULL,'static',NULL,NULL,'date','Created At',NULL,NULL,0,0,NULL,0,NULL),(20,1,'gender',NULL,NULL,'static',NULL,NULL,'select','Gender',NULL,'Magento\\Eav\\Model\\Entity\\Attribute\\Source\\Table',0,0,NULL,0,NULL),(21,1,'disable_auto_group_change','Magento\\Customer\\Model\\Attribute','Magento\\Customer\\Model\\Attribute\\Backend\\Data\\Boolean','static',NULL,NULL,'boolean','Disable Automatic Group Change Based on VAT ID',NULL,NULL,0,0,NULL,0,NULL),(22,2,'prefix',NULL,NULL,'static',NULL,NULL,'text','Name Prefix',NULL,NULL,0,0,NULL,0,NULL),(23,2,'firstname',NULL,NULL,'static',NULL,NULL,'text','First Name',NULL,NULL,1,0,NULL,0,NULL),(24,2,'middlename',NULL,NULL,'static',NULL,NULL,'text','Middle Name/Initial',NULL,NULL,0,0,NULL,0,NULL),(25,2,'lastname',NULL,NULL,'static',NULL,NULL,'text','Last Name',NULL,NULL,1,0,NULL,0,NULL),(26,2,'suffix',NULL,NULL,'static',NULL,NULL,'text','Name Suffix',NULL,NULL,0,0,NULL,0,NULL),(27,2,'company',NULL,NULL,'static',NULL,NULL,'text','Company',NULL,NULL,0,0,NULL,0,NULL),(28,2,'street',NULL,'Magento\\Eav\\Model\\Entity\\Attribute\\Backend\\DefaultBackend','static',NULL,NULL,'multiline','Street Address',NULL,NULL,1,0,NULL,0,NULL),(29,2,'city',NULL,NULL,'static',NULL,NULL,'text','City',NULL,NULL,1,0,NULL,0,NULL),(30,2,'country_id',NULL,NULL,'static',NULL,NULL,'select','Country',NULL,'Magento\\Customer\\Model\\ResourceModel\\Address\\Attribute\\Source\\Country',1,0,NULL,0,NULL),(31,2,'region',NULL,'Magento\\Customer\\Model\\ResourceModel\\Address\\Attribute\\Backend\\Region','static',NULL,NULL,'text','State/Province',NULL,NULL,0,0,NULL,0,NULL),(32,2,'region_id',NULL,NULL,'static',NULL,NULL,'hidden','State/Province',NULL,'Magento\\Customer\\Model\\ResourceModel\\Address\\Attribute\\Source\\Region',0,0,NULL,0,NULL),(33,2,'postcode',NULL,NULL,'static',NULL,NULL,'text','Zip/Postal Code',NULL,NULL,0,0,NULL,0,NULL),(34,2,'telephone',NULL,NULL,'static',NULL,NULL,'text','Phone Number',NULL,NULL,1,0,NULL,0,NULL),(35,2,'fax',NULL,NULL,'static',NULL,NULL,'text','Fax',NULL,NULL,0,0,NULL,0,NULL),(36,2,'vat_id','Magento\\Customer\\Model\\Attribute',NULL,'static',NULL,NULL,'text','VAT Number',NULL,NULL,0,0,NULL,0,NULL),(37,2,'vat_is_valid',NULL,NULL,'static',NULL,NULL,'text','VAT number validity',NULL,NULL,0,0,NULL,0,NULL),(38,2,'vat_request_id',NULL,NULL,'static',NULL,NULL,'text','VAT number validation request ID',NULL,NULL,0,0,NULL,0,NULL),(39,2,'vat_request_date',NULL,NULL,'static',NULL,NULL,'text','VAT number validation request date',NULL,NULL,0,0,NULL,0,NULL),(40,2,'vat_request_success',NULL,NULL,'static',NULL,NULL,'text','VAT number validation request success',NULL,NULL,0,0,NULL,0,NULL),(41,1,'updated_at',NULL,NULL,'static',NULL,NULL,'date','Updated At',NULL,NULL,0,0,NULL,0,NULL),(42,1,'failures_num',NULL,NULL,'static',NULL,NULL,'hidden','Failures Number',NULL,NULL,0,0,NULL,0,NULL),(43,1,'first_failure',NULL,NULL,'static',NULL,NULL,'date','First Failure Date',NULL,NULL,0,0,NULL,0,NULL),(44,1,'lock_expires',NULL,NULL,'static',NULL,NULL,'date','Failures Number',NULL,NULL,0,0,NULL,0,NULL),(45,3,'name',NULL,NULL,'varchar',NULL,NULL,'text','Name',NULL,NULL,1,0,NULL,0,NULL),(46,3,'is_active',NULL,NULL,'int',NULL,NULL,'select','Is Active',NULL,'Magento\\Eav\\Model\\Entity\\Attribute\\Source\\Boolean',1,0,NULL,0,NULL),(47,3,'description',NULL,NULL,'text',NULL,NULL,'textarea','Description',NULL,NULL,0,0,NULL,0,NULL),(48,3,'image',NULL,'Magento\\Catalog\\Model\\Category\\Attribute\\Backend\\Image','varchar',NULL,NULL,'image','Image',NULL,NULL,0,0,NULL,0,NULL),(49,3,'meta_title',NULL,NULL,'varchar',NULL,NULL,'text','Page Title',NULL,NULL,0,0,NULL,0,NULL),(50,3,'meta_keywords',NULL,NULL,'text',NULL,NULL,'textarea','Meta Keywords',NULL,NULL,0,0,NULL,0,NULL),(51,3,'meta_description',NULL,NULL,'text',NULL,NULL,'textarea','Meta Description',NULL,NULL,0,0,NULL,0,NULL),(52,3,'display_mode',NULL,NULL,'varchar',NULL,NULL,'select','Display Mode',NULL,'Magento\\Catalog\\Model\\Category\\Attribute\\Source\\Mode',0,0,NULL,0,NULL),(53,3,'landing_page',NULL,NULL,'int',NULL,NULL,'select','CMS Block',NULL,'Magento\\Catalog\\Model\\Category\\Attribute\\Source\\Page',0,0,NULL,0,NULL),(54,3,'is_anchor',NULL,NULL,'int',NULL,NULL,'select','Is Anchor',NULL,'Magento\\Eav\\Model\\Entity\\Attribute\\Source\\Boolean',0,0,'1',0,NULL),(55,3,'path',NULL,NULL,'static',NULL,NULL,'text','Path',NULL,NULL,0,0,NULL,0,NULL),(56,3,'position',NULL,NULL,'static',NULL,NULL,'text','Position',NULL,NULL,0,0,NULL,0,NULL),(57,3,'all_children',NULL,NULL,'text',NULL,NULL,'text',NULL,NULL,NULL,0,0,NULL,0,NULL),(58,3,'path_in_store',NULL,NULL,'text',NULL,NULL,'text',NULL,NULL,NULL,0,0,NULL,0,NULL),(59,3,'children',NULL,NULL,'text',NULL,NULL,'text',NULL,NULL,NULL,0,0,NULL,0,NULL),(60,3,'custom_design',NULL,NULL,'varchar',NULL,NULL,'select','Custom Design',NULL,'Magento\\Theme\\Model\\Theme\\Source\\Theme',0,0,NULL,0,NULL),(61,3,'custom_design_from','Magento\\Catalog\\Model\\ResourceModel\\Eav\\Attribute','Magento\\Catalog\\Model\\Attribute\\Backend\\Startdate','datetime',NULL,'Magento\\Eav\\Model\\Entity\\Attribute\\Frontend\\Datetime','date','Active From',NULL,NULL,0,0,NULL,0,NULL),(62,3,'custom_design_to',NULL,'Magento\\Eav\\Model\\Entity\\Attribute\\Backend\\Datetime','datetime',NULL,NULL,'date','Active To',NULL,NULL,0,0,NULL,0,NULL),(63,3,'page_layout',NULL,NULL,'varchar',NULL,NULL,'select','Page Layout',NULL,'Magento\\Catalog\\Model\\Category\\Attribute\\Source\\Layout',0,0,NULL,0,NULL),(64,3,'custom_layout_update',NULL,'Magento\\Catalog\\Model\\Attribute\\Backend\\Customlayoutupdate','text',NULL,NULL,'textarea','Custom Layout Update',NULL,NULL,0,0,NULL,0,NULL),(65,3,'level',NULL,NULL,'static',NULL,NULL,'text','Level',NULL,NULL,0,0,NULL,0,NULL),(66,3,'children_count',NULL,NULL,'static',NULL,NULL,'text','Children Count',NULL,NULL,0,0,NULL,0,NULL),(67,3,'available_sort_by',NULL,'Magento\\Catalog\\Model\\Category\\Attribute\\Backend\\Sortby','text',NULL,NULL,'multiselect','Available Product Listing Sort By',NULL,'Magento\\Catalog\\Model\\Category\\Attribute\\Source\\Sortby',1,0,NULL,0,NULL),(68,3,'default_sort_by',NULL,'Magento\\Catalog\\Model\\Category\\Attribute\\Backend\\Sortby','varchar',NULL,NULL,'select','Default Product Listing Sort By',NULL,'Magento\\Catalog\\Model\\Category\\Attribute\\Source\\Sortby',1,0,NULL,0,NULL),(69,3,'include_in_menu',NULL,NULL,'int',NULL,NULL,'select','Include in Navigation Menu',NULL,'Magento\\Eav\\Model\\Entity\\Attribute\\Source\\Boolean',1,0,'1',0,NULL),(70,3,'custom_use_parent_settings',NULL,NULL,'int',NULL,NULL,'select','Use Parent Category Settings',NULL,'Magento\\Eav\\Model\\Entity\\Attribute\\Source\\Boolean',0,0,NULL,0,NULL),(71,3,'custom_apply_to_products',NULL,NULL,'int',NULL,NULL,'select','Apply To Products',NULL,'Magento\\Eav\\Model\\Entity\\Attribute\\Source\\Boolean',0,0,NULL,0,NULL),(72,3,'filter_price_range',NULL,NULL,'decimal',NULL,NULL,'text','Layered Navigation Price Step',NULL,NULL,0,0,NULL,0,NULL),(73,4,'name','Magento\\Catalog\\Model\\ResourceModel\\Eav\\Attribute',NULL,'varchar',NULL,NULL,'text','Product Name','validate-length maximum-length-255',NULL,1,0,NULL,0,NULL),(74,4,'sku','Magento\\Catalog\\Model\\ResourceModel\\Eav\\Attribute','Magento\\Catalog\\Model\\Product\\Attribute\\Backend\\Sku','static',NULL,NULL,'text','SKU','validate-length maximum-length-64',NULL,1,0,NULL,1,NULL),(75,4,'description',NULL,NULL,'text',NULL,NULL,'textarea','Description',NULL,NULL,0,0,NULL,0,NULL),(76,4,'short_description',NULL,NULL,'text',NULL,NULL,'textarea','Short Description',NULL,NULL,0,0,NULL,0,NULL),(77,4,'price',NULL,'Magento\\Catalog\\Model\\Product\\Attribute\\Backend\\Price','decimal',NULL,NULL,'price','Price',NULL,NULL,1,0,NULL,0,NULL),(78,4,'special_price',NULL,'Magento\\Catalog\\Model\\Product\\Attribute\\Backend\\Price','decimal',NULL,NULL,'price','Special Price',NULL,NULL,0,0,NULL,0,NULL),(79,4,'special_from_date',NULL,'Magento\\Catalog\\Model\\Attribute\\Backend\\Startdate','datetime',NULL,NULL,'date','Special Price From Date',NULL,NULL,0,0,NULL,0,NULL),(80,4,'special_to_date',NULL,'Magento\\Eav\\Model\\Entity\\Attribute\\Backend\\Datetime','datetime',NULL,NULL,'date','Special Price To Date',NULL,NULL,0,0,NULL,0,NULL),(81,4,'cost',NULL,'Magento\\Catalog\\Model\\Product\\Attribute\\Backend\\Price','decimal',NULL,NULL,'price','Cost',NULL,NULL,0,1,NULL,0,NULL),(82,4,'weight',NULL,'Magento\\Catalog\\Model\\Product\\Attribute\\Backend\\Weight','decimal',NULL,NULL,'weight','Weight',NULL,NULL,0,0,NULL,0,NULL),(83,4,'manufacturer',NULL,NULL,'int',NULL,NULL,'select','Manufacturer',NULL,NULL,0,1,NULL,0,NULL),(84,4,'meta_title',NULL,NULL,'varchar',NULL,NULL,'text','Meta Title',NULL,NULL,0,0,NULL,0,NULL),(85,4,'meta_keyword',NULL,NULL,'text',NULL,NULL,'textarea','Meta Keywords',NULL,NULL,0,0,NULL,0,NULL),(86,4,'meta_description',NULL,NULL,'varchar',NULL,NULL,'textarea','Meta Description',NULL,NULL,0,0,NULL,0,'Maximum 255 chars. Meta Description should optimally be between 150-160 characters'),(87,4,'image',NULL,NULL,'varchar',NULL,'Magento\\Catalog\\Model\\Product\\Attribute\\Frontend\\Image','media_image','Base',NULL,NULL,0,0,NULL,0,NULL),(88,4,'small_image',NULL,NULL,'varchar',NULL,'Magento\\Catalog\\Model\\Product\\Attribute\\Frontend\\Image','media_image','Small',NULL,NULL,0,0,NULL,0,NULL),(89,4,'thumbnail',NULL,NULL,'varchar',NULL,'Magento\\Catalog\\Model\\Product\\Attribute\\Frontend\\Image','media_image','Thumbnail',NULL,NULL,0,0,NULL,0,NULL),(90,4,'media_gallery',NULL,NULL,'static',NULL,NULL,'gallery','Media Gallery',NULL,NULL,0,0,NULL,0,NULL),(91,4,'old_id',NULL,NULL,'int',NULL,NULL,'text',NULL,NULL,NULL,0,0,NULL,0,NULL),(92,4,'tier_price',NULL,'Magento\\Catalog\\Model\\Product\\Attribute\\Backend\\Tierprice','decimal',NULL,NULL,'text','Tier Price',NULL,NULL,0,0,NULL,0,NULL),(93,4,'color','Magento\\Catalog\\Model\\ResourceModel\\Eav\\Attribute',NULL,'int',NULL,NULL,'select','Color',NULL,NULL,0,1,'54',0,NULL),(94,4,'news_from_date',NULL,'Magento\\Catalog\\Model\\Attribute\\Backend\\Startdate','datetime',NULL,NULL,'date','Set Product as New from Date',NULL,NULL,0,0,NULL,0,NULL),(95,4,'news_to_date',NULL,'Magento\\Eav\\Model\\Entity\\Attribute\\Backend\\Datetime','datetime',NULL,NULL,'date','Set Product as New to Date',NULL,NULL,0,0,NULL,0,NULL),(96,4,'gallery',NULL,NULL,'varchar',NULL,NULL,'gallery','Image Gallery',NULL,NULL,0,0,NULL,0,NULL),(97,4,'status',NULL,NULL,'int',NULL,NULL,'select','Enable Product',NULL,'Magento\\Catalog\\Model\\Product\\Attribute\\Source\\Status',0,0,'1',0,NULL),(98,4,'minimal_price',NULL,NULL,'decimal',NULL,NULL,'price','Minimal Price',NULL,NULL,0,0,NULL,0,NULL),(99,4,'visibility',NULL,NULL,'int',NULL,NULL,'select','Visibility',NULL,'Magento\\Catalog\\Model\\Product\\Visibility',0,0,'4',0,NULL),(100,4,'custom_design',NULL,NULL,'varchar',NULL,NULL,'select','New Theme',NULL,'Magento\\Theme\\Model\\Theme\\Source\\Theme',0,0,NULL,0,NULL),(101,4,'custom_design_from',NULL,'Magento\\Catalog\\Model\\Attribute\\Backend\\Startdate','datetime',NULL,NULL,'date','Active From',NULL,NULL,0,0,NULL,0,NULL),(102,4,'custom_design_to',NULL,'Magento\\Eav\\Model\\Entity\\Attribute\\Backend\\Datetime','datetime',NULL,NULL,'date','Active To',NULL,NULL,0,0,NULL,0,NULL),(103,4,'custom_layout_update',NULL,'Magento\\Catalog\\Model\\Attribute\\Backend\\Customlayoutupdate','text',NULL,NULL,'textarea','Layout Update XML',NULL,NULL,0,0,NULL,0,NULL),(104,4,'page_layout',NULL,NULL,'varchar',NULL,NULL,'select','Layout',NULL,'Magento\\Catalog\\Model\\Product\\Attribute\\Source\\Layout',0,0,NULL,0,NULL),(105,4,'category_ids',NULL,'Magento\\Catalog\\Model\\Product\\Attribute\\Backend\\Category','static',NULL,NULL,'text','Categories',NULL,NULL,0,0,NULL,0,NULL),(106,4,'options_container',NULL,NULL,'varchar',NULL,NULL,'select','Display Product Options In',NULL,'Magento\\Catalog\\Model\\Entity\\Product\\Attribute\\Design\\Options\\Container',0,0,'container2',0,NULL),(107,4,'required_options',NULL,NULL,'static',NULL,NULL,'text',NULL,NULL,NULL,0,0,NULL,0,NULL),(108,4,'has_options',NULL,NULL,'static',NULL,NULL,'text',NULL,NULL,NULL,0,0,NULL,0,NULL),(109,4,'image_label',NULL,NULL,'varchar',NULL,NULL,'text','Image Label',NULL,NULL,0,0,NULL,0,NULL),(110,4,'small_image_label',NULL,NULL,'varchar',NULL,NULL,'text','Small Image Label',NULL,NULL,0,0,NULL,0,NULL),(111,4,'thumbnail_label',NULL,NULL,'varchar',NULL,NULL,'text','Thumbnail Label',NULL,NULL,0,0,NULL,0,NULL),(112,4,'created_at',NULL,NULL,'static',NULL,NULL,'date',NULL,NULL,NULL,1,0,NULL,0,NULL),(113,4,'updated_at',NULL,NULL,'static',NULL,NULL,'date',NULL,NULL,NULL,1,0,NULL,0,NULL),(114,4,'country_of_manufacture',NULL,NULL,'varchar',NULL,NULL,'select','Country of Manufacture',NULL,'Magento\\Catalog\\Model\\Product\\Attribute\\Source\\Countryofmanufacture',0,0,NULL,0,NULL),(115,4,'quantity_and_stock_status',NULL,'Magento\\Catalog\\Model\\Product\\Attribute\\Backend\\Stock','int',NULL,NULL,'select','Quantity',NULL,'Magento\\CatalogInventory\\Model\\Source\\Stock',0,0,'1',0,NULL),(116,4,'custom_layout',NULL,NULL,'varchar',NULL,NULL,'select','New Layout',NULL,'Magento\\Catalog\\Model\\Product\\Attribute\\Source\\Layout',0,0,NULL,0,NULL),(117,4,'custom_layout_update_file',NULL,'Magento\\Catalog\\Model\\Product\\Attribute\\Backend\\LayoutUpdate','varchar',NULL,NULL,'select','Custom Layout Update',NULL,'Magento\\Catalog\\Model\\Product\\Attribute\\Source\\LayoutUpdate',0,0,NULL,0,NULL),(118,3,'custom_layout_update_file',NULL,'Magento\\Catalog\\Model\\Category\\Attribute\\Backend\\LayoutUpdate','varchar',NULL,NULL,'select','Custom Layout Update',NULL,'Magento\\Catalog\\Model\\Category\\Attribute\\Source\\LayoutUpdate',0,0,NULL,0,NULL),(119,3,'url_key',NULL,NULL,'varchar',NULL,NULL,'text','URL Key',NULL,NULL,0,0,NULL,0,NULL),(120,3,'url_path',NULL,NULL,'varchar',NULL,NULL,'text',NULL,NULL,NULL,0,0,NULL,0,NULL),(121,4,'url_key',NULL,NULL,'varchar',NULL,NULL,'text','URL Key','validate-trailing-hyphen',NULL,0,0,NULL,0,NULL),(122,4,'url_path',NULL,NULL,'varchar',NULL,NULL,'text',NULL,NULL,NULL,0,0,NULL,0,NULL),(123,4,'msrp',NULL,'Magento\\Catalog\\Model\\Product\\Attribute\\Backend\\Price','decimal',NULL,NULL,'price','Minimum Advertised Price',NULL,NULL,0,0,NULL,0,NULL),(124,4,'msrp_display_actual_price_type',NULL,'Magento\\Catalog\\Model\\Product\\Attribute\\Backend\\Boolean','varchar',NULL,NULL,'select','Display Actual Price',NULL,'Magento\\Msrp\\Model\\Product\\Attribute\\Source\\Type\\Price',0,0,'0',0,NULL),(125,4,'links_purchased_separately',NULL,NULL,'int',NULL,NULL,NULL,'Links can be purchased separately',NULL,NULL,1,0,NULL,0,NULL),(126,4,'samples_title',NULL,NULL,'varchar',NULL,NULL,NULL,'Samples title',NULL,NULL,1,0,NULL,0,NULL),(127,4,'links_title',NULL,NULL,'varchar',NULL,NULL,NULL,'Links title',NULL,NULL,1,0,NULL,0,NULL),(128,4,'links_exist',NULL,NULL,'int',NULL,NULL,NULL,NULL,NULL,NULL,0,0,NULL,0,NULL),(129,4,'price_type',NULL,NULL,'int',NULL,NULL,'boolean','Dynamic Price',NULL,NULL,1,0,'0',0,NULL),(130,4,'sku_type',NULL,NULL,'int',NULL,NULL,'boolean','Dynamic SKU',NULL,NULL,1,0,'0',0,NULL),(131,4,'weight_type',NULL,NULL,'int',NULL,NULL,'boolean','Dynamic Weight',NULL,NULL,1,0,'0',0,NULL),(132,4,'price_view',NULL,NULL,'int',NULL,NULL,'select','Price View',NULL,'Magento\\Bundle\\Model\\Product\\Attribute\\Source\\Price\\View',1,0,NULL,0,NULL),(133,4,'shipment_type',NULL,NULL,'int',NULL,NULL,'select','Ship Bundle Items',NULL,'Magento\\Bundle\\Model\\Product\\Attribute\\Source\\Shipment\\Type',1,0,'0',0,NULL),(134,4,'gift_message_available',NULL,'Magento\\Catalog\\Model\\Product\\Attribute\\Backend\\Boolean','varchar',NULL,NULL,'select','Allow Gift Message',NULL,'Magento\\Catalog\\Model\\Product\\Attribute\\Source\\Boolean',0,0,NULL,0,NULL),(135,4,'swatch_image',NULL,NULL,'varchar',NULL,'Magento\\Catalog\\Model\\Product\\Attribute\\Frontend\\Image','media_image','Swatch',NULL,NULL,0,0,NULL,0,NULL),(136,4,'tax_class_id',NULL,NULL,'int',NULL,NULL,'select','Tax Class',NULL,'Magento\\Tax\\Model\\TaxClass\\Source\\Product',0,0,'2',0,NULL),(137,4,'is_unilevel_product',NULL,NULL,'int',NULL,NULL,'boolean','Is Unilevel Product',NULL,'Magento\\Eav\\Model\\Entity\\Attribute\\Source\\Boolean',0,0,'0',0,NULL),(138,4,'inventory',NULL,NULL,'varchar',NULL,NULL,'text','Inventory',NULL,NULL,0,1,NULL,0,NULL),(139,4,'size',NULL,NULL,'int',NULL,NULL,'select','Size',NULL,NULL,0,1,'96',0,NULL),(140,4,'activity',NULL,'Magento\\Eav\\Model\\Entity\\Attribute\\Backend\\ArrayBackend','text',NULL,NULL,'multiselect','Activity',NULL,NULL,0,1,'',0,NULL),(141,4,'style_bags',NULL,'Magento\\Eav\\Model\\Entity\\Attribute\\Backend\\ArrayBackend','text',NULL,NULL,'multiselect','Style Bags',NULL,NULL,0,1,'',0,NULL),(142,4,'material',NULL,'Magento\\Eav\\Model\\Entity\\Attribute\\Backend\\ArrayBackend','text',NULL,NULL,'multiselect','Material',NULL,NULL,0,1,'',0,NULL),(143,4,'strap_bags',NULL,'Magento\\Eav\\Model\\Entity\\Attribute\\Backend\\ArrayBackend','text',NULL,NULL,'multiselect','Strap/Handle',NULL,NULL,0,1,'',0,NULL),(144,4,'features_bags',NULL,'Magento\\Eav\\Model\\Entity\\Attribute\\Backend\\ArrayBackend','text',NULL,NULL,'multiselect','Features',NULL,NULL,0,1,'',0,NULL),(145,4,'gender',NULL,'Magento\\Eav\\Model\\Entity\\Attribute\\Backend\\ArrayBackend','text',NULL,NULL,'multiselect','Gender',NULL,NULL,0,1,'',0,NULL),(146,4,'category_gear',NULL,'Magento\\Eav\\Model\\Entity\\Attribute\\Backend\\ArrayBackend','text',NULL,NULL,'multiselect','Category Gear',NULL,NULL,0,1,'',0,NULL),(147,4,'eco_collection',NULL,NULL,'int',NULL,NULL,'boolean','Eco Collection',NULL,'Magento\\Eav\\Model\\Entity\\Attribute\\Source\\Boolean',0,1,'',0,NULL),(148,4,'performance_fabric',NULL,NULL,'int',NULL,NULL,'boolean','Performance Fabric',NULL,'Magento\\Eav\\Model\\Entity\\Attribute\\Source\\Boolean',0,1,'',0,NULL),(149,4,'erin_recommends',NULL,NULL,'int',NULL,NULL,'boolean','Erin Recommends',NULL,'Magento\\Eav\\Model\\Entity\\Attribute\\Source\\Boolean',0,1,'',0,NULL),(150,4,'new',NULL,NULL,'int',NULL,NULL,'boolean','New',NULL,'Magento\\Eav\\Model\\Entity\\Attribute\\Source\\Boolean',0,1,'',0,NULL),(151,4,'sale',NULL,NULL,'int',NULL,NULL,'boolean','Sale',NULL,'Magento\\Eav\\Model\\Entity\\Attribute\\Source\\Boolean',0,1,'',0,NULL),(152,4,'format',NULL,NULL,'int',NULL,NULL,'select','Format',NULL,'Magento\\Eav\\Model\\Entity\\Attribute\\Source\\Table',0,1,'',0,NULL),(153,4,'style_bottom',NULL,'Magento\\Eav\\Model\\Entity\\Attribute\\Backend\\ArrayBackend','text',NULL,NULL,'multiselect','Style Bottom',NULL,NULL,0,1,'',0,NULL),(154,4,'style_general',NULL,'Magento\\Eav\\Model\\Entity\\Attribute\\Backend\\ArrayBackend','text',NULL,NULL,'multiselect','Style General',NULL,NULL,0,1,'',0,NULL),(155,4,'sleeve',NULL,'Magento\\Eav\\Model\\Entity\\Attribute\\Backend\\ArrayBackend','text',NULL,NULL,'multiselect','Sleeve',NULL,NULL,0,1,'',0,NULL),(156,4,'collar',NULL,'Magento\\Eav\\Model\\Entity\\Attribute\\Backend\\ArrayBackend','text',NULL,NULL,'multiselect','Collar',NULL,NULL,0,1,'',0,NULL),(157,4,'pattern',NULL,'Magento\\Eav\\Model\\Entity\\Attribute\\Backend\\ArrayBackend','text',NULL,NULL,'multiselect','Pattern',NULL,NULL,0,1,'',0,NULL),(158,4,'climate',NULL,'Magento\\Eav\\Model\\Entity\\Attribute\\Backend\\ArrayBackend','text',NULL,NULL,'multiselect','Climate',NULL,NULL,0,1,'',0,NULL);

--
-- Table structure for table `eav_attribute_group`
--

CREATE TABLE `eav_attribute_group` (
  `attribute_group_id` smallint unsigned NOT NULL AUTO_INCREMENT COMMENT 'Attribute Group ID',
  `attribute_set_id` smallint unsigned NOT NULL DEFAULT '0' COMMENT 'Attribute Set ID',
  `attribute_group_name` varchar(255) DEFAULT NULL COMMENT 'Attribute Group Name',
  `sort_order` smallint NOT NULL DEFAULT '0' COMMENT 'Sort Order',
  `default_id` smallint unsigned DEFAULT '0' COMMENT 'Default ID',
  `attribute_group_code` varchar(255) NOT NULL COMMENT 'Attribute Group Code',
  `tab_group_code` varchar(255) DEFAULT NULL COMMENT 'Tab Group Code',
  PRIMARY KEY (`attribute_group_id`),
  UNIQUE KEY `EAV_ATTRIBUTE_GROUP_ATTRIBUTE_SET_ID_ATTRIBUTE_GROUP_CODE` (`attribute_set_id`,`attribute_group_code`),
  UNIQUE KEY `EAV_ATTRIBUTE_GROUP_ATTRIBUTE_SET_ID_ATTRIBUTE_GROUP_NAME` (`attribute_set_id`,`attribute_group_name`),
  KEY `EAV_ATTRIBUTE_GROUP_ATTRIBUTE_SET_ID_SORT_ORDER` (`attribute_set_id`,`sort_order`),
  CONSTRAINT `EAV_ATTR_GROUP_ATTR_SET_ID_EAV_ATTR_SET_ATTR_SET_ID` FOREIGN KEY (`attribute_set_id`) REFERENCES `eav_attribute_set` (`attribute_set_id`) ON DELETE CASCADE
) ENGINE=InnoDB AUTO_INCREMENT=91 DEFAULT CHARSET=utf8mb3 COMMENT='Eav Attribute Group';

--
-- Dumping data for table `eav_attribute_group`
--

INSERT INTO `eav_attribute_group` VALUES (1,1,'General',1,1,'general',NULL),(2,2,'General',1,1,'general',NULL),(3,3,'General',10,1,'general',NULL),(4,3,'General Information',2,0,'general-information',NULL),(5,3,'Display Settings',20,0,'display-settings',NULL),(6,3,'Custom Design',30,0,'custom-design',NULL),(7,4,'General',1,1,'product-details','basic'),(8,4,'Advanced Pricing',6,0,'advanced-pricing','advanced'),(9,4,'Search Engine Optimization',5,0,'search-engine-optimization','basic'),(10,4,'Images',4,0,'image-management','basic'),(11,4,'Design',7,0,'design','advanced'),(12,4,'Autosettings',9,0,'autosettings','advanced'),(13,4,'Content',2,0,'content','basic'),(14,4,'Schedule Design Update',8,0,'schedule-design-update','advanced'),(15,5,'General',1,1,'general',NULL),(16,6,'General',1,1,'general',NULL),(17,7,'General',1,1,'general',NULL),(18,8,'General',1,1,'general',NULL),(19,4,'Bundle Items',3,0,'bundle-items',NULL),(20,4,'Gift Options',10,0,'gift-options',NULL),(21,9,'Gift Options',10,0,'gift-options',NULL),(22,9,'Autosettings',9,0,'autosettings','advanced'),(23,9,'Schedule Design Update',8,0,'schedule-design-update','advanced'),(24,9,'Design',7,0,'design','advanced'),(25,9,'Advanced Pricing',6,0,'advanced-pricing','advanced'),(26,9,'Search Engine Optimization',5,0,'search-engine-optimization','basic'),(27,9,'Images',4,0,'image-management','basic'),(28,9,'Bundle Items',3,0,'bundle-items',NULL),(29,9,'Content',2,0,'content','basic'),(30,9,'General',1,1,'product-details','basic'),(31,10,'Gift Options',10,0,'gift-options',NULL),(32,10,'Autosettings',9,0,'autosettings','advanced'),(33,10,'Schedule Design Update',8,0,'schedule-design-update','advanced'),(34,10,'Design',7,0,'design','advanced'),(35,10,'Advanced Pricing',6,0,'advanced-pricing','advanced'),(36,10,'Search Engine Optimization',5,0,'search-engine-optimization','basic'),(37,10,'Images',4,0,'image-management','basic'),(38,10,'Bundle Items',3,0,'bundle-items',NULL),(39,10,'Content',2,0,'content','basic'),(40,10,'General',1,1,'product-details','basic'),(41,11,'Gift Options',10,0,'gift-options',NULL),(42,11,'Autosettings',9,0,'autosettings','advanced'),(43,11,'Schedule Design Update',8,0,'schedule-design-update','advanced'),(44,11,'Design',7,0,'design','advanced'),(45,11,'Advanced Pricing',6,0,'advanced-pricing','advanced'),(46,11,'Search Engine Optimization',5,0,'search-engine-optimization','basic'),(47,11,'Images',4,0,'image-management','basic'),(48,11,'Bundle Items',3,0,'bundle-items',NULL),(49,11,'Content',2,0,'content','basic'),(50,11,'General',1,1,'product-details','basic'),(51,12,'Gift Options',10,0,'gift-options',NULL),(52,12,'Autosettings',9,0,'autosettings','advanced'),(53,12,'Schedule Design Update',8,0,'schedule-design-update','advanced'),(54,12,'Design',7,0,'design','advanced'),(55,12,'Advanced Pricing',6,0,'advanced-pricing','advanced'),(56,12,'Search Engine Optimization',5,0,'search-engine-optimization','basic'),(57,12,'Images',4,0,'image-management','basic'),(58,12,'Bundle Items',3,0,'bundle-items',NULL),(59,12,'Content',2,0,'content','basic'),(60,12,'General',1,1,'product-details','basic'),(61,13,'Gift Options',10,0,'gift-options',NULL),(62,13,'Autosettings',9,0,'autosettings','advanced'),(63,13,'Schedule Design Update',8,0,'schedule-design-update','advanced'),(64,13,'Design',7,0,'design','advanced'),(65,13,'Advanced Pricing',6,0,'advanced-pricing','advanced'),(66,13,'Search Engine Optimization',5,0,'search-engine-optimization','basic'),(67,13,'Images',4,0,'image-management','basic'),(68,13,'Bundle Items',3,0,'bundle-items',NULL),(69,13,'Content',2,0,'content','basic'),(70,13,'General',1,1,'product-details','basic'),(71,14,'Gift Options',10,0,'gift-options',NULL),(72,14,'Autosettings',9,0,'autosettings','advanced'),(73,14,'Schedule Design Update',8,0,'schedule-design-update','advanced'),(74,14,'Design',7,0,'design','advanced'),(75,14,'Advanced Pricing',6,0,'advanced-pricing','advanced'),(76,14,'Search Engine Optimization',5,0,'search-engine-optimization','basic'),(77,14,'Images',4,0,'image-management','basic'),(78,14,'Bundle Items',3,0,'bundle-items',NULL),(79,14,'Content',2,0,'content','basic'),(80,14,'General',1,1,'product-details','basic'),(81,15,'Gift Options',10,0,'gift-options',NULL),(82,15,'Autosettings',9,0,'autosettings','advanced'),(83,15,'Schedule Design Update',8,0,'schedule-design-update','advanced'),(84,15,'Design',7,0,'design','advanced'),(85,15,'Advanced Pricing',6,0,'advanced-pricing','advanced'),(86,15,'Search Engine Optimization',5,0,'search-engine-optimization','basic'),(87,15,'Images',4,0,'image-management','basic'),(88,15,'Bundle Items',3,0,'bundle-items',NULL),(89,15,'Content',2,0,'content','basic'),(90,15,'General',1,1,'product-details','basic');

--
-- Table structure for table `eav_attribute_label`
--

CREATE TABLE `eav_attribute_label` (
  `attribute_label_id` int unsigned NOT NULL AUTO_INCREMENT COMMENT 'Attribute Label ID',
  `attribute_id` smallint unsigned NOT NULL DEFAULT '0' COMMENT 'Attribute ID',
  `store_id` smallint unsigned NOT NULL DEFAULT '0' COMMENT 'Store ID',
  `value` varchar(255) DEFAULT NULL COMMENT 'Value',
  PRIMARY KEY (`attribute_label_id`),
  KEY `EAV_ATTRIBUTE_LABEL_STORE_ID` (`store_id`),
  KEY `EAV_ATTRIBUTE_LABEL_ATTRIBUTE_ID_STORE_ID` (`attribute_id`,`store_id`),
  CONSTRAINT `EAV_ATTRIBUTE_LABEL_ATTRIBUTE_ID_EAV_ATTRIBUTE_ATTRIBUTE_ID` FOREIGN KEY (`attribute_id`) REFERENCES `eav_attribute` (`attribute_id`) ON DELETE CASCADE,
  CONSTRAINT `EAV_ATTRIBUTE_LABEL_STORE_ID_STORE_STORE_ID` FOREIGN KEY (`store_id`) REFERENCES `store` (`store_id`) ON DELETE CASCADE
) ENGINE=InnoDB AUTO_INCREMENT=19 DEFAULT CHARSET=utf8mb3 COMMENT='Eav Attribute Label';

--
-- Dumping data for table `eav_attribute_label`
--

INSERT INTO `eav_attribute_label` VALUES (3,141,1,'Style'),(7,146,1,'Category'),(12,153,1,'Style'),(14,154,1,'Style'),(18,139,1,'Size');

--
-- Table structure for table `eav_attribute_option`
--

CREATE TABLE `eav_attribute_option` (
  `option_id` int unsigned NOT NULL AUTO_INCREMENT COMMENT 'Option ID',
  `attribute_id` smallint unsigned NOT NULL DEFAULT '0' COMMENT 'Attribute ID',
  `sort_order` smallint unsigned NOT NULL DEFAULT '0' COMMENT 'Sort Order',
  PRIMARY KEY (`option_id`),
  KEY `EAV_ATTRIBUTE_OPTION_ATTRIBUTE_ID` (`attribute_id`),
  CONSTRAINT `EAV_ATTRIBUTE_OPTION_ATTRIBUTE_ID_EAV_ATTRIBUTE_ATTRIBUTE_ID` FOREIGN KEY (`attribute_id`) REFERENCES `eav_attribute` (`attribute_id`) ON DELETE CASCADE
) ENGINE=InnoDB AUTO_INCREMENT=217 DEFAULT CHARSET=utf8mb3 COMMENT='Eav Attribute Option';

--
-- Dumping data for table `eav_attribute_option`
--

INSERT INTO `eav_attribute_option` VALUES (1,20,0),(2,20,1),(3,20,3),(4,93,2),(5,93,4),(6,139,3),(7,139,7),(8,139,9),(9,140,0),(10,140,1),(11,140,2),(12,140,3),(13,140,4),(14,140,5),(15,140,6),(16,140,7),(17,140,8),(18,140,9),(19,140,10),(20,140,11),(21,140,12),(22,140,13),(23,140,14),(24,140,15),(25,140,16),(26,140,17),(27,140,18),(28,140,19),(29,141,0),(30,141,1),(31,141,2),(32,141,3),(33,141,4),(34,141,5),(35,141,6),(36,142,0),(37,142,1),(38,142,2),(39,142,3),(40,142,4),(41,142,5),(42,142,6),(43,142,7),(44,142,8),(45,142,9),(46,142,10),(47,142,11),(48,142,12),(49,142,13),(50,142,14),(51,142,15),(52,142,16),(53,142,17),(54,93,0),(55,93,1),(56,93,3),(57,93,5),(58,93,6),(59,93,7),(60,93,8),(61,93,9),(62,93,10),(63,93,11),(64,93,12),(65,93,13),(66,143,0),(67,143,1),(68,143,2),(69,143,3),(70,143,4),(71,143,5),(72,143,6),(73,143,7),(74,144,0),(75,144,1),(76,144,2),(77,144,3),(78,144,4),(79,144,5),(80,144,6),(81,144,7),(82,144,8),(83,144,9),(84,144,10),(85,145,0),(86,145,1),(87,145,2),(88,145,3),(89,145,4),(90,146,0),(91,146,1),(92,146,2),(93,146,3),(94,146,4),(95,146,5),(96,139,0),(97,139,2),(98,139,5),(99,139,8),(100,139,11),(101,139,13),(102,147,0),(103,148,0),(104,149,0),(105,150,0),(106,151,0),(107,152,0),(108,152,1),(109,153,0),(110,153,1),(111,153,2),(112,153,3),(113,153,4),(114,153,5),(115,153,6),(116,153,7),(117,153,8),(118,153,9),(119,153,10),(120,153,11),(121,154,0),(122,154,1),(123,154,2),(124,154,3),(125,154,4),(126,154,5),(127,154,6),(128,154,7),(129,154,8),(130,154,9),(131,154,10),(132,154,11),(133,154,12),(134,154,13),(135,154,14),(136,154,15),(137,154,16),(138,154,17),(139,154,18),(140,154,19),(141,154,20),(142,154,21),(143,154,22),(144,154,23),(145,154,24),(146,154,25),(147,142,0),(148,142,1),(149,142,2),(150,142,3),(151,142,4),(152,142,5),(153,142,6),(154,142,7),(155,142,8),(156,142,9),(157,142,10),(158,142,11),(159,142,12),(160,142,13),(161,142,14),(162,142,15),(163,142,16),(164,142,17),(165,155,0),(166,155,1),(167,155,2),(168,155,3),(169,155,4),(170,155,5),(171,139,1),(172,139,4),(173,139,6),(174,139,10),(175,139,12),(176,139,14),(177,139,15),(178,139,16),(179,139,17),(180,139,18),(181,139,19),(182,139,20),(183,139,21),(184,139,22),(185,156,0),(186,156,1),(187,156,2),(188,156,3),(189,156,4),(190,156,5),(191,156,6),(192,156,7),(193,156,8),(194,156,9),(195,156,10),(196,156,11),(197,157,0),(198,157,1),(199,157,2),(200,157,3),(201,157,4),(202,157,5),(203,157,6),(204,157,7),(205,157,8),(206,158,0),(207,158,1),(208,158,2),(209,158,3),(210,158,4),(211,158,5),(212,158,6),(213,158,7),(214,158,8),(215,158,9),(216,158,10);

--
-- Table structure for table `eav_attribute_option_swatch`
--

CREATE TABLE `eav_attribute_option_swatch` (
  `swatch_id` int unsigned NOT NULL AUTO_INCREMENT COMMENT 'Swatch ID',
  `option_id` int unsigned NOT NULL COMMENT 'Option ID',
  `store_id` smallint unsigned NOT NULL COMMENT 'Store ID',
  `type` smallint unsigned NOT NULL COMMENT 'Swatch type: 0 - text, 1 - visual color, 2 - visual image',
  `value` varchar(255) DEFAULT NULL COMMENT 'Swatch Value',
  PRIMARY KEY (`swatch_id`),
  UNIQUE KEY `EAV_ATTRIBUTE_OPTION_SWATCH_STORE_ID_OPTION_ID` (`store_id`,`option_id`),
  KEY `EAV_ATTR_OPT_SWATCH_OPT_ID_EAV_ATTR_OPT_OPT_ID` (`option_id`),
  KEY `EAV_ATTRIBUTE_OPTION_SWATCH_SWATCH_ID` (`swatch_id`),
  CONSTRAINT `EAV_ATTR_OPT_SWATCH_OPT_ID_EAV_ATTR_OPT_OPT_ID` FOREIGN KEY (`option_id`) REFERENCES `eav_attribute_option` (`option_id`) ON DELETE CASCADE,
  CONSTRAINT `EAV_ATTRIBUTE_OPTION_SWATCH_STORE_ID_STORE_STORE_ID` FOREIGN KEY (`store_id`) REFERENCES `store` (`store_id`) ON DELETE CASCADE
) ENGINE=InnoDB AUTO_INCREMENT=61 DEFAULT CHARSET=utf8mb3 COMMENT='Magento Swatches table';

--
-- Dumping data for table `eav_attribute_option_swatch`
--

INSERT INTO `eav_attribute_option_swatch` VALUES (1,54,0,1,'#000000'),(2,55,0,1,'#1857f7'),(3,4,0,1,'#ffffff'),(4,56,0,1,'#945454'),(5,5,0,1,'#ffffff'),(6,57,0,1,'#8f8f8f'),(7,58,0,1,'#53a828'),(8,59,0,1,'#ce64d4'),(9,60,0,1,'#ffffff'),(10,61,0,1,'#eb6703'),(11,62,0,1,'#ef3dff'),(12,63,0,1,'#ff0000'),(13,64,0,1,'#ffffff'),(14,65,0,1,'#ffd500'),(15,96,0,0,'55 cm'),(16,96,1,0,'55 cm'),(17,171,0,0,'XS'),(18,171,1,0,'XS'),(19,97,0,0,'65 cm'),(20,97,1,0,'65 cm'),(21,6,0,0,'m'),(22,6,1,0,'m'),(23,172,0,0,'S'),(24,172,1,0,'S'),(25,98,0,0,'75 cm'),(26,98,1,0,'75 cm'),(27,173,0,0,'M'),(28,173,1,0,'M'),(29,7,0,0,'xl'),(30,7,1,0,'xl'),(31,99,0,0,'6 foot'),(32,99,1,0,'6 foot'),(33,8,0,0,'l'),(34,8,1,0,'l'),(35,174,0,0,'L'),(36,174,1,0,'L'),(37,100,0,0,'8 foot'),(38,100,1,0,'8 foot'),(39,175,0,0,'XL'),(40,175,1,0,'XL'),(41,101,0,0,'10 foot'),(42,101,1,0,'10 foot'),(43,176,0,0,'28'),(44,176,1,0,'28'),(45,177,0,0,'29'),(46,177,1,0,'29'),(47,178,0,0,'30'),(48,178,1,0,'30'),(49,179,0,0,'31'),(50,179,1,0,'31'),(51,180,0,0,'32'),(52,180,1,0,'32'),(53,181,0,0,'33'),(54,181,1,0,'33'),(55,182,0,0,'34'),(56,182,1,0,'34'),(57,183,0,0,'36'),(58,183,1,0,'36'),(59,184,0,0,'38'),(60,184,1,0,'38');

--
-- Table structure for table `eav_attribute_option_value`
--

CREATE TABLE `eav_attribute_option_value` (
  `value_id` int unsigned NOT NULL AUTO_INCREMENT COMMENT 'Value ID',
  `option_id` int unsigned NOT NULL DEFAULT '0' COMMENT 'Option ID',
  `store_id` smallint unsigned NOT NULL DEFAULT '0' COMMENT 'Store ID',
  `value` varchar(255) DEFAULT NULL COMMENT 'Value',
  PRIMARY KEY (`value_id`),
  KEY `EAV_ATTRIBUTE_OPTION_VALUE_OPTION_ID` (`option_id`),
  KEY `EAV_ATTRIBUTE_OPTION_VALUE_STORE_ID` (`store_id`),
  CONSTRAINT `EAV_ATTR_OPT_VAL_OPT_ID_EAV_ATTR_OPT_OPT_ID` FOREIGN KEY (`option_id`) REFERENCES `eav_attribute_option` (`option_id`) ON DELETE CASCADE,
  CONSTRAINT `EAV_ATTRIBUTE_OPTION_VALUE_STORE_ID_STORE_STORE_ID` FOREIGN KEY (`store_id`) REFERENCES `store` (`store_id`) ON DELETE CASCADE
) ENGINE=InnoDB AUTO_INCREMENT=249 DEFAULT CHARSET=utf8mb3 COMMENT='Eav Attribute Option Value';

--
-- Dumping data for table `eav_attribute_option_value`
--

INSERT INTO `eav_attribute_option_value` VALUES (1,1,0,'Male'),(2,2,0,'Female'),(3,3,0,'Not Specified'),(9,9,0,'Hike'),(10,10,0,'Outdoor'),(11,11,0,'Running'),(12,12,0,'Warmup'),(13,13,0,'Yoga'),(14,14,0,'Recreation'),(15,15,0,'Lounge'),(16,16,0,'Gym'),(17,17,0,'Climbing'),(18,18,0,'Crosstraining'),(19,19,0,'Post-workout'),(20,20,0,'Cycling'),(21,21,0,'Athletic'),(22,22,0,'Sports'),(23,23,0,'Hiking'),(24,24,0,'Overnight'),(25,25,0,'School'),(26,26,0,'Trail'),(27,27,0,'Travel'),(28,28,0,'Urban'),(29,29,0,'Backpack'),(30,30,0,'Luggage'),(31,31,0,'Duffel'),(32,32,0,'Messenger'),(33,33,0,'Laptop'),(34,34,0,'Exercise'),(35,35,0,'Tote'),(36,36,0,'Burlap'),(37,37,0,'Canvas'),(38,38,0,'Cotton'),(39,39,0,'Faux Leather'),(40,40,0,'Leather'),(41,41,0,'Mesh'),(42,42,0,'Nylon'),(43,43,0,'Polyester'),(44,44,0,'Rayon'),(45,45,0,'Ripstop'),(46,46,0,'Suede'),(47,47,0,'Foam'),(48,48,0,'Metal'),(49,49,0,'Plastic'),(50,50,0,'Rubber'),(51,51,0,'Synthetic'),(52,52,0,'Stainless Steel'),(53,53,0,'Silicone'),(66,66,0,'Adjustable'),(67,67,0,'Cross Body'),(68,68,0,'Detachable'),(69,69,0,'Double'),(70,70,0,'Padded'),(71,71,0,'Shoulder'),(72,72,0,'Single'),(73,73,0,'Telescoping'),(74,74,0,'Audio Pocket'),(75,75,0,'Wheeled'),(76,76,0,'Hydration Pocket'),(77,77,0,'Audio Pocket'),(78,78,0,'Flapover'),(79,79,0,'Waterproof'),(80,80,0,'Lightweight'),(81,81,0,'TSA Approved'),(82,82,0,'Reflective'),(83,83,0,'Laptop Sleeve'),(84,84,0,'Lockable'),(85,85,0,'Men'),(86,86,0,'Women'),(87,87,0,'Boys'),(88,88,0,'Girls'),(89,89,0,'Unisex'),(90,90,0,'Cardio'),(91,91,0,'Electronic'),(92,92,0,'Exercise'),(93,93,0,'Fashion'),(94,94,0,'Hydration'),(95,95,0,'Timepiece'),(102,107,0,'Download'),(103,108,0,'DVD'),(104,109,0,'Base Layer'),(105,110,0,'Basic'),(106,111,0,'Capri'),(107,112,0,'Compression'),(108,113,0,'Leggings'),(109,114,0,'Parachute'),(110,115,0,'Skort'),(111,116,0,'Snug'),(112,117,0,'Sweatpants'),(113,118,0,'Tights'),(114,119,0,'Track Pants'),(115,120,0,'Workout Pants'),(116,121,0,'Insulated'),(117,122,0,'Jacket'),(118,123,0,'Vest'),(119,124,0,'Lightweight'),(120,125,0,'Hooded'),(121,126,0,'Heavy Duty'),(122,127,0,'Rain Coat'),(123,128,0,'Hard Shell'),(124,129,0,'Soft Shell'),(125,130,0,'Windbreaker'),(126,131,0,'&frac12; zip'),(127,132,0,'&frac14; zip'),(128,133,0,'Full Zip'),(129,134,0,'Reversible'),(130,135,0,'Bra'),(131,136,0,'Hoodie'),(132,137,0,'Sweatshirt'),(133,138,0,'Polo'),(134,139,0,'Tank'),(135,140,0,'Tee'),(136,141,0,'Pullover'),(137,142,0,'Hoodie'),(138,143,0,'Cardigan'),(139,144,0,'Henley'),(140,145,0,'Tunic'),(141,146,0,'Camisole'),(142,147,0,'Cocona&reg; performance fabric'),(143,148,0,'Wool'),(144,149,0,'Fleece'),(145,150,0,'Hemp'),(146,151,0,'Jersey'),(147,152,0,'LumaTech&trade;'),(148,153,0,'Lycra&reg;'),(149,154,0,'Microfiber'),(150,155,0,'Spandex'),(151,156,0,'HeatTec&reg;'),(152,157,0,'EverCool&trade;'),(153,158,0,'Organic Cotton'),(154,159,0,'TENCEL'),(155,160,0,'CoolTech&trade;'),(156,161,0,'Khaki'),(157,162,0,'Linen'),(158,163,0,'Wool'),(159,164,0,'Terry'),(160,165,0,'Sleeve'),(161,166,0,'Long-Sleeve'),(162,167,0,'Short-Sleeve'),(163,168,0,'Sleeveless'),(164,169,0,'Tank'),(165,170,0,'Strap'),(180,185,0,'N/A'),(181,186,0,'? zip'),(182,187,0,'Boat Neck'),(183,188,0,'Crew'),(184,189,0,'Full zip'),(185,190,0,'V-neck'),(186,191,0,'Ballet'),(187,192,0,'Scoop'),(188,193,0,'High Collar'),(189,194,0,'Stand Collar'),(190,195,0,'Roll Neck'),(191,196,0,'Square Neck'),(192,197,0,'Color-Blocked'),(193,198,0,'Checked'),(194,199,0,'Color-Blocked'),(195,200,0,'Graphic Print'),(196,201,0,'Solid'),(197,202,0,'Solid-Highlight'),(198,203,0,'Striped'),(199,204,0,'Camo'),(200,205,0,'Geometric'),(201,206,0,'All-Weather'),(202,207,0,'Cold'),(203,208,0,'Cool'),(204,209,0,'Indoor'),(205,210,0,'Mild'),(206,211,0,'Rainy'),(207,212,0,'Spring'),(208,213,0,'Warm'),(209,214,0,'Windy'),(210,215,0,'Wintry'),(211,216,0,'Hot'),(212,54,0,'Black'),(213,55,0,'Blue'),(214,4,0,'green'),(215,56,0,'Brown'),(216,5,0,'light blue'),(217,57,0,'Gray'),(218,58,0,'Green'),(219,59,0,'Lavender'),(220,60,0,'Multi'),(221,61,0,'Orange'),(222,62,0,'Purple'),(223,63,0,'Red'),(224,64,0,'White'),(225,65,0,'Yellow'),(226,96,0,'55 cm'),(227,171,0,'XS'),(228,97,0,'65 cm'),(229,6,0,'m'),(230,172,0,'S'),(231,98,0,'75 cm'),(232,173,0,'M'),(233,7,0,'xl'),(234,99,0,'6 foot'),(235,8,0,'l'),(236,174,0,'L'),(237,100,0,'8 foot'),(238,175,0,'XL'),(239,101,0,'10 foot'),(240,176,0,'28'),(241,177,0,'29'),(242,178,0,'30'),(243,179,0,'31'),(244,180,0,'32'),(245,181,0,'33'),(246,182,0,'34'),(247,183,0,'36'),(248,184,0,'38');

--
-- Table structure for table `eav_attribute_set`
--

CREATE TABLE `eav_attribute_set` (
  `attribute_set_id` smallint unsigned NOT NULL AUTO_INCREMENT COMMENT 'Attribute Set ID',
  `entity_type_id` smallint unsigned NOT NULL DEFAULT '0' COMMENT 'Entity Type ID',
  `attribute_set_name` varchar(255) DEFAULT NULL COMMENT 'Attribute Set Name',
  `sort_order` smallint NOT NULL DEFAULT '0' COMMENT 'Sort Order',
  PRIMARY KEY (`attribute_set_id`),
  UNIQUE KEY `EAV_ATTRIBUTE_SET_ENTITY_TYPE_ID_ATTRIBUTE_SET_NAME` (`entity_type_id`,`attribute_set_name`),
  KEY `EAV_ATTRIBUTE_SET_ENTITY_TYPE_ID_SORT_ORDER` (`entity_type_id`,`sort_order`),
  CONSTRAINT `EAV_ATTRIBUTE_SET_ENTITY_TYPE_ID_EAV_ENTITY_TYPE_ENTITY_TYPE_ID` FOREIGN KEY (`entity_type_id`) REFERENCES `eav_entity_type` (`entity_type_id`) ON DELETE CASCADE
) ENGINE=InnoDB AUTO_INCREMENT=16 DEFAULT CHARSET=utf8mb3 COMMENT='Eav Attribute Set';

--
-- Dumping data for table `eav_attribute_set`
--

INSERT INTO `eav_attribute_set` VALUES (1,1,'Default',2),(2,2,'Default',2),(3,3,'Default',1),(4,4,'Default',1),(5,5,'Default',1),(6,6,'Default',1),(7,7,'Default',1),(8,8,'Default',1),(9,4,'Top',0),(10,4,'Bottom',0),(11,4,'Gear',0),(12,4,'Sprite Stasis Ball',0),(13,4,'Sprite Yoga Strap',0),(14,4,'Downloadable',0),(15,4,'Bag',0);

--
-- Table structure for table `eav_entity`
--

CREATE TABLE `eav_entity` (
  `entity_id` int unsigned NOT NULL AUTO_INCREMENT COMMENT 'Entity ID',
  `entity_type_id` smallint unsigned NOT NULL DEFAULT '0' COMMENT 'Entity Type ID',
  `attribute_set_id` smallint unsigned NOT NULL DEFAULT '0' COMMENT 'Attribute Set ID',
  `increment_id` varchar(50) DEFAULT NULL COMMENT 'Increment ID',
  `parent_id` int unsigned NOT NULL DEFAULT '0' COMMENT 'Parent ID',
  `store_id` smallint unsigned NOT NULL DEFAULT '0' COMMENT 'Store ID',
  `created_at` timestamp NOT NULL DEFAULT CURRENT_TIMESTAMP COMMENT 'Created At',
  `updated_at` timestamp NOT NULL DEFAULT CURRENT_TIMESTAMP ON UPDATE CURRENT_TIMESTAMP COMMENT 'Updated At',
  `is_active` smallint unsigned NOT NULL DEFAULT '1' COMMENT 'Defines Is Entity Active',
  PRIMARY KEY (`entity_id`),
  KEY `EAV_ENTITY_ENTITY_TYPE_ID` (`entity_type_id`),
  KEY `EAV_ENTITY_STORE_ID` (`store_id`),
  CONSTRAINT `EAV_ENTITY_ENTITY_TYPE_ID_EAV_ENTITY_TYPE_ENTITY_TYPE_ID` FOREIGN KEY (`entity_type_id`) REFERENCES `eav_entity_type` (`entity_type_id`) ON DELETE CASCADE,
  CONSTRAINT `EAV_ENTITY_STORE_ID_STORE_STORE_ID` FOREIGN KEY (`store_id`) REFERENCES `store` (`store_id`) ON DELETE CASCADE
) ENGINE=InnoDB DEFAULT CHARSET=utf8mb3 COMMENT='Eav Entity';

--
-- Dumping data for table `eav_entity`
--


--
-- Table structure for table `eav_entity_attribute`
--

CREATE TABLE `eav_entity_attribute` (
  `entity_attribute_id` int unsigned NOT NULL AUTO_INCREMENT COMMENT 'Entity Attribute ID',
  `entity_type_id` smallint unsigned NOT NULL DEFAULT '0' COMMENT 'Entity Type ID',
  `attribute_set_id` smallint unsigned NOT NULL DEFAULT '0' COMMENT 'Attribute Set ID',
  `attribute_group_id` smallint unsigned NOT NULL DEFAULT '0' COMMENT 'Attribute Group ID',
  `attribute_id` smallint unsigned NOT NULL DEFAULT '0' COMMENT 'Attribute ID',
  `sort_order` smallint NOT NULL DEFAULT '0' COMMENT 'Sort Order',
  PRIMARY KEY (`entity_attribute_id`),
  UNIQUE KEY `EAV_ENTITY_ATTRIBUTE_ATTRIBUTE_SET_ID_ATTRIBUTE_ID` (`attribute_set_id`,`attribute_id`),
  UNIQUE KEY `EAV_ENTITY_ATTRIBUTE_ATTRIBUTE_GROUP_ID_ATTRIBUTE_ID` (`attribute_group_id`,`attribute_id`),
  KEY `EAV_ENTITY_ATTRIBUTE_ATTRIBUTE_SET_ID_SORT_ORDER` (`attribute_set_id`,`sort_order`),
  KEY `EAV_ENTITY_ATTRIBUTE_ATTRIBUTE_ID` (`attribute_id`),
  CONSTRAINT `EAV_ENTITY_ATTRIBUTE_ATTRIBUTE_ID_EAV_ATTRIBUTE_ATTRIBUTE_ID` FOREIGN KEY (`attribute_id`) REFERENCES `eav_attribute` (`attribute_id`) ON DELETE CASCADE,
  CONSTRAINT `EAV_ENTT_ATTR_ATTR_GROUP_ID_EAV_ATTR_GROUP_ATTR_GROUP_ID` FOREIGN KEY (`attribute_group_id`) REFERENCES `eav_attribute_group` (`attribute_group_id`) ON DELETE CASCADE
) ENGINE=InnoDB AUTO_INCREMENT=1530 DEFAULT CHARSET=utf8mb3 COMMENT='Eav Entity Attributes';

--
-- Dumping data for table `eav_entity_attribute`
--

INSERT INTO `eav_entity_attribute` VALUES (1,1,1,1,1,10),(2,1,1,1,2,20),(3,1,1,1,3,20),(4,1,1,1,4,30),(5,1,1,1,5,40),(6,1,1,1,6,50),(7,1,1,1,7,60),(8,1,1,1,8,70),(9,1,1,1,9,80),(10,1,1,1,10,25),(11,1,1,1,11,90),(12,1,1,1,12,81),(13,1,1,1,13,115),(14,1,1,1,14,120),(15,1,1,1,15,82),(16,1,1,1,16,83),(17,1,1,1,17,100),(18,1,1,1,18,0),(19,1,1,1,19,0),(20,1,1,1,20,110),(21,1,1,1,21,28),(22,2,2,2,22,10),(23,2,2,2,23,20),(24,2,2,2,24,30),(25,2,2,2,25,40),(26,2,2,2,26,50),(27,2,2,2,27,60),(28,2,2,2,28,70),(29,2,2,2,29,100),(30,2,2,2,30,80),(31,2,2,2,31,90),(32,2,2,2,32,90),(33,2,2,2,33,110),(34,2,2,2,34,120),(35,2,2,2,35,130),(36,2,2,2,36,140),(37,2,2,2,37,132),(38,2,2,2,38,133),(39,2,2,2,39,134),(40,2,2,2,40,135),(41,1,1,1,41,87),(42,1,1,1,42,100),(43,1,1,1,43,110),(44,1,1,1,44,120),(45,3,3,4,45,1),(46,3,3,4,46,2),(47,3,3,4,47,4),(48,3,3,4,48,5),(49,3,3,4,49,6),(50,3,3,4,50,7),(51,3,3,4,51,8),(52,3,3,5,52,10),(53,3,3,5,53,20),(54,3,3,5,54,30),(55,3,3,4,55,12),(56,3,3,4,56,13),(57,3,3,4,57,14),(58,3,3,4,58,15),(59,3,3,4,59,16),(60,3,3,6,60,10),(61,3,3,6,61,30),(62,3,3,6,62,40),(63,3,3,6,63,50),(64,3,3,6,64,60),(65,3,3,4,65,24),(66,3,3,4,66,25),(67,3,3,5,67,40),(68,3,3,5,68,50),(69,3,3,4,69,10),(70,3,3,6,70,5),(71,3,3,6,71,6),(72,3,3,5,72,51),(90,4,4,7,91,6),(96,4,4,8,98,8),(101,4,4,11,103,10),(105,4,4,7,107,14),(106,4,4,7,108,15),(107,4,4,7,109,16),(108,4,4,7,110,17),(109,4,4,7,111,18),(110,4,4,7,112,19),(111,4,4,7,113,20),(116,3,3,6,118,51),(117,3,3,4,119,3),(118,3,3,4,120,17),(120,4,4,7,122,11),(123,4,4,7,125,111),(124,4,4,7,126,112),(125,4,4,7,127,113),(126,4,4,7,128,114),(914,4,4,7,73,4),(915,4,4,7,74,5),(916,4,4,7,77,7),(917,4,4,7,82,11),(918,4,4,7,83,1),(919,4,4,7,94,15),(920,4,4,7,95,16),(921,4,4,7,97,2),(922,4,4,7,99,13),(923,4,4,7,105,14),(924,4,4,7,114,17),(925,4,4,7,115,10),(926,4,4,7,129,8),(927,4,4,7,130,6),(928,4,4,7,131,12),(929,4,4,7,136,9),(930,4,4,7,137,18),(931,4,4,7,138,3),(932,4,4,13,75,2),(933,4,4,13,76,1),(934,4,4,19,133,1),(935,4,4,10,87,1),(936,4,4,10,88,2),(937,4,4,10,89,3),(938,4,4,10,90,5),(939,4,4,10,96,6),(940,4,4,10,135,4),(941,4,4,9,84,2),(942,4,4,9,85,3),(943,4,4,9,86,4),(944,4,4,9,121,1),(945,4,4,8,78,1),(946,4,4,8,79,2),(947,4,4,8,80,3),(948,4,4,8,81,4),(949,4,4,8,92,5),(950,4,4,8,123,6),(951,4,4,8,124,7),(952,4,4,8,132,8),(953,4,4,11,104,1),(954,4,4,11,106,2),(955,4,4,11,117,3),(956,4,4,14,100,3),(957,4,4,14,101,1),(958,4,4,14,102,2),(959,4,4,14,116,4),(960,4,4,20,134,1),(962,4,4,7,93,116),(963,4,9,21,134,1),(964,4,9,23,101,1),(965,4,9,23,102,2),(966,4,9,23,100,3),(967,4,9,23,116,4),(968,4,9,24,104,1),(969,4,9,24,106,2),(970,4,9,24,117,3),(971,4,9,24,103,10),(972,4,9,25,78,1),(973,4,9,25,79,2),(974,4,9,25,80,3),(975,4,9,25,81,4),(976,4,9,25,92,5),(977,4,9,25,123,6),(978,4,9,25,124,7),(979,4,9,25,98,8),(980,4,9,25,132,8),(981,4,9,26,121,1),(982,4,9,26,84,2),(983,4,9,26,85,3),(984,4,9,26,86,4),(985,4,9,27,87,1),(986,4,9,27,88,2),(987,4,9,27,89,3),(988,4,9,27,135,4),(989,4,9,27,90,5),(990,4,9,27,96,6),(991,4,9,28,133,1),(992,4,9,29,76,1),(993,4,9,29,75,2),(994,4,9,30,83,1),(995,4,9,30,97,2),(996,4,9,30,138,3),(997,4,9,30,73,4),(998,4,9,30,74,5),(999,4,9,30,130,6),(1000,4,9,30,91,6),(1001,4,9,30,77,7),(1002,4,9,30,129,8),(1003,4,9,30,136,9),(1004,4,9,30,115,10),(1005,4,9,30,122,11),(1006,4,9,30,82,11),(1007,4,9,30,131,12),(1008,4,9,30,99,13),(1009,4,9,30,105,14),(1010,4,9,30,107,14),(1011,4,9,30,108,15),(1012,4,9,30,94,15),(1013,4,9,30,95,16),(1014,4,9,30,109,16),(1015,4,9,30,114,17),(1016,4,9,30,110,17),(1017,4,9,30,137,18),(1018,4,9,30,111,18),(1019,4,9,30,112,19),(1020,4,9,30,113,20),(1021,4,9,30,125,111),(1022,4,9,30,126,112),(1023,4,9,30,127,113),(1024,4,9,30,128,114),(1027,4,9,30,140,1000),(1028,4,10,31,134,1),(1029,4,10,33,101,1),(1030,4,10,33,102,2),(1031,4,10,33,100,3),(1032,4,10,33,116,4),(1033,4,10,34,104,1),(1034,4,10,34,106,2),(1035,4,10,34,117,3),(1036,4,10,34,103,10),(1037,4,10,35,78,1),(1038,4,10,35,79,2),(1039,4,10,35,80,3),(1040,4,10,35,81,4),(1041,4,10,35,92,5),(1042,4,10,35,123,6),(1043,4,10,35,124,7),(1044,4,10,35,98,8),(1045,4,10,35,132,8),(1046,4,10,36,121,1),(1047,4,10,36,84,2),(1048,4,10,36,85,3),(1049,4,10,36,86,4),(1050,4,10,37,87,1),(1051,4,10,37,88,2),(1052,4,10,37,89,3),(1053,4,10,37,135,4),(1054,4,10,37,90,5),(1055,4,10,37,96,6),(1056,4,10,38,133,1),(1057,4,10,39,76,1),(1058,4,10,39,75,2),(1059,4,10,40,83,1),(1060,4,10,40,97,2),(1061,4,10,40,138,3),(1062,4,10,40,73,4),(1063,4,10,40,74,5),(1064,4,10,40,130,6),(1065,4,10,40,91,6),(1066,4,10,40,77,7),(1067,4,10,40,129,8),(1068,4,10,40,136,9),(1069,4,10,40,115,10),(1070,4,10,40,122,11),(1071,4,10,40,82,11),(1072,4,10,40,131,12),(1073,4,10,40,99,13),(1074,4,10,40,105,14),(1075,4,10,40,107,14),(1076,4,10,40,108,15),(1077,4,10,40,94,15),(1078,4,10,40,95,16),(1079,4,10,40,109,16),(1080,4,10,40,114,17),(1081,4,10,40,110,17),(1082,4,10,40,137,18),(1083,4,10,40,111,18),(1084,4,10,40,112,19),(1085,4,10,40,113,20),(1086,4,10,40,125,111),(1087,4,10,40,126,112),(1088,4,10,40,127,113),(1089,4,10,40,128,114),(1092,4,10,40,140,1001),(1093,4,11,41,134,1),(1094,4,11,43,101,1),(1095,4,11,43,102,2),(1096,4,11,43,100,3),(1097,4,11,43,116,4),(1098,4,11,44,104,1),(1099,4,11,44,106,2),(1100,4,11,44,117,3),(1101,4,11,44,103,10),(1102,4,11,45,78,1),(1103,4,11,45,79,2),(1104,4,11,45,80,3),(1105,4,11,45,81,4),(1106,4,11,45,92,5),(1107,4,11,45,123,6),(1108,4,11,45,124,7),(1109,4,11,45,98,8),(1110,4,11,45,132,8),(1111,4,11,46,121,1),(1112,4,11,46,84,2),(1113,4,11,46,85,3),(1114,4,11,46,86,4),(1115,4,11,47,87,1),(1116,4,11,47,88,2),(1117,4,11,47,89,3),(1118,4,11,47,135,4),(1119,4,11,47,90,5),(1120,4,11,47,96,6),(1121,4,11,48,133,1),(1122,4,11,49,76,1),(1123,4,11,49,75,2),(1124,4,11,50,83,1),(1125,4,11,50,97,2),(1126,4,11,50,138,3),(1127,4,11,50,73,4),(1128,4,11,50,74,5),(1129,4,11,50,130,6),(1130,4,11,50,91,6),(1131,4,11,50,77,7),(1132,4,11,50,129,8),(1133,4,11,50,136,9),(1134,4,11,50,115,10),(1135,4,11,50,122,11),(1136,4,11,50,82,11),(1137,4,11,50,131,12),(1138,4,11,50,99,13),(1139,4,11,50,105,14),(1140,4,11,50,107,14),(1141,4,11,50,108,15),(1142,4,11,50,94,15),(1143,4,11,50,95,16),(1144,4,11,50,109,16),(1145,4,11,50,114,17),(1146,4,11,50,110,17),(1147,4,11,50,137,18),(1148,4,11,50,111,18),(1149,4,11,50,112,19),(1150,4,11,50,113,20),(1151,4,11,50,125,111),(1152,4,11,50,126,112),(1153,4,11,50,127,113),(1154,4,11,50,128,114),(1157,4,11,50,140,1002),(1158,4,12,51,134,1),(1159,4,12,53,101,1),(1160,4,12,53,102,2),(1161,4,12,53,100,3),(1162,4,12,53,116,4),(1163,4,12,54,104,1),(1164,4,12,54,106,2),(1165,4,12,54,117,3),(1166,4,12,54,103,10),(1167,4,12,55,78,1),(1168,4,12,55,79,2),(1169,4,12,55,80,3),(1170,4,12,55,81,4),(1171,4,12,55,92,5),(1172,4,12,55,123,6),(1173,4,12,55,124,7),(1174,4,12,55,98,8),(1175,4,12,55,132,8),(1176,4,12,56,121,1),(1177,4,12,56,84,2),(1178,4,12,56,85,3),(1179,4,12,56,86,4),(1180,4,12,57,87,1),(1181,4,12,57,88,2),(1182,4,12,57,89,3),(1183,4,12,57,135,4),(1184,4,12,57,90,5),(1185,4,12,57,96,6),(1186,4,12,58,133,1),(1187,4,12,59,76,1),(1188,4,12,59,75,2),(1189,4,12,60,83,1),(1190,4,12,60,97,2),(1191,4,12,60,138,3),(1192,4,12,60,73,4),(1193,4,12,60,74,5),(1194,4,12,60,130,6),(1195,4,12,60,91,6),(1196,4,12,60,77,7),(1197,4,12,60,129,8),(1198,4,12,60,136,9),(1199,4,12,60,115,10),(1200,4,12,60,122,11),(1201,4,12,60,82,11),(1202,4,12,60,131,12),(1203,4,12,60,99,13),(1204,4,12,60,105,14),(1205,4,12,60,107,14),(1206,4,12,60,108,15),(1207,4,12,60,94,15),(1208,4,12,60,95,16),(1209,4,12,60,109,16),(1210,4,12,60,114,17),(1211,4,12,60,110,17),(1212,4,12,60,137,18),(1213,4,12,60,111,18),(1214,4,12,60,112,19),(1215,4,12,60,113,20),(1216,4,12,60,125,111),(1217,4,12,60,126,112),(1218,4,12,60,127,113),(1219,4,12,60,128,114),(1222,4,12,60,140,1003),(1223,4,13,61,134,1),(1224,4,13,63,101,1),(1225,4,13,63,102,2),(1226,4,13,63,100,3),(1227,4,13,63,116,4),(1228,4,13,64,104,1),(1229,4,13,64,106,2),(1230,4,13,64,117,3),(1231,4,13,64,103,10),(1232,4,13,65,78,1),(1233,4,13,65,79,2),(1234,4,13,65,80,3),(1235,4,13,65,81,4),(1236,4,13,65,92,5),(1237,4,13,65,123,6),(1238,4,13,65,124,7),(1239,4,13,65,98,8),(1240,4,13,65,132,8),(1241,4,13,66,121,1),(1242,4,13,66,84,2),(1243,4,13,66,85,3),(1244,4,13,66,86,4),(1245,4,13,67,87,1),(1246,4,13,67,88,2),(1247,4,13,67,89,3),(1248,4,13,67,135,4),(1249,4,13,67,90,5),(1250,4,13,67,96,6),(1251,4,13,68,133,1),(1252,4,13,69,76,1),(1253,4,13,69,75,2),(1254,4,13,70,83,1),(1255,4,13,70,97,2),(1256,4,13,70,138,3),(1257,4,13,70,73,4),(1258,4,13,70,74,5),(1259,4,13,70,130,6),(1260,4,13,70,91,6),(1261,4,13,70,77,7),(1262,4,13,70,129,8),(1263,4,13,70,136,9),(1264,4,13,70,115,10),(1265,4,13,70,122,11),(1266,4,13,70,82,11),(1267,4,13,70,131,12),(1268,4,13,70,99,13),(1269,4,13,70,105,14),(1270,4,13,70,107,14),(1271,4,13,70,108,15),(1272,4,13,70,94,15),(1273,4,13,70,95,16),(1274,4,13,70,109,16),(1275,4,13,70,114,17),(1276,4,13,70,110,17),(1277,4,13,70,137,18),(1278,4,13,70,111,18),(1279,4,13,70,112,19),(1280,4,13,70,113,20),(1281,4,13,70,125,111),(1282,4,13,70,126,112),(1283,4,13,70,127,113),(1284,4,13,70,128,114),(1287,4,13,70,140,1004),(1288,4,14,71,134,1),(1289,4,14,73,101,1),(1290,4,14,73,102,2),(1291,4,14,73,100,3),(1292,4,14,73,116,4),(1293,4,14,74,104,1),(1294,4,14,74,106,2),(1295,4,14,74,117,3),(1296,4,14,74,103,10),(1297,4,14,75,78,1),(1298,4,14,75,79,2),(1299,4,14,75,80,3),(1300,4,14,75,81,4),(1301,4,14,75,92,5),(1302,4,14,75,123,6),(1303,4,14,75,124,7),(1304,4,14,75,98,8),(1305,4,14,75,132,8),(1306,4,14,76,121,1),(1307,4,14,76,84,2),(1308,4,14,76,85,3),(1309,4,14,76,86,4),(1310,4,14,77,87,1),(1311,4,14,77,88,2),(1312,4,14,77,89,3),(1313,4,14,77,135,4),(1314,4,14,77,90,5),(1315,4,14,77,96,6),(1316,4,14,78,133,1),(1317,4,14,79,76,1),(1318,4,14,79,75,2),(1319,4,14,80,83,1),(1320,4,14,80,97,2),(1321,4,14,80,138,3),(1322,4,14,80,73,4),(1323,4,14,80,74,5),(1324,4,14,80,130,6),(1325,4,14,80,91,6),(1326,4,14,80,77,7),(1327,4,14,80,129,8),(1328,4,14,80,136,9),(1329,4,14,80,115,10),(1330,4,14,80,122,11),(1331,4,14,80,82,11),(1332,4,14,80,131,12),(1333,4,14,80,99,13),(1334,4,14,80,105,14),(1335,4,14,80,107,14),(1336,4,14,80,108,15),(1337,4,14,80,94,15),(1338,4,14,80,95,16),(1339,4,14,80,109,16),(1340,4,14,80,114,17),(1341,4,14,80,110,17),(1342,4,14,80,137,18),(1343,4,14,80,111,18),(1344,4,14,80,112,19),(1345,4,14,80,113,20),(1346,4,14,80,125,111),(1347,4,14,80,126,112),(1348,4,14,80,127,113),(1349,4,14,80,128,114),(1350,4,14,80,93,116),(1352,4,14,80,140,1005),(1353,4,15,81,134,1),(1354,4,15,83,101,1),(1355,4,15,83,102,2),(1356,4,15,83,100,3),(1357,4,15,83,116,4),(1358,4,15,84,104,1),(1359,4,15,84,106,2),(1360,4,15,84,117,3),(1361,4,15,84,103,10),(1362,4,15,85,78,1),(1363,4,15,85,79,2),(1364,4,15,85,80,3),(1365,4,15,85,81,4),(1366,4,15,85,92,5),(1367,4,15,85,123,6),(1368,4,15,85,124,7),(1369,4,15,85,98,8),(1370,4,15,85,132,8),(1371,4,15,86,121,1),(1372,4,15,86,84,2),(1373,4,15,86,85,3),(1374,4,15,86,86,4),(1375,4,15,87,87,1),(1376,4,15,87,88,2),(1377,4,15,87,89,3),(1378,4,15,87,135,4),(1379,4,15,87,90,5),(1380,4,15,87,96,6),(1381,4,15,88,133,1),(1382,4,15,89,76,1),(1383,4,15,89,75,2),(1384,4,15,90,83,1),(1385,4,15,90,97,2),(1386,4,15,90,138,3),(1387,4,15,90,73,4),(1388,4,15,90,74,5),(1389,4,15,90,130,6),(1390,4,15,90,91,6),(1391,4,15,90,77,7),(1392,4,15,90,129,8),(1393,4,15,90,136,9),(1394,4,15,90,115,10),(1395,4,15,90,122,11),(1396,4,15,90,82,11),(1397,4,15,90,131,12),(1398,4,15,90,99,13),(1399,4,15,90,105,14),(1400,4,15,90,107,14),(1401,4,15,90,108,15),(1402,4,15,90,94,15),(1403,4,15,90,95,16),(1404,4,15,90,109,16),(1405,4,15,90,114,17),(1406,4,15,90,110,17),(1407,4,15,90,137,18),(1408,4,15,90,111,18),(1409,4,15,90,112,19),(1410,4,15,90,113,20),(1411,4,15,90,125,111),(1412,4,15,90,126,112),(1413,4,15,90,127,113),(1414,4,15,90,128,114),(1417,4,15,90,140,1006),(1419,4,15,90,141,1007),(1421,4,11,50,142,1008),(1423,4,12,60,142,1009),(1425,4,13,70,142,1010),(1431,4,15,90,142,1013),(1433,4,9,30,93,1014),(1435,4,10,40,93,1015),(1437,4,15,90,93,1016),(1439,4,11,50,93,1017),(1441,4,12,60,93,1018),(1443,4,13,70,93,1019),(1445,4,15,90,143,1020),(1447,4,15,90,144,1021),(1449,4,11,50,145,1022),(1451,4,12,60,145,1023),(1453,4,13,70,145,1024),(1455,4,11,50,146,1025),(1457,4,12,60,146,1026),(1459,4,13,70,146,1027),(1461,4,12,60,139,1028),(1463,4,13,70,139,1029),(1465,4,11,50,147,1030),(1467,4,15,90,147,1031),(1469,4,9,30,147,1032),(1471,4,10,40,147,1033),(1473,4,11,50,148,1034),(1475,4,15,90,148,1035),(1477,4,9,30,148,1036),(1479,4,10,40,148,1037),(1481,4,11,50,149,1038),(1483,4,15,90,149,1039),(1485,4,9,30,149,1040),(1487,4,10,40,149,1041),(1489,4,11,50,150,1042),(1491,4,15,90,150,1043),(1493,4,9,30,150,1044),(1495,4,10,40,150,1045),(1497,4,11,50,151,1046),(1499,4,15,90,151,1047),(1501,4,9,30,151,1048),(1503,4,10,40,151,1049),(1505,4,14,80,152,1000),(1507,4,10,40,153,1000),(1509,4,9,30,154,1001),(1511,4,9,30,142,1002),(1513,4,10,40,142,1003),(1515,4,9,30,155,1004),(1517,4,10,40,139,1005),(1519,4,9,30,139,1006),(1521,4,9,30,156,1007),(1523,4,9,30,157,1008),(1525,4,10,40,157,1009),(1527,4,9,30,158,1010),(1529,4,10,40,158,1011);

--
-- Table structure for table `eav_entity_datetime`
--

CREATE TABLE `eav_entity_datetime` (
  `value_id` int NOT NULL AUTO_INCREMENT COMMENT 'Value ID',
  `entity_type_id` smallint unsigned NOT NULL DEFAULT '0' COMMENT 'Entity Type ID',
  `attribute_id` smallint unsigned NOT NULL DEFAULT '0' COMMENT 'Attribute ID',
  `store_id` smallint unsigned NOT NULL DEFAULT '0' COMMENT 'Store ID',
  `entity_id` int unsigned NOT NULL DEFAULT '0' COMMENT 'Entity ID',
  `value` datetime DEFAULT NULL COMMENT 'Attribute Value',
  PRIMARY KEY (`value_id`),
  UNIQUE KEY `EAV_ENTITY_DATETIME_ENTITY_ID_ATTRIBUTE_ID_STORE_ID` (`entity_id`,`attribute_id`,`store_id`),
  KEY `EAV_ENTITY_DATETIME_STORE_ID` (`store_id`),
  KEY `EAV_ENTITY_DATETIME_ATTRIBUTE_ID_VALUE` (`attribute_id`,`value`),
  KEY `EAV_ENTITY_DATETIME_ENTITY_TYPE_ID_VALUE` (`entity_type_id`,`value`),
  CONSTRAINT `EAV_ENTITY_DATETIME_ENTITY_ID_EAV_ENTITY_ENTITY_ID` FOREIGN KEY (`entity_id`) REFERENCES `eav_entity` (`entity_id`) ON DELETE CASCADE,
  CONSTRAINT `EAV_ENTITY_DATETIME_STORE_ID_STORE_STORE_ID` FOREIGN KEY (`store_id`) REFERENCES `store` (`store_id`) ON DELETE CASCADE,
  CONSTRAINT `EAV_ENTT_DTIME_ENTT_TYPE_ID_EAV_ENTT_TYPE_ENTT_TYPE_ID` FOREIGN KEY (`entity_type_id`) REFERENCES `eav_entity_type` (`entity_type_id`) ON DELETE CASCADE
) ENGINE=InnoDB DEFAULT CHARSET=utf8mb3 COMMENT='Eav Entity Value Prefix';

--
-- Dumping data for table `eav_entity_datetime`
--


--
-- Table structure for table `eav_entity_decimal`
--

CREATE TABLE `eav_entity_decimal` (
  `value_id` int NOT NULL AUTO_INCREMENT COMMENT 'Value ID',
  `entity_type_id` smallint unsigned NOT NULL DEFAULT '0' COMMENT 'Entity Type ID',
  `attribute_id` smallint unsigned NOT NULL DEFAULT '0' COMMENT 'Attribute ID',
  `store_id` smallint unsigned NOT NULL DEFAULT '0' COMMENT 'Store ID',
  `entity_id` int unsigned NOT NULL DEFAULT '0' COMMENT 'Entity ID',
  `value` decimal(12,4) NOT NULL DEFAULT '0.0000' COMMENT 'Attribute Value',
  PRIMARY KEY (`value_id`),
  UNIQUE KEY `EAV_ENTITY_DECIMAL_ENTITY_ID_ATTRIBUTE_ID_STORE_ID` (`entity_id`,`attribute_id`,`store_id`),
  KEY `EAV_ENTITY_DECIMAL_STORE_ID` (`store_id`),
  KEY `EAV_ENTITY_DECIMAL_ATTRIBUTE_ID_VALUE` (`attribute_id`,`value`),
  KEY `EAV_ENTITY_DECIMAL_ENTITY_TYPE_ID_VALUE` (`entity_type_id`,`value`),
  CONSTRAINT `EAV_ENTITY_DECIMAL_ENTITY_ID_EAV_ENTITY_ENTITY_ID` FOREIGN KEY (`entity_id`) REFERENCES `eav_entity` (`entity_id`) ON DELETE CASCADE,
  CONSTRAINT `EAV_ENTITY_DECIMAL_ENTITY_TYPE_ID_EAV_ENTITY_TYPE_ENTITY_TYPE_ID` FOREIGN KEY (`entity_type_id`) REFERENCES `eav_entity_type` (`entity_type_id`) ON DELETE CASCADE,
  CONSTRAINT `EAV_ENTITY_DECIMAL_STORE_ID_STORE_STORE_ID` FOREIGN KEY (`store_id`) REFERENCES `store` (`store_id`) ON DELETE CASCADE
) ENGINE=InnoDB DEFAULT CHARSET=utf8mb3 COMMENT='Eav Entity Value Prefix';

--
-- Dumping data for table `eav_entity_decimal`
--


--
-- Table structure for table `eav_entity_int`
--

CREATE TABLE `eav_entity_int` (
  `value_id` int NOT NULL AUTO_INCREMENT COMMENT 'Value ID',
  `entity_type_id` smallint unsigned NOT NULL DEFAULT '0' COMMENT 'Entity Type ID',
  `attribute_id` smallint unsigned NOT NULL DEFAULT '0' COMMENT 'Attribute ID',
  `store_id` smallint unsigned NOT NULL DEFAULT '0' COMMENT 'Store ID',
  `entity_id` int unsigned NOT NULL DEFAULT '0' COMMENT 'Entity ID',
  `value` int NOT NULL DEFAULT '0' COMMENT 'Attribute Value',
  PRIMARY KEY (`value_id`),
  UNIQUE KEY `EAV_ENTITY_INT_ENTITY_ID_ATTRIBUTE_ID_STORE_ID` (`entity_id`,`attribute_id`,`store_id`),
  KEY `EAV_ENTITY_INT_STORE_ID` (`store_id`),
  KEY `EAV_ENTITY_INT_ATTRIBUTE_ID_VALUE` (`attribute_id`,`value`),
  KEY `EAV_ENTITY_INT_ENTITY_TYPE_ID_VALUE` (`entity_type_id`,`value`),
  CONSTRAINT `EAV_ENTITY_INT_ENTITY_ID_EAV_ENTITY_ENTITY_ID` FOREIGN KEY (`entity_id`) REFERENCES `eav_entity` (`entity_id`) ON DELETE CASCADE,
  CONSTRAINT `EAV_ENTITY_INT_ENTITY_TYPE_ID_EAV_ENTITY_TYPE_ENTITY_TYPE_ID` FOREIGN KEY (`entity_type_id`) REFERENCES `eav_entity_type` (`entity_type_id`) ON DELETE CASCADE,
  CONSTRAINT `EAV_ENTITY_INT_STORE_ID_STORE_STORE_ID` FOREIGN KEY (`store_id`) REFERENCES `store` (`store_id`) ON DELETE CASCADE
) ENGINE=InnoDB DEFAULT CHARSET=utf8mb3 COMMENT='Eav Entity Value Prefix';

--
-- Dumping data for table `eav_entity_int`
--


--
-- Table structure for table `eav_entity_store`
--

CREATE TABLE `eav_entity_store` (
  `entity_store_id` int unsigned NOT NULL AUTO_INCREMENT COMMENT 'Entity Store ID',
  `entity_type_id` smallint unsigned NOT NULL DEFAULT '0' COMMENT 'Entity Type ID',
  `store_id` smallint unsigned NOT NULL DEFAULT '0' COMMENT 'Store ID',
  `increment_prefix` varchar(20) DEFAULT NULL COMMENT 'Increment Prefix',
  `increment_last_id` varchar(50) DEFAULT NULL COMMENT 'Last Incremented ID',
  PRIMARY KEY (`entity_store_id`),
  KEY `EAV_ENTITY_STORE_ENTITY_TYPE_ID` (`entity_type_id`),
  KEY `EAV_ENTITY_STORE_STORE_ID` (`store_id`),
  CONSTRAINT `EAV_ENTITY_STORE_ENTITY_TYPE_ID_EAV_ENTITY_TYPE_ENTITY_TYPE_ID` FOREIGN KEY (`entity_type_id`) REFERENCES `eav_entity_type` (`entity_type_id`) ON DELETE CASCADE,
  CONSTRAINT `EAV_ENTITY_STORE_STORE_ID_STORE_STORE_ID` FOREIGN KEY (`store_id`) REFERENCES `store` (`store_id`) ON DELETE CASCADE
) ENGINE=InnoDB DEFAULT CHARSET=utf8mb3 COMMENT='Eav Entity Store';

--
-- Dumping data for table `eav_entity_store`
--


--
-- Table structure for table `eav_entity_text`
--

CREATE TABLE `eav_entity_text` (
  `value_id` int NOT NULL AUTO_INCREMENT COMMENT 'Value ID',
  `entity_type_id` smallint unsigned NOT NULL DEFAULT '0' COMMENT 'Entity Type ID',
  `attribute_id` smallint unsigned NOT NULL DEFAULT '0' COMMENT 'Attribute ID',
  `store_id` smallint unsigned NOT NULL DEFAULT '0' COMMENT 'Store ID',
  `entity_id` int unsigned NOT NULL DEFAULT '0' COMMENT 'Entity ID',
  `value` text NOT NULL COMMENT 'Attribute Value',
  PRIMARY KEY (`value_id`),
  UNIQUE KEY `EAV_ENTITY_TEXT_ENTITY_ID_ATTRIBUTE_ID_STORE_ID` (`entity_id`,`attribute_id`,`store_id`),
  KEY `EAV_ENTITY_TEXT_ENTITY_TYPE_ID` (`entity_type_id`),
  KEY `EAV_ENTITY_TEXT_ATTRIBUTE_ID` (`attribute_id`),
  KEY `EAV_ENTITY_TEXT_STORE_ID` (`store_id`),
  CONSTRAINT `EAV_ENTITY_TEXT_ENTITY_ID_EAV_ENTITY_ENTITY_ID` FOREIGN KEY (`entity_id`) REFERENCES `eav_entity` (`entity_id`) ON DELETE CASCADE,
  CONSTRAINT `EAV_ENTITY_TEXT_ENTITY_TYPE_ID_EAV_ENTITY_TYPE_ENTITY_TYPE_ID` FOREIGN KEY (`entity_type_id`) REFERENCES `eav_entity_type` (`entity_type_id`) ON DELETE CASCADE,
  CONSTRAINT `EAV_ENTITY_TEXT_STORE_ID_STORE_STORE_ID` FOREIGN KEY (`store_id`) REFERENCES `store` (`store_id`) ON DELETE CASCADE
) ENGINE=InnoDB DEFAULT CHARSET=utf8mb3 COMMENT='Eav Entity Value Prefix';

--
-- Dumping data for table `eav_entity_text`
--


--
-- Table structure for table `eav_entity_type`
--

CREATE TABLE `eav_entity_type` (
  `entity_type_id` smallint unsigned NOT NULL AUTO_INCREMENT COMMENT 'Entity Type ID',
  `entity_type_code` varchar(50) NOT NULL COMMENT 'Entity Type Code',
  `entity_model` varchar(255) NOT NULL COMMENT 'Entity Model',
  `attribute_model` varchar(255) DEFAULT NULL COMMENT 'Attribute Model',
  `entity_table` varchar(255) DEFAULT NULL COMMENT 'Entity Table',
  `value_table_prefix` varchar(255) DEFAULT NULL COMMENT 'Value Table Prefix',
  `entity_id_field` varchar(255) DEFAULT NULL COMMENT 'Entity ID Field',
  `is_data_sharing` smallint unsigned NOT NULL DEFAULT '1' COMMENT 'Defines Is Data Sharing',
  `data_sharing_key` varchar(100) DEFAULT 'default' COMMENT 'Data Sharing Key',
  `default_attribute_set_id` smallint unsigned NOT NULL DEFAULT '0' COMMENT 'Default Attribute Set ID',
  `increment_model` varchar(255) DEFAULT NULL COMMENT 'Increment Model',
  `increment_per_store` smallint unsigned NOT NULL DEFAULT '0' COMMENT 'Increment Per Store',
  `increment_pad_length` smallint unsigned NOT NULL DEFAULT '8' COMMENT 'Increment Pad Length',
  `increment_pad_char` varchar(1) NOT NULL DEFAULT '0' COMMENT 'Increment Pad Char',
  `additional_attribute_table` varchar(255) DEFAULT NULL COMMENT 'Additional Attribute Table',
  `entity_attribute_collection` varchar(255) DEFAULT NULL COMMENT 'Entity Attribute Collection',
  PRIMARY KEY (`entity_type_id`),
  KEY `EAV_ENTITY_TYPE_ENTITY_TYPE_CODE` (`entity_type_code`)
) ENGINE=InnoDB AUTO_INCREMENT=9 DEFAULT CHARSET=utf8mb3 COMMENT='Eav Entity Type';

--
-- Dumping data for table `eav_entity_type`
--

INSERT INTO `eav_entity_type` VALUES (1,'customer','Magento\\Customer\\Model\\ResourceModel\\Customer','Magento\\Customer\\Model\\Attribute','customer_entity',NULL,NULL,1,'default',1,'Magento\\Eav\\Model\\Entity\\Increment\\NumericValue',0,8,'0','customer_eav_attribute','Magento\\Customer\\Model\\ResourceModel\\Attribute\\Collection'),(2,'customer_address','Magento\\Customer\\Model\\ResourceModel\\Address','Magento\\Customer\\Model\\Attribute','customer_address_entity',NULL,NULL,1,'default',2,NULL,0,8,'0','customer_eav_attribute','Magento\\Customer\\Model\\ResourceModel\\Address\\Attribute\\Collection'),(3,'catalog_category','Magento\\Catalog\\Model\\ResourceModel\\Category','Magento\\Catalog\\Model\\ResourceModel\\Eav\\Attribute','catalog_category_entity',NULL,NULL,1,'default',3,NULL,0,8,'0','catalog_eav_attribute','Magento\\Catalog\\Model\\ResourceModel\\Category\\Attribute\\Collection'),(4,'catalog_product','Magento\\Catalog\\Model\\ResourceModel\\Product','Magento\\Catalog\\Model\\ResourceModel\\Eav\\Attribute','catalog_product_entity',NULL,NULL,1,'default',4,NULL,0,8,'0','catalog_eav_attribute','Magento\\Catalog\\Model\\ResourceModel\\Product\\Attribute\\Collection'),(5,'order','Magento\\Sales\\Model\\ResourceModel\\Order',NULL,'sales_order',NULL,NULL,1,'default',5,'Magento\\Eav\\Model\\Entity\\Increment\\NumericValue',1,8,'0',NULL,NULL),(6,'invoice','Magento\\Sales\\Model\\ResourceModel\\Order\\Invoice',NULL,'sales_invoice',NULL,NULL,1,'default',6,'Magento\\Eav\\Model\\Entity\\Increment\\NumericValue',1,8,'0',NULL,NULL),(7,'creditmemo','Magento\\Sales\\Model\\ResourceModel\\Order\\Creditmemo',NULL,'sales_creditmemo',NULL,NULL,1,'default',7,'Magento\\Eav\\Model\\Entity\\Increment\\NumericValue',1,8,'0',NULL,NULL),(8,'shipment','Magento\\Sales\\Model\\ResourceModel\\Order\\Shipment',NULL,'sales_shipment',NULL,NULL,1,'default',8,'Magento\\Eav\\Model\\Entity\\Increment\\NumericValue',1,8,'0',NULL,NULL);

--
-- Table structure for table `eav_entity_varchar`
--

CREATE TABLE `eav_entity_varchar` (
  `value_id` int NOT NULL AUTO_INCREMENT COMMENT 'Value ID',
  `entity_type_id` smallint unsigned NOT NULL DEFAULT '0' COMMENT 'Entity Type ID',
  `attribute_id` smallint unsigned NOT NULL DEFAULT '0' COMMENT 'Attribute ID',
  `store_id` smallint unsigned NOT NULL DEFAULT '0' COMMENT 'Store ID',
  `entity_id` int unsigned NOT NULL DEFAULT '0' COMMENT 'Entity ID',
  `value` varchar(255) DEFAULT NULL COMMENT 'Attribute Value',
  PRIMARY KEY (`value_id`),
  UNIQUE KEY `EAV_ENTITY_VARCHAR_ENTITY_ID_ATTRIBUTE_ID_STORE_ID` (`entity_id`,`attribute_id`,`store_id`),
  KEY `EAV_ENTITY_VARCHAR_STORE_ID` (`store_id`),
  KEY `EAV_ENTITY_VARCHAR_ATTRIBUTE_ID_VALUE` (`attribute_id`,`value`),
  KEY `EAV_ENTITY_VARCHAR_ENTITY_TYPE_ID_VALUE` (`entity_type_id`,`value`),
  CONSTRAINT `EAV_ENTITY_VARCHAR_ENTITY_ID_EAV_ENTITY_ENTITY_ID` FOREIGN KEY (`entity_id`) REFERENCES `eav_entity` (`entity_id`) ON DELETE CASCADE,
  CONSTRAINT `EAV_ENTITY_VARCHAR_ENTITY_TYPE_ID_EAV_ENTITY_TYPE_ENTITY_TYPE_ID` FOREIGN KEY (`entity_type_id`) REFERENCES `eav_entity_type` (`entity_type_id`) ON DELETE CASCADE,
  CONSTRAINT `EAV_ENTITY_VARCHAR_STORE_ID_STORE_STORE_ID` FOREIGN KEY (`store_id`) REFERENCES `store` (`store_id`) ON DELETE CASCADE
) ENGINE=InnoDB DEFAULT CHARSET=utf8mb3 COMMENT='Eav Entity Value Prefix';

--
-- Dumping data for table `eav_entity_varchar`
--


--
-- Table structure for table `eav_form_element`
--

CREATE TABLE `eav_form_element` (
  `element_id` int unsigned NOT NULL AUTO_INCREMENT COMMENT 'Element ID',
  `type_id` smallint unsigned NOT NULL COMMENT 'Type ID',
  `fieldset_id` smallint unsigned DEFAULT NULL COMMENT 'Fieldset ID',
  `attribute_id` smallint unsigned NOT NULL COMMENT 'Attribute ID',
  `sort_order` int NOT NULL DEFAULT '0' COMMENT 'Sort Order',
  PRIMARY KEY (`element_id`),
  UNIQUE KEY `EAV_FORM_ELEMENT_TYPE_ID_ATTRIBUTE_ID` (`type_id`,`attribute_id`),
  KEY `EAV_FORM_ELEMENT_FIELDSET_ID` (`fieldset_id`),
  KEY `EAV_FORM_ELEMENT_ATTRIBUTE_ID` (`attribute_id`),
  CONSTRAINT `EAV_FORM_ELEMENT_ATTRIBUTE_ID_EAV_ATTRIBUTE_ATTRIBUTE_ID` FOREIGN KEY (`attribute_id`) REFERENCES `eav_attribute` (`attribute_id`) ON DELETE CASCADE,
  CONSTRAINT `EAV_FORM_ELEMENT_FIELDSET_ID_EAV_FORM_FIELDSET_FIELDSET_ID` FOREIGN KEY (`fieldset_id`) REFERENCES `eav_form_fieldset` (`fieldset_id`) ON DELETE SET NULL,
  CONSTRAINT `EAV_FORM_ELEMENT_TYPE_ID_EAV_FORM_TYPE_TYPE_ID` FOREIGN KEY (`type_id`) REFERENCES `eav_form_type` (`type_id`) ON DELETE CASCADE
) ENGINE=InnoDB AUTO_INCREMENT=43 DEFAULT CHARSET=utf8mb3 COMMENT='Eav Form Element';

--
-- Dumping data for table `eav_form_element`
--

INSERT INTO `eav_form_element` VALUES (1,1,NULL,23,0),(2,1,NULL,25,1),(3,1,NULL,27,2),(4,1,NULL,9,3),(5,1,NULL,28,4),(6,1,NULL,29,5),(7,1,NULL,31,6),(8,1,NULL,33,7),(9,1,NULL,30,8),(10,1,NULL,34,9),(11,1,NULL,35,10),(12,2,NULL,23,0),(13,2,NULL,25,1),(14,2,NULL,27,2),(15,2,NULL,9,3),(16,2,NULL,28,4),(17,2,NULL,29,5),(18,2,NULL,31,6),(19,2,NULL,33,7),(20,2,NULL,30,8),(21,2,NULL,34,9),(22,2,NULL,35,10),(23,3,NULL,23,0),(24,3,NULL,25,1),(25,3,NULL,27,2),(26,3,NULL,28,3),(27,3,NULL,29,4),(28,3,NULL,31,5),(29,3,NULL,33,6),(30,3,NULL,30,7),(31,3,NULL,34,8),(32,3,NULL,35,9),(33,4,NULL,23,0),(34,4,NULL,25,1),(35,4,NULL,27,2),(36,4,NULL,28,3),(37,4,NULL,29,4),(38,4,NULL,31,5),(39,4,NULL,33,6),(40,4,NULL,30,7),(41,4,NULL,34,8),(42,4,NULL,35,9);

--
-- Table structure for table `eav_form_fieldset`
--

CREATE TABLE `eav_form_fieldset` (
  `fieldset_id` smallint unsigned NOT NULL AUTO_INCREMENT COMMENT 'Fieldset ID',
  `type_id` smallint unsigned NOT NULL COMMENT 'Type ID',
  `code` varchar(64) NOT NULL COMMENT 'Code',
  `sort_order` int NOT NULL DEFAULT '0' COMMENT 'Sort Order',
  PRIMARY KEY (`fieldset_id`),
  UNIQUE KEY `EAV_FORM_FIELDSET_TYPE_ID_CODE` (`type_id`,`code`),
  CONSTRAINT `EAV_FORM_FIELDSET_TYPE_ID_EAV_FORM_TYPE_TYPE_ID` FOREIGN KEY (`type_id`) REFERENCES `eav_form_type` (`type_id`) ON DELETE CASCADE
) ENGINE=InnoDB DEFAULT CHARSET=utf8mb3 COMMENT='Eav Form Fieldset';

--
-- Dumping data for table `eav_form_fieldset`
--


--
-- Table structure for table `eav_form_fieldset_label`
--

CREATE TABLE `eav_form_fieldset_label` (
  `fieldset_id` smallint unsigned NOT NULL COMMENT 'Fieldset ID',
  `store_id` smallint unsigned NOT NULL COMMENT 'Store ID',
  `label` varchar(255) NOT NULL COMMENT 'Label',
  PRIMARY KEY (`fieldset_id`,`store_id`),
  KEY `EAV_FORM_FIELDSET_LABEL_STORE_ID` (`store_id`),
  CONSTRAINT `EAV_FORM_FIELDSET_LABEL_STORE_ID_STORE_STORE_ID` FOREIGN KEY (`store_id`) REFERENCES `store` (`store_id`) ON DELETE CASCADE,
  CONSTRAINT `EAV_FORM_FSET_LBL_FSET_ID_EAV_FORM_FSET_FSET_ID` FOREIGN KEY (`fieldset_id`) REFERENCES `eav_form_fieldset` (`fieldset_id`) ON DELETE CASCADE
) ENGINE=InnoDB DEFAULT CHARSET=utf8mb3 COMMENT='Eav Form Fieldset Label';

--
-- Dumping data for table `eav_form_fieldset_label`
--


--
-- Table structure for table `eav_form_type`
--

CREATE TABLE `eav_form_type` (
  `type_id` smallint unsigned NOT NULL AUTO_INCREMENT COMMENT 'Type ID',
  `code` varchar(64) NOT NULL COMMENT 'Code',
  `label` varchar(255) NOT NULL COMMENT 'Label',
  `is_system` smallint unsigned NOT NULL DEFAULT '0' COMMENT 'Is System',
  `theme` varchar(64) DEFAULT NULL COMMENT 'Theme',
  `store_id` smallint unsigned NOT NULL COMMENT 'Store ID',
  PRIMARY KEY (`type_id`),
  UNIQUE KEY `EAV_FORM_TYPE_CODE_THEME_STORE_ID` (`code`,`theme`,`store_id`),
  KEY `EAV_FORM_TYPE_STORE_ID` (`store_id`),
  CONSTRAINT `EAV_FORM_TYPE_STORE_ID_STORE_STORE_ID` FOREIGN KEY (`store_id`) REFERENCES `store` (`store_id`) ON DELETE CASCADE
) ENGINE=InnoDB AUTO_INCREMENT=5 DEFAULT CHARSET=utf8mb3 COMMENT='Eav Form Type';

--
-- Dumping data for table `eav_form_type`
--

INSERT INTO `eav_form_type` VALUES (1,'checkout_onepage_register','checkout_onepage_register',1,'',0),(2,'checkout_onepage_register_guest','checkout_onepage_register_guest',1,'',0),(3,'checkout_onepage_billing_address','checkout_onepage_billing_address',1,'',0),(4,'checkout_onepage_shipping_address','checkout_onepage_shipping_address',1,'',0);

--
-- Table structure for table `eav_form_type_entity`
--

CREATE TABLE `eav_form_type_entity` (
  `type_id` smallint unsigned NOT NULL COMMENT 'Type ID',
  `entity_type_id` smallint unsigned NOT NULL COMMENT 'Entity Type ID',
  PRIMARY KEY (`type_id`,`entity_type_id`),
  KEY `EAV_FORM_TYPE_ENTITY_ENTITY_TYPE_ID` (`entity_type_id`),
  CONSTRAINT `EAV_FORM_TYPE_ENTITY_TYPE_ID_EAV_FORM_TYPE_TYPE_ID` FOREIGN KEY (`type_id`) REFERENCES `eav_form_type` (`type_id`) ON DELETE CASCADE,
  CONSTRAINT `EAV_FORM_TYPE_ENTT_ENTT_TYPE_ID_EAV_ENTT_TYPE_ENTT_TYPE_ID` FOREIGN KEY (`entity_type_id`) REFERENCES `eav_entity_type` (`entity_type_id`) ON DELETE CASCADE
) ENGINE=InnoDB DEFAULT CHARSET=utf8mb3 COMMENT='Eav Form Type Entity';

--
-- Dumping data for table `eav_form_type_entity`
--

INSERT INTO `eav_form_type_entity` VALUES (1,1),(2,1),(1,2),(2,2),(3,2),(4,2);

--
-- Table structure for table `email_template`
--

CREATE TABLE `email_template` (
  `template_id` int unsigned NOT NULL AUTO_INCREMENT COMMENT 'Template ID',
  `template_code` varchar(150) NOT NULL COMMENT 'Template Name',
  `template_text` text NOT NULL COMMENT 'Template Content',
  `template_styles` text COMMENT 'Templste Styles',
  `template_type` int unsigned DEFAULT NULL COMMENT 'Template Type',
  `template_subject` varchar(200) NOT NULL COMMENT 'Template Subject',
  `template_sender_name` varchar(200) DEFAULT NULL COMMENT 'Template Sender Name',
  `template_sender_email` varchar(200) DEFAULT NULL COMMENT 'Template Sender Email',
  `added_at` timestamp NOT NULL DEFAULT CURRENT_TIMESTAMP COMMENT 'Date of Template Creation',
  `modified_at` timestamp NOT NULL DEFAULT CURRENT_TIMESTAMP ON UPDATE CURRENT_TIMESTAMP COMMENT 'Date of Template Modification',
  `orig_template_code` varchar(200) DEFAULT NULL COMMENT 'Original Template Code',
  `orig_template_variables` text COMMENT 'Original Template Variables',
  `is_legacy` tinyint(1) NOT NULL DEFAULT '0' COMMENT 'Should the template render in legacy mode',
  PRIMARY KEY (`template_id`),
  UNIQUE KEY `EMAIL_TEMPLATE_TEMPLATE_CODE` (`template_code`),
  KEY `EMAIL_TEMPLATE_ADDED_AT` (`added_at`),
  KEY `EMAIL_TEMPLATE_MODIFIED_AT` (`modified_at`)
) ENGINE=InnoDB DEFAULT CHARSET=utf8mb3 COMMENT='Email Templates';

--
-- Dumping data for table `email_template`
--


--
-- Table structure for table `flag`
--

CREATE TABLE `flag` (
  `flag_id` int unsigned NOT NULL AUTO_INCREMENT COMMENT 'Flag Id',
  `flag_code` varchar(255) NOT NULL COMMENT 'Flag Code',
  `state` smallint unsigned NOT NULL DEFAULT '0' COMMENT 'Flag State',
  `flag_data` mediumtext COMMENT 'Flag Data',
  `last_update` timestamp NOT NULL DEFAULT CURRENT_TIMESTAMP ON UPDATE CURRENT_TIMESTAMP COMMENT 'Date of Last Flag Update',
  PRIMARY KEY (`flag_id`),
  KEY `FLAG_LAST_UPDATE` (`last_update`)
) ENGINE=InnoDB AUTO_INCREMENT=5 DEFAULT CHARSET=utf8mb3 COMMENT='Flag';

--
-- Dumping data for table `flag`
--

INSERT INTO `flag` VALUES (1,'analytics_link_attempts_reverse_counter',0,'24','2025-02-05 07:40:30'),(2,'feed_metadata_salesOrders',0,'{\"lockedBy\":\"full reindex(legacy)(123860)\"}','2025-08-18 09:40:34'),(3,'feed_metadata_salesOrderStatuses',0,'{\"lockedBy\":\"full reindex(legacy)(123860)\"}','2025-08-18 09:40:35'),(4,'feed_metadata_stores',0,'{\"lockedBy\":\"full reindex(legacy)(123860)\"}','2025-08-18 09:40:36');

--
-- Table structure for table `gift_message`
--

CREATE TABLE `gift_message` (
  `gift_message_id` int unsigned NOT NULL AUTO_INCREMENT COMMENT 'GiftMessage ID',
  `customer_id` int unsigned NOT NULL DEFAULT '0' COMMENT 'Customer ID',
  `sender` varchar(255) DEFAULT NULL COMMENT 'Sender',
  `recipient` varchar(255) DEFAULT NULL COMMENT 'Registrant',
  `message` text COMMENT 'Message',
  PRIMARY KEY (`gift_message_id`)
) ENGINE=InnoDB DEFAULT CHARSET=utf8mb3 COMMENT='Gift Message';

--
-- Dumping data for table `gift_message`
--


--
-- Table structure for table `googleoptimizer_code`
--

CREATE TABLE `googleoptimizer_code` (
  `code_id` int unsigned NOT NULL AUTO_INCREMENT COMMENT 'Google experiment code ID',
  `entity_id` int unsigned NOT NULL COMMENT 'Optimized entity ID product ID or catalog ID',
  `entity_type` varchar(50) DEFAULT NULL COMMENT 'Optimized entity type',
  `store_id` smallint unsigned NOT NULL COMMENT 'Store ID',
  `experiment_script` text COMMENT 'Google experiment script',
  PRIMARY KEY (`code_id`),
  UNIQUE KEY `GOOGLEOPTIMIZER_CODE_STORE_ID_ENTITY_ID_ENTITY_TYPE` (`store_id`,`entity_id`,`entity_type`),
  CONSTRAINT `GOOGLEOPTIMIZER_CODE_STORE_ID_STORE_STORE_ID` FOREIGN KEY (`store_id`) REFERENCES `store` (`store_id`) ON DELETE CASCADE
) ENGINE=InnoDB DEFAULT CHARSET=utf8mb3 COMMENT='Google Experiment code';

--
-- Dumping data for table `googleoptimizer_code`
--


--
-- Table structure for table `import_history`
--

CREATE TABLE `import_history` (
  `history_id` int unsigned NOT NULL AUTO_INCREMENT COMMENT 'History record ID',
  `started_at` timestamp NOT NULL DEFAULT CURRENT_TIMESTAMP COMMENT 'Started at',
  `user_id` int unsigned NOT NULL DEFAULT '0' COMMENT 'User ID',
  `imported_file` varchar(255) DEFAULT NULL COMMENT 'Imported file',
  `execution_time` varchar(255) DEFAULT NULL COMMENT 'Execution time',
  `summary` varchar(255) DEFAULT NULL COMMENT 'Summary',
  `error_file` varchar(255) NOT NULL COMMENT 'Imported file with errors',
  PRIMARY KEY (`history_id`)
) ENGINE=InnoDB AUTO_INCREMENT=4 DEFAULT CHARSET=utf8mb3 COMMENT='Import history table';

--
-- Dumping data for table `import_history`
--

INSERT INTO `import_history` VALUES (1,'2025-02-06 08:34:19',1,'1738830859_export_catalog_product_20250206_135806.csv','00:00:13','Created: 4, Updated: 0, Deleted: 0','1738830859_export_catalog_product_20250206_135806_error_report.csv'),(2,'2025-06-11 06:52:30',0,NULL,'00:08:48','Created: 1994, Updated: 0, Deleted: 0',''),(3,'2025-07-10 04:21:34',1,'1752121294_products.csv','00:11:14','Created: 0, Updated: 1994, Deleted: 0','');

--
-- Table structure for table `importexport_importdata`
--

CREATE TABLE `importexport_importdata` (
  `id` int unsigned NOT NULL AUTO_INCREMENT COMMENT 'ID',
  `entity` varchar(50) NOT NULL COMMENT 'Entity',
  `behavior` varchar(10) NOT NULL DEFAULT 'append' COMMENT 'Behavior',
  `data` longtext COMMENT 'Data',
  `is_processed` tinyint(1) NOT NULL DEFAULT '1' COMMENT 'Is Row Processed',
  `updated_at` timestamp NOT NULL DEFAULT CURRENT_TIMESTAMP ON UPDATE CURRENT_TIMESTAMP COMMENT 'timestamp of last update',
  PRIMARY KEY (`id`)
) ENGINE=InnoDB AUTO_INCREMENT=42 DEFAULT CHARSET=utf8mb3 COMMENT='Import Data Table';

--
-- Dumping data for table `importexport_importdata`
--

INSERT INTO `importexport_importdata` VALUES (22,'catalog_product','append','[{\"sku\":\"MH01-XS-Black\",\"store_view_code\":null,\"attribute_set_code\":\"Top\",\"product_type\":\"simple\",\"categories\":\"Default Category\\/Men\\/Tops\\/Hoodies & Sweatshirts,Default Category\\/Collections\\/Eco Friendly,Default Category\",\"product_websites\":\"base\",\"name\":\"Chaz Kangeroo Hoodie-XS-Black\",\"description\":\"<p>Ideal for cold-weather training or work outdoors, the Chaz Hoodie promises superior warmth with every wear. Thick material blocks out the wind as ribbed cuffs and bottom band seal in body heat.<\\/p>\\n<p>&bull; Two-tone gray heather hoodie.<br \\/>&bull; Drawstring-adjustable hood. <br \\/>&bull; Machine wash\\/dry.<\\/p>\",\"short_description\":null,\"weight\":\"1\",\"product_online\":\"1\",\"tax_class_name\":\"Taxable Goods\",\"visibility\":\"Not Visible Individually\",\"price\":\"52\",\"special_price\":null,\"special_price_from_date\":null,\"special_price_to_date\":null,\"url_key\":\"chaz-kangeroo-hoodie-xs-black\",\"meta_title\":null,\"meta_keywords\":null,\"meta_description\":null,\"base_image\":\"\\/m\\/h\\/mh01-black_main.jpg\",\"base_image_label\":null,\"small_image\":\"\\/m\\/h\\/mh01-black_main.jpg\",\"small_image_label\":null,\"thumbnail_image\":\"\\/m\\/h\\/mh01-black_main.jpg\",\"thumbnail_image_label\":null,\"created_at\":null,\"updated_at\":null,\"new_from_date\":null,\"new_to_date\":null,\"display_product_options_in\":null,\"map_price\":null,\"msrp_price\":null,\"map_enabled\":null,\"gift_message_available\":null,\"custom_design\":null,\"custom_design_from\":null,\"custom_design_to\":null,\"custom_layout_update\":null,\"page_layout\":null,\"product_options_container\":null,\"msrp_display_actual_price_type\":null,\"country_of_manufacture\":null,\"additional_attributes\":\"has_options=0,required_options=0,size=XS,color=Black\",\"qty\":\"100\",\"out_of_stock_qty\":\"0\",\"use_config_min_qty\":\"1\",\"is_qty_decimal\":\"0\",\"allow_backorders\":\"0\",\"use_config_backorders\":\"1\",\"min_cart_qty\":\"1\",\"use_config_min_sale_qty\":\"1\",\"max_cart_qty\":\"0\",\"use_config_max_sale_qty\":\"1\",\"is_in_stock\":\"1\",\"notify_on_stock_below\":null,\"use_config_notify_stock_qty\":\"1\",\"manage_stock\":\"0\",\"use_config_manage_stock\":\"1\",\"use_config_qty_increments\":\"1\",\"qty_increments\":\"0\",\"use_config_enable_qty_inc\":\"1\",\"enable_qty_increments\":\"0\",\"is_decimal_divided\":\"0\",\"website_id\":\"1\",\"configurable_variations\":null,\"configurable_variation_prices\":null,\"configurable_variation_labels\":null,\"additional_images\":null,\"image\":\"\\/m\\/h\\/mh01-black_main.jpg\",\"image_label\":null,\"thumbnail\":\"\\/m\\/h\\/mh01-black_main.jpg\",\"thumbnail_label\":null,\"_media_image\":null,\"_store\":null,\"_attribute_set\":\"Top\",\"_product_websites\":\"base\",\"status\":\"1\",\"news_from_date\":null,\"news_to_date\":null,\"options_container\":null,\"minimal_price\":null,\"msrp\":null,\"msrp_enabled\":null,\"special_from_date\":null,\"special_to_date\":null,\"min_qty\":\"0\",\"backorders\":\"0\",\"min_sale_qty\":\"1\",\"max_sale_qty\":\"0\",\"notify_stock_qty\":null,\"meta_keyword\":null,\"has_options\":\"0\",\"required_options\":\"0\",\"size\":\"XS\",\"color\":\"Black\"},{\"sku\":\"MH01-XS-Gray\",\"store_view_code\":null,\"attribute_set_code\":\"Top\",\"product_type\":\"simple\",\"categories\":\"Default Category\\/Men\\/Tops\\/Hoodies & Sweatshirts,Default Category\\/Collections\\/Eco Friendly,Default Category\",\"product_websites\":\"base\",\"name\":\"Chaz Kangeroo Hoodie-XS-Gray\",\"description\":\"<p>Ideal for cold-weather training or work outdoors, the Chaz Hoodie promises superior warmth with every wear. Thick material blocks out the wind as ribbed cuffs and bottom band seal in body heat.<\\/p>\\n<p>&bull; Two-tone gray heather hoodie.<br \\/>&bull; Drawstring-adjustable hood. <br \\/>&bull; Machine wash\\/dry.<\\/p>\",\"short_description\":null,\"weight\":\"1\",\"product_online\":\"1\",\"tax_class_name\":\"Taxable Goods\",\"visibility\":\"Not Visible Individually\",\"price\":\"52\",\"special_price\":null,\"special_price_from_date\":null,\"special_price_to_date\":null,\"url_key\":\"chaz-kangeroo-hoodie-xs-gray\",\"meta_title\":null,\"meta_keywords\":null,\"meta_description\":null,\"base_image\":\"\\/m\\/h\\/mh01-gray_main.jpg\",\"base_image_label\":null,\"small_image\":\"\\/m\\/h\\/mh01-gray_main.jpg\",\"small_image_label\":null,\"thumbnail_image\":\"\\/m\\/h\\/mh01-gray_main.jpg\",\"thumbnail_image_label\":null,\"created_at\":null,\"updated_at\":null,\"new_from_date\":null,\"new_to_date\":null,\"display_product_options_in\":null,\"map_price\":null,\"msrp_price\":null,\"map_enabled\":null,\"gift_message_available\":null,\"custom_design\":null,\"custom_design_from\":null,\"custom_design_to\":null,\"custom_layout_update\":null,\"page_layout\":null,\"product_options_container\":null,\"msrp_display_actual_price_type\":null,\"country_of_manufacture\":null,\"additional_attributes\":\"has_options=0,required_options=0,size=XS,color=Gray\",\"qty\":\"100\",\"out_of_stock_qty\":\"0\",\"use_config_min_qty\":\"1\",\"is_qty_decimal\":\"0\",\"allow_backorders\":\"0\",\"use_config_backorders\":\"1\",\"min_cart_qty\":\"1\",\"use_config_min_sale_qty\":\"1\",\"max_cart_qty\":\"0\",\"use_config_max_sale_qty\":\"1\",\"is_in_stock\":\"1\",\"notify_on_stock_below\":null,\"use_config_notify_stock_qty\":\"1\",\"manage_stock\":\"0\",\"use_config_manage_stock\":\"1\",\"use_config_qty_increments\":\"1\",\"qty_increments\":\"0\",\"use_config_enable_qty_inc\":\"1\",\"enable_qty_increments\":\"0\",\"is_decimal_divided\":\"0\",\"website_id\":\"1\",\"configurable_variations\":null,\"configurable_variation_prices\":null,\"configurable_variation_labels\":null,\"additional_images\":\"\\/m\\/h\\/mh01-gray_alt1.jpg,\\/m\\/h\\/mh01-gray_back.jpg\",\"image\":\"\\/m\\/h\\/mh01-gray_main.jpg\",\"image_label\":null,\"thumbnail\":\"\\/m\\/h\\/mh01-gray_main.jpg\",\"thumbnail_label\":null,\"_media_image\":\"\\/m\\/h\\/mh01-gray_alt1.jpg,\\/m\\/h\\/mh01-gray_back.jpg\",\"_store\":null,\"_attribute_set\":\"Top\",\"_product_websites\":\"base\",\"status\":\"1\",\"news_from_date\":null,\"news_to_date\":null,\"options_container\":null,\"minimal_price\":null,\"msrp\":null,\"msrp_enabled\":null,\"special_from_date\":null,\"special_to_date\":null,\"min_qty\":\"0\",\"backorders\":\"0\",\"min_sale_qty\":\"1\",\"max_sale_qty\":\"0\",\"notify_stock_qty\":null,\"meta_keyword\":null,\"has_options\":\"0\",\"required_options\":\"0\",\"size\":\"XS\",\"color\":\"Gray\"},{\"sku\":\"MH01-XS-Orange\",\"store_view_code\":null,\"attribute_set_code\":\"Top\",\"product_type\":\"simple\",\"categories\":\"Default Category\\/Men\\/Tops\\/Hoodies & Sweatshirts,Default Category\\/Collections\\/Eco Friendly,Default Category\",\"product_websites\":\"base\",\"name\":\"Chaz Kangeroo Hoodie-XS-Orange\",\"description\":\"<p>Ideal for cold-weather training or work outdoors, the Chaz Hoodie promises superior warmth with every wear. Thick material blocks out the wind as ribbed cuffs and bottom band seal in body heat.<\\/p>\\n<p>&bull; Two-tone gray heather hoodie.<br \\/>&bull; Drawstring-adjustable hood. <br \\/>&bull; Machine wash\\/dry.<\\/p>\",\"short_description\":null,\"weight\":\"1\",\"product_online\":\"1\",\"tax_class_name\":\"Taxable Goods\",\"visibility\":\"Not Visible Individually\",\"price\":\"52\",\"special_price\":null,\"special_price_from_date\":null,\"special_price_to_date\":null,\"url_key\":\"chaz-kangeroo-hoodie-xs-orange\",\"meta_title\":null,\"meta_keywords\":null,\"meta_description\":null,\"base_image\":\"\\/m\\/h\\/mh01-orange_main.jpg\",\"base_image_label\":null,\"small_image\":\"\\/m\\/h\\/mh01-orange_main.jpg\",\"small_image_label\":null,\"thumbnail_image\":\"\\/m\\/h\\/mh01-orange_main.jpg\",\"thumbnail_image_label\":null,\"created_at\":null,\"updated_at\":null,\"new_from_date\":null,\"new_to_date\":null,\"display_product_options_in\":null,\"map_price\":null,\"msrp_price\":null,\"map_enabled\":null,\"gift_message_available\":null,\"custom_design\":null,\"custom_design_from\":null,\"custom_design_to\":null,\"custom_layout_update\":null,\"page_layout\":null,\"product_options_container\":null,\"msrp_display_actual_price_type\":null,\"country_of_manufacture\":null,\"additional_attributes\":\"has_options=0,required_options=0,size=XS,color=Orange\",\"qty\":\"100\",\"out_of_stock_qty\":\"0\",\"use_config_min_qty\":\"1\",\"is_qty_decimal\":\"0\",\"allow_backorders\":\"0\",\"use_config_backorders\":\"1\",\"min_cart_qty\":\"1\",\"use_config_min_sale_qty\":\"1\",\"max_cart_qty\":\"0\",\"use_config_max_sale_qty\":\"1\",\"is_in_stock\":\"1\",\"notify_on_stock_below\":null,\"use_config_notify_stock_qty\":\"1\",\"manage_stock\":\"0\",\"use_config_manage_stock\":\"1\",\"use_config_qty_increments\":\"1\",\"qty_increments\":\"0\",\"use_config_enable_qty_inc\":\"1\",\"enable_qty_increments\":\"0\",\"is_decimal_divided\":\"0\",\"website_id\":\"1\",\"configurable_variations\":null,\"configurable_variation_prices\":null,\"configurable_variation_labels\":null,\"additional_images\":null,\"image\":\"\\/m\\/h\\/mh01-orange_main.jpg\",\"image_label\":null,\"thumbnail\":\"\\/m\\/h\\/mh01-orange_main.jpg\",\"thumbnail_label\":null,\"_media_image\":null,\"_store\":null,\"_attribute_set\":\"Top\",\"_product_websites\":\"base\",\"status\":\"1\",\"news_from_date\":null,\"news_to_date\":null,\"options_container\":null,\"minimal_price\":null,\"msrp\":null,\"msrp_enabled\":null,\"special_from_date\":null,\"special_to_date\":null,\"min_qty\":\"0\",\"backorders\":\"0\",\"min_sale_qty\":\"1\",\"max_sale_qty\":\"0\",\"notify_stock_qty\":null,\"meta_keyword\":null,\"has_options\":\"0\",\"required_options\":\"0\",\"size\":\"XS\",\"color\":\"Orange\"},{\"sku\":\"MH01-S-Black\",\"store_view_code\":null,\"attribute_set_code\":\"Top\",\"product_type\":\"simple\",\"categories\":\"Default Category\\/Men\\/Tops\\/Hoodies & Sweatshirts,Default Category\\/Collections\\/Eco Friendly,Default Category\",\"product_websites\":\"base\",\"name\":\"Chaz Kangeroo Hoodie-S-Black\",\"description\":\"<p>Ideal for cold-weather training or work outdoors, the Chaz Hoodie promises superior warmth with every wear. Thick material blocks out the wind as ribbed cuffs and bottom band seal in body heat.<\\/p>\\n<p>&bull; Two-tone gray heather hoodie.<br \\/>&bull; Drawstring-adjustable hood. <br \\/>&bull; Machine wash\\/dry.<\\/p>\",\"short_description\":null,\"weight\":\"1\",\"product_online\":\"1\",\"tax_class_name\":\"Taxable Goods\",\"visibility\":\"Not Visible Individually\",\"price\":\"52\",\"special_price\":null,\"special_price_from_date\":null,\"special_price_to_date\":null,\"url_key\":\"chaz-kangeroo-hoodie-s-black\",\"meta_title\":null,\"meta_keywords\":null,\"meta_description\":null,\"base_image\":\"\\/m\\/h\\/mh01-black_main.jpg\",\"base_image_label\":null,\"small_image\":\"\\/m\\/h\\/mh01-black_main.jpg\",\"small_image_label\":null,\"thumbnail_image\":\"\\/m\\/h\\/mh01-black_main.jpg\",\"thumbnail_image_label\":null,\"created_at\":null,\"updated_at\":null,\"new_from_date\":null,\"new_to_date\":null,\"display_product_options_in\":null,\"map_price\":null,\"msrp_price\":null,\"map_enabled\":null,\"gift_message_available\":null,\"custom_design\":null,\"custom_design_from\":null,\"custom_design_to\":null,\"custom_layout_update\":null,\"page_layout\":null,\"product_options_container\":null,\"msrp_display_actual_price_type\":null,\"country_of_manufacture\":null,\"additional_attributes\":\"has_options=0,required_options=0,size=S,color=Black\",\"qty\":\"100\",\"out_of_stock_qty\":\"0\",\"use_config_min_qty\":\"1\",\"is_qty_decimal\":\"0\",\"allow_backorders\":\"0\",\"use_config_backorders\":\"1\",\"min_cart_qty\":\"1\",\"use_config_min_sale_qty\":\"1\",\"max_cart_qty\":\"0\",\"use_config_max_sale_qty\":\"1\",\"is_in_stock\":\"1\",\"notify_on_stock_below\":null,\"use_config_notify_stock_qty\":\"1\",\"manage_stock\":\"0\",\"use_config_manage_stock\":\"1\",\"use_config_qty_increments\":\"1\",\"qty_increments\":\"0\",\"use_config_enable_qty_inc\":\"1\",\"enable_qty_increments\":\"0\",\"is_decimal_divided\":\"0\",\"website_id\":\"1\",\"configurable_variations\":null,\"configurable_variation_prices\":null,\"configurable_variation_labels\":null,\"additional_images\":null,\"image\":\"\\/m\\/h\\/mh01-black_main.jpg\",\"image_label\":null,\"thumbnail\":\"\\/m\\/h\\/mh01-black_main.jpg\",\"thumbnail_label\":null,\"_media_image\":null,\"_store\":null,\"_attribute_set\":\"Top\",\"_product_websites\":\"base\",\"status\":\"1\",\"news_from_date\":null,\"news_to_date\":null,\"options_container\":null,\"minimal_price\":null,\"msrp\":null,\"msrp_enabled\":null,\"special_from_date\":null,\"special_to_date\":null,\"min_qty\":\"0\",\"backorders\":\"0\",\"min_sale_qty\":\"1\",\"max_sale_qty\":\"0\",\"notify_stock_qty\":null,\"meta_keyword\":null,\"has_options\":\"0\",\"required_options\":\"0\",\"size\":\"S\",\"color\":\"Black\"},{\"sku\":\"MH01-S-Gray\",\"store_view_code\":null,\"attribute_set_code\":\"Top\",\"product_type\":\"simple\",\"categories\":\"Default Category\\/Men\\/Tops\\/Hoodies & Sweatshirts,Default Category\\/Collections\\/Eco Friendly,Default Category\",\"product_websites\":\"base\",\"name\":\"Chaz Kangeroo Hoodie-S-Gray\",\"description\":\"<p>Ideal for cold-weather training or work outdoors, the Chaz Hoodie promises superior warmth with every wear. Thick material blocks out the wind as ribbed cuffs and bottom band seal in body heat.<\\/p>\\n<p>&bull; Two-tone gray heather hoodie.<br \\/>&bull; Drawstring-adjustable hood. <br \\/>&bull; Machine wash\\/dry.<\\/p>\",\"short_description\":null,\"weight\":\"1\",\"product_online\":\"1\",\"tax_class_name\":\"Taxable Goods\",\"visibility\":\"Not Visible Individually\",\"price\":\"52\",\"special_price\":null,\"special_price_from_date\":null,\"special_price_to_date\":null,\"url_key\":\"chaz-kangeroo-hoodie-s-gray\",\"meta_title\":null,\"meta_keywords\":null,\"meta_description\":null,\"base_image\":\"\\/m\\/h\\/mh01-gray_main.jpg\",\"base_image_label\":null,\"small_image\":\"\\/m\\/h\\/mh01-gray_main.jpg\",\"small_image_label\":null,\"thumbnail_image\":\"\\/m\\/h\\/mh01-gray_main.jpg\",\"thumbnail_image_label\":null,\"created_at\":null,\"updated_at\":null,\"new_from_date\":null,\"new_to_date\":null,\"display_product_options_in\":null,\"map_price\":null,\"msrp_price\":null,\"map_enabled\":null,\"gift_message_available\":null,\"custom_design\":null,\"custom_design_from\":null,\"custom_design_to\":null,\"custom_layout_update\":null,\"page_layout\":null,\"product_options_container\":null,\"msrp_display_actual_price_type\":null,\"country_of_manufacture\":null,\"additional_attributes\":\"has_options=0,required_options=0,size=S,color=Gray\",\"qty\":\"100\",\"out_of_stock_qty\":\"0\",\"use_config_min_qty\":\"1\",\"is_qty_decimal\":\"0\",\"allow_backorders\":\"0\",\"use_config_backorders\":\"1\",\"min_cart_qty\":\"1\",\"use_config_min_sale_qty\":\"1\",\"max_cart_qty\":\"0\",\"use_config_max_sale_qty\":\"1\",\"is_in_stock\":\"1\",\"notify_on_stock_below\":null,\"use_config_notify_stock_qty\":\"1\",\"manage_stock\":\"0\",\"use_config_manage_stock\":\"1\",\"use_config_qty_increments\":\"1\",\"qty_increments\":\"0\",\"use_config_enable_qty_inc\":\"1\",\"enable_qty_increments\":\"0\",\"is_decimal_divided\":\"0\",\"website_id\":\"1\",\"configurable_variations\":null,\"configurable_variation_prices\":null,\"configurable_variation_labels\":null,\"additional_images\":\"\\/m\\/h\\/mh01-gray_alt1.jpg,\\/m\\/h\\/mh01-gray_back.jpg\",\"image\":\"\\/m\\/h\\/mh01-gray_main.jpg\",\"image_label\":null,\"thumbnail\":\"\\/m\\/h\\/mh01-gray_main.jpg\",\"thumbnail_label\":null,\"_media_image\":\"\\/m\\/h\\/mh01-gray_alt1.jpg,\\/m\\/h\\/mh01-gray_back.jpg\",\"_store\":null,\"_attribute_set\":\"Top\",\"_product_websites\":\"base\",\"status\":\"1\",\"news_from_date\":null,\"news_to_date\":null,\"options_container\":null,\"minimal_price\":null,\"msrp\":null,\"msrp_enabled\":null,\"special_from_date\":null,\"special_to_date\":null,\"min_qty\":\"0\",\"backorders\":\"0\",\"min_sale_qty\":\"1\",\"max_sale_qty\":\"0\",\"notify_stock_qty\":null,\"meta_keyword\":null,\"has_options\":\"0\",\"required_options\":\"0\",\"size\":\"S\",\"color\":\"Gray\"},{\"sku\":\"MH01-S-Orange\",\"store_view_code\":null,\"attribute_set_code\":\"Top\",\"product_type\":\"simple\",\"categories\":\"Default Category\\/Men\\/Tops\\/Hoodies & Sweatshirts,Default Category\\/Collections\\/Eco Friendly,Default Category\",\"product_websites\":\"base\",\"name\":\"Chaz Kangeroo Hoodie-S-Orange\",\"description\":\"<p>Ideal for cold-weather training or work outdoors, the Chaz Hoodie promises superior warmth with every wear. Thick material blocks out the wind as ribbed cuffs and bottom band seal in body heat.<\\/p>\\n<p>&bull; Two-tone gray heather hoodie.<br \\/>&bull; Drawstring-adjustable hood. <br \\/>&bull; Machine wash\\/dry.<\\/p>\",\"short_description\":null,\"weight\":\"1\",\"product_online\":\"1\",\"tax_class_name\":\"Taxable Goods\",\"visibility\":\"Not Visible Individually\",\"price\":\"52\",\"special_price\":null,\"special_price_from_date\":null,\"special_price_to_date\":null,\"url_key\":\"chaz-kangeroo-hoodie-s-orange\",\"meta_title\":null,\"meta_keywords\":null,\"meta_description\":null,\"base_image\":\"\\/m\\/h\\/mh01-orange_main.jpg\",\"base_image_label\":null,\"small_image\":\"\\/m\\/h\\/mh01-orange_main.jpg\",\"small_image_label\":null,\"thumbnail_image\":\"\\/m\\/h\\/mh01-orange_main.jpg\",\"thumbnail_image_label\":null,\"created_at\":null,\"updated_at\":null,\"new_from_date\":null,\"new_to_date\":null,\"display_product_options_in\":null,\"map_price\":null,\"msrp_price\":null,\"map_enabled\":null,\"gift_message_available\":null,\"custom_design\":null,\"custom_design_from\":null,\"custom_design_to\":null,\"custom_layout_update\":null,\"page_layout\":null,\"product_options_container\":null,\"msrp_display_actual_price_type\":null,\"country_of_manufacture\":null,\"additional_attributes\":\"has_options=0,required_options=0,size=S,color=Orange\",\"qty\":\"100\",\"out_of_stock_qty\":\"0\",\"use_config_min_qty\":\"1\",\"is_qty_decimal\":\"0\",\"allow_backorders\":\"0\",\"use_config_backorders\":\"1\",\"min_cart_qty\":\"1\",\"use_config_min_sale_qty\":\"1\",\"max_cart_qty\":\"0\",\"use_config_max_sale_qty\":\"1\",\"is_in_stock\":\"1\",\"notify_on_stock_below\":null,\"use_config_notify_stock_qty\":\"1\",\"manage_stock\":\"0\",\"use_config_manage_stock\":\"1\",\"use_config_qty_increments\":\"1\",\"qty_increments\":\"0\",\"use_config_enable_qty_inc\":\"1\",\"enable_qty_increments\":\"0\",\"is_decimal_divided\":\"0\",\"website_id\":\"1\",\"configurable_variations\":null,\"configurable_variation_prices\":null,\"configurable_variation_labels\":null,\"additional_images\":null,\"image\":\"\\/m\\/h\\/mh01-orange_main.jpg\",\"image_label\":null,\"thumbnail\":\"\\/m\\/h\\/mh01-orange_main.jpg\",\"thumbnail_label\":null,\"_media_image\":null,\"_store\":null,\"_attribute_set\":\"Top\",\"_product_websites\":\"base\",\"status\":\"1\",\"news_from_date\":null,\"news_to_date\":null,\"options_container\":null,\"minimal_price\":null,\"msrp\":null,\"msrp_enabled\":null,\"special_from_date\":null,\"special_to_date\":null,\"min_qty\":\"0\",\"backorders\":\"0\",\"min_sale_qty\":\"1\",\"max_sale_qty\":\"0\",\"notify_stock_qty\":null,\"meta_keyword\":null,\"has_options\":\"0\",\"required_options\":\"0\",\"size\":\"S\",\"color\":\"Orange\"},{\"sku\":\"MH01-M-Black\",\"store_view_code\":null,\"attribute_set_code\":\"Top\",\"product_type\":\"simple\",\"categories\":\"Default Category\\/Men\\/Tops\\/Hoodies & Sweatshirts,Default Category\\/Collections\\/Eco Friendly,Default Category\",\"product_websites\":\"base\",\"name\":\"Chaz Kangeroo Hoodie-M-Black\",\"description\":\"<p>Ideal for cold-weather training or work outdoors, the Chaz Hoodie promises superior warmth with every wear. Thick material blocks out the wind as ribbed cuffs and bottom band seal in body heat.<\\/p>\\n<p>&bull; Two-tone gray heather hoodie.<br \\/>&bull; Drawstring-adjustable hood. <br \\/>&bull; Machine wash\\/dry.<\\/p>\",\"short_description\":null,\"weight\":\"1\",\"product_online\":\"1\",\"tax_class_name\":\"Taxable Goods\",\"visibility\":\"Not Visible Individually\",\"price\":\"52\",\"special_price\":null,\"special_price_from_date\":null,\"special_price_to_date\":null,\"url_key\":\"chaz-kangeroo-hoodie-m-black\",\"meta_title\":null,\"meta_keywords\":null,\"meta_description\":null,\"base_image\":\"\\/m\\/h\\/mh01-black_main.jpg\",\"base_image_label\":null,\"small_image\":\"\\/m\\/h\\/mh01-black_main.jpg\",\"small_image_label\":null,\"thumbnail_image\":\"\\/m\\/h\\/mh01-black_main.jpg\",\"thumbnail_image_label\":null,\"created_at\":null,\"updated_at\":null,\"new_from_date\":null,\"new_to_date\":null,\"display_product_options_in\":null,\"map_price\":null,\"msrp_price\":null,\"map_enabled\":null,\"gift_message_available\":null,\"custom_design\":null,\"custom_design_from\":null,\"custom_design_to\":null,\"custom_layout_update\":null,\"page_layout\":null,\"product_options_container\":null,\"msrp_display_actual_price_type\":null,\"country_of_manufacture\":null,\"additional_attributes\":\"has_options=0,required_options=0,size=M,color=Black\",\"qty\":\"100\",\"out_of_stock_qty\":\"0\",\"use_config_min_qty\":\"1\",\"is_qty_decimal\":\"0\",\"allow_backorders\":\"0\",\"use_config_backorders\":\"1\",\"min_cart_qty\":\"1\",\"use_config_min_sale_qty\":\"1\",\"max_cart_qty\":\"0\",\"use_config_max_sale_qty\":\"1\",\"is_in_stock\":\"1\",\"notify_on_stock_below\":null,\"use_config_notify_stock_qty\":\"1\",\"manage_stock\":\"0\",\"use_config_manage_stock\":\"1\",\"use_config_qty_increments\":\"1\",\"qty_increments\":\"0\",\"use_config_enable_qty_inc\":\"1\",\"enable_qty_increments\":\"0\",\"is_decimal_divided\":\"0\",\"website_id\":\"1\",\"configurable_variations\":null,\"configurable_variation_prices\":null,\"configurable_variation_labels\":null,\"additional_images\":null,\"image\":\"\\/m\\/h\\/mh01-black_main.jpg\",\"image_label\":null,\"thumbnail\":\"\\/m\\/h\\/mh01-black_main.jpg\",\"thumbnail_label\":null,\"_media_image\":null,\"_store\":null,\"_attribute_set\":\"Top\",\"_product_websites\":\"base\",\"status\":\"1\",\"news_from_date\":null,\"news_to_date\":null,\"options_container\":null,\"minimal_price\":null,\"msrp\":null,\"msrp_enabled\":null,\"special_from_date\":null,\"special_to_date\":null,\"min_qty\":\"0\",\"backorders\":\"0\",\"min_sale_qty\":\"1\",\"max_sale_qty\":\"0\",\"notify_stock_qty\":null,\"meta_keyword\":null,\"has_options\":\"0\",\"required_options\":\"0\",\"size\":\"M\",\"color\":\"Black\"},{\"sku\":\"MH01-M-Gray\",\"store_view_code\":null,\"attribute_set_code\":\"Top\",\"product_type\":\"simple\",\"categories\":\"Default Category\\/Men\\/Tops\\/Hoodies & Sweatshirts,Default Category\\/Collections\\/Eco Friendly,Default Category\",\"product_websites\":\"base\",\"name\":\"Chaz Kangeroo Hoodie-M-Gray\",\"description\":\"<p>Ideal for cold-weather training or work outdoors, the Chaz Hoodie promises superior warmth with every wear. Thick material blocks out the wind as ribbed cuffs and bottom band seal in body heat.<\\/p>\\n<p>&bull; Two-tone gray heather hoodie.<br \\/>&bull; Drawstring-adjustable hood. <br \\/>&bull; Machine wash\\/dry.<\\/p>\",\"short_description\":null,\"weight\":\"1\",\"product_online\":\"1\",\"tax_class_name\":\"Taxable Goods\",\"visibility\":\"Not Visible Individually\",\"price\":\"52\",\"special_price\":null,\"special_price_from_date\":null,\"special_price_to_date\":null,\"url_key\":\"chaz-kangeroo-hoodie-m-gray\",\"meta_title\":null,\"meta_keywords\":null,\"meta_description\":null,\"base_image\":\"\\/m\\/h\\/mh01-gray_main.jpg\",\"base_image_label\":null,\"small_image\":\"\\/m\\/h\\/mh01-gray_main.jpg\",\"small_image_label\":null,\"thumbnail_image\":\"\\/m\\/h\\/mh01-gray_main.jpg\",\"thumbnail_image_label\":null,\"created_at\":null,\"updated_at\":null,\"new_from_date\":null,\"new_to_date\":null,\"display_product_options_in\":null,\"map_price\":null,\"msrp_price\":null,\"map_enabled\":null,\"gift_message_available\":null,\"custom_design\":null,\"custom_design_from\":null,\"custom_design_to\":null,\"custom_layout_update\":null,\"page_layout\":null,\"product_options_container\":null,\"msrp_display_actual_price_type\":null,\"country_of_manufacture\":null,\"additional_attributes\":\"has_options=0,required_options=0,size=M,color=Gray\",\"qty\":\"100\",\"out_of_stock_qty\":\"0\",\"use_config_min_qty\":\"1\",\"is_qty_decimal\":\"0\",\"allow_backorders\":\"0\",\"use_config_backorders\":\"1\",\"min_cart_qty\":\"1\",\"use_config_min_sale_qty\":\"1\",\"max_cart_qty\":\"0\",\"use_config_max_sale_qty\":\"1\",\"is_in_stock\":\"1\",\"notify_on_stock_below\":null,\"use_config_notify_stock_qty\":\"1\",\"manage_stock\":\"0\",\"use_config_manage_stock\":\"1\",\"use_config_qty_increments\":\"1\",\"qty_increments\":\"0\",\"use_config_enable_qty_inc\":\"1\",\"enable_qty_increments\":\"0\",\"is_decimal_divided\":\"0\",\"website_id\":\"1\",\"configurable_variations\":null,\"configurable_variation_prices\":null,\"configurable_variation_labels\":null,\"additional_images\":\"\\/m\\/h\\/mh01-gray_alt1.jpg,\\/m\\/h\\/mh01-gray_back.jpg\",\"image\":\"\\/m\\/h\\/mh01-gray_main.jpg\",\"image_label\":null,\"thumbnail\":\"\\/m\\/h\\/mh01-gray_main.jpg\",\"thumbnail_label\":null,\"_media_image\":\"\\/m\\/h\\/mh01-gray_alt1.jpg,\\/m\\/h\\/mh01-gray_back.jpg\",\"_store\":null,\"_attribute_set\":\"Top\",\"_product_websites\":\"base\",\"status\":\"1\",\"news_from_date\":null,\"news_to_date\":null,\"options_container\":null,\"minimal_price\":null,\"msrp\":null,\"msrp_enabled\":null,\"special_from_date\":null,\"special_to_date\":null,\"min_qty\":\"0\",\"backorders\":\"0\",\"min_sale_qty\":\"1\",\"max_sale_qty\":\"0\",\"notify_stock_qty\":null,\"meta_keyword\":null,\"has_options\":\"0\",\"required_options\":\"0\",\"size\":\"M\",\"color\":\"Gray\"},{\"sku\":\"MH01-M-Orange\",\"store_view_code\":null,\"attribute_set_code\":\"Top\",\"product_type\":\"simple\",\"categories\":\"Default Category\\/Men\\/Tops\\/Hoodies & Sweatshirts,Default Category\\/Collections\\/Eco Friendly,Default Category\",\"product_websites\":\"base\",\"name\":\"Chaz Kangeroo Hoodie-M-Orange\",\"description\":\"<p>Ideal for cold-weather training or work outdoors, the Chaz Hoodie promises superior warmth with every wear. Thick material blocks out the wind as ribbed cuffs and bottom band seal in body heat.<\\/p>\\n<p>&bull; Two-tone gray heather hoodie.<br \\/>&bull; Drawstring-adjustable hood. <br \\/>&bull; Machine wash\\/dry.<\\/p>\",\"short_description\":null,\"weight\":\"1\",\"product_online\":\"1\",\"tax_class_name\":\"Taxable Goods\",\"visibility\":\"Not Visible Individually\",\"price\":\"52\",\"special_price\":null,\"special_price_from_date\":null,\"special_price_to_date\":null,\"url_key\":\"chaz-kangeroo-hoodie-m-orange\",\"meta_title\":null,\"meta_keywords\":null,\"meta_description\":null,\"base_image\":\"\\/m\\/h\\/mh01-orange_main.jpg\",\"base_image_label\":null,\"small_image\":\"\\/m\\/h\\/mh01-orange_main.jpg\",\"small_image_label\":null,\"thumbnail_image\":\"\\/m\\/h\\/mh01-orange_main.jpg\",\"thumbnail_image_label\":null,\"created_at\":null,\"updated_at\":null,\"new_from_date\":null,\"new_to_date\":null,\"display_product_options_in\":null,\"map_price\":null,\"msrp_price\":null,\"map_enabled\":null,\"gift_message_available\":null,\"custom_design\":null,\"custom_design_from\":null,\"custom_design_to\":null,\"custom_layout_update\":null,\"page_layout\":null,\"product_options_container\":null,\"msrp_display_actual_price_type\":null,\"country_of_manufacture\":null,\"additional_attributes\":\"has_options=0,required_options=0,size=M,color=Orange\",\"qty\":\"100\",\"out_of_stock_qty\":\"0\",\"use_config_min_qty\":\"1\",\"is_qty_decimal\":\"0\",\"allow_backorders\":\"0\",\"use_config_backorders\":\"1\",\"min_cart_qty\":\"1\",\"use_config_min_sale_qty\":\"1\",\"max_cart_qty\":\"0\",\"use_config_max_sale_qty\":\"1\",\"is_in_stock\":\"1\",\"notify_on_stock_below\":null,\"use_config_notify_stock_qty\":\"1\",\"manage_stock\":\"0\",\"use_config_manage_stock\":\"1\",\"use_config_qty_increments\":\"1\",\"qty_increments\":\"0\",\"use_config_enable_qty_inc\":\"1\",\"enable_qty_increments\":\"0\",\"is_decimal_divided\":\"0\",\"website_id\":\"1\",\"configurable_variations\":null,\"configurable_variation_prices\":null,\"configurable_variation_labels\":null,\"additional_images\":null,\"image\":\"\\/m\\/h\\/mh01-orange_main.jpg\",\"image_label\":null,\"thumbnail\":\"\\/m\\/h\\/mh01-orange_main.jpg\",\"thumbnail_label\":null,\"_media_image\":null,\"_store\":null,\"_attribute_set\":\"Top\",\"_product_websites\":\"base\",\"status\":\"1\",\"news_from_date\":null,\"news_to_date\":null,\"options_container\":null,\"minimal_price\":null,\"msrp\":null,\"msrp_enabled\":null,\"special_from_date\":null,\"special_to_date\":null,\"min_qty\":\"0\",\"backorders\":\"0\",\"min_sale_qty\":\"1\",\"max_sale_qty\":\"0\",\"notify_stock_qty\":null,\"meta_keyword\":null,\"has_options\":\"0\",\"required_options\":\"0\",\"size\":\"M\",\"color\":\"Orange\"},{\"sku\":\"MH01-L-Black\",\"store_view_code\":null,\"attribute_set_code\":\"Top\",\"product_type\":\"simple\",\"categories\":\"Default Category\\/Men\\/Tops\\/Hoodies & Sweatshirts,Default Category\\/Collections\\/Eco Friendly,Default Category\",\"product_websites\":\"base\",\"name\":\"Chaz Kangeroo Hoodie-L-Black\",\"description\":\"<p>Ideal for cold-weather training or work outdoors, the Chaz Hoodie promises superior warmth with every wear. Thick material blocks out the wind as ribbed cuffs and bottom band seal in body heat.<\\/p>\\n<p>&bull; Two-tone gray heather hoodie.<br \\/>&bull; Drawstring-adjustable hood. <br \\/>&bull; Machine wash\\/dry.<\\/p>\",\"short_description\":null,\"weight\":\"1\",\"product_online\":\"1\",\"tax_class_name\":\"Taxable Goods\",\"visibility\":\"Not Visible Individually\",\"price\":\"52\",\"special_price\":null,\"special_price_from_date\":null,\"special_price_to_date\":null,\"url_key\":\"chaz-kangeroo-hoodie-l-black\",\"meta_title\":null,\"meta_keywords\":null,\"meta_description\":null,\"base_image\":\"\\/m\\/h\\/mh01-black_main.jpg\",\"base_image_label\":null,\"small_image\":\"\\/m\\/h\\/mh01-black_main.jpg\",\"small_image_label\":null,\"thumbnail_image\":\"\\/m\\/h\\/mh01-black_main.jpg\",\"thumbnail_image_label\":null,\"created_at\":null,\"updated_at\":null,\"new_from_date\":null,\"new_to_date\":null,\"display_product_options_in\":null,\"map_price\":null,\"msrp_price\":null,\"map_enabled\":null,\"gift_message_available\":null,\"custom_design\":null,\"custom_design_from\":null,\"custom_design_to\":null,\"custom_layout_update\":null,\"page_layout\":null,\"product_options_container\":null,\"msrp_display_actual_price_type\":null,\"country_of_manufacture\":null,\"additional_attributes\":\"has_options=0,required_options=0,size=L,color=Black\",\"qty\":\"100\",\"out_of_stock_qty\":\"0\",\"use_config_min_qty\":\"1\",\"is_qty_decimal\":\"0\",\"allow_backorders\":\"0\",\"use_config_backorders\":\"1\",\"min_cart_qty\":\"1\",\"use_config_min_sale_qty\":\"1\",\"max_cart_qty\":\"0\",\"use_config_max_sale_qty\":\"1\",\"is_in_stock\":\"1\",\"notify_on_stock_below\":null,\"use_config_notify_stock_qty\":\"1\",\"manage_stock\":\"0\",\"use_config_manage_stock\":\"1\",\"use_config_qty_increments\":\"1\",\"qty_increments\":\"0\",\"use_config_enable_qty_inc\":\"1\",\"enable_qty_increments\":\"0\",\"is_decimal_divided\":\"0\",\"website_id\":\"1\",\"configurable_variations\":null,\"configurable_variation_prices\":null,\"configurable_variation_labels\":null,\"additional_images\":null,\"image\":\"\\/m\\/h\\/mh01-black_main.jpg\",\"image_label\":null,\"thumbnail\":\"\\/m\\/h\\/mh01-black_main.jpg\",\"thumbnail_label\":null,\"_media_image\":null,\"_store\":null,\"_attribute_set\":\"Top\",\"_product_websites\":\"base\",\"status\":\"1\",\"news_from_date\":null,\"news_to_date\":null,\"options_container\":null,\"minimal_price\":null,\"msrp\":null,\"msrp_enabled\":null,\"special_from_date\":null,\"special_to_date\":null,\"min_qty\":\"0\",\"backorders\":\"0\",\"min_sale_qty\":\"1\",\"max_sale_qty\":\"0\",\"notify_stock_qty\":null,\"meta_keyword\":null,\"has_options\":\"0\",\"required_options\":\"0\",\"size\":\"L\",\"color\":\"Black\"},{\"sku\":\"MH01-L-Gray\",\"store_view_code\":null,\"attribute_set_code\":\"Top\",\"product_type\":\"simple\",\"categories\":\"Default Category\\/Men\\/Tops\\/Hoodies & Sweatshirts,Default Category\\/Collections\\/Eco Friendly,Default Category\",\"product_websites\":\"base\",\"name\":\"Chaz Kangeroo Hoodie-L-Gray\",\"description\":\"<p>Ideal for cold-weather training or work outdoors, the Chaz Hoodie promises superior warmth with every wear. Thick material blocks out the wind as ribbed cuffs and bottom band seal in body heat.<\\/p>\\n<p>&bull; Two-tone gray heather hoodie.<br \\/>&bull; Drawstring-adjustable hood. <br \\/>&bull; Machine wash\\/dry.<\\/p>\",\"short_description\":null,\"weight\":\"1\",\"product_online\":\"1\",\"tax_class_name\":\"Taxable Goods\",\"visibility\":\"Not Visible Individually\",\"price\":\"52\",\"special_price\":null,\"special_price_from_date\":null,\"special_price_to_date\":null,\"url_key\":\"chaz-kangeroo-hoodie-l-gray\",\"meta_title\":null,\"meta_keywords\":null,\"meta_description\":null,\"base_image\":\"\\/m\\/h\\/mh01-gray_main.jpg\",\"base_image_label\":null,\"small_image\":\"\\/m\\/h\\/mh01-gray_main.jpg\",\"small_image_label\":null,\"thumbnail_image\":\"\\/m\\/h\\/mh01-gray_main.jpg\",\"thumbnail_image_label\":null,\"created_at\":null,\"updated_at\":null,\"new_from_date\":null,\"new_to_date\":null,\"display_product_options_in\":null,\"map_price\":null,\"msrp_price\":null,\"map_enabled\":null,\"gift_message_available\":null,\"custom_design\":null,\"custom_design_from\":null,\"custom_design_to\":null,\"custom_layout_update\":null,\"page_layout\":null,\"product_options_container\":null,\"msrp_display_actual_price_type\":null,\"country_of_manufacture\":null,\"additional_attributes\":\"has_options=0,required_options=0,size=L,color=Gray\",\"qty\":\"100\",\"out_of_stock_qty\":\"0\",\"use_config_min_qty\":\"1\",\"is_qty_decimal\":\"0\",\"allow_backorders\":\"0\",\"use_config_backorders\":\"1\",\"min_cart_qty\":\"1\",\"use_config_min_sale_qty\":\"1\",\"max_cart_qty\":\"0\",\"use_config_max_sale_qty\":\"1\",\"is_in_stock\":\"1\",\"notify_on_stock_below\":null,\"use_config_notify_stock_qty\":\"1\",\"manage_stock\":\"0\",\"use_config_manage_stock\":\"1\",\"use_config_qty_increments\":\"1\",\"qty_increments\":\"0\",\"use_config_enable_qty_inc\":\"1\",\"enable_qty_increments\":\"0\",\"is_decimal_divided\":\"0\",\"website_id\":\"1\",\"configurable_variations\":null,\"configurable_variation_prices\":null,\"configurable_variation_labels\":null,\"additional_images\":\"\\/m\\/h\\/mh01-gray_alt1.jpg,\\/m\\/h\\/mh01-gray_back.jpg\",\"image\":\"\\/m\\/h\\/mh01-gray_main.jpg\",\"image_label\":null,\"thumbnail\":\"\\/m\\/h\\/mh01-gray_main.jpg\",\"thumbnail_label\":null,\"_media_image\":\"\\/m\\/h\\/mh01-gray_alt1.jpg,\\/m\\/h\\/mh01-gray_back.jpg\",\"_store\":null,\"_attribute_set\":\"Top\",\"_product_websites\":\"base\",\"status\":\"1\",\"news_from_date\":null,\"news_to_date\":null,\"options_container\":null,\"minimal_price\":null,\"msrp\":null,\"msrp_enabled\":null,\"special_from_date\":null,\"special_to_date\":null,\"min_qty\":\"0\",\"backorders\":\"0\",\"min_sale_qty\":\"1\",\"max_sale_qty\":\"0\",\"notify_stock_qty\":null,\"meta_keyword\":null,\"has_options\":\"0\",\"required_options\":\"0\",\"size\":\"L\",\"color\":\"Gray\"},{\"sku\":\"MH01-L-Orange\",\"store_view_code\":null,\"attribute_set_code\":\"Top\",\"product_type\":\"simple\",\"categories\":\"Default Category\\/Men\\/Tops\\/Hoodies & Sweatshirts,Default Category\\/Collections\\/Eco Friendly,Default Category\",\"product_websites\":\"base\",\"name\":\"Chaz Kangeroo Hoodie-L-Orange\",\"description\":\"<p>Ideal for cold-weather training or work outdoors, the Chaz Hoodie promises superior warmth with every wear. Thick material blocks out the wind as ribbed cuffs and bottom band seal in body heat.<\\/p>\\n<p>&bull; Two-tone gray heather hoodie.<br \\/>&bull; Drawstring-adjustable hood. <br \\/>&bull; Machine wash\\/dry.<\\/p>\",\"short_description\":null,\"weight\":\"1\",\"product_online\":\"1\",\"tax_class_name\":\"Taxable Goods\",\"visibility\":\"Not Visible Individually\",\"price\":\"52\",\"special_price\":null,\"special_price_from_date\":null,\"special_price_to_date\":null,\"url_key\":\"chaz-kangeroo-hoodie-l-orange\",\"meta_title\":null,\"meta_keywords\":null,\"meta_description\":null,\"base_image\":\"\\/m\\/h\\/mh01-orange_main.jpg\",\"base_image_label\":null,\"small_image\":\"\\/m\\/h\\/mh01-orange_main.jpg\",\"small_image_label\":null,\"thumbnail_image\":\"\\/m\\/h\\/mh01-orange_main.jpg\",\"thumbnail_image_label\":null,\"created_at\":null,\"updated_at\":null,\"new_from_date\":null,\"new_to_date\":null,\"display_product_options_in\":null,\"map_price\":null,\"msrp_price\":null,\"map_enabled\":null,\"gift_message_available\":null,\"custom_design\":null,\"custom_design_from\":null,\"custom_design_to\":null,\"custom_layout_update\":null,\"page_layout\":null,\"product_options_container\":null,\"msrp_display_actual_price_type\":null,\"country_of_manufacture\":null,\"additional_attributes\":\"has_options=0,required_options=0,size=L,color=Orange\",\"qty\":\"100\",\"out_of_stock_qty\":\"0\",\"use_config_min_qty\":\"1\",\"is_qty_decimal\":\"0\",\"allow_backorders\":\"0\",\"use_config_backorders\":\"1\",\"min_cart_qty\":\"1\",\"use_config_min_sale_qty\":\"1\",\"max_cart_qty\":\"0\",\"use_config_max_sale_qty\":\"1\",\"is_in_stock\":\"1\",\"notify_on_stock_below\":null,\"use_config_notify_stock_qty\":\"1\",\"manage_stock\":\"0\",\"use_config_manage_stock\":\"1\",\"use_config_qty_increments\":\"1\",\"qty_increments\":\"0\",\"use_config_enable_qty_inc\":\"1\",\"enable_qty_increments\":\"0\",\"is_decimal_divided\":\"0\",\"website_id\":\"1\",\"configurable_variations\":null,\"configurable_variation_prices\":null,\"configurable_variation_labels\":null,\"additional_images\":null,\"image\":\"\\/m\\/h\\/mh01-orange_main.jpg\",\"image_label\":null,\"thumbnail\":\"\\/m\\/h\\/mh01-orange_main.jpg\",\"thumbnail_label\":null,\"_media_image\":null,\"_store\":null,\"_attribute_set\":\"Top\",\"_product_websites\":\"base\",\"status\":\"1\",\"news_from_date\":null,\"news_to_date\":null,\"options_container\":null,\"minimal_price\":null,\"msrp\":null,\"msrp_enabled\":null,\"special_from_date\":null,\"special_to_date\":null,\"min_qty\":\"0\",\"backorders\":\"0\",\"min_sale_qty\":\"1\",\"max_sale_qty\":\"0\",\"notify_stock_qty\":null,\"meta_keyword\":null,\"has_options\":\"0\",\"required_options\":\"0\",\"size\":\"L\",\"color\":\"Orange\"},{\"sku\":\"MH01-XL-Black\",\"store_view_code\":null,\"attribute_set_code\":\"Top\",\"product_type\":\"simple\",\"categories\":\"Default Category\\/Men\\/Tops\\/Hoodies & Sweatshirts,Default Category\\/Collections\\/Eco Friendly,Default Category\",\"product_websites\":\"base\",\"name\":\"Chaz Kangeroo Hoodie-XL-Black\",\"description\":\"<p>Ideal for cold-weather training or work outdoors, the Chaz Hoodie promises superior warmth with every wear. Thick material blocks out the wind as ribbed cuffs and bottom band seal in body heat.<\\/p>\\n<p>&bull; Two-tone gray heather hoodie.<br \\/>&bull; Drawstring-adjustable hood. <br \\/>&bull; Machine wash\\/dry.<\\/p>\",\"short_description\":null,\"weight\":\"1\",\"product_online\":\"1\",\"tax_class_name\":\"Taxable Goods\",\"visibility\":\"Not Visible Individually\",\"price\":\"52\",\"special_price\":null,\"special_price_from_date\":null,\"special_price_to_date\":null,\"url_key\":\"chaz-kangeroo-hoodie-xl-black\",\"meta_title\":null,\"meta_keywords\":null,\"meta_description\":null,\"base_image\":\"\\/m\\/h\\/mh01-black_main.jpg\",\"base_image_label\":null,\"small_image\":\"\\/m\\/h\\/mh01-black_main.jpg\",\"small_image_label\":null,\"thumbnail_image\":\"\\/m\\/h\\/mh01-black_main.jpg\",\"thumbnail_image_label\":null,\"created_at\":null,\"updated_at\":null,\"new_from_date\":null,\"new_to_date\":null,\"display_product_options_in\":null,\"map_price\":null,\"msrp_price\":null,\"map_enabled\":null,\"gift_message_available\":null,\"custom_design\":null,\"custom_design_from\":null,\"custom_design_to\":null,\"custom_layout_update\":null,\"page_layout\":null,\"product_options_container\":null,\"msrp_display_actual_price_type\":null,\"country_of_manufacture\":null,\"additional_attributes\":\"has_options=0,required_options=0,size=XL,color=Black\",\"qty\":\"100\",\"out_of_stock_qty\":\"0\",\"use_config_min_qty\":\"1\",\"is_qty_decimal\":\"0\",\"allow_backorders\":\"0\",\"use_config_backorders\":\"1\",\"min_cart_qty\":\"1\",\"use_config_min_sale_qty\":\"1\",\"max_cart_qty\":\"0\",\"use_config_max_sale_qty\":\"1\",\"is_in_stock\":\"1\",\"notify_on_stock_below\":null,\"use_config_notify_stock_qty\":\"1\",\"manage_stock\":\"0\",\"use_config_manage_stock\":\"1\",\"use_config_qty_increments\":\"1\",\"qty_increments\":\"0\",\"use_config_enable_qty_inc\":\"1\",\"enable_qty_increments\":\"0\",\"is_decimal_divided\":\"0\",\"website_id\":\"1\",\"configurable_variations\":null,\"configurable_variation_prices\":null,\"configurable_variation_labels\":null,\"additional_images\":null,\"image\":\"\\/m\\/h\\/mh01-black_main.jpg\",\"image_label\":null,\"thumbnail\":\"\\/m\\/h\\/mh01-black_main.jpg\",\"thumbnail_label\":null,\"_media_image\":null,\"_store\":null,\"_attribute_set\":\"Top\",\"_product_websites\":\"base\",\"status\":\"1\",\"news_from_date\":null,\"news_to_date\":null,\"options_container\":null,\"minimal_price\":null,\"msrp\":null,\"msrp_enabled\":null,\"special_from_date\":null,\"special_to_date\":null,\"min_qty\":\"0\",\"backorders\":\"0\",\"min_sale_qty\":\"1\",\"max_sale_qty\":\"0\",\"notify_stock_qty\":null,\"meta_keyword\":null,\"has_options\":\"0\",\"required_options\":\"0\",\"size\":\"XL\",\"color\":\"Black\"},{\"sku\":\"MH01-XL-Gray\",\"store_view_code\":null,\"attribute_set_code\":\"Top\",\"product_type\":\"simple\",\"categories\":\"Default Category\\/Men\\/Tops\\/Hoodies & Sweatshirts,Default Category\\/Collections\\/Eco Friendly,Default Category\",\"product_websites\":\"base\",\"name\":\"Chaz Kangeroo Hoodie-XL-Gray\",\"description\":\"<p>Ideal for cold-weather training or work outdoors, the Chaz Hoodie promises superior warmth with every wear. Thick material blocks out the wind as ribbed cuffs and bottom band seal in body heat.<\\/p>\\n<p>&bull; Two-tone gray heather hoodie.<br \\/>&bull; Drawstring-adjustable hood. <br \\/>&bull; Machine wash\\/dry.<\\/p>\",\"short_description\":null,\"weight\":\"1\",\"product_online\":\"1\",\"tax_class_name\":\"Taxable Goods\",\"visibility\":\"Not Visible Individually\",\"price\":\"52\",\"special_price\":null,\"special_price_from_date\":null,\"special_price_to_date\":null,\"url_key\":\"chaz-kangeroo-hoodie-xl-gray\",\"meta_title\":null,\"meta_keywords\":null,\"meta_description\":null,\"base_image\":\"\\/m\\/h\\/mh01-gray_main.jpg\",\"base_image_label\":null,\"small_image\":\"\\/m\\/h\\/mh01-gray_main.jpg\",\"small_image_label\":null,\"thumbnail_image\":\"\\/m\\/h\\/mh01-gray_main.jpg\",\"thumbnail_image_label\":null,\"created_at\":null,\"updated_at\":null,\"new_from_date\":null,\"new_to_date\":null,\"display_product_options_in\":null,\"map_price\":null,\"msrp_price\":null,\"map_enabled\":null,\"gift_message_available\":null,\"custom_design\":null,\"custom_design_from\":null,\"custom_design_to\":null,\"custom_layout_update\":null,\"page_layout\":null,\"product_options_container\":null,\"msrp_display_actual_price_type\":null,\"country_of_manufacture\":null,\"additional_attributes\":\"has_options=0,required_options=0,size=XL,color=Gray\",\"qty\":\"100\",\"out_of_stock_qty\":\"0\",\"use_config_min_qty\":\"1\",\"is_qty_decimal\":\"0\",\"allow_backorders\":\"0\",\"use_config_backorders\":\"1\",\"min_cart_qty\":\"1\",\"use_config_min_sale_qty\":\"1\",\"max_cart_qty\":\"0\",\"use_config_max_sale_qty\":\"1\",\"is_in_stock\":\"1\",\"notify_on_stock_below\":null,\"use_config_notify_stock_qty\":\"1\",\"manage_stock\":\"0\",\"use_config_manage_stock\":\"1\",\"use_config_qty_increments\":\"1\",\"qty_increments\":\"0\",\"use_config_enable_qty_inc\":\"1\",\"enable_qty_increments\":\"0\",\"is_decimal_divided\":\"0\",\"website_id\":\"1\",\"configurable_variations\":null,\"configurable_variation_prices\":null,\"configurable_variation_labels\":null,\"additional_images\":\"\\/m\\/h\\/mh01-gray_alt1.jpg,\\/m\\/h\\/mh01-gray_back.jpg\",\"image\":\"\\/m\\/h\\/mh01-gray_main.jpg\",\"image_label\":null,\"thumbnail\":\"\\/m\\/h\\/mh01-gray_main.jpg\",\"thumbnail_label\":null,\"_media_image\":\"\\/m\\/h\\/mh01-gray_alt1.jpg,\\/m\\/h\\/mh01-gray_back.jpg\",\"_store\":null,\"_attribute_set\":\"Top\",\"_product_websites\":\"base\",\"status\":\"1\",\"news_from_date\":null,\"news_to_date\":null,\"options_container\":null,\"minimal_price\":null,\"msrp\":null,\"msrp_enabled\":null,\"special_from_date\":null,\"special_to_date\":null,\"min_qty\":\"0\",\"backorders\":\"0\",\"min_sale_qty\":\"1\",\"max_sale_qty\":\"0\",\"notify_stock_qty\":null,\"meta_keyword\":null,\"has_options\":\"0\",\"required_options\":\"0\",\"size\":\"XL\",\"color\":\"Gray\"},{\"sku\":\"MH01-XL-Orange\",\"store_view_code\":null,\"attribute_set_code\":\"Top\",\"product_type\":\"simple\",\"categories\":\"Default Category\\/Men\\/Tops\\/Hoodies & Sweatshirts,Default Category\\/Collections\\/Eco Friendly,Default Category\",\"product_websites\":\"base\",\"name\":\"Chaz Kangeroo Hoodie-XL-Orange\",\"description\":\"<p>Ideal for cold-weather training or work outdoors, the Chaz Hoodie promises superior warmth with every wear. Thick material blocks out the wind as ribbed cuffs and bottom band seal in body heat.<\\/p>\\n<p>&bull; Two-tone gray heather hoodie.<br \\/>&bull; Drawstring-adjustable hood. <br \\/>&bull; Machine wash\\/dry.<\\/p>\",\"short_description\":null,\"weight\":\"1\",\"product_online\":\"1\",\"tax_class_name\":\"Taxable Goods\",\"visibility\":\"Not Visible Individually\",\"price\":\"52\",\"special_price\":null,\"special_price_from_date\":null,\"special_price_to_date\":null,\"url_key\":\"chaz-kangeroo-hoodie-xl-orange\",\"meta_title\":null,\"meta_keywords\":null,\"meta_description\":null,\"base_image\":\"\\/m\\/h\\/mh01-orange_main.jpg\",\"base_image_label\":null,\"small_image\":\"\\/m\\/h\\/mh01-orange_main.jpg\",\"small_image_label\":null,\"thumbnail_image\":\"\\/m\\/h\\/mh01-orange_main.jpg\",\"thumbnail_image_label\":null,\"created_at\":null,\"updated_at\":null,\"new_from_date\":null,\"new_to_date\":null,\"display_product_options_in\":null,\"map_price\":null,\"msrp_price\":null,\"map_enabled\":null,\"gift_message_available\":null,\"custom_design\":null,\"custom_design_from\":null,\"custom_design_to\":null,\"custom_layout_update\":null,\"page_layout\":null,\"product_options_container\":null,\"msrp_display_actual_price_type\":null,\"country_of_manufacture\":null,\"additional_attributes\":\"has_options=0,required_options=0,size=XL,color=Orange\",\"qty\":\"100\",\"out_of_stock_qty\":\"0\",\"use_config_min_qty\":\"1\",\"is_qty_decimal\":\"0\",\"allow_backorders\":\"0\",\"use_config_backorders\":\"1\",\"min_cart_qty\":\"1\",\"use_config_min_sale_qty\":\"1\",\"max_cart_qty\":\"0\",\"use_config_max_sale_qty\":\"1\",\"is_in_stock\":\"1\",\"notify_on_stock_below\":null,\"use_config_notify_stock_qty\":\"1\",\"manage_stock\":\"0\",\"use_config_manage_stock\":\"1\",\"use_config_qty_increments\":\"1\",\"qty_increments\":\"0\",\"use_config_enable_qty_inc\":\"1\",\"enable_qty_increments\":\"0\",\"is_decimal_divided\":\"0\",\"website_id\":\"1\",\"configurable_variations\":null,\"configurable_variation_prices\":null,\"configurable_variation_labels\":null,\"additional_images\":null,\"image\":\"\\/m\\/h\\/mh01-orange_main.jpg\",\"image_label\":null,\"thumbnail\":\"\\/m\\/h\\/mh01-orange_main.jpg\",\"thumbnail_label\":null,\"_media_image\":null,\"_store\":null,\"_attribute_set\":\"Top\",\"_product_websites\":\"base\",\"status\":\"1\",\"news_from_date\":null,\"news_to_date\":null,\"options_container\":null,\"minimal_price\":null,\"msrp\":null,\"msrp_enabled\":null,\"special_from_date\":null,\"special_to_date\":null,\"min_qty\":\"0\",\"backorders\":\"0\",\"min_sale_qty\":\"1\",\"max_sale_qty\":\"0\",\"notify_stock_qty\":null,\"meta_keyword\":null,\"has_options\":\"0\",\"required_options\":\"0\",\"size\":\"XL\",\"color\":\"Orange\"},{\"sku\":\"MH01\",\"store_view_code\":null,\"attribute_set_code\":\"Top\",\"product_type\":\"configurable\",\"categories\":\"Default Category\\/Men\\/Tops\\/Hoodies & Sweatshirts,Default Category\\/Collections\\/Eco Friendly,Default Category\",\"product_websites\":\"base\",\"name\":\"Chaz Kangeroo Hoodie\",\"description\":\"<p>Ideal for cold-weather training or work outdoors, the Chaz Hoodie promises superior warmth with every wear. Thick material blocks out the wind as ribbed cuffs and bottom band seal in body heat.<\\/p>\\n<p>&bull; Two-tone gray heather hoodie.<br \\/>&bull; Drawstring-adjustable hood. <br \\/>&bull; Machine wash\\/dry.<\\/p>\",\"short_description\":null,\"weight\":null,\"product_online\":\"1\",\"tax_class_name\":\"Taxable Goods\",\"visibility\":\"Catalog, Search\",\"price\":\"52\",\"special_price\":null,\"special_price_from_date\":null,\"special_price_to_date\":null,\"url_key\":null,\"meta_title\":null,\"meta_keywords\":null,\"meta_description\":null,\"base_image\":\"\\/m\\/h\\/mh01-gray_main.jpg\",\"base_image_label\":null,\"small_image\":\"\\/m\\/h\\/mh01-gray_main.jpg\",\"small_image_label\":null,\"thumbnail_image\":\"\\/m\\/h\\/mh01-gray_main.jpg\",\"thumbnail_image_label\":null,\"created_at\":null,\"updated_at\":null,\"new_from_date\":null,\"new_to_date\":null,\"display_product_options_in\":null,\"map_price\":null,\"msrp_price\":null,\"map_enabled\":null,\"gift_message_available\":null,\"custom_design\":null,\"custom_design_from\":null,\"custom_design_to\":null,\"custom_layout_update\":null,\"page_layout\":null,\"product_options_container\":null,\"msrp_display_actual_price_type\":null,\"country_of_manufacture\":null,\"additional_attributes\":\"has_options=1,required_options=1,material=Wool,pattern=Color-Blocked,climate=All-weather|Cool|Indoor|Spring|Windy,eco_collection=Yes,performance_fabric=No,erin_recommends=No,new=No,sale=Yes\",\"qty\":\"0\",\"out_of_stock_qty\":\"0\",\"use_config_min_qty\":\"1\",\"is_qty_decimal\":\"0\",\"allow_backorders\":\"0\",\"use_config_backorders\":\"1\",\"min_cart_qty\":\"1\",\"use_config_min_sale_qty\":\"1\",\"max_cart_qty\":\"0\",\"use_config_max_sale_qty\":\"1\",\"is_in_stock\":\"1\",\"notify_on_stock_below\":null,\"use_config_notify_stock_qty\":\"1\",\"manage_stock\":\"0\",\"use_config_manage_stock\":\"1\",\"use_config_qty_increments\":\"1\",\"qty_increments\":\"0\",\"use_config_enable_qty_inc\":\"1\",\"enable_qty_increments\":\"0\",\"is_decimal_divided\":\"0\",\"website_id\":\"1\",\"configurable_variations\":\"sku=MH01-XS-Black,size=XS,color=Black|sku=MH01-XS-Gray,size=XS,color=Gray|sku=MH01-XS-Orange,size=XS,color=Orange|sku=MH01-S-Black,size=S,color=Black|sku=MH01-S-Gray,size=S,color=Gray|sku=MH01-S-Orange,size=S,color=Orange|sku=MH01-M-Black,size=M,color=Black|sku=MH01-M-Gray,size=M,color=Gray|sku=MH01-M-Orange,size=M,color=Orange|sku=MH01-L-Black,size=L,color=Black|sku=MH01-L-Gray,size=L,color=Gray|sku=MH01-L-Orange,size=L,color=Orange|sku=MH01-XL-Black,size=XL,color=Black|sku=MH01-XL-Gray,size=XL,color=Gray|sku=MH01-XL-Orange,size=XL,color=Orange\",\"configurable_variation_prices\":null,\"configurable_variation_labels\":null,\"additional_images\":\"\\/m\\/h\\/mh01-gray_alt1.jpg,\\/m\\/h\\/mh01-gray_back.jpg\",\"image\":\"\\/m\\/h\\/mh01-gray_main.jpg\",\"image_label\":null,\"thumbnail\":\"\\/m\\/h\\/mh01-gray_main.jpg\",\"thumbnail_label\":null,\"_media_image\":\"\\/m\\/h\\/mh01-gray_alt1.jpg,\\/m\\/h\\/mh01-gray_back.jpg\",\"_store\":null,\"_attribute_set\":\"Top\",\"_product_websites\":\"base\",\"status\":\"1\",\"news_from_date\":null,\"news_to_date\":null,\"options_container\":null,\"minimal_price\":null,\"msrp\":null,\"msrp_enabled\":null,\"special_from_date\":null,\"special_to_date\":null,\"min_qty\":\"0\",\"backorders\":\"0\",\"min_sale_qty\":\"1\",\"max_sale_qty\":\"0\",\"notify_stock_qty\":null,\"meta_keyword\":null,\"has_options\":\"1\",\"required_options\":\"1\",\"material\":\"Wool\",\"pattern\":\"Color-Blocked\",\"climate\":[\"All-weather\",\"Cool\",\"Indoor\",\"Spring\",\"Windy\"],\"eco_collection\":\"Yes\",\"performance_fabric\":\"No\",\"erin_recommends\":\"No\",\"new\":\"No\",\"sale\":\"Yes\"},{\"sku\":\"MH02-XS-Black\",\"store_view_code\":null,\"attribute_set_code\":\"Top\",\"product_type\":\"simple\",\"categories\":\"Default Category\\/Men\\/Tops\\/Hoodies & Sweatshirts\",\"product_websites\":\"base\",\"name\":\"Teton Pullover Hoodie-XS-Black\",\"description\":\"<p>This Teton Pullover Hoodie gives you more than laid-back style. It\'s equipped with moisture-wicking fabric to keep light and dry inside, especially in chilly-weather workouts. An elasticized hem lets you move about freely.<\\/p>\\n<p>&bull; Black pullover hoodie.<br \\/>&bull; Soft, brushed interior. <br \\/>&bull; Front hand pockets. <br \\/>&bull; Machine wash\\/dry.<\\/p>\",\"short_description\":null,\"weight\":\"1\",\"product_online\":\"1\",\"tax_class_name\":\"Taxable Goods\",\"visibility\":\"Not Visible Individually\",\"price\":\"70\",\"special_price\":null,\"special_price_from_date\":null,\"special_price_to_date\":null,\"url_key\":\"teton-pullover-hoodie-xs-black\",\"meta_title\":null,\"meta_keywords\":null,\"meta_description\":null,\"base_image\":\"\\/m\\/h\\/mh02-black_main.jpg\",\"base_image_label\":null,\"small_image\":\"\\/m\\/h\\/mh02-black_main.jpg\",\"small_image_label\":null,\"thumbnail_image\":\"\\/m\\/h\\/mh02-black_main.jpg\",\"thumbnail_image_label\":null,\"created_at\":null,\"updated_at\":null,\"new_from_date\":null,\"new_to_date\":null,\"display_product_options_in\":null,\"map_price\":null,\"msrp_price\":null,\"map_enabled\":null,\"gift_message_available\":null,\"custom_design\":null,\"custom_design_from\":null,\"custom_design_to\":null,\"custom_layout_update\":null,\"page_layout\":null,\"product_options_container\":null,\"msrp_display_actual_price_type\":null,\"country_of_manufacture\":null,\"additional_attributes\":\"has_options=0,required_options=0,size=XS,color=Black\",\"qty\":\"100\",\"out_of_stock_qty\":\"0\",\"use_config_min_qty\":\"1\",\"is_qty_decimal\":\"0\",\"allow_backorders\":\"0\",\"use_config_backorders\":\"1\",\"min_cart_qty\":\"1\",\"use_config_min_sale_qty\":\"1\",\"max_cart_qty\":\"0\",\"use_config_max_sale_qty\":\"1\",\"is_in_stock\":\"1\",\"notify_on_stock_below\":null,\"use_config_notify_stock_qty\":\"1\",\"manage_stock\":\"0\",\"use_config_manage_stock\":\"1\",\"use_config_qty_increments\":\"1\",\"qty_increments\":\"0\",\"use_config_enable_qty_inc\":\"1\",\"enable_qty_increments\":\"0\",\"is_decimal_divided\":\"0\",\"website_id\":\"1\",\"configurable_variations\":null,\"configurable_variation_prices\":null,\"configurable_variation_labels\":null,\"additional_images\":\"\\/m\\/h\\/mh02-black_alt1.jpg,\\/m\\/h\\/mh02-black_back.jpg\",\"image\":\"\\/m\\/h\\/mh02-black_main.jpg\",\"image_label\":null,\"thumbnail\":\"\\/m\\/h\\/mh02-black_main.jpg\",\"thumbnail_label\":null,\"_media_image\":\"\\/m\\/h\\/mh02-black_alt1.jpg,\\/m\\/h\\/mh02-black_back.jpg\",\"_store\":null,\"_attribute_set\":\"Top\",\"_product_websites\":\"base\",\"status\":\"1\",\"news_from_date\":null,\"news_to_date\":null,\"options_container\":null,\"minimal_price\":null,\"msrp\":null,\"msrp_enabled\":null,\"special_from_date\":null,\"special_to_date\":null,\"min_qty\":\"0\",\"backorders\":\"0\",\"min_sale_qty\":\"1\",\"max_sale_qty\":\"0\",\"notify_stock_qty\":null,\"meta_keyword\":null,\"has_options\":\"0\",\"required_options\":\"0\",\"size\":\"XS\",\"color\":\"Black\"},{\"sku\":\"MH02-XS-Purple\",\"store_view_code\":null,\"attribute_set_code\":\"Top\",\"product_type\":\"simple\",\"categories\":\"Default Category\\/Men\\/Tops\\/Hoodies & Sweatshirts\",\"product_websites\":\"base\",\"name\":\"Teton Pullover Hoodie-XS-Purple\",\"description\":\"<p>This Teton Pullover Hoodie gives you more than laid-back style. It\'s equipped with moisture-wicking fabric to keep light and dry inside, especially in chilly-weather workouts. An elasticized hem lets you move about freely.<\\/p>\\n<p>&bull; Black pullover hoodie.<br \\/>&bull; Soft, brushed interior. <br \\/>&bull; Front hand pockets. <br \\/>&bull; Machine wash\\/dry.<\\/p>\",\"short_description\":null,\"weight\":\"1\",\"product_online\":\"1\",\"tax_class_name\":\"Taxable Goods\",\"visibility\":\"Not Visible Individually\",\"price\":\"70\",\"special_price\":null,\"special_price_from_date\":null,\"special_price_to_date\":null,\"url_key\":\"teton-pullover-hoodie-xs-purple\",\"meta_title\":null,\"meta_keywords\":null,\"meta_description\":null,\"base_image\":\"\\/m\\/h\\/mh02-purple_main.jpg\",\"base_image_label\":null,\"small_image\":\"\\/m\\/h\\/mh02-purple_main.jpg\",\"small_image_label\":null,\"thumbnail_image\":\"\\/m\\/h\\/mh02-purple_main.jpg\",\"thumbnail_image_label\":null,\"created_at\":null,\"updated_at\":null,\"new_from_date\":null,\"new_to_date\":null,\"display_product_options_in\":null,\"map_price\":null,\"msrp_price\":null,\"map_enabled\":null,\"gift_message_available\":null,\"custom_design\":null,\"custom_design_from\":null,\"custom_design_to\":null,\"custom_layout_update\":null,\"page_layout\":null,\"product_options_container\":null,\"msrp_display_actual_price_type\":null,\"country_of_manufacture\":null,\"additional_attributes\":\"has_options=0,required_options=0,size=XS,color=Purple\",\"qty\":\"100\",\"out_of_stock_qty\":\"0\",\"use_config_min_qty\":\"1\",\"is_qty_decimal\":\"0\",\"allow_backorders\":\"0\",\"use_config_backorders\":\"1\",\"min_cart_qty\":\"1\",\"use_config_min_sale_qty\":\"1\",\"max_cart_qty\":\"0\",\"use_config_max_sale_qty\":\"1\",\"is_in_stock\":\"1\",\"notify_on_stock_below\":null,\"use_config_notify_stock_qty\":\"1\",\"manage_stock\":\"0\",\"use_config_manage_stock\":\"1\",\"use_config_qty_increments\":\"1\",\"qty_increments\":\"0\",\"use_config_enable_qty_inc\":\"1\",\"enable_qty_increments\":\"0\",\"is_decimal_divided\":\"0\",\"website_id\":\"1\",\"configurable_variations\":null,\"configurable_variation_prices\":null,\"configurable_variation_labels\":null,\"additional_images\":null,\"image\":\"\\/m\\/h\\/mh02-purple_main.jpg\",\"image_label\":null,\"thumbnail\":\"\\/m\\/h\\/mh02-purple_main.jpg\",\"thumbnail_label\":null,\"_media_image\":null,\"_store\":null,\"_attribute_set\":\"Top\",\"_product_websites\":\"base\",\"status\":\"1\",\"news_from_date\":null,\"news_to_date\":null,\"options_container\":null,\"minimal_price\":null,\"msrp\":null,\"msrp_enabled\":null,\"special_from_date\":null,\"special_to_date\":null,\"min_qty\":\"0\",\"backorders\":\"0\",\"min_sale_qty\":\"1\",\"max_sale_qty\":\"0\",\"notify_stock_qty\":null,\"meta_keyword\":null,\"has_options\":\"0\",\"required_options\":\"0\",\"size\":\"XS\",\"color\":\"Purple\"},{\"sku\":\"MH02-XS-Red\",\"store_view_code\":null,\"attribute_set_code\":\"Top\",\"product_type\":\"simple\",\"categories\":\"Default Category\\/Men\\/Tops\\/Hoodies & Sweatshirts\",\"product_websites\":\"base\",\"name\":\"Teton Pullover Hoodie-XS-Red\",\"description\":\"<p>This Teton Pullover Hoodie gives you more than laid-back style. It\'s equipped with moisture-wicking fabric to keep light and dry inside, especially in chilly-weather workouts. An elasticized hem lets you move about freely.<\\/p>\\n<p>&bull; Black pullover hoodie.<br \\/>&bull; Soft, brushed interior. <br \\/>&bull; Front hand pockets. <br \\/>&bull; Machine wash\\/dry.<\\/p>\",\"short_description\":null,\"weight\":\"1\",\"product_online\":\"1\",\"tax_class_name\":\"Taxable Goods\",\"visibility\":\"Not Visible Individually\",\"price\":\"70\",\"special_price\":null,\"special_price_from_date\":null,\"special_price_to_date\":null,\"url_key\":\"teton-pullover-hoodie-xs-red\",\"meta_title\":null,\"meta_keywords\":null,\"meta_description\":null,\"base_image\":\"\\/m\\/h\\/mh02-red_main.jpg\",\"base_image_label\":null,\"small_image\":\"\\/m\\/h\\/mh02-red_main.jpg\",\"small_image_label\":null,\"thumbnail_image\":\"\\/m\\/h\\/mh02-red_main.jpg\",\"thumbnail_image_label\":null,\"created_at\":null,\"updated_at\":null,\"new_from_date\":null,\"new_to_date\":null,\"display_product_options_in\":null,\"map_price\":null,\"msrp_price\":null,\"map_enabled\":null,\"gift_message_available\":null,\"custom_design\":null,\"custom_design_from\":null,\"custom_design_to\":null,\"custom_layout_update\":null,\"page_layout\":null,\"product_options_container\":null,\"msrp_display_actual_price_type\":null,\"country_of_manufacture\":null,\"additional_attributes\":\"has_options=0,required_options=0,size=XS,color=Red\",\"qty\":\"100\",\"out_of_stock_qty\":\"0\",\"use_config_min_qty\":\"1\",\"is_qty_decimal\":\"0\",\"allow_backorders\":\"0\",\"use_config_backorders\":\"1\",\"min_cart_qty\":\"1\",\"use_config_min_sale_qty\":\"1\",\"max_cart_qty\":\"0\",\"use_config_max_sale_qty\":\"1\",\"is_in_stock\":\"1\",\"notify_on_stock_below\":null,\"use_config_notify_stock_qty\":\"1\",\"manage_stock\":\"0\",\"use_config_manage_stock\":\"1\",\"use_config_qty_increments\":\"1\",\"qty_increments\":\"0\",\"use_config_enable_qty_inc\":\"1\",\"enable_qty_increments\":\"0\",\"is_decimal_divided\":\"0\",\"website_id\":\"1\",\"configurable_variations\":null,\"configurable_variation_prices\":null,\"configurable_variation_labels\":null,\"additional_images\":null,\"image\":\"\\/m\\/h\\/mh02-red_main.jpg\",\"image_label\":null,\"thumbnail\":\"\\/m\\/h\\/mh02-red_main.jpg\",\"thumbnail_label\":null,\"_media_image\":null,\"_store\":null,\"_attribute_set\":\"Top\",\"_product_websites\":\"base\",\"status\":\"1\",\"news_from_date\":null,\"news_to_date\":null,\"options_container\":null,\"minimal_price\":null,\"msrp\":null,\"msrp_enabled\":null,\"special_from_date\":null,\"special_to_date\":null,\"min_qty\":\"0\",\"backorders\":\"0\",\"min_sale_qty\":\"1\",\"max_sale_qty\":\"0\",\"notify_stock_qty\":null,\"meta_keyword\":null,\"has_options\":\"0\",\"required_options\":\"0\",\"size\":\"XS\",\"color\":\"Red\"},{\"sku\":\"MH02-S-Black\",\"store_view_code\":null,\"attribute_set_code\":\"Top\",\"product_type\":\"simple\",\"categories\":\"Default Category\\/Men\\/Tops\\/Hoodies & Sweatshirts\",\"product_websites\":\"base\",\"name\":\"Teton Pullover Hoodie-S-Black\",\"description\":\"<p>This Teton Pullover Hoodie gives you more than laid-back style. It\'s equipped with moisture-wicking fabric to keep light and dry inside, especially in chilly-weather workouts. An elasticized hem lets you move about freely.<\\/p>\\n<p>&bull; Black pullover hoodie.<br \\/>&bull; Soft, brushed interior. <br \\/>&bull; Front hand pockets. <br \\/>&bull; Machine wash\\/dry.<\\/p>\",\"short_description\":null,\"weight\":\"1\",\"product_online\":\"1\",\"tax_class_name\":\"Taxable Goods\",\"visibility\":\"Not Visible Individually\",\"price\":\"70\",\"special_price\":null,\"special_price_from_date\":null,\"special_price_to_date\":null,\"url_key\":\"teton-pullover-hoodie-s-black\",\"meta_title\":null,\"meta_keywords\":null,\"meta_description\":null,\"base_image\":\"\\/m\\/h\\/mh02-black_main.jpg\",\"base_image_label\":null,\"small_image\":\"\\/m\\/h\\/mh02-black_main.jpg\",\"small_image_label\":null,\"thumbnail_image\":\"\\/m\\/h\\/mh02-black_main.jpg\",\"thumbnail_image_label\":null,\"created_at\":null,\"updated_at\":null,\"new_from_date\":null,\"new_to_date\":null,\"display_product_options_in\":null,\"map_price\":null,\"msrp_price\":null,\"map_enabled\":null,\"gift_message_available\":null,\"custom_design\":null,\"custom_design_from\":null,\"custom_design_to\":null,\"custom_layout_update\":null,\"page_layout\":null,\"product_options_container\":null,\"msrp_display_actual_price_type\":null,\"country_of_manufacture\":null,\"additional_attributes\":\"has_options=0,required_options=0,size=S,color=Black\",\"qty\":\"100\",\"out_of_stock_qty\":\"0\",\"use_config_min_qty\":\"1\",\"is_qty_decimal\":\"0\",\"allow_backorders\":\"0\",\"use_config_backorders\":\"1\",\"min_cart_qty\":\"1\",\"use_config_min_sale_qty\":\"1\",\"max_cart_qty\":\"0\",\"use_config_max_sale_qty\":\"1\",\"is_in_stock\":\"1\",\"notify_on_stock_below\":null,\"use_config_notify_stock_qty\":\"1\",\"manage_stock\":\"0\",\"use_config_manage_stock\":\"1\",\"use_config_qty_increments\":\"1\",\"qty_increments\":\"0\",\"use_config_enable_qty_inc\":\"1\",\"enable_qty_increments\":\"0\",\"is_decimal_divided\":\"0\",\"website_id\":\"1\",\"configurable_variations\":null,\"configurable_variation_prices\":null,\"configurable_variation_labels\":null,\"additional_images\":\"\\/m\\/h\\/mh02-black_alt1.jpg,\\/m\\/h\\/mh02-black_back.jpg\",\"image\":\"\\/m\\/h\\/mh02-black_main.jpg\",\"image_label\":null,\"thumbnail\":\"\\/m\\/h\\/mh02-black_main.jpg\",\"thumbnail_label\":null,\"_media_image\":\"\\/m\\/h\\/mh02-black_alt1.jpg,\\/m\\/h\\/mh02-black_back.jpg\",\"_store\":null,\"_attribute_set\":\"Top\",\"_product_websites\":\"base\",\"status\":\"1\",\"news_from_date\":null,\"news_to_date\":null,\"options_container\":null,\"minimal_price\":null,\"msrp\":null,\"msrp_enabled\":null,\"special_from_date\":null,\"special_to_date\":null,\"min_qty\":\"0\",\"backorders\":\"0\",\"min_sale_qty\":\"1\",\"max_sale_qty\":\"0\",\"notify_stock_qty\":null,\"meta_keyword\":null,\"has_options\":\"0\",\"required_options\":\"0\",\"size\":\"S\",\"color\":\"Black\"},{\"sku\":\"MH02-S-Purple\",\"store_view_code\":null,\"attribute_set_code\":\"Top\",\"product_type\":\"simple\",\"categories\":\"Default Category\\/Men\\/Tops\\/Hoodies & Sweatshirts\",\"product_websites\":\"base\",\"name\":\"Teton Pullover Hoodie-S-Purple\",\"description\":\"<p>This Teton Pullover Hoodie gives you more than laid-back style. It\'s equipped with moisture-wicking fabric to keep light and dry inside, especially in chilly-weather workouts. An elasticized hem lets you move about freely.<\\/p>\\n<p>&bull; Black pullover hoodie.<br \\/>&bull; Soft, brushed interior. <br \\/>&bull; Front hand pockets. <br \\/>&bull; Machine wash\\/dry.<\\/p>\",\"short_description\":null,\"weight\":\"1\",\"product_online\":\"1\",\"tax_class_name\":\"Taxable Goods\",\"visibility\":\"Not Visible Individually\",\"price\":\"70\",\"special_price\":null,\"special_price_from_date\":null,\"special_price_to_date\":null,\"url_key\":\"teton-pullover-hoodie-s-purple\",\"meta_title\":null,\"meta_keywords\":null,\"meta_description\":null,\"base_image\":\"\\/m\\/h\\/mh02-purple_main.jpg\",\"base_image_label\":null,\"small_image\":\"\\/m\\/h\\/mh02-purple_main.jpg\",\"small_image_label\":null,\"thumbnail_image\":\"\\/m\\/h\\/mh02-purple_main.jpg\",\"thumbnail_image_label\":null,\"created_at\":null,\"updated_at\":null,\"new_from_date\":null,\"new_to_date\":null,\"display_product_options_in\":null,\"map_price\":null,\"msrp_price\":null,\"map_enabled\":null,\"gift_message_available\":null,\"custom_design\":null,\"custom_design_from\":null,\"custom_design_to\":null,\"custom_layout_update\":null,\"page_layout\":null,\"product_options_container\":null,\"msrp_display_actual_price_type\":null,\"country_of_manufacture\":null,\"additional_attributes\":\"has_options=0,required_options=0,size=S,color=Purple\",\"qty\":\"100\",\"out_of_stock_qty\":\"0\",\"use_config_min_qty\":\"1\",\"is_qty_decimal\":\"0\",\"allow_backorders\":\"0\",\"use_config_backorders\":\"1\",\"min_cart_qty\":\"1\",\"use_config_min_sale_qty\":\"1\",\"max_cart_qty\":\"0\",\"use_config_max_sale_qty\":\"1\",\"is_in_stock\":\"1\",\"notify_on_stock_below\":null,\"use_config_notify_stock_qty\":\"1\",\"manage_stock\":\"0\",\"use_config_manage_stock\":\"1\",\"use_config_qty_increments\":\"1\",\"qty_increments\":\"0\",\"use_config_enable_qty_inc\":\"1\",\"enable_qty_increments\":\"0\",\"is_decimal_divided\":\"0\",\"website_id\":\"1\",\"configurable_variations\":null,\"configurable_variation_prices\":null,\"configurable_variation_labels\":null,\"additional_images\":null,\"image\":\"\\/m\\/h\\/mh02-purple_main.jpg\",\"image_label\":null,\"thumbnail\":\"\\/m\\/h\\/mh02-purple_main.jpg\",\"thumbnail_label\":null,\"_media_image\":null,\"_store\":null,\"_attribute_set\":\"Top\",\"_product_websites\":\"base\",\"status\":\"1\",\"news_from_date\":null,\"news_to_date\":null,\"options_container\":null,\"minimal_price\":null,\"msrp\":null,\"msrp_enabled\":null,\"special_from_date\":null,\"special_to_date\":null,\"min_qty\":\"0\",\"backorders\":\"0\",\"min_sale_qty\":\"1\",\"max_sale_qty\":\"0\",\"notify_stock_qty\":null,\"meta_keyword\":null,\"has_options\":\"0\",\"required_options\":\"0\",\"size\":\"S\",\"color\":\"Purple\"},{\"sku\":\"MH02-S-Red\",\"store_view_code\":null,\"attribute_set_code\":\"Top\",\"product_type\":\"simple\",\"categories\":\"Default Category\\/Men\\/Tops\\/Hoodies & Sweatshirts\",\"product_websites\":\"base\",\"name\":\"Teton Pullover Hoodie-S-Red\",\"description\":\"<p>This Teton Pullover Hoodie gives you more than laid-back style. It\'s equipped with moisture-wicking fabric to keep light and dry inside, especially in chilly-weather workouts. An elasticized hem lets you move about freely.<\\/p>\\n<p>&bull; Black pullover hoodie.<br \\/>&bull; Soft, brushed interior. <br \\/>&bull; Front hand pockets. <br \\/>&bull; Machine wash\\/dry.<\\/p>\",\"short_description\":null,\"weight\":\"1\",\"product_online\":\"1\",\"tax_class_name\":\"Taxable Goods\",\"visibility\":\"Not Visible Individually\",\"price\":\"70\",\"special_price\":null,\"special_price_from_date\":null,\"special_price_to_date\":null,\"url_key\":\"teton-pullover-hoodie-s-red\",\"meta_title\":null,\"meta_keywords\":null,\"meta_description\":null,\"base_image\":\"\\/m\\/h\\/mh02-red_main.jpg\",\"base_image_label\":null,\"small_image\":\"\\/m\\/h\\/mh02-red_main.jpg\",\"small_image_label\":null,\"thumbnail_image\":\"\\/m\\/h\\/mh02-red_main.jpg\",\"thumbnail_image_label\":null,\"created_at\":null,\"updated_at\":null,\"new_from_date\":null,\"new_to_date\":null,\"display_product_options_in\":null,\"map_price\":null,\"msrp_price\":null,\"map_enabled\":null,\"gift_message_available\":null,\"custom_design\":null,\"custom_design_from\":null,\"custom_design_to\":null,\"custom_layout_update\":null,\"page_layout\":null,\"product_options_container\":null,\"msrp_display_actual_price_type\":null,\"country_of_manufacture\":null,\"additional_attributes\":\"has_options=0,required_options=0,size=S,color=Red\",\"qty\":\"100\",\"out_of_stock_qty\":\"0\",\"use_config_min_qty\":\"1\",\"is_qty_decimal\":\"0\",\"allow_backorders\":\"0\",\"use_config_backorders\":\"1\",\"min_cart_qty\":\"1\",\"use_config_min_sale_qty\":\"1\",\"max_cart_qty\":\"0\",\"use_config_max_sale_qty\":\"1\",\"is_in_stock\":\"1\",\"notify_on_stock_below\":null,\"use_config_notify_stock_qty\":\"1\",\"manage_stock\":\"0\",\"use_config_manage_stock\":\"1\",\"use_config_qty_increments\":\"1\",\"qty_increments\":\"0\",\"use_config_enable_qty_inc\":\"1\",\"enable_qty_increments\":\"0\",\"is_decimal_divided\":\"0\",\"website_id\":\"1\",\"configurable_variations\":null,\"configurable_variation_prices\":null,\"configurable_variation_labels\":null,\"additional_images\":null,\"image\":\"\\/m\\/h\\/mh02-red_main.jpg\",\"image_label\":null,\"thumbnail\":\"\\/m\\/h\\/mh02-red_main.jpg\",\"thumbnail_label\":null,\"_media_image\":null,\"_store\":null,\"_attribute_set\":\"Top\",\"_product_websites\":\"base\",\"status\":\"1\",\"news_from_date\":null,\"news_to_date\":null,\"options_container\":null,\"minimal_price\":null,\"msrp\":null,\"msrp_enabled\":null,\"special_from_date\":null,\"special_to_date\":null,\"min_qty\":\"0\",\"backorders\":\"0\",\"min_sale_qty\":\"1\",\"max_sale_qty\":\"0\",\"notify_stock_qty\":null,\"meta_keyword\":null,\"has_options\":\"0\",\"required_options\":\"0\",\"size\":\"S\",\"color\":\"Red\"},{\"sku\":\"MH02-M-Black\",\"store_view_code\":null,\"attribute_set_code\":\"Top\",\"product_type\":\"simple\",\"categories\":\"Default Category\\/Men\\/Tops\\/Hoodies & Sweatshirts\",\"product_websites\":\"base\",\"name\":\"Teton Pullover Hoodie-M-Black\",\"description\":\"<p>This Teton Pullover Hoodie gives you more than laid-back style. It\'s equipped with moisture-wicking fabric to keep light and dry inside, especially in chilly-weather workouts. An elasticized hem lets you move about freely.<\\/p>\\n<p>&bull; Black pullover hoodie.<br \\/>&bull; Soft, brushed interior. <br \\/>&bull; Front hand pockets. <br \\/>&bull; Machine wash\\/dry.<\\/p>\",\"short_description\":null,\"weight\":\"1\",\"product_online\":\"1\",\"tax_class_name\":\"Taxable Goods\",\"visibility\":\"Not Visible Individually\",\"price\":\"70\",\"special_price\":null,\"special_price_from_date\":null,\"special_price_to_date\":null,\"url_key\":\"teton-pullover-hoodie-m-black\",\"meta_title\":null,\"meta_keywords\":null,\"meta_description\":null,\"base_image\":\"\\/m\\/h\\/mh02-black_main.jpg\",\"base_image_label\":null,\"small_image\":\"\\/m\\/h\\/mh02-black_main.jpg\",\"small_image_label\":null,\"thumbnail_image\":\"\\/m\\/h\\/mh02-black_main.jpg\",\"thumbnail_image_label\":null,\"created_at\":null,\"updated_at\":null,\"new_from_date\":null,\"new_to_date\":null,\"display_product_options_in\":null,\"map_price\":null,\"msrp_price\":null,\"map_enabled\":null,\"gift_message_available\":null,\"custom_design\":null,\"custom_design_from\":null,\"custom_design_to\":null,\"custom_layout_update\":null,\"page_layout\":null,\"product_options_container\":null,\"msrp_display_actual_price_type\":null,\"country_of_manufacture\":null,\"additional_attributes\":\"has_options=0,required_options=0,size=M,color=Black\",\"qty\":\"100\",\"out_of_stock_qty\":\"0\",\"use_config_min_qty\":\"1\",\"is_qty_decimal\":\"0\",\"allow_backorders\":\"0\",\"use_config_backorders\":\"1\",\"min_cart_qty\":\"1\",\"use_config_min_sale_qty\":\"1\",\"max_cart_qty\":\"0\",\"use_config_max_sale_qty\":\"1\",\"is_in_stock\":\"1\",\"notify_on_stock_below\":null,\"use_config_notify_stock_qty\":\"1\",\"manage_stock\":\"0\",\"use_config_manage_stock\":\"1\",\"use_config_qty_increments\":\"1\",\"qty_increments\":\"0\",\"use_config_enable_qty_inc\":\"1\",\"enable_qty_increments\":\"0\",\"is_decimal_divided\":\"0\",\"website_id\":\"1\",\"configurable_variations\":null,\"configurable_variation_prices\":null,\"configurable_variation_labels\":null,\"additional_images\":\"\\/m\\/h\\/mh02-black_alt1.jpg,\\/m\\/h\\/mh02-black_back.jpg\",\"image\":\"\\/m\\/h\\/mh02-black_main.jpg\",\"image_label\":null,\"thumbnail\":\"\\/m\\/h\\/mh02-black_main.jpg\",\"thumbnail_label\":null,\"_media_image\":\"\\/m\\/h\\/mh02-black_alt1.jpg,\\/m\\/h\\/mh02-black_back.jpg\",\"_store\":null,\"_attribute_set\":\"Top\",\"_product_websites\":\"base\",\"status\":\"1\",\"news_from_date\":null,\"news_to_date\":null,\"options_container\":null,\"minimal_price\":null,\"msrp\":null,\"msrp_enabled\":null,\"special_from_date\":null,\"special_to_date\":null,\"min_qty\":\"0\",\"backorders\":\"0\",\"min_sale_qty\":\"1\",\"max_sale_qty\":\"0\",\"notify_stock_qty\":null,\"meta_keyword\":null,\"has_options\":\"0\",\"required_options\":\"0\",\"size\":\"M\",\"color\":\"Black\"},{\"sku\":\"MH02-M-Purple\",\"store_view_code\":null,\"attribute_set_code\":\"Top\",\"product_type\":\"simple\",\"categories\":\"Default Category\\/Men\\/Tops\\/Hoodies & Sweatshirts\",\"product_websites\":\"base\",\"name\":\"Teton Pullover Hoodie-M-Purple\",\"description\":\"<p>This Teton Pullover Hoodie gives you more than laid-back style. It\'s equipped with moisture-wicking fabric to keep light and dry inside, especially in chilly-weather workouts. An elasticized hem lets you move about freely.<\\/p>\\n<p>&bull; Black pullover hoodie.<br \\/>&bull; Soft, brushed interior. <br \\/>&bull; Front hand pockets. <br \\/>&bull; Machine wash\\/dry.<\\/p>\",\"short_description\":null,\"weight\":\"1\",\"product_online\":\"1\",\"tax_class_name\":\"Taxable Goods\",\"visibility\":\"Not Visible Individually\",\"price\":\"70\",\"special_price\":null,\"special_price_from_date\":null,\"special_price_to_date\":null,\"url_key\":\"teton-pullover-hoodie-m-purple\",\"meta_title\":null,\"meta_keywords\":null,\"meta_description\":null,\"base_image\":\"\\/m\\/h\\/mh02-purple_main.jpg\",\"base_image_label\":null,\"small_image\":\"\\/m\\/h\\/mh02-purple_main.jpg\",\"small_image_label\":null,\"thumbnail_image\":\"\\/m\\/h\\/mh02-purple_main.jpg\",\"thumbnail_image_label\":null,\"created_at\":null,\"updated_at\":null,\"new_from_date\":null,\"new_to_date\":null,\"display_product_options_in\":null,\"map_price\":null,\"msrp_price\":null,\"map_enabled\":null,\"gift_message_available\":null,\"custom_design\":null,\"custom_design_from\":null,\"custom_design_to\":null,\"custom_layout_update\":null,\"page_layout\":null,\"product_options_container\":null,\"msrp_display_actual_price_type\":null,\"country_of_manufacture\":null,\"additional_attributes\":\"has_options=0,required_options=0,size=M,color=Purple\",\"qty\":\"100\",\"out_of_stock_qty\":\"0\",\"use_config_min_qty\":\"1\",\"is_qty_decimal\":\"0\",\"allow_backorders\":\"0\",\"use_config_backorders\":\"1\",\"min_cart_qty\":\"1\",\"use_config_min_sale_qty\":\"1\",\"max_cart_qty\":\"0\",\"use_config_max_sale_qty\":\"1\",\"is_in_stock\":\"1\",\"notify_on_stock_below\":null,\"use_config_notify_stock_qty\":\"1\",\"manage_stock\":\"0\",\"use_config_manage_stock\":\"1\",\"use_config_qty_increments\":\"1\",\"qty_increments\":\"0\",\"use_config_enable_qty_inc\":\"1\",\"enable_qty_increments\":\"0\",\"is_decimal_divided\":\"0\",\"website_id\":\"1\",\"configurable_variations\":null,\"configurable_variation_prices\":null,\"configurable_variation_labels\":null,\"additional_images\":null,\"image\":\"\\/m\\/h\\/mh02-purple_main.jpg\",\"image_label\":null,\"thumbnail\":\"\\/m\\/h\\/mh02-purple_main.jpg\",\"thumbnail_label\":null,\"_media_image\":null,\"_store\":null,\"_attribute_set\":\"Top\",\"_product_websites\":\"base\",\"status\":\"1\",\"news_from_date\":null,\"news_to_date\":null,\"options_container\":null,\"minimal_price\":null,\"msrp\":null,\"msrp_enabled\":null,\"special_from_date\":null,\"special_to_date\":null,\"min_qty\":\"0\",\"backorders\":\"0\",\"min_sale_qty\":\"1\",\"max_sale_qty\":\"0\",\"notify_stock_qty\":null,\"meta_keyword\":null,\"has_options\":\"0\",\"required_options\":\"0\",\"size\":\"M\",\"color\":\"Purple\"},{\"sku\":\"MH02-M-Red\",\"store_view_code\":null,\"attribute_set_code\":\"Top\",\"product_type\":\"simple\",\"categories\":\"Default Category\\/Men\\/Tops\\/Hoodies & Sweatshirts\",\"product_websites\":\"base\",\"name\":\"Teton Pullover Hoodie-M-Red\",\"description\":\"<p>This Teton Pullover Hoodie gives you more than laid-back style. It\'s equipped with moisture-wicking fabric to keep light and dry inside, especially in chilly-weather workouts. An elasticized hem lets you move about freely.<\\/p>\\n<p>&bull; Black pullover hoodie.<br \\/>&bull; Soft, brushed interior. <br \\/>&bull; Front hand pockets. <br \\/>&bull; Machine wash\\/dry.<\\/p>\",\"short_description\":null,\"weight\":\"1\",\"product_online\":\"1\",\"tax_class_name\":\"Taxable Goods\",\"visibility\":\"Not Visible Individually\",\"price\":\"70\",\"special_price\":null,\"special_price_from_date\":null,\"special_price_to_date\":null,\"url_key\":\"teton-pullover-hoodie-m-red\",\"meta_title\":null,\"meta_keywords\":null,\"meta_description\":null,\"base_image\":\"\\/m\\/h\\/mh02-red_main.jpg\",\"base_image_label\":null,\"small_image\":\"\\/m\\/h\\/mh02-red_main.jpg\",\"small_image_label\":null,\"thumbnail_image\":\"\\/m\\/h\\/mh02-red_main.jpg\",\"thumbnail_image_label\":null,\"created_at\":null,\"updated_at\":null,\"new_from_date\":null,\"new_to_date\":null,\"display_product_options_in\":null,\"map_price\":null,\"msrp_price\":null,\"map_enabled\":null,\"gift_message_available\":null,\"custom_design\":null,\"custom_design_from\":null,\"custom_design_to\":null,\"custom_layout_update\":null,\"page_layout\":null,\"product_options_container\":null,\"msrp_display_actual_price_type\":null,\"country_of_manufacture\":null,\"additional_attributes\":\"has_options=0,required_options=0,size=M,color=Red\",\"qty\":\"100\",\"out_of_stock_qty\":\"0\",\"use_config_min_qty\":\"1\",\"is_qty_decimal\":\"0\",\"allow_backorders\":\"0\",\"use_config_backorders\":\"1\",\"min_cart_qty\":\"1\",\"use_config_min_sale_qty\":\"1\",\"max_cart_qty\":\"0\",\"use_config_max_sale_qty\":\"1\",\"is_in_stock\":\"1\",\"notify_on_stock_below\":null,\"use_config_notify_stock_qty\":\"1\",\"manage_stock\":\"0\",\"use_config_manage_stock\":\"1\",\"use_config_qty_increments\":\"1\",\"qty_increments\":\"0\",\"use_config_enable_qty_inc\":\"1\",\"enable_qty_increments\":\"0\",\"is_decimal_divided\":\"0\",\"website_id\":\"1\",\"configurable_variations\":null,\"configurable_variation_prices\":null,\"configurable_variation_labels\":null,\"additional_images\":null,\"image\":\"\\/m\\/h\\/mh02-red_main.jpg\",\"image_label\":null,\"thumbnail\":\"\\/m\\/h\\/mh02-red_main.jpg\",\"thumbnail_label\":null,\"_media_image\":null,\"_store\":null,\"_attribute_set\":\"Top\",\"_product_websites\":\"base\",\"status\":\"1\",\"news_from_date\":null,\"news_to_date\":null,\"options_container\":null,\"minimal_price\":null,\"msrp\":null,\"msrp_enabled\":null,\"special_from_date\":null,\"special_to_date\":null,\"min_qty\":\"0\",\"backorders\":\"0\",\"min_sale_qty\":\"1\",\"max_sale_qty\":\"0\",\"notify_stock_qty\":null,\"meta_keyword\":null,\"has_options\":\"0\",\"required_options\":\"0\",\"size\":\"M\",\"color\":\"Red\"},{\"sku\":\"MH02-L-Black\",\"store_view_code\":null,\"attribute_set_code\":\"Top\",\"product_type\":\"simple\",\"categories\":\"Default Category\\/Men\\/Tops\\/Hoodies & Sweatshirts\",\"product_websites\":\"base\",\"name\":\"Teton Pullover Hoodie-L-Black\",\"description\":\"<p>This Teton Pullover Hoodie gives you more than laid-back style. It\'s equipped with moisture-wicking fabric to keep light and dry inside, especially in chilly-weather workouts. An elasticized hem lets you move about freely.<\\/p>\\n<p>&bull; Black pullover hoodie.<br \\/>&bull; Soft, brushed interior. <br \\/>&bull; Front hand pockets. <br \\/>&bull; Machine wash\\/dry.<\\/p>\",\"short_description\":null,\"weight\":\"1\",\"product_online\":\"1\",\"tax_class_name\":\"Taxable Goods\",\"visibility\":\"Not Visible Individually\",\"price\":\"70\",\"special_price\":null,\"special_price_from_date\":null,\"special_price_to_date\":null,\"url_key\":\"teton-pullover-hoodie-l-black\",\"meta_title\":null,\"meta_keywords\":null,\"meta_description\":null,\"base_image\":\"\\/m\\/h\\/mh02-black_main.jpg\",\"base_image_label\":null,\"small_image\":\"\\/m\\/h\\/mh02-black_main.jpg\",\"small_image_label\":null,\"thumbnail_image\":\"\\/m\\/h\\/mh02-black_main.jpg\",\"thumbnail_image_label\":null,\"created_at\":null,\"updated_at\":null,\"new_from_date\":null,\"new_to_date\":null,\"display_product_options_in\":null,\"map_price\":null,\"msrp_price\":null,\"map_enabled\":null,\"gift_message_available\":null,\"custom_design\":null,\"custom_design_from\":null,\"custom_design_to\":null,\"custom_layout_update\":null,\"page_layout\":null,\"product_options_container\":null,\"msrp_display_actual_price_type\":null,\"country_of_manufacture\":null,\"additional_attributes\":\"has_options=0,required_options=0,size=L,color=Black\",\"qty\":\"100\",\"out_of_stock_qty\":\"0\",\"use_config_min_qty\":\"1\",\"is_qty_decimal\":\"0\",\"allow_backorders\":\"0\",\"use_config_backorders\":\"1\",\"min_cart_qty\":\"1\",\"use_config_min_sale_qty\":\"1\",\"max_cart_qty\":\"0\",\"use_config_max_sale_qty\":\"1\",\"is_in_stock\":\"1\",\"notify_on_stock_below\":null,\"use_config_notify_stock_qty\":\"1\",\"manage_stock\":\"0\",\"use_config_manage_stock\":\"1\",\"use_config_qty_increments\":\"1\",\"qty_increments\":\"0\",\"use_config_enable_qty_inc\":\"1\",\"enable_qty_increments\":\"0\",\"is_decimal_divided\":\"0\",\"website_id\":\"1\",\"configurable_variations\":null,\"configurable_variation_prices\":null,\"configurable_variation_labels\":null,\"additional_images\":\"\\/m\\/h\\/mh02-black_alt1.jpg,\\/m\\/h\\/mh02-black_back.jpg\",\"image\":\"\\/m\\/h\\/mh02-black_main.jpg\",\"image_label\":null,\"thumbnail\":\"\\/m\\/h\\/mh02-black_main.jpg\",\"thumbnail_label\":null,\"_media_image\":\"\\/m\\/h\\/mh02-black_alt1.jpg,\\/m\\/h\\/mh02-black_back.jpg\",\"_store\":null,\"_attribute_set\":\"Top\",\"_product_websites\":\"base\",\"status\":\"1\",\"news_from_date\":null,\"news_to_date\":null,\"options_container\":null,\"minimal_price\":null,\"msrp\":null,\"msrp_enabled\":null,\"special_from_date\":null,\"special_to_date\":null,\"min_qty\":\"0\",\"backorders\":\"0\",\"min_sale_qty\":\"1\",\"max_sale_qty\":\"0\",\"notify_stock_qty\":null,\"meta_keyword\":null,\"has_options\":\"0\",\"required_options\":\"0\",\"size\":\"L\",\"color\":\"Black\"},{\"sku\":\"MH02-L-Purple\",\"store_view_code\":null,\"attribute_set_code\":\"Top\",\"product_type\":\"simple\",\"categories\":\"Default Category\\/Men\\/Tops\\/Hoodies & Sweatshirts\",\"product_websites\":\"base\",\"name\":\"Teton Pullover Hoodie-L-Purple\",\"description\":\"<p>This Teton Pullover Hoodie gives you more than laid-back style. It\'s equipped with moisture-wicking fabric to keep light and dry inside, especially in chilly-weather workouts. An elasticized hem lets you move about freely.<\\/p>\\n<p>&bull; Black pullover hoodie.<br \\/>&bull; Soft, brushed interior. <br \\/>&bull; Front hand pockets. <br \\/>&bull; Machine wash\\/dry.<\\/p>\",\"short_description\":null,\"weight\":\"1\",\"product_online\":\"1\",\"tax_class_name\":\"Taxable Goods\",\"visibility\":\"Not Visible Individually\",\"price\":\"70\",\"special_price\":null,\"special_price_from_date\":null,\"special_price_to_date\":null,\"url_key\":\"teton-pullover-hoodie-l-purple\",\"meta_title\":null,\"meta_keywords\":null,\"meta_description\":null,\"base_image\":\"\\/m\\/h\\/mh02-purple_main.jpg\",\"base_image_label\":null,\"small_image\":\"\\/m\\/h\\/mh02-purple_main.jpg\",\"small_image_label\":null,\"thumbnail_image\":\"\\/m\\/h\\/mh02-purple_main.jpg\",\"thumbnail_image_label\":null,\"created_at\":null,\"updated_at\":null,\"new_from_date\":null,\"new_to_date\":null,\"display_product_options_in\":null,\"map_price\":null,\"msrp_price\":null,\"map_enabled\":null,\"gift_message_available\":null,\"custom_design\":null,\"custom_design_from\":null,\"custom_design_to\":null,\"custom_layout_update\":null,\"page_layout\":null,\"product_options_container\":null,\"msrp_display_actual_price_type\":null,\"country_of_manufacture\":null,\"additional_attributes\":\"has_options=0,required_options=0,size=L,color=Purple\",\"qty\":\"100\",\"out_of_stock_qty\":\"0\",\"use_config_min_qty\":\"1\",\"is_qty_decimal\":\"0\",\"allow_backorders\":\"0\",\"use_config_backorders\":\"1\",\"min_cart_qty\":\"1\",\"use_config_min_sale_qty\":\"1\",\"max_cart_qty\":\"0\",\"use_config_max_sale_qty\":\"1\",\"is_in_stock\":\"1\",\"notify_on_stock_below\":null,\"use_config_notify_stock_qty\":\"1\",\"manage_stock\":\"0\",\"use_config_manage_stock\":\"1\",\"use_config_qty_increments\":\"1\",\"qty_increments\":\"0\",\"use_config_enable_qty_inc\":\"1\",\"enable_qty_increments\":\"0\",\"is_decimal_divided\":\"0\",\"website_id\":\"1\",\"configurable_variations\":null,\"configurable_variation_prices\":null,\"configurable_variation_labels\":null,\"additional_images\":null,\"image\":\"\\/m\\/h\\/mh02-purple_main.jpg\",\"image_label\":null,\"thumbnail\":\"\\/m\\/h\\/mh02-purple_main.jpg\",\"thumbnail_label\":null,\"_media_image\":null,\"_store\":null,\"_attribute_set\":\"Top\",\"_product_websites\":\"base\",\"status\":\"1\",\"news_from_date\":null,\"news_to_date\":null,\"options_container\":null,\"minimal_price\":null,\"msrp\":null,\"msrp_enabled\":null,\"special_from_date\":null,\"special_to_date\":null,\"min_qty\":\"0\",\"backorders\":\"0\",\"min_sale_qty\":\"1\",\"max_sale_qty\":\"0\",\"notify_stock_qty\":null,\"meta_keyword\":null,\"has_options\":\"0\",\"required_options\":\"0\",\"size\":\"L\",\"color\":\"Purple\"},{\"sku\":\"MH02-L-Red\",\"store_view_code\":null,\"attribute_set_code\":\"Top\",\"product_type\":\"simple\",\"categories\":\"Default Category\\/Men\\/Tops\\/Hoodies & Sweatshirts\",\"product_websites\":\"base\",\"name\":\"Teton Pullover Hoodie-L-Red\",\"description\":\"<p>This Teton Pullover Hoodie gives you more than laid-back style. It\'s equipped with moisture-wicking fabric to keep light and dry inside, especially in chilly-weather workouts. An elasticized hem lets you move about freely.<\\/p>\\n<p>&bull; Black pullover hoodie.<br \\/>&bull; Soft, brushed interior. <br \\/>&bull; Front hand pockets. <br \\/>&bull; Machine wash\\/dry.<\\/p>\",\"short_description\":null,\"weight\":\"1\",\"product_online\":\"1\",\"tax_class_name\":\"Taxable Goods\",\"visibility\":\"Not Visible Individually\",\"price\":\"70\",\"special_price\":null,\"special_price_from_date\":null,\"special_price_to_date\":null,\"url_key\":\"teton-pullover-hoodie-l-red\",\"meta_title\":null,\"meta_keywords\":null,\"meta_description\":null,\"base_image\":\"\\/m\\/h\\/mh02-red_main.jpg\",\"base_image_label\":null,\"small_image\":\"\\/m\\/h\\/mh02-red_main.jpg\",\"small_image_label\":null,\"thumbnail_image\":\"\\/m\\/h\\/mh02-red_main.jpg\",\"thumbnail_image_label\":null,\"created_at\":null,\"updated_at\":null,\"new_from_date\":null,\"new_to_date\":null,\"display_product_options_in\":null,\"map_price\":null,\"msrp_price\":null,\"map_enabled\":null,\"gift_message_available\":null,\"custom_design\":null,\"custom_design_from\":null,\"custom_design_to\":null,\"custom_layout_update\":null,\"page_layout\":null,\"product_options_container\":null,\"msrp_display_actual_price_type\":null,\"country_of_manufacture\":null,\"additional_attributes\":\"has_options=0,required_options=0,size=L,color=Red\",\"qty\":\"100\",\"out_of_stock_qty\":\"0\",\"use_config_min_qty\":\"1\",\"is_qty_decimal\":\"0\",\"allow_backorders\":\"0\",\"use_config_backorders\":\"1\",\"min_cart_qty\":\"1\",\"use_config_min_sale_qty\":\"1\",\"max_cart_qty\":\"0\",\"use_config_max_sale_qty\":\"1\",\"is_in_stock\":\"1\",\"notify_on_stock_below\":null,\"use_config_notify_stock_qty\":\"1\",\"manage_stock\":\"0\",\"use_config_manage_stock\":\"1\",\"use_config_qty_increments\":\"1\",\"qty_increments\":\"0\",\"use_config_enable_qty_inc\":\"1\",\"enable_qty_increments\":\"0\",\"is_decimal_divided\":\"0\",\"website_id\":\"1\",\"configurable_variations\":null,\"configurable_variation_prices\":null,\"configurable_variation_labels\":null,\"additional_images\":null,\"image\":\"\\/m\\/h\\/mh02-red_main.jpg\",\"image_label\":null,\"thumbnail\":\"\\/m\\/h\\/mh02-red_main.jpg\",\"thumbnail_label\":null,\"_media_image\":null,\"_store\":null,\"_attribute_set\":\"Top\",\"_product_websites\":\"base\",\"status\":\"1\",\"news_from_date\":null,\"news_to_date\":null,\"options_container\":null,\"minimal_price\":null,\"msrp\":null,\"msrp_enabled\":null,\"special_from_date\":null,\"special_to_date\":null,\"min_qty\":\"0\",\"backorders\":\"0\",\"min_sale_qty\":\"1\",\"max_sale_qty\":\"0\",\"notify_stock_qty\":null,\"meta_keyword\":null,\"has_options\":\"0\",\"required_options\":\"0\",\"size\":\"L\",\"color\":\"Red\"},{\"sku\":\"MH02-XL-Black\",\"store_view_code\":null,\"attribute_set_code\":\"Top\",\"product_type\":\"simple\",\"categories\":\"Default Category\\/Men\\/Tops\\/Hoodies & Sweatshirts\",\"product_websites\":\"base\",\"name\":\"Teton Pullover Hoodie-XL-Black\",\"description\":\"<p>This Teton Pullover Hoodie gives you more than laid-back style. It\'s equipped with moisture-wicking fabric to keep light and dry inside, especially in chilly-weather workouts. An elasticized hem lets you move about freely.<\\/p>\\n<p>&bull; Black pullover hoodie.<br \\/>&bull; Soft, brushed interior. <br \\/>&bull; Front hand pockets. <br \\/>&bull; Machine wash\\/dry.<\\/p>\",\"short_description\":null,\"weight\":\"1\",\"product_online\":\"1\",\"tax_class_name\":\"Taxable Goods\",\"visibility\":\"Not Visible Individually\",\"price\":\"70\",\"special_price\":null,\"special_price_from_date\":null,\"special_price_to_date\":null,\"url_key\":\"teton-pullover-hoodie-xl-black\",\"meta_title\":null,\"meta_keywords\":null,\"meta_description\":null,\"base_image\":\"\\/m\\/h\\/mh02-black_main.jpg\",\"base_image_label\":null,\"small_image\":\"\\/m\\/h\\/mh02-black_main.jpg\",\"small_image_label\":null,\"thumbnail_image\":\"\\/m\\/h\\/mh02-black_main.jpg\",\"thumbnail_image_label\":null,\"created_at\":null,\"updated_at\":null,\"new_from_date\":null,\"new_to_date\":null,\"display_product_options_in\":null,\"map_price\":null,\"msrp_price\":null,\"map_enabled\":null,\"gift_message_available\":null,\"custom_design\":null,\"custom_design_from\":null,\"custom_design_to\":null,\"custom_layout_update\":null,\"page_layout\":null,\"product_options_container\":null,\"msrp_display_actual_price_type\":null,\"country_of_manufacture\":null,\"additional_attributes\":\"has_options=0,required_options=0,size=XL,color=Black\",\"qty\":\"100\",\"out_of_stock_qty\":\"0\",\"use_config_min_qty\":\"1\",\"is_qty_decimal\":\"0\",\"allow_backorders\":\"0\",\"use_config_backorders\":\"1\",\"min_cart_qty\":\"1\",\"use_config_min_sale_qty\":\"1\",\"max_cart_qty\":\"0\",\"use_config_max_sale_qty\":\"1\",\"is_in_stock\":\"1\",\"notify_on_stock_below\":null,\"use_config_notify_stock_qty\":\"1\",\"manage_stock\":\"0\",\"use_config_manage_stock\":\"1\",\"use_config_qty_increments\":\"1\",\"qty_increments\":\"0\",\"use_config_enable_qty_inc\":\"1\",\"enable_qty_increments\":\"0\",\"is_decimal_divided\":\"0\",\"website_id\":\"1\",\"configurable_variations\":null,\"configurable_variation_prices\":null,\"configurable_variation_labels\":null,\"additional_images\":\"\\/m\\/h\\/mh02-black_alt1.jpg,\\/m\\/h\\/mh02-black_back.jpg\",\"image\":\"\\/m\\/h\\/mh02-black_main.jpg\",\"image_label\":null,\"thumbnail\":\"\\/m\\/h\\/mh02-black_main.jpg\",\"thumbnail_label\":null,\"_media_image\":\"\\/m\\/h\\/mh02-black_alt1.jpg,\\/m\\/h\\/mh02-black_back.jpg\",\"_store\":null,\"_attribute_set\":\"Top\",\"_product_websites\":\"base\",\"status\":\"1\",\"news_from_date\":null,\"news_to_date\":null,\"options_container\":null,\"minimal_price\":null,\"msrp\":null,\"msrp_enabled\":null,\"special_from_date\":null,\"special_to_date\":null,\"min_qty\":\"0\",\"backorders\":\"0\",\"min_sale_qty\":\"1\",\"max_sale_qty\":\"0\",\"notify_stock_qty\":null,\"meta_keyword\":null,\"has_options\":\"0\",\"required_options\":\"0\",\"size\":\"XL\",\"color\":\"Black\"},{\"sku\":\"MH02-XL-Purple\",\"store_view_code\":null,\"attribute_set_code\":\"Top\",\"product_type\":\"simple\",\"categories\":\"Default Category\\/Men\\/Tops\\/Hoodies & Sweatshirts\",\"product_websites\":\"base\",\"name\":\"Teton Pullover Hoodie-XL-Purple\",\"description\":\"<p>This Teton Pullover Hoodie gives you more than laid-back style. It\'s equipped with moisture-wicking fabric to keep light and dry inside, especially in chilly-weather workouts. An elasticized hem lets you move about freely.<\\/p>\\n<p>&bull; Black pullover hoodie.<br \\/>&bull; Soft, brushed interior. <br \\/>&bull; Front hand pockets. <br \\/>&bull; Machine wash\\/dry.<\\/p>\",\"short_description\":null,\"weight\":\"1\",\"product_online\":\"1\",\"tax_class_name\":\"Taxable Goods\",\"visibility\":\"Not Visible Individually\",\"price\":\"70\",\"special_price\":null,\"special_price_from_date\":null,\"special_price_to_date\":null,\"url_key\":\"teton-pullover-hoodie-xl-purple\",\"meta_title\":null,\"meta_keywords\":null,\"meta_description\":null,\"base_image\":\"\\/m\\/h\\/mh02-purple_main.jpg\",\"base_image_label\":null,\"small_image\":\"\\/m\\/h\\/mh02-purple_main.jpg\",\"small_image_label\":null,\"thumbnail_image\":\"\\/m\\/h\\/mh02-purple_main.jpg\",\"thumbnail_image_label\":null,\"created_at\":null,\"updated_at\":null,\"new_from_date\":null,\"new_to_date\":null,\"display_product_options_in\":null,\"map_price\":null,\"msrp_price\":null,\"map_enabled\":null,\"gift_message_available\":null,\"custom_design\":null,\"custom_design_from\":null,\"custom_design_to\":null,\"custom_layout_update\":null,\"page_layout\":null,\"product_options_container\":null,\"msrp_display_actual_price_type\":null,\"country_of_manufacture\":null,\"additional_attributes\":\"has_options=0,required_options=0,size=XL,color=Purple\",\"qty\":\"100\",\"out_of_stock_qty\":\"0\",\"use_config_min_qty\":\"1\",\"is_qty_decimal\":\"0\",\"allow_backorders\":\"0\",\"use_config_backorders\":\"1\",\"min_cart_qty\":\"1\",\"use_config_min_sale_qty\":\"1\",\"max_cart_qty\":\"0\",\"use_config_max_sale_qty\":\"1\",\"is_in_stock\":\"1\",\"notify_on_stock_below\":null,\"use_config_notify_stock_qty\":\"1\",\"manage_stock\":\"0\",\"use_config_manage_stock\":\"1\",\"use_config_qty_increments\":\"1\",\"qty_increments\":\"0\",\"use_config_enable_qty_inc\":\"1\",\"enable_qty_increments\":\"0\",\"is_decimal_divided\":\"0\",\"website_id\":\"1\",\"configurable_variations\":null,\"configurable_variation_prices\":null,\"configurable_variation_labels\":null,\"additional_images\":null,\"image\":\"\\/m\\/h\\/mh02-purple_main.jpg\",\"image_label\":null,\"thumbnail\":\"\\/m\\/h\\/mh02-purple_main.jpg\",\"thumbnail_label\":null,\"_media_image\":null,\"_store\":null,\"_attribute_set\":\"Top\",\"_product_websites\":\"base\",\"status\":\"1\",\"news_from_date\":null,\"news_to_date\":null,\"options_container\":null,\"minimal_price\":null,\"msrp\":null,\"msrp_enabled\":null,\"special_from_date\":null,\"special_to_date\":null,\"min_qty\":\"0\",\"backorders\":\"0\",\"min_sale_qty\":\"1\",\"max_sale_qty\":\"0\",\"notify_stock_qty\":null,\"meta_keyword\":null,\"has_options\":\"0\",\"required_options\":\"0\",\"size\":\"XL\",\"color\":\"Purple\"},{\"sku\":\"MH02-XL-Red\",\"store_view_code\":null,\"attribute_set_code\":\"Top\",\"product_type\":\"simple\",\"categories\":\"Default Category\\/Men\\/Tops\\/Hoodies & Sweatshirts\",\"product_websites\":\"base\",\"name\":\"Teton Pullover Hoodie-XL-Red\",\"description\":\"<p>This Teton Pullover Hoodie gives you more than laid-back style. It\'s equipped with moisture-wicking fabric to keep light and dry inside, especially in chilly-weather workouts. An elasticized hem lets you move about freely.<\\/p>\\n<p>&bull; Black pullover hoodie.<br \\/>&bull; Soft, brushed interior. <br \\/>&bull; Front hand pockets. <br \\/>&bull; Machine wash\\/dry.<\\/p>\",\"short_description\":null,\"weight\":\"1\",\"product_online\":\"1\",\"tax_class_name\":\"Taxable Goods\",\"visibility\":\"Not Visible Individually\",\"price\":\"70\",\"special_price\":null,\"special_price_from_date\":null,\"special_price_to_date\":null,\"url_key\":\"teton-pullover-hoodie-xl-red\",\"meta_title\":null,\"meta_keywords\":null,\"meta_description\":null,\"base_image\":\"\\/m\\/h\\/mh02-red_main.jpg\",\"base_image_label\":null,\"small_image\":\"\\/m\\/h\\/mh02-red_main.jpg\",\"small_image_label\":null,\"thumbnail_image\":\"\\/m\\/h\\/mh02-red_main.jpg\",\"thumbnail_image_label\":null,\"created_at\":null,\"updated_at\":null,\"new_from_date\":null,\"new_to_date\":null,\"display_product_options_in\":null,\"map_price\":null,\"msrp_price\":null,\"map_enabled\":null,\"gift_message_available\":null,\"custom_design\":null,\"custom_design_from\":null,\"custom_design_to\":null,\"custom_layout_update\":null,\"page_layout\":null,\"product_options_container\":null,\"msrp_display_actual_price_type\":null,\"country_of_manufacture\":null,\"additional_attributes\":\"has_options=0,required_options=0,size=XL,color=Red\",\"qty\":\"100\",\"out_of_stock_qty\":\"0\",\"use_config_min_qty\":\"1\",\"is_qty_decimal\":\"0\",\"allow_backorders\":\"0\",\"use_config_backorders\":\"1\",\"min_cart_qty\":\"1\",\"use_config_min_sale_qty\":\"1\",\"max_cart_qty\":\"0\",\"use_config_max_sale_qty\":\"1\",\"is_in_stock\":\"1\",\"notify_on_stock_below\":null,\"use_config_notify_stock_qty\":\"1\",\"manage_stock\":\"0\",\"use_config_manage_stock\":\"1\",\"use_config_qty_increments\":\"1\",\"qty_increments\":\"0\",\"use_config_enable_qty_inc\":\"1\",\"enable_qty_increments\":\"0\",\"is_decimal_divided\":\"0\",\"website_id\":\"1\",\"configurable_variations\":null,\"configurable_variation_prices\":null,\"configurable_variation_labels\":null,\"additional_images\":null,\"image\":\"\\/m\\/h\\/mh02-red_main.jpg\",\"image_label\":null,\"thumbnail\":\"\\/m\\/h\\/mh02-red_main.jpg\",\"thumbnail_label\":null,\"_media_image\":null,\"_store\":null,\"_attribute_set\":\"Top\",\"_product_websites\":\"base\",\"status\":\"1\",\"news_from_date\":null,\"news_to_date\":null,\"options_container\":null,\"minimal_price\":null,\"msrp\":null,\"msrp_enabled\":null,\"special_from_date\":null,\"special_to_date\":null,\"min_qty\":\"0\",\"backorders\":\"0\",\"min_sale_qty\":\"1\",\"max_sale_qty\":\"0\",\"notify_stock_qty\":null,\"meta_keyword\":null,\"has_options\":\"0\",\"required_options\":\"0\",\"size\":\"XL\",\"color\":\"Red\"},{\"sku\":\"MH02\",\"store_view_code\":null,\"attribute_set_code\":\"Top\",\"product_type\":\"configurable\",\"categories\":\"Default Category\\/Men\\/Tops\\/Hoodies & Sweatshirts\",\"product_websites\":\"base\",\"name\":\"Teton Pullover Hoodie\",\"description\":\"<p>This Teton Pullover Hoodie gives you more than laid-back style. It\'s equipped with moisture-wicking fabric to keep light and dry inside, especially in chilly-weather workouts. An elasticized hem lets you move about freely.<\\/p>\\n<p>&bull; Black pullover hoodie.<br \\/>&bull; Soft, brushed interior. <br \\/>&bull; Front hand pockets. <br \\/>&bull; Machine wash\\/dry.<\\/p>\",\"short_description\":null,\"weight\":null,\"product_online\":\"1\",\"tax_class_name\":\"Taxable Goods\",\"visibility\":\"Catalog, Search\",\"price\":\"70\",\"special_price\":null,\"special_price_from_date\":null,\"special_price_to_date\":null,\"url_key\":null,\"meta_title\":null,\"meta_keywords\":null,\"meta_description\":null,\"base_image\":\"\\/m\\/h\\/mh02-black_main.jpg\",\"base_image_label\":null,\"small_image\":\"\\/m\\/h\\/mh02-black_main.jpg\",\"small_image_label\":null,\"thumbnail_image\":\"\\/m\\/h\\/mh02-black_main.jpg\",\"thumbnail_image_label\":null,\"created_at\":null,\"updated_at\":null,\"new_from_date\":null,\"new_to_date\":null,\"display_product_options_in\":null,\"map_price\":null,\"msrp_price\":null,\"map_enabled\":null,\"gift_message_available\":null,\"custom_design\":null,\"custom_design_from\":null,\"custom_design_to\":null,\"custom_layout_update\":null,\"page_layout\":null,\"product_options_container\":null,\"msrp_display_actual_price_type\":null,\"country_of_manufacture\":null,\"additional_attributes\":\"has_options=1,required_options=1,material=Wool|Fleece|Nylon,pattern=Solid,climate=All-weather|Cool|Indoor|Spring|Windy,eco_collection=No,performance_fabric=No,erin_recommends=No,new=Yes,sale=No\",\"qty\":\"0\",\"out_of_stock_qty\":\"0\",\"use_config_min_qty\":\"1\",\"is_qty_decimal\":\"0\",\"allow_backorders\":\"0\",\"use_config_backorders\":\"1\",\"min_cart_qty\":\"1\",\"use_config_min_sale_qty\":\"1\",\"max_cart_qty\":\"0\",\"use_config_max_sale_qty\":\"1\",\"is_in_stock\":\"1\",\"notify_on_stock_below\":null,\"use_config_notify_stock_qty\":\"1\",\"manage_stock\":\"0\",\"use_config_manage_stock\":\"1\",\"use_config_qty_increments\":\"1\",\"qty_increments\":\"0\",\"use_config_enable_qty_inc\":\"1\",\"enable_qty_increments\":\"0\",\"is_decimal_divided\":\"0\",\"website_id\":\"1\",\"configurable_variations\":\"sku=MH02-XS-Black,size=XS,color=Black|sku=MH02-XS-Purple,size=XS,color=Purple|sku=MH02-XS-Red,size=XS,color=Red|sku=MH02-S-Black,size=S,color=Black|sku=MH02-S-Purple,size=S,color=Purple|sku=MH02-S-Red,size=S,color=Red|sku=MH02-M-Black,size=M,color=Black|sku=MH02-M-Purple,size=M,color=Purple|sku=MH02-M-Red,size=M,color=Red|sku=MH02-L-Black,size=L,color=Black|sku=MH02-L-Purple,size=L,color=Purple|sku=MH02-L-Red,size=L,color=Red|sku=MH02-XL-Black,size=XL,color=Black|sku=MH02-XL-Purple,size=XL,color=Purple|sku=MH02-XL-Red,size=XL,color=Red\",\"configurable_variation_prices\":null,\"configurable_variation_labels\":null,\"additional_images\":\"\\/m\\/h\\/mh02-black_alt1.jpg,\\/m\\/h\\/mh02-black_back.jpg\",\"image\":\"\\/m\\/h\\/mh02-black_main.jpg\",\"image_label\":null,\"thumbnail\":\"\\/m\\/h\\/mh02-black_main.jpg\",\"thumbnail_label\":null,\"_media_image\":\"\\/m\\/h\\/mh02-black_alt1.jpg,\\/m\\/h\\/mh02-black_back.jpg\",\"_store\":null,\"_attribute_set\":\"Top\",\"_product_websites\":\"base\",\"status\":\"1\",\"news_from_date\":null,\"news_to_date\":null,\"options_container\":null,\"minimal_price\":null,\"msrp\":null,\"msrp_enabled\":null,\"special_from_date\":null,\"special_to_date\":null,\"min_qty\":\"0\",\"backorders\":\"0\",\"min_sale_qty\":\"1\",\"max_sale_qty\":\"0\",\"notify_stock_qty\":null,\"meta_keyword\":null,\"has_options\":\"1\",\"required_options\":\"1\",\"material\":[\"Wool\",\"Fleece\",\"Nylon\"],\"pattern\":\"Solid\",\"climate\":[\"All-weather\",\"Cool\",\"Indoor\",\"Spring\",\"Windy\"],\"eco_collection\":\"No\",\"performance_fabric\":\"No\",\"erin_recommends\":\"No\",\"new\":\"Yes\",\"sale\":\"No\"},{\"sku\":\"MH03-XS-Black\",\"store_view_code\":null,\"attribute_set_code\":\"Top\",\"product_type\":\"simple\",\"categories\":\"Default Category\\/Men\\/Tops\\/Hoodies & Sweatshirts,Default Category\\/Collections\\/Eco Friendly,Default Category\",\"product_websites\":\"base\",\"name\":\"Bruno Compete Hoodie-XS-Black\",\"description\":\"<p>Stay comfortable and stay in the race no matter what the weather\'s up to. The Bruno Compete Hoodie\'s water-repellent exterior shields you from the elements, while advanced fabric technology inside wicks moisture to keep you dry.<\\/p>\\n<p>&bull; Full zip black hoodie pullover. <br \\/>&bull; Adjustable drawstring hood. <br \\/>&bull; Ribbed cuffs\\/waistband. <br \\/>&bull; Kangaroo pocket. <br \\/>&bull; Machine wash\\/dry.<\\/p>\",\"short_description\":null,\"weight\":\"1\",\"product_online\":\"1\",\"tax_class_name\":\"Taxable Goods\",\"visibility\":\"Not Visible Individually\",\"price\":\"63\",\"special_price\":null,\"special_price_from_date\":null,\"special_price_to_date\":null,\"url_key\":\"bruno-compete-hoodie-xs-black\",\"meta_title\":null,\"meta_keywords\":null,\"meta_description\":null,\"base_image\":\"\\/m\\/h\\/mh03-black_main.jpg\",\"base_image_label\":null,\"small_image\":\"\\/m\\/h\\/mh03-black_main.jpg\",\"small_image_label\":null,\"thumbnail_image\":\"\\/m\\/h\\/mh03-black_main.jpg\",\"thumbnail_image_label\":null,\"created_at\":null,\"updated_at\":null,\"new_from_date\":null,\"new_to_date\":null,\"display_product_options_in\":null,\"map_price\":null,\"msrp_price\":null,\"map_enabled\":null,\"gift_message_available\":null,\"custom_design\":null,\"custom_design_from\":null,\"custom_design_to\":null,\"custom_layout_update\":null,\"page_layout\":null,\"product_options_container\":null,\"msrp_display_actual_price_type\":null,\"country_of_manufacture\":null,\"additional_attributes\":\"has_options=0,required_options=0,size=XS,color=Black\",\"qty\":\"100\",\"out_of_stock_qty\":\"0\",\"use_config_min_qty\":\"1\",\"is_qty_decimal\":\"0\",\"allow_backorders\":\"0\",\"use_config_backorders\":\"1\",\"min_cart_qty\":\"1\",\"use_config_min_sale_qty\":\"1\",\"max_cart_qty\":\"0\",\"use_config_max_sale_qty\":\"1\",\"is_in_stock\":\"1\",\"notify_on_stock_below\":null,\"use_config_notify_stock_qty\":\"1\",\"manage_stock\":\"0\",\"use_config_manage_stock\":\"1\",\"use_config_qty_increments\":\"1\",\"qty_increments\":\"0\",\"use_config_enable_qty_inc\":\"1\",\"enable_qty_increments\":\"0\",\"is_decimal_divided\":\"0\",\"website_id\":\"1\",\"configurable_variations\":null,\"configurable_variation_prices\":null,\"configurable_variation_labels\":null,\"additional_images\":\"\\/m\\/h\\/mh03-black_alt1.jpg,\\/m\\/h\\/mh03-black_back.jpg\",\"image\":\"\\/m\\/h\\/mh03-black_main.jpg\",\"image_label\":null,\"thumbnail\":\"\\/m\\/h\\/mh03-black_main.jpg\",\"thumbnail_label\":null,\"_media_image\":\"\\/m\\/h\\/mh03-black_alt1.jpg,\\/m\\/h\\/mh03-black_back.jpg\",\"_store\":null,\"_attribute_set\":\"Top\",\"_product_websites\":\"base\",\"status\":\"1\",\"news_from_date\":null,\"news_to_date\":null,\"options_container\":null,\"minimal_price\":null,\"msrp\":null,\"msrp_enabled\":null,\"special_from_date\":null,\"special_to_date\":null,\"min_qty\":\"0\",\"backorders\":\"0\",\"min_sale_qty\":\"1\",\"max_sale_qty\":\"0\",\"notify_stock_qty\":null,\"meta_keyword\":null,\"has_options\":\"0\",\"required_options\":\"0\",\"size\":\"XS\",\"color\":\"Black\"},{\"sku\":\"MH03-XS-Blue\",\"store_view_code\":null,\"attribute_set_code\":\"Top\",\"product_type\":\"simple\",\"categories\":\"Default Category\\/Men\\/Tops\\/Hoodies & Sweatshirts,Default Category\\/Collections\\/Eco Friendly,Default Category\",\"product_websites\":\"base\",\"name\":\"Bruno Compete Hoodie-XS-Blue\",\"description\":\"<p>Stay comfortable and stay in the race no matter what the weather\'s up to. The Bruno Compete Hoodie\'s water-repellent exterior shields you from the elements, while advanced fabric technology inside wicks moisture to keep you dry.<\\/p>\\n<p>&bull; Full zip black hoodie pullover. <br \\/>&bull; Adjustable drawstring hood. <br \\/>&bull; Ribbed cuffs\\/waistband. <br \\/>&bull; Kangaroo pocket. <br \\/>&bull; Machine wash\\/dry.<\\/p>\",\"short_description\":null,\"weight\":\"1\",\"product_online\":\"1\",\"tax_class_name\":\"Taxable Goods\",\"visibility\":\"Not Visible Individually\",\"price\":\"63\",\"special_price\":null,\"special_price_from_date\":null,\"special_price_to_date\":null,\"url_key\":\"bruno-compete-hoodie-xs-blue\",\"meta_title\":null,\"meta_keywords\":null,\"meta_description\":null,\"base_image\":\"\\/m\\/h\\/mh03-blue_main.jpg\",\"base_image_label\":null,\"small_image\":\"\\/m\\/h\\/mh03-blue_main.jpg\",\"small_image_label\":null,\"thumbnail_image\":\"\\/m\\/h\\/mh03-blue_main.jpg\",\"thumbnail_image_label\":null,\"created_at\":null,\"updated_at\":null,\"new_from_date\":null,\"new_to_date\":null,\"display_product_options_in\":null,\"map_price\":null,\"msrp_price\":null,\"map_enabled\":null,\"gift_message_available\":null,\"custom_design\":null,\"custom_design_from\":null,\"custom_design_to\":null,\"custom_layout_update\":null,\"page_layout\":null,\"product_options_container\":null,\"msrp_display_actual_price_type\":null,\"country_of_manufacture\":null,\"additional_attributes\":\"has_options=0,required_options=0,size=XS,color=Blue\",\"qty\":\"100\",\"out_of_stock_qty\":\"0\",\"use_config_min_qty\":\"1\",\"is_qty_decimal\":\"0\",\"allow_backorders\":\"0\",\"use_config_backorders\":\"1\",\"min_cart_qty\":\"1\",\"use_config_min_sale_qty\":\"1\",\"max_cart_qty\":\"0\",\"use_config_max_sale_qty\":\"1\",\"is_in_stock\":\"1\",\"notify_on_stock_below\":null,\"use_config_notify_stock_qty\":\"1\",\"manage_stock\":\"0\",\"use_config_manage_stock\":\"1\",\"use_config_qty_increments\":\"1\",\"qty_increments\":\"0\",\"use_config_enable_qty_inc\":\"1\",\"enable_qty_increments\":\"0\",\"is_decimal_divided\":\"0\",\"website_id\":\"1\",\"configurable_variations\":null,\"configurable_variation_prices\":null,\"configurable_variation_labels\":null,\"additional_images\":null,\"image\":\"\\/m\\/h\\/mh03-blue_main.jpg\",\"image_label\":null,\"thumbnail\":\"\\/m\\/h\\/mh03-blue_main.jpg\",\"thumbnail_label\":null,\"_media_image\":null,\"_store\":null,\"_attribute_set\":\"Top\",\"_product_websites\":\"base\",\"status\":\"1\",\"news_from_date\":null,\"news_to_date\":null,\"options_container\":null,\"minimal_price\":null,\"msrp\":null,\"msrp_enabled\":null,\"special_from_date\":null,\"special_to_date\":null,\"min_qty\":\"0\",\"backorders\":\"0\",\"min_sale_qty\":\"1\",\"max_sale_qty\":\"0\",\"notify_stock_qty\":null,\"meta_keyword\":null,\"has_options\":\"0\",\"required_options\":\"0\",\"size\":\"XS\",\"color\":\"Blue\"},{\"sku\":\"MH03-XS-Green\",\"store_view_code\":null,\"attribute_set_code\":\"Top\",\"product_type\":\"simple\",\"categories\":\"Default Category\\/Men\\/Tops\\/Hoodies & Sweatshirts,Default Category\\/Collections\\/Eco Friendly,Default Category\",\"product_websites\":\"base\",\"name\":\"Bruno Compete Hoodie-XS-Green\",\"description\":\"<p>Stay comfortable and stay in the race no matter what the weather\'s up to. The Bruno Compete Hoodie\'s water-repellent exterior shields you from the elements, while advanced fabric technology inside wicks moisture to keep you dry.<\\/p>\\n<p>&bull; Full zip black hoodie pullover. <br \\/>&bull; Adjustable drawstring hood. <br \\/>&bull; Ribbed cuffs\\/waistband. <br \\/>&bull; Kangaroo pocket. <br \\/>&bull; Machine wash\\/dry.<\\/p>\",\"short_description\":null,\"weight\":\"1\",\"product_online\":\"1\",\"tax_class_name\":\"Taxable Goods\",\"visibility\":\"Not Visible Individually\",\"price\":\"63\",\"special_price\":null,\"special_price_from_date\":null,\"special_price_to_date\":null,\"url_key\":\"bruno-compete-hoodie-xs-green\",\"meta_title\":null,\"meta_keywords\":null,\"meta_description\":null,\"base_image\":\"\\/m\\/h\\/mh03-green_main.jpg\",\"base_image_label\":null,\"small_image\":\"\\/m\\/h\\/mh03-green_main.jpg\",\"small_image_label\":null,\"thumbnail_image\":\"\\/m\\/h\\/mh03-green_main.jpg\",\"thumbnail_image_label\":null,\"created_at\":null,\"updated_at\":null,\"new_from_date\":null,\"new_to_date\":null,\"display_product_options_in\":null,\"map_price\":null,\"msrp_price\":null,\"map_enabled\":null,\"gift_message_available\":null,\"custom_design\":null,\"custom_design_from\":null,\"custom_design_to\":null,\"custom_layout_update\":null,\"page_layout\":null,\"product_options_container\":null,\"msrp_display_actual_price_type\":null,\"country_of_manufacture\":null,\"additional_attributes\":\"has_options=0,required_options=0,size=XS,color=Green\",\"qty\":\"100\",\"out_of_stock_qty\":\"0\",\"use_config_min_qty\":\"1\",\"is_qty_decimal\":\"0\",\"allow_backorders\":\"0\",\"use_config_backorders\":\"1\",\"min_cart_qty\":\"1\",\"use_config_min_sale_qty\":\"1\",\"max_cart_qty\":\"0\",\"use_config_max_sale_qty\":\"1\",\"is_in_stock\":\"1\",\"notify_on_stock_below\":null,\"use_config_notify_stock_qty\":\"1\",\"manage_stock\":\"0\",\"use_config_manage_stock\":\"1\",\"use_config_qty_increments\":\"1\",\"qty_increments\":\"0\",\"use_config_enable_qty_inc\":\"1\",\"enable_qty_increments\":\"0\",\"is_decimal_divided\":\"0\",\"website_id\":\"1\",\"configurable_variations\":null,\"configurable_variation_prices\":null,\"configurable_variation_labels\":null,\"additional_images\":null,\"image\":\"\\/m\\/h\\/mh03-green_main.jpg\",\"image_label\":null,\"thumbnail\":\"\\/m\\/h\\/mh03-green_main.jpg\",\"thumbnail_label\":null,\"_media_image\":null,\"_store\":null,\"_attribute_set\":\"Top\",\"_product_websites\":\"base\",\"status\":\"1\",\"news_from_date\":null,\"news_to_date\":null,\"options_container\":null,\"minimal_price\":null,\"msrp\":null,\"msrp_enabled\":null,\"special_from_date\":null,\"special_to_date\":null,\"min_qty\":\"0\",\"backorders\":\"0\",\"min_sale_qty\":\"1\",\"max_sale_qty\":\"0\",\"notify_stock_qty\":null,\"meta_keyword\":null,\"has_options\":\"0\",\"required_options\":\"0\",\"size\":\"XS\",\"color\":\"Green\"},{\"sku\":\"MH03-S-Black\",\"store_view_code\":null,\"attribute_set_code\":\"Top\",\"product_type\":\"simple\",\"categories\":\"Default Category\\/Men\\/Tops\\/Hoodies & Sweatshirts,Default Category\\/Collections\\/Eco Friendly,Default Category\",\"product_websites\":\"base\",\"name\":\"Bruno Compete Hoodie-S-Black\",\"description\":\"<p>Stay comfortable and stay in the race no matter what the weather\'s up to. The Bruno Compete Hoodie\'s water-repellent exterior shields you from the elements, while advanced fabric technology inside wicks moisture to keep you dry.<\\/p>\\n<p>&bull; Full zip black hoodie pullover. <br \\/>&bull; Adjustable drawstring hood. <br \\/>&bull; Ribbed cuffs\\/waistband. <br \\/>&bull; Kangaroo pocket. <br \\/>&bull; Machine wash\\/dry.<\\/p>\",\"short_description\":null,\"weight\":\"1\",\"product_online\":\"1\",\"tax_class_name\":\"Taxable Goods\",\"visibility\":\"Not Visible Individually\",\"price\":\"63\",\"special_price\":null,\"special_price_from_date\":null,\"special_price_to_date\":null,\"url_key\":\"bruno-compete-hoodie-s-black\",\"meta_title\":null,\"meta_keywords\":null,\"meta_description\":null,\"base_image\":\"\\/m\\/h\\/mh03-black_main.jpg\",\"base_image_label\":null,\"small_image\":\"\\/m\\/h\\/mh03-black_main.jpg\",\"small_image_label\":null,\"thumbnail_image\":\"\\/m\\/h\\/mh03-black_main.jpg\",\"thumbnail_image_label\":null,\"created_at\":null,\"updated_at\":null,\"new_from_date\":null,\"new_to_date\":null,\"display_product_options_in\":null,\"map_price\":null,\"msrp_price\":null,\"map_enabled\":null,\"gift_message_available\":null,\"custom_design\":null,\"custom_design_from\":null,\"custom_design_to\":null,\"custom_layout_update\":null,\"page_layout\":null,\"product_options_container\":null,\"msrp_display_actual_price_type\":null,\"country_of_manufacture\":null,\"additional_attributes\":\"has_options=0,required_options=0,size=S,color=Black\",\"qty\":\"100\",\"out_of_stock_qty\":\"0\",\"use_config_min_qty\":\"1\",\"is_qty_decimal\":\"0\",\"allow_backorders\":\"0\",\"use_config_backorders\":\"1\",\"min_cart_qty\":\"1\",\"use_config_min_sale_qty\":\"1\",\"max_cart_qty\":\"0\",\"use_config_max_sale_qty\":\"1\",\"is_in_stock\":\"1\",\"notify_on_stock_below\":null,\"use_config_notify_stock_qty\":\"1\",\"manage_stock\":\"0\",\"use_config_manage_stock\":\"1\",\"use_config_qty_increments\":\"1\",\"qty_increments\":\"0\",\"use_config_enable_qty_inc\":\"1\",\"enable_qty_increments\":\"0\",\"is_decimal_divided\":\"0\",\"website_id\":\"1\",\"configurable_variations\":null,\"configurable_variation_prices\":null,\"configurable_variation_labels\":null,\"additional_images\":\"\\/m\\/h\\/mh03-black_alt1.jpg,\\/m\\/h\\/mh03-black_back.jpg\",\"image\":\"\\/m\\/h\\/mh03-black_main.jpg\",\"image_label\":null,\"thumbnail\":\"\\/m\\/h\\/mh03-black_main.jpg\",\"thumbnail_label\":null,\"_media_image\":\"\\/m\\/h\\/mh03-black_alt1.jpg,\\/m\\/h\\/mh03-black_back.jpg\",\"_store\":null,\"_attribute_set\":\"Top\",\"_product_websites\":\"base\",\"status\":\"1\",\"news_from_date\":null,\"news_to_date\":null,\"options_container\":null,\"minimal_price\":null,\"msrp\":null,\"msrp_enabled\":null,\"special_from_date\":null,\"special_to_date\":null,\"min_qty\":\"0\",\"backorders\":\"0\",\"min_sale_qty\":\"1\",\"max_sale_qty\":\"0\",\"notify_stock_qty\":null,\"meta_keyword\":null,\"has_options\":\"0\",\"required_options\":\"0\",\"size\":\"S\",\"color\":\"Black\"},{\"sku\":\"MH03-S-Blue\",\"store_view_code\":null,\"attribute_set_code\":\"Top\",\"product_type\":\"simple\",\"categories\":\"Default Category\\/Men\\/Tops\\/Hoodies & Sweatshirts,Default Category\\/Collections\\/Eco Friendly,Default Category\",\"product_websites\":\"base\",\"name\":\"Bruno Compete Hoodie-S-Blue\",\"description\":\"<p>Stay comfortable and stay in the race no matter what the weather\'s up to. The Bruno Compete Hoodie\'s water-repellent exterior shields you from the elements, while advanced fabric technology inside wicks moisture to keep you dry.<\\/p>\\n<p>&bull; Full zip black hoodie pullover. <br \\/>&bull; Adjustable drawstring hood. <br \\/>&bull; Ribbed cuffs\\/waistband. <br \\/>&bull; Kangaroo pocket. <br \\/>&bull; Machine wash\\/dry.<\\/p>\",\"short_description\":null,\"weight\":\"1\",\"product_online\":\"1\",\"tax_class_name\":\"Taxable Goods\",\"visibility\":\"Not Visible Individually\",\"price\":\"63\",\"special_price\":null,\"special_price_from_date\":null,\"special_price_to_date\":null,\"url_key\":\"bruno-compete-hoodie-s-blue\",\"meta_title\":null,\"meta_keywords\":null,\"meta_description\":null,\"base_image\":\"\\/m\\/h\\/mh03-blue_main.jpg\",\"base_image_label\":null,\"small_image\":\"\\/m\\/h\\/mh03-blue_main.jpg\",\"small_image_label\":null,\"thumbnail_image\":\"\\/m\\/h\\/mh03-blue_main.jpg\",\"thumbnail_image_label\":null,\"created_at\":null,\"updated_at\":null,\"new_from_date\":null,\"new_to_date\":null,\"display_product_options_in\":null,\"map_price\":null,\"msrp_price\":null,\"map_enabled\":null,\"gift_message_available\":null,\"custom_design\":null,\"custom_design_from\":null,\"custom_design_to\":null,\"custom_layout_update\":null,\"page_layout\":null,\"product_options_container\":null,\"msrp_display_actual_price_type\":null,\"country_of_manufacture\":null,\"additional_attributes\":\"has_options=0,required_options=0,size=S,color=Blue\",\"qty\":\"100\",\"out_of_stock_qty\":\"0\",\"use_config_min_qty\":\"1\",\"is_qty_decimal\":\"0\",\"allow_backorders\":\"0\",\"use_config_backorders\":\"1\",\"min_cart_qty\":\"1\",\"use_config_min_sale_qty\":\"1\",\"max_cart_qty\":\"0\",\"use_config_max_sale_qty\":\"1\",\"is_in_stock\":\"1\",\"notify_on_stock_below\":null,\"use_config_notify_stock_qty\":\"1\",\"manage_stock\":\"0\",\"use_config_manage_stock\":\"1\",\"use_config_qty_increments\":\"1\",\"qty_increments\":\"0\",\"use_config_enable_qty_inc\":\"1\",\"enable_qty_increments\":\"0\",\"is_decimal_divided\":\"0\",\"website_id\":\"1\",\"configurable_variations\":null,\"configurable_variation_prices\":null,\"configurable_variation_labels\":null,\"additional_images\":null,\"image\":\"\\/m\\/h\\/mh03-blue_main.jpg\",\"image_label\":null,\"thumbnail\":\"\\/m\\/h\\/mh03-blue_main.jpg\",\"thumbnail_label\":null,\"_media_image\":null,\"_store\":null,\"_attribute_set\":\"Top\",\"_product_websites\":\"base\",\"status\":\"1\",\"news_from_date\":null,\"news_to_date\":null,\"options_container\":null,\"minimal_price\":null,\"msrp\":null,\"msrp_enabled\":null,\"special_from_date\":null,\"special_to_date\":null,\"min_qty\":\"0\",\"backorders\":\"0\",\"min_sale_qty\":\"1\",\"max_sale_qty\":\"0\",\"notify_stock_qty\":null,\"meta_keyword\":null,\"has_options\":\"0\",\"required_options\":\"0\",\"size\":\"S\",\"color\":\"Blue\"},{\"sku\":\"MH03-S-Green\",\"store_view_code\":null,\"attribute_set_code\":\"Top\",\"product_type\":\"simple\",\"categories\":\"Default Category\\/Men\\/Tops\\/Hoodies & Sweatshirts,Default Category\\/Collections\\/Eco Friendly,Default Category\",\"product_websites\":\"base\",\"name\":\"Bruno Compete Hoodie-S-Green\",\"description\":\"<p>Stay comfortable and stay in the race no matter what the weather\'s up to. The Bruno Compete Hoodie\'s water-repellent exterior shields you from the elements, while advanced fabric technology inside wicks moisture to keep you dry.<\\/p>\\n<p>&bull; Full zip black hoodie pullover. <br \\/>&bull; Adjustable drawstring hood. <br \\/>&bull; Ribbed cuffs\\/waistband. <br \\/>&bull; Kangaroo pocket. <br \\/>&bull; Machine wash\\/dry.<\\/p>\",\"short_description\":null,\"weight\":\"1\",\"product_online\":\"1\",\"tax_class_name\":\"Taxable Goods\",\"visibility\":\"Not Visible Individually\",\"price\":\"63\",\"special_price\":null,\"special_price_from_date\":null,\"special_price_to_date\":null,\"url_key\":\"bruno-compete-hoodie-s-green\",\"meta_title\":null,\"meta_keywords\":null,\"meta_description\":null,\"base_image\":\"\\/m\\/h\\/mh03-green_main.jpg\",\"base_image_label\":null,\"small_image\":\"\\/m\\/h\\/mh03-green_main.jpg\",\"small_image_label\":null,\"thumbnail_image\":\"\\/m\\/h\\/mh03-green_main.jpg\",\"thumbnail_image_label\":null,\"created_at\":null,\"updated_at\":null,\"new_from_date\":null,\"new_to_date\":null,\"display_product_options_in\":null,\"map_price\":null,\"msrp_price\":null,\"map_enabled\":null,\"gift_message_available\":null,\"custom_design\":null,\"custom_design_from\":null,\"custom_design_to\":null,\"custom_layout_update\":null,\"page_layout\":null,\"product_options_container\":null,\"msrp_display_actual_price_type\":null,\"country_of_manufacture\":null,\"additional_attributes\":\"has_options=0,required_options=0,size=S,color=Green\",\"qty\":\"100\",\"out_of_stock_qty\":\"0\",\"use_config_min_qty\":\"1\",\"is_qty_decimal\":\"0\",\"allow_backorders\":\"0\",\"use_config_backorders\":\"1\",\"min_cart_qty\":\"1\",\"use_config_min_sale_qty\":\"1\",\"max_cart_qty\":\"0\",\"use_config_max_sale_qty\":\"1\",\"is_in_stock\":\"1\",\"notify_on_stock_below\":null,\"use_config_notify_stock_qty\":\"1\",\"manage_stock\":\"0\",\"use_config_manage_stock\":\"1\",\"use_config_qty_increments\":\"1\",\"qty_increments\":\"0\",\"use_config_enable_qty_inc\":\"1\",\"enable_qty_increments\":\"0\",\"is_decimal_divided\":\"0\",\"website_id\":\"1\",\"configurable_variations\":null,\"configurable_variation_prices\":null,\"configurable_variation_labels\":null,\"additional_images\":null,\"image\":\"\\/m\\/h\\/mh03-green_main.jpg\",\"image_label\":null,\"thumbnail\":\"\\/m\\/h\\/mh03-green_main.jpg\",\"thumbnail_label\":null,\"_media_image\":null,\"_store\":null,\"_attribute_set\":\"Top\",\"_product_websites\":\"base\",\"status\":\"1\",\"news_from_date\":null,\"news_to_date\":null,\"options_container\":null,\"minimal_price\":null,\"msrp\":null,\"msrp_enabled\":null,\"special_from_date\":null,\"special_to_date\":null,\"min_qty\":\"0\",\"backorders\":\"0\",\"min_sale_qty\":\"1\",\"max_sale_qty\":\"0\",\"notify_stock_qty\":null,\"meta_keyword\":null,\"has_options\":\"0\",\"required_options\":\"0\",\"size\":\"S\",\"color\":\"Green\"},{\"sku\":\"MH03-M-Black\",\"store_view_code\":null,\"attribute_set_code\":\"Top\",\"product_type\":\"simple\",\"categories\":\"Default Category\\/Men\\/Tops\\/Hoodies & Sweatshirts,Default Category\\/Collections\\/Eco Friendly,Default Category\",\"product_websites\":\"base\",\"name\":\"Bruno Compete Hoodie-M-Black\",\"description\":\"<p>Stay comfortable and stay in the race no matter what the weather\'s up to. The Bruno Compete Hoodie\'s water-repellent exterior shields you from the elements, while advanced fabric technology inside wicks moisture to keep you dry.<\\/p>\\n<p>&bull; Full zip black hoodie pullover. <br \\/>&bull; Adjustable drawstring hood. <br \\/>&bull; Ribbed cuffs\\/waistband. <br \\/>&bull; Kangaroo pocket. <br \\/>&bull; Machine wash\\/dry.<\\/p>\",\"short_description\":null,\"weight\":\"1\",\"product_online\":\"1\",\"tax_class_name\":\"Taxable Goods\",\"visibility\":\"Not Visible Individually\",\"price\":\"63\",\"special_price\":null,\"special_price_from_date\":null,\"special_price_to_date\":null,\"url_key\":\"bruno-compete-hoodie-m-black\",\"meta_title\":null,\"meta_keywords\":null,\"meta_description\":null,\"base_image\":\"\\/m\\/h\\/mh03-black_main.jpg\",\"base_image_label\":null,\"small_image\":\"\\/m\\/h\\/mh03-black_main.jpg\",\"small_image_label\":null,\"thumbnail_image\":\"\\/m\\/h\\/mh03-black_main.jpg\",\"thumbnail_image_label\":null,\"created_at\":null,\"updated_at\":null,\"new_from_date\":null,\"new_to_date\":null,\"display_product_options_in\":null,\"map_price\":null,\"msrp_price\":null,\"map_enabled\":null,\"gift_message_available\":null,\"custom_design\":null,\"custom_design_from\":null,\"custom_design_to\":null,\"custom_layout_update\":null,\"page_layout\":null,\"product_options_container\":null,\"msrp_display_actual_price_type\":null,\"country_of_manufacture\":null,\"additional_attributes\":\"has_options=0,required_options=0,size=M,color=Black\",\"qty\":\"100\",\"out_of_stock_qty\":\"0\",\"use_config_min_qty\":\"1\",\"is_qty_decimal\":\"0\",\"allow_backorders\":\"0\",\"use_config_backorders\":\"1\",\"min_cart_qty\":\"1\",\"use_config_min_sale_qty\":\"1\",\"max_cart_qty\":\"0\",\"use_config_max_sale_qty\":\"1\",\"is_in_stock\":\"1\",\"notify_on_stock_below\":null,\"use_config_notify_stock_qty\":\"1\",\"manage_stock\":\"0\",\"use_config_manage_stock\":\"1\",\"use_config_qty_increments\":\"1\",\"qty_increments\":\"0\",\"use_config_enable_qty_inc\":\"1\",\"enable_qty_increments\":\"0\",\"is_decimal_divided\":\"0\",\"website_id\":\"1\",\"configurable_variations\":null,\"configurable_variation_prices\":null,\"configurable_variation_labels\":null,\"additional_images\":\"\\/m\\/h\\/mh03-black_alt1.jpg,\\/m\\/h\\/mh03-black_back.jpg\",\"image\":\"\\/m\\/h\\/mh03-black_main.jpg\",\"image_label\":null,\"thumbnail\":\"\\/m\\/h\\/mh03-black_main.jpg\",\"thumbnail_label\":null,\"_media_image\":\"\\/m\\/h\\/mh03-black_alt1.jpg,\\/m\\/h\\/mh03-black_back.jpg\",\"_store\":null,\"_attribute_set\":\"Top\",\"_product_websites\":\"base\",\"status\":\"1\",\"news_from_date\":null,\"news_to_date\":null,\"options_container\":null,\"minimal_price\":null,\"msrp\":null,\"msrp_enabled\":null,\"special_from_date\":null,\"special_to_date\":null,\"min_qty\":\"0\",\"backorders\":\"0\",\"min_sale_qty\":\"1\",\"max_sale_qty\":\"0\",\"notify_stock_qty\":null,\"meta_keyword\":null,\"has_options\":\"0\",\"required_options\":\"0\",\"size\":\"M\",\"color\":\"Black\"},{\"sku\":\"MH03-M-Blue\",\"store_view_code\":null,\"attribute_set_code\":\"Top\",\"product_type\":\"simple\",\"categories\":\"Default Category\\/Men\\/Tops\\/Hoodies & Sweatshirts,Default Category\\/Collections\\/Eco Friendly,Default Category\",\"product_websites\":\"base\",\"name\":\"Bruno Compete Hoodie-M-Blue\",\"description\":\"<p>Stay comfortable and stay in the race no matter what the weather\'s up to. The Bruno Compete Hoodie\'s water-repellent exterior shields you from the elements, while advanced fabric technology inside wicks moisture to keep you dry.<\\/p>\\n<p>&bull; Full zip black hoodie pullover. <br \\/>&bull; Adjustable drawstring hood. <br \\/>&bull; Ribbed cuffs\\/waistband. <br \\/>&bull; Kangaroo pocket. <br \\/>&bull; Machine wash\\/dry.<\\/p>\",\"short_description\":null,\"weight\":\"1\",\"product_online\":\"1\",\"tax_class_name\":\"Taxable Goods\",\"visibility\":\"Not Visible Individually\",\"price\":\"63\",\"special_price\":null,\"special_price_from_date\":null,\"special_price_to_date\":null,\"url_key\":\"bruno-compete-hoodie-m-blue\",\"meta_title\":null,\"meta_keywords\":null,\"meta_description\":null,\"base_image\":\"\\/m\\/h\\/mh03-blue_main.jpg\",\"base_image_label\":null,\"small_image\":\"\\/m\\/h\\/mh03-blue_main.jpg\",\"small_image_label\":null,\"thumbnail_image\":\"\\/m\\/h\\/mh03-blue_main.jpg\",\"thumbnail_image_label\":null,\"created_at\":null,\"updated_at\":null,\"new_from_date\":null,\"new_to_date\":null,\"display_product_options_in\":null,\"map_price\":null,\"msrp_price\":null,\"map_enabled\":null,\"gift_message_available\":null,\"custom_design\":null,\"custom_design_from\":null,\"custom_design_to\":null,\"custom_layout_update\":null,\"page_layout\":null,\"product_options_container\":null,\"msrp_display_actual_price_type\":null,\"country_of_manufacture\":null,\"additional_attributes\":\"has_options=0,required_options=0,size=M,color=Blue\",\"qty\":\"100\",\"out_of_stock_qty\":\"0\",\"use_config_min_qty\":\"1\",\"is_qty_decimal\":\"0\",\"allow_backorders\":\"0\",\"use_config_backorders\":\"1\",\"min_cart_qty\":\"1\",\"use_config_min_sale_qty\":\"1\",\"max_cart_qty\":\"0\",\"use_config_max_sale_qty\":\"1\",\"is_in_stock\":\"1\",\"notify_on_stock_below\":null,\"use_config_notify_stock_qty\":\"1\",\"manage_stock\":\"0\",\"use_config_manage_stock\":\"1\",\"use_config_qty_increments\":\"1\",\"qty_increments\":\"0\",\"use_config_enable_qty_inc\":\"1\",\"enable_qty_increments\":\"0\",\"is_decimal_divided\":\"0\",\"website_id\":\"1\",\"configurable_variations\":null,\"configurable_variation_prices\":null,\"configurable_variation_labels\":null,\"additional_images\":null,\"image\":\"\\/m\\/h\\/mh03-blue_main.jpg\",\"image_label\":null,\"thumbnail\":\"\\/m\\/h\\/mh03-blue_main.jpg\",\"thumbnail_label\":null,\"_media_image\":null,\"_store\":null,\"_attribute_set\":\"Top\",\"_product_websites\":\"base\",\"status\":\"1\",\"news_from_date\":null,\"news_to_date\":null,\"options_container\":null,\"minimal_price\":null,\"msrp\":null,\"msrp_enabled\":null,\"special_from_date\":null,\"special_to_date\":null,\"min_qty\":\"0\",\"backorders\":\"0\",\"min_sale_qty\":\"1\",\"max_sale_qty\":\"0\",\"notify_stock_qty\":null,\"meta_keyword\":null,\"has_options\":\"0\",\"required_options\":\"0\",\"size\":\"M\",\"color\":\"Blue\"},{\"sku\":\"MH03-M-Green\",\"store_view_code\":null,\"attribute_set_code\":\"Top\",\"product_type\":\"simple\",\"categories\":\"Default Category\\/Men\\/Tops\\/Hoodies & Sweatshirts,Default Category\\/Collections\\/Eco Friendly,Default Category\",\"product_websites\":\"base\",\"name\":\"Bruno Compete Hoodie-M-Green\",\"description\":\"<p>Stay comfortable and stay in the race no matter what the weather\'s up to. The Bruno Compete Hoodie\'s water-repellent exterior shields you from the elements, while advanced fabric technology inside wicks moisture to keep you dry.<\\/p>\\n<p>&bull; Full zip black hoodie pullover. <br \\/>&bull; Adjustable drawstring hood. <br \\/>&bull; Ribbed cuffs\\/waistband. <br \\/>&bull; Kangaroo pocket. <br \\/>&bull; Machine wash\\/dry.<\\/p>\",\"short_description\":null,\"weight\":\"1\",\"product_online\":\"1\",\"tax_class_name\":\"Taxable Goods\",\"visibility\":\"Not Visible Individually\",\"price\":\"63\",\"special_price\":null,\"special_price_from_date\":null,\"special_price_to_date\":null,\"url_key\":\"bruno-compete-hoodie-m-green\",\"meta_title\":null,\"meta_keywords\":null,\"meta_description\":null,\"base_image\":\"\\/m\\/h\\/mh03-green_main.jpg\",\"base_image_label\":null,\"small_image\":\"\\/m\\/h\\/mh03-green_main.jpg\",\"small_image_label\":null,\"thumbnail_image\":\"\\/m\\/h\\/mh03-green_main.jpg\",\"thumbnail_image_label\":null,\"created_at\":null,\"updated_at\":null,\"new_from_date\":null,\"new_to_date\":null,\"display_product_options_in\":null,\"map_price\":null,\"msrp_price\":null,\"map_enabled\":null,\"gift_message_available\":null,\"custom_design\":null,\"custom_design_from\":null,\"custom_design_to\":null,\"custom_layout_update\":null,\"page_layout\":null,\"product_options_container\":null,\"msrp_display_actual_price_type\":null,\"country_of_manufacture\":null,\"additional_attributes\":\"has_options=0,required_options=0,size=M,color=Green\",\"qty\":\"100\",\"out_of_stock_qty\":\"0\",\"use_config_min_qty\":\"1\",\"is_qty_decimal\":\"0\",\"allow_backorders\":\"0\",\"use_config_backorders\":\"1\",\"min_cart_qty\":\"1\",\"use_config_min_sale_qty\":\"1\",\"max_cart_qty\":\"0\",\"use_config_max_sale_qty\":\"1\",\"is_in_stock\":\"1\",\"notify_on_stock_below\":null,\"use_config_notify_stock_qty\":\"1\",\"manage_stock\":\"0\",\"use_config_manage_stock\":\"1\",\"use_config_qty_increments\":\"1\",\"qty_increments\":\"0\",\"use_config_enable_qty_inc\":\"1\",\"enable_qty_increments\":\"0\",\"is_decimal_divided\":\"0\",\"website_id\":\"1\",\"configurable_variations\":null,\"configurable_variation_prices\":null,\"configurable_variation_labels\":null,\"additional_images\":null,\"image\":\"\\/m\\/h\\/mh03-green_main.jpg\",\"image_label\":null,\"thumbnail\":\"\\/m\\/h\\/mh03-green_main.jpg\",\"thumbnail_label\":null,\"_media_image\":null,\"_store\":null,\"_attribute_set\":\"Top\",\"_product_websites\":\"base\",\"status\":\"1\",\"news_from_date\":null,\"news_to_date\":null,\"options_container\":null,\"minimal_price\":null,\"msrp\":null,\"msrp_enabled\":null,\"special_from_date\":null,\"special_to_date\":null,\"min_qty\":\"0\",\"backorders\":\"0\",\"min_sale_qty\":\"1\",\"max_sale_qty\":\"0\",\"notify_stock_qty\":null,\"meta_keyword\":null,\"has_options\":\"0\",\"required_options\":\"0\",\"size\":\"M\",\"color\":\"Green\"},{\"sku\":\"MH03-L-Black\",\"store_view_code\":null,\"attribute_set_code\":\"Top\",\"product_type\":\"simple\",\"categories\":\"Default Category\\/Men\\/Tops\\/Hoodies & Sweatshirts,Default Category\\/Collections\\/Eco Friendly,Default Category\",\"product_websites\":\"base\",\"name\":\"Bruno Compete Hoodie-L-Black\",\"description\":\"<p>Stay comfortable and stay in the race no matter what the weather\'s up to. The Bruno Compete Hoodie\'s water-repellent exterior shields you from the elements, while advanced fabric technology inside wicks moisture to keep you dry.<\\/p>\\n<p>&bull; Full zip black hoodie pullover. <br \\/>&bull; Adjustable drawstring hood. <br \\/>&bull; Ribbed cuffs\\/waistband. <br \\/>&bull; Kangaroo pocket. <br \\/>&bull; Machine wash\\/dry.<\\/p>\",\"short_description\":null,\"weight\":\"1\",\"product_online\":\"1\",\"tax_class_name\":\"Taxable Goods\",\"visibility\":\"Not Visible Individually\",\"price\":\"63\",\"special_price\":null,\"special_price_from_date\":null,\"special_price_to_date\":null,\"url_key\":\"bruno-compete-hoodie-l-black\",\"meta_title\":null,\"meta_keywords\":null,\"meta_description\":null,\"base_image\":\"\\/m\\/h\\/mh03-black_main.jpg\",\"base_image_label\":null,\"small_image\":\"\\/m\\/h\\/mh03-black_main.jpg\",\"small_image_label\":null,\"thumbnail_image\":\"\\/m\\/h\\/mh03-black_main.jpg\",\"thumbnail_image_label\":null,\"created_at\":null,\"updated_at\":null,\"new_from_date\":null,\"new_to_date\":null,\"display_product_options_in\":null,\"map_price\":null,\"msrp_price\":null,\"map_enabled\":null,\"gift_message_available\":null,\"custom_design\":null,\"custom_design_from\":null,\"custom_design_to\":null,\"custom_layout_update\":null,\"page_layout\":null,\"product_options_container\":null,\"msrp_display_actual_price_type\":null,\"country_of_manufacture\":null,\"additional_attributes\":\"has_options=0,required_options=0,size=L,color=Black\",\"qty\":\"100\",\"out_of_stock_qty\":\"0\",\"use_config_min_qty\":\"1\",\"is_qty_decimal\":\"0\",\"allow_backorders\":\"0\",\"use_config_backorders\":\"1\",\"min_cart_qty\":\"1\",\"use_config_min_sale_qty\":\"1\",\"max_cart_qty\":\"0\",\"use_config_max_sale_qty\":\"1\",\"is_in_stock\":\"1\",\"notify_on_stock_below\":null,\"use_config_notify_stock_qty\":\"1\",\"manage_stock\":\"0\",\"use_config_manage_stock\":\"1\",\"use_config_qty_increments\":\"1\",\"qty_increments\":\"0\",\"use_config_enable_qty_inc\":\"1\",\"enable_qty_increments\":\"0\",\"is_decimal_divided\":\"0\",\"website_id\":\"1\",\"configurable_variations\":null,\"configurable_variation_prices\":null,\"configurable_variation_labels\":null,\"additional_images\":\"\\/m\\/h\\/mh03-black_alt1.jpg,\\/m\\/h\\/mh03-black_back.jpg\",\"image\":\"\\/m\\/h\\/mh03-black_main.jpg\",\"image_label\":null,\"thumbnail\":\"\\/m\\/h\\/mh03-black_main.jpg\",\"thumbnail_label\":null,\"_media_image\":\"\\/m\\/h\\/mh03-black_alt1.jpg,\\/m\\/h\\/mh03-black_back.jpg\",\"_store\":null,\"_attribute_set\":\"Top\",\"_product_websites\":\"base\",\"status\":\"1\",\"news_from_date\":null,\"news_to_date\":null,\"options_container\":null,\"minimal_price\":null,\"msrp\":null,\"msrp_enabled\":null,\"special_from_date\":null,\"special_to_date\":null,\"min_qty\":\"0\",\"backorders\":\"0\",\"min_sale_qty\":\"1\",\"max_sale_qty\":\"0\",\"notify_stock_qty\":null,\"meta_keyword\":null,\"has_options\":\"0\",\"required_options\":\"0\",\"size\":\"L\",\"color\":\"Black\"},{\"sku\":\"MH03-L-Blue\",\"store_view_code\":null,\"attribute_set_code\":\"Top\",\"product_type\":\"simple\",\"categories\":\"Default Category\\/Men\\/Tops\\/Hoodies & Sweatshirts,Default Category\\/Collections\\/Eco Friendly,Default Category\",\"product_websites\":\"base\",\"name\":\"Bruno Compete Hoodie-L-Blue\",\"description\":\"<p>Stay comfortable and stay in the race no matter what the weather\'s up to. The Bruno Compete Hoodie\'s water-repellent exterior shields you from the elements, while advanced fabric technology inside wicks moisture to keep you dry.<\\/p>\\n<p>&bull; Full zip black hoodie pullover. <br \\/>&bull; Adjustable drawstring hood. <br \\/>&bull; Ribbed cuffs\\/waistband. <br \\/>&bull; Kangaroo pocket. <br \\/>&bull; Machine wash\\/dry.<\\/p>\",\"short_description\":null,\"weight\":\"1\",\"product_online\":\"1\",\"tax_class_name\":\"Taxable Goods\",\"visibility\":\"Not Visible Individually\",\"price\":\"63\",\"special_price\":null,\"special_price_from_date\":null,\"special_price_to_date\":null,\"url_key\":\"bruno-compete-hoodie-l-blue\",\"meta_title\":null,\"meta_keywords\":null,\"meta_description\":null,\"base_image\":\"\\/m\\/h\\/mh03-blue_main.jpg\",\"base_image_label\":null,\"small_image\":\"\\/m\\/h\\/mh03-blue_main.jpg\",\"small_image_label\":null,\"thumbnail_image\":\"\\/m\\/h\\/mh03-blue_main.jpg\",\"thumbnail_image_label\":null,\"created_at\":null,\"updated_at\":null,\"new_from_date\":null,\"new_to_date\":null,\"display_product_options_in\":null,\"map_price\":null,\"msrp_price\":null,\"map_enabled\":null,\"gift_message_available\":null,\"custom_design\":null,\"custom_design_from\":null,\"custom_design_to\":null,\"custom_layout_update\":null,\"page_layout\":null,\"product_options_container\":null,\"msrp_display_actual_price_type\":null,\"country_of_manufacture\":null,\"additional_attributes\":\"has_options=0,required_options=0,size=L,color=Blue\",\"qty\":\"100\",\"out_of_stock_qty\":\"0\",\"use_config_min_qty\":\"1\",\"is_qty_decimal\":\"0\",\"allow_backorders\":\"0\",\"use_config_backorders\":\"1\",\"min_cart_qty\":\"1\",\"use_config_min_sale_qty\":\"1\",\"max_cart_qty\":\"0\",\"use_config_max_sale_qty\":\"1\",\"is_in_stock\":\"1\",\"notify_on_stock_below\":null,\"use_config_notify_stock_qty\":\"1\",\"manage_stock\":\"0\",\"use_config_manage_stock\":\"1\",\"use_config_qty_increments\":\"1\",\"qty_increments\":\"0\",\"use_config_enable_qty_inc\":\"1\",\"enable_qty_increments\":\"0\",\"is_decimal_divided\":\"0\",\"website_id\":\"1\",\"configurable_variations\":null,\"configurable_variation_prices\":null,\"configurable_variation_labels\":null,\"additional_images\":null,\"image\":\"\\/m\\/h\\/mh03-blue_main.jpg\",\"image_label\":null,\"thumbnail\":\"\\/m\\/h\\/mh03-blue_main.jpg\",\"thumbnail_label\":null,\"_media_image\":null,\"_store\":null,\"_attribute_set\":\"Top\",\"_product_websites\":\"base\",\"status\":\"1\",\"news_from_date\":null,\"news_to_date\":null,\"options_container\":null,\"minimal_price\":null,\"msrp\":null,\"msrp_enabled\":null,\"special_from_date\":null,\"special_to_date\":null,\"min_qty\":\"0\",\"backorders\":\"0\",\"min_sale_qty\":\"1\",\"max_sale_qty\":\"0\",\"notify_stock_qty\":null,\"meta_keyword\":null,\"has_options\":\"0\",\"required_options\":\"0\",\"size\":\"L\",\"color\":\"Blue\"},{\"sku\":\"MH03-L-Green\",\"store_view_code\":null,\"attribute_set_code\":\"Top\",\"product_type\":\"simple\",\"categories\":\"Default Category\\/Men\\/Tops\\/Hoodies & Sweatshirts,Default Category\\/Collections\\/Eco Friendly,Default Category\",\"product_websites\":\"base\",\"name\":\"Bruno Compete Hoodie-L-Green\",\"description\":\"<p>Stay comfortable and stay in the race no matter what the weather\'s up to. The Bruno Compete Hoodie\'s water-repellent exterior shields you from the elements, while advanced fabric technology inside wicks moisture to keep you dry.<\\/p>\\n<p>&bull; Full zip black hoodie pullover. <br \\/>&bull; Adjustable drawstring hood. <br \\/>&bull; Ribbed cuffs\\/waistband. <br \\/>&bull; Kangaroo pocket. <br \\/>&bull; Machine wash\\/dry.<\\/p>\",\"short_description\":null,\"weight\":\"1\",\"product_online\":\"1\",\"tax_class_name\":\"Taxable Goods\",\"visibility\":\"Not Visible Individually\",\"price\":\"63\",\"special_price\":null,\"special_price_from_date\":null,\"special_price_to_date\":null,\"url_key\":\"bruno-compete-hoodie-l-green\",\"meta_title\":null,\"meta_keywords\":null,\"meta_description\":null,\"base_image\":\"\\/m\\/h\\/mh03-green_main.jpg\",\"base_image_label\":null,\"small_image\":\"\\/m\\/h\\/mh03-green_main.jpg\",\"small_image_label\":null,\"thumbnail_image\":\"\\/m\\/h\\/mh03-green_main.jpg\",\"thumbnail_image_label\":null,\"created_at\":null,\"updated_at\":null,\"new_from_date\":null,\"new_to_date\":null,\"display_product_options_in\":null,\"map_price\":null,\"msrp_price\":null,\"map_enabled\":null,\"gift_message_available\":null,\"custom_design\":null,\"custom_design_from\":null,\"custom_design_to\":null,\"custom_layout_update\":null,\"page_layout\":null,\"product_options_container\":null,\"msrp_display_actual_price_type\":null,\"country_of_manufacture\":null,\"additional_attributes\":\"has_options=0,required_options=0,size=L,color=Green\",\"qty\":\"100\",\"out_of_stock_qty\":\"0\",\"use_config_min_qty\":\"1\",\"is_qty_decimal\":\"0\",\"allow_backorders\":\"0\",\"use_config_backorders\":\"1\",\"min_cart_qty\":\"1\",\"use_config_min_sale_qty\":\"1\",\"max_cart_qty\":\"0\",\"use_config_max_sale_qty\":\"1\",\"is_in_stock\":\"1\",\"notify_on_stock_below\":null,\"use_config_notify_stock_qty\":\"1\",\"manage_stock\":\"0\",\"use_config_manage_stock\":\"1\",\"use_config_qty_increments\":\"1\",\"qty_increments\":\"0\",\"use_config_enable_qty_inc\":\"1\",\"enable_qty_increments\":\"0\",\"is_decimal_divided\":\"0\",\"website_id\":\"1\",\"configurable_variations\":null,\"configurable_variation_prices\":null,\"configurable_variation_labels\":null,\"additional_images\":null,\"image\":\"\\/m\\/h\\/mh03-green_main.jpg\",\"image_label\":null,\"thumbnail\":\"\\/m\\/h\\/mh03-green_main.jpg\",\"thumbnail_label\":null,\"_media_image\":null,\"_store\":null,\"_attribute_set\":\"Top\",\"_product_websites\":\"base\",\"status\":\"1\",\"news_from_date\":null,\"news_to_date\":null,\"options_container\":null,\"minimal_price\":null,\"msrp\":null,\"msrp_enabled\":null,\"special_from_date\":null,\"special_to_date\":null,\"min_qty\":\"0\",\"backorders\":\"0\",\"min_sale_qty\":\"1\",\"max_sale_qty\":\"0\",\"notify_stock_qty\":null,\"meta_keyword\":null,\"has_options\":\"0\",\"required_options\":\"0\",\"size\":\"L\",\"color\":\"Green\"},{\"sku\":\"MH03-XL-Black\",\"store_view_code\":null,\"attribute_set_code\":\"Top\",\"product_type\":\"simple\",\"categories\":\"Default Category\\/Men\\/Tops\\/Hoodies & Sweatshirts,Default Category\\/Collections\\/Eco Friendly,Default Category\",\"product_websites\":\"base\",\"name\":\"Bruno Compete Hoodie-XL-Black\",\"description\":\"<p>Stay comfortable and stay in the race no matter what the weather\'s up to. The Bruno Compete Hoodie\'s water-repellent exterior shields you from the elements, while advanced fabric technology inside wicks moisture to keep you dry.<\\/p>\\n<p>&bull; Full zip black hoodie pullover. <br \\/>&bull; Adjustable drawstring hood. <br \\/>&bull; Ribbed cuffs\\/waistband. <br \\/>&bull; Kangaroo pocket. <br \\/>&bull; Machine wash\\/dry.<\\/p>\",\"short_description\":null,\"weight\":\"1\",\"product_online\":\"1\",\"tax_class_name\":\"Taxable Goods\",\"visibility\":\"Not Visible Individually\",\"price\":\"63\",\"special_price\":null,\"special_price_from_date\":null,\"special_price_to_date\":null,\"url_key\":\"bruno-compete-hoodie-xl-black\",\"meta_title\":null,\"meta_keywords\":null,\"meta_description\":null,\"base_image\":\"\\/m\\/h\\/mh03-black_main.jpg\",\"base_image_label\":null,\"small_image\":\"\\/m\\/h\\/mh03-black_main.jpg\",\"small_image_label\":null,\"thumbnail_image\":\"\\/m\\/h\\/mh03-black_main.jpg\",\"thumbnail_image_label\":null,\"created_at\":null,\"updated_at\":null,\"new_from_date\":null,\"new_to_date\":null,\"display_product_options_in\":null,\"map_price\":null,\"msrp_price\":null,\"map_enabled\":null,\"gift_message_available\":null,\"custom_design\":null,\"custom_design_from\":null,\"custom_design_to\":null,\"custom_layout_update\":null,\"page_layout\":null,\"product_options_container\":null,\"msrp_display_actual_price_type\":null,\"country_of_manufacture\":null,\"additional_attributes\":\"has_options=0,required_options=0,size=XL,color=Black\",\"qty\":\"100\",\"out_of_stock_qty\":\"0\",\"use_config_min_qty\":\"1\",\"is_qty_decimal\":\"0\",\"allow_backorders\":\"0\",\"use_config_backorders\":\"1\",\"min_cart_qty\":\"1\",\"use_config_min_sale_qty\":\"1\",\"max_cart_qty\":\"0\",\"use_config_max_sale_qty\":\"1\",\"is_in_stock\":\"1\",\"notify_on_stock_below\":null,\"use_config_notify_stock_qty\":\"1\",\"manage_stock\":\"0\",\"use_config_manage_stock\":\"1\",\"use_config_qty_increments\":\"1\",\"qty_increments\":\"0\",\"use_config_enable_qty_inc\":\"1\",\"enable_qty_increments\":\"0\",\"is_decimal_divided\":\"0\",\"website_id\":\"1\",\"configurable_variations\":null,\"configurable_variation_prices\":null,\"configurable_variation_labels\":null,\"additional_images\":\"\\/m\\/h\\/mh03-black_alt1.jpg,\\/m\\/h\\/mh03-black_back.jpg\",\"image\":\"\\/m\\/h\\/mh03-black_main.jpg\",\"image_label\":null,\"thumbnail\":\"\\/m\\/h\\/mh03-black_main.jpg\",\"thumbnail_label\":null,\"_media_image\":\"\\/m\\/h\\/mh03-black_alt1.jpg,\\/m\\/h\\/mh03-black_back.jpg\",\"_store\":null,\"_attribute_set\":\"Top\",\"_product_websites\":\"base\",\"status\":\"1\",\"news_from_date\":null,\"news_to_date\":null,\"options_container\":null,\"minimal_price\":null,\"msrp\":null,\"msrp_enabled\":null,\"special_from_date\":null,\"special_to_date\":null,\"min_qty\":\"0\",\"backorders\":\"0\",\"min_sale_qty\":\"1\",\"max_sale_qty\":\"0\",\"notify_stock_qty\":null,\"meta_keyword\":null,\"has_options\":\"0\",\"required_options\":\"0\",\"size\":\"XL\",\"color\":\"Black\"},{\"sku\":\"MH03-XL-Blue\",\"store_view_code\":null,\"attribute_set_code\":\"Top\",\"product_type\":\"simple\",\"categories\":\"Default Category\\/Men\\/Tops\\/Hoodies & Sweatshirts,Default Category\\/Collections\\/Eco Friendly,Default Category\",\"product_websites\":\"base\",\"name\":\"Bruno Compete Hoodie-XL-Blue\",\"description\":\"<p>Stay comfortable and stay in the race no matter what the weather\'s up to. The Bruno Compete Hoodie\'s water-repellent exterior shields you from the elements, while advanced fabric technology inside wicks moisture to keep you dry.<\\/p>\\n<p>&bull; Full zip black hoodie pullover. <br \\/>&bull; Adjustable drawstring hood. <br \\/>&bull; Ribbed cuffs\\/waistband. <br \\/>&bull; Kangaroo pocket. <br \\/>&bull; Machine wash\\/dry.<\\/p>\",\"short_description\":null,\"weight\":\"1\",\"product_online\":\"1\",\"tax_class_name\":\"Taxable Goods\",\"visibility\":\"Not Visible Individually\",\"price\":\"63\",\"special_price\":null,\"special_price_from_date\":null,\"special_price_to_date\":null,\"url_key\":\"bruno-compete-hoodie-xl-blue\",\"meta_title\":null,\"meta_keywords\":null,\"meta_description\":null,\"base_image\":\"\\/m\\/h\\/mh03-blue_main.jpg\",\"base_image_label\":null,\"small_image\":\"\\/m\\/h\\/mh03-blue_main.jpg\",\"small_image_label\":null,\"thumbnail_image\":\"\\/m\\/h\\/mh03-blue_main.jpg\",\"thumbnail_image_label\":null,\"created_at\":null,\"updated_at\":null,\"new_from_date\":null,\"new_to_date\":null,\"display_product_options_in\":null,\"map_price\":null,\"msrp_price\":null,\"map_enabled\":null,\"gift_message_available\":null,\"custom_design\":null,\"custom_design_from\":null,\"custom_design_to\":null,\"custom_layout_update\":null,\"page_layout\":null,\"product_options_container\":null,\"msrp_display_actual_price_type\":null,\"country_of_manufacture\":null,\"additional_attributes\":\"has_options=0,required_options=0,size=XL,color=Blue\",\"qty\":\"100\",\"out_of_stock_qty\":\"0\",\"use_config_min_qty\":\"1\",\"is_qty_decimal\":\"0\",\"allow_backorders\":\"0\",\"use_config_backorders\":\"1\",\"min_cart_qty\":\"1\",\"use_config_min_sale_qty\":\"1\",\"max_cart_qty\":\"0\",\"use_config_max_sale_qty\":\"1\",\"is_in_stock\":\"1\",\"notify_on_stock_below\":null,\"use_config_notify_stock_qty\":\"1\",\"manage_stock\":\"0\",\"use_config_manage_stock\":\"1\",\"use_config_qty_increments\":\"1\",\"qty_increments\":\"0\",\"use_config_enable_qty_inc\":\"1\",\"enable_qty_increments\":\"0\",\"is_decimal_divided\":\"0\",\"website_id\":\"1\",\"configurable_variations\":null,\"configurable_variation_prices\":null,\"configurable_variation_labels\":null,\"additional_images\":null,\"image\":\"\\/m\\/h\\/mh03-blue_main.jpg\",\"image_label\":null,\"thumbnail\":\"\\/m\\/h\\/mh03-blue_main.jpg\",\"thumbnail_label\":null,\"_media_image\":null,\"_store\":null,\"_attribute_set\":\"Top\",\"_product_websites\":\"base\",\"status\":\"1\",\"news_from_date\":null,\"news_to_date\":null,\"options_container\":null,\"minimal_price\":null,\"msrp\":null,\"msrp_enabled\":null,\"special_from_date\":null,\"special_to_date\":null,\"min_qty\":\"0\",\"backorders\":\"0\",\"min_sale_qty\":\"1\",\"max_sale_qty\":\"0\",\"notify_stock_qty\":null,\"meta_keyword\":null,\"has_options\":\"0\",\"required_options\":\"0\",\"size\":\"XL\",\"color\":\"Blue\"},{\"sku\":\"MH03-XL-Green\",\"store_view_code\":null,\"attribute_set_code\":\"Top\",\"product_type\":\"simple\",\"categories\":\"Default Category\\/Men\\/Tops\\/Hoodies & Sweatshirts,Default Category\\/Collections\\/Eco Friendly,Default Category\",\"product_websites\":\"base\",\"name\":\"Bruno Compete Hoodie-XL-Green\",\"description\":\"<p>Stay comfortable and stay in the race no matter what the weather\'s up to. The Bruno Compete Hoodie\'s water-repellent exterior shields you from the elements, while advanced fabric technology inside wicks moisture to keep you dry.<\\/p>\\n<p>&bull; Full zip black hoodie pullover. <br \\/>&bull; Adjustable drawstring hood. <br \\/>&bull; Ribbed cuffs\\/waistband. <br \\/>&bull; Kangaroo pocket. <br \\/>&bull; Machine wash\\/dry.<\\/p>\",\"short_description\":null,\"weight\":\"1\",\"product_online\":\"1\",\"tax_class_name\":\"Taxable Goods\",\"visibility\":\"Not Visible Individually\",\"price\":\"63\",\"special_price\":null,\"special_price_from_date\":null,\"special_price_to_date\":null,\"url_key\":\"bruno-compete-hoodie-xl-green\",\"meta_title\":null,\"meta_keywords\":null,\"meta_description\":null,\"base_image\":\"\\/m\\/h\\/mh03-green_main.jpg\",\"base_image_label\":null,\"small_image\":\"\\/m\\/h\\/mh03-green_main.jpg\",\"small_image_label\":null,\"thumbnail_image\":\"\\/m\\/h\\/mh03-green_main.jpg\",\"thumbnail_image_label\":null,\"created_at\":null,\"updated_at\":null,\"new_from_date\":null,\"new_to_date\":null,\"display_product_options_in\":null,\"map_price\":null,\"msrp_price\":null,\"map_enabled\":null,\"gift_message_available\":null,\"custom_design\":null,\"custom_design_from\":null,\"custom_design_to\":null,\"custom_layout_update\":null,\"page_layout\":null,\"product_options_container\":null,\"msrp_display_actual_price_type\":null,\"country_of_manufacture\":null,\"additional_attributes\":\"has_options=0,required_options=0,size=XL,color=Green\",\"qty\":\"100\",\"out_of_stock_qty\":\"0\",\"use_config_min_qty\":\"1\",\"is_qty_decimal\":\"0\",\"allow_backorders\":\"0\",\"use_config_backorders\":\"1\",\"min_cart_qty\":\"1\",\"use_config_min_sale_qty\":\"1\",\"max_cart_qty\":\"0\",\"use_config_max_sale_qty\":\"1\",\"is_in_stock\":\"1\",\"notify_on_stock_below\":null,\"use_config_notify_stock_qty\":\"1\",\"manage_stock\":\"0\",\"use_config_manage_stock\":\"1\",\"use_config_qty_increments\":\"1\",\"qty_increments\":\"0\",\"use_config_enable_qty_inc\":\"1\",\"enable_qty_increments\":\"0\",\"is_decimal_divided\":\"0\",\"website_id\":\"1\",\"configurable_variations\":null,\"configurable_variation_prices\":null,\"configurable_variation_labels\":null,\"additional_images\":null,\"image\":\"\\/m\\/h\\/mh03-green_main.jpg\",\"image_label\":null,\"thumbnail\":\"\\/m\\/h\\/mh03-green_main.jpg\",\"thumbnail_label\":null,\"_media_image\":null,\"_store\":null,\"_attribute_set\":\"Top\",\"_product_websites\":\"base\",\"status\":\"1\",\"news_from_date\":null,\"news_to_date\":null,\"options_container\":null,\"minimal_price\":null,\"msrp\":null,\"msrp_enabled\":null,\"special_from_date\":null,\"special_to_date\":null,\"min_qty\":\"0\",\"backorders\":\"0\",\"min_sale_qty\":\"1\",\"max_sale_qty\":\"0\",\"notify_stock_qty\":null,\"meta_keyword\":null,\"has_options\":\"0\",\"required_options\":\"0\",\"size\":\"XL\",\"color\":\"Green\"},{\"sku\":\"MH03\",\"store_view_code\":null,\"attribute_set_code\":\"Top\",\"product_type\":\"configurable\",\"categories\":\"Default Category\\/Men\\/Tops\\/Hoodies & Sweatshirts,Default Category\\/Collections\\/Eco Friendly,Default Category\",\"product_websites\":\"base\",\"name\":\"Bruno Compete Hoodie\",\"description\":\"<p>Stay comfortable and stay in the race no matter what the weather\'s up to. The Bruno Compete Hoodie\'s water-repellent exterior shields you from the elements, while advanced fabric technology inside wicks moisture to keep you dry.<\\/p>\\n<p>&bull; Full zip black hoodie pullover. <br \\/>&bull; Adjustable drawstring hood. <br \\/>&bull; Ribbed cuffs\\/waistband. <br \\/>&bull; Kangaroo pocket. <br \\/>&bull; Machine wash\\/dry.<\\/p>\",\"short_description\":null,\"weight\":null,\"product_online\":\"1\",\"tax_class_name\":\"Taxable Goods\",\"visibility\":\"Catalog, Search\",\"price\":\"63\",\"special_price\":null,\"special_price_from_date\":null,\"special_price_to_date\":null,\"url_key\":null,\"meta_title\":null,\"meta_keywords\":null,\"meta_description\":null,\"base_image\":\"\\/m\\/h\\/mh03-black_main.jpg\",\"base_image_label\":null,\"small_image\":\"\\/m\\/h\\/mh03-black_main.jpg\",\"small_image_label\":null,\"thumbnail_image\":\"\\/m\\/h\\/mh03-black_main.jpg\",\"thumbnail_image_label\":null,\"created_at\":null,\"updated_at\":null,\"new_from_date\":null,\"new_to_date\":null,\"display_product_options_in\":null,\"map_price\":null,\"msrp_price\":null,\"map_enabled\":null,\"gift_message_available\":null,\"custom_design\":null,\"custom_design_from\":null,\"custom_design_to\":null,\"custom_layout_update\":null,\"page_layout\":null,\"product_options_container\":null,\"msrp_display_actual_price_type\":null,\"country_of_manufacture\":null,\"additional_attributes\":\"has_options=1,required_options=1,material=Organic Cotton,pattern=Solid,climate=All-weather|Cool|Indoor|Spring|Windy,eco_collection=Yes,performance_fabric=No,erin_recommends=Yes,new=Yes,sale=No\",\"qty\":\"0\",\"out_of_stock_qty\":\"0\",\"use_config_min_qty\":\"1\",\"is_qty_decimal\":\"0\",\"allow_backorders\":\"0\",\"use_config_backorders\":\"1\",\"min_cart_qty\":\"1\",\"use_config_min_sale_qty\":\"1\",\"max_cart_qty\":\"0\",\"use_config_max_sale_qty\":\"1\",\"is_in_stock\":\"1\",\"notify_on_stock_below\":null,\"use_config_notify_stock_qty\":\"1\",\"manage_stock\":\"0\",\"use_config_manage_stock\":\"1\",\"use_config_qty_increments\":\"1\",\"qty_increments\":\"0\",\"use_config_enable_qty_inc\":\"1\",\"enable_qty_increments\":\"0\",\"is_decimal_divided\":\"0\",\"website_id\":\"1\",\"configurable_variations\":\"sku=MH03-XS-Black,size=XS,color=Black|sku=MH03-XS-Blue,size=XS,color=Blue|sku=MH03-XS-Green,size=XS,color=Green|sku=MH03-S-Black,size=S,color=Black|sku=MH03-S-Blue,size=S,color=Blue|sku=MH03-S-Green,size=S,color=Green|sku=MH03-M-Black,size=M,color=Black|sku=MH03-M-Blue,size=M,color=Blue|sku=MH03-M-Green,size=M,color=Green|sku=MH03-L-Black,size=L,color=Black|sku=MH03-L-Blue,size=L,color=Blue|sku=MH03-L-Green,size=L,color=Green|sku=MH03-XL-Black,size=XL,color=Black|sku=MH03-XL-Blue,size=XL,color=Blue|sku=MH03-XL-Green,size=XL,color=Green\",\"configurable_variation_prices\":null,\"configurable_variation_labels\":null,\"additional_images\":\"\\/m\\/h\\/mh03-black_alt1.jpg,\\/m\\/h\\/mh03-black_back.jpg\",\"image\":\"\\/m\\/h\\/mh03-black_main.jpg\",\"image_label\":null,\"thumbnail\":\"\\/m\\/h\\/mh03-black_main.jpg\",\"thumbnail_label\":null,\"_media_image\":\"\\/m\\/h\\/mh03-black_alt1.jpg,\\/m\\/h\\/mh03-black_back.jpg\",\"_store\":null,\"_attribute_set\":\"Top\",\"_product_websites\":\"base\",\"status\":\"1\",\"news_from_date\":null,\"news_to_date\":null,\"options_container\":null,\"minimal_price\":null,\"msrp\":null,\"msrp_enabled\":null,\"special_from_date\":null,\"special_to_date\":null,\"min_qty\":\"0\",\"backorders\":\"0\",\"min_sale_qty\":\"1\",\"max_sale_qty\":\"0\",\"notify_stock_qty\":null,\"meta_keyword\":null,\"has_options\":\"1\",\"required_options\":\"1\",\"material\":\"Organic Cotton\",\"pattern\":\"Solid\",\"climate\":[\"All-weather\",\"Cool\",\"Indoor\",\"Spring\",\"Windy\"],\"eco_collection\":\"Yes\",\"performance_fabric\":\"No\",\"erin_recommends\":\"Yes\",\"new\":\"Yes\",\"sale\":\"No\"},{\"sku\":\"MH04-XS-Green\",\"store_view_code\":null,\"attribute_set_code\":\"Top\",\"product_type\":\"simple\",\"categories\":\"Default Category\\/Men\\/Tops\\/Hoodies & Sweatshirts,Default Category\\/Collections\\/Eco Friendly,Default Category\",\"product_websites\":\"base\",\"name\":\"Frankie  Sweatshirt-XS-Green\",\"description\":\"<p>The Frankie Sweatshirt is your best friend at long afternoon stadium stints or winter trailside campsites. The soft fleece fabric keeps you toasty as moisture-wicking technology kicks in when the sun comes out.<\\/p>\\n<p>&bull; Light green crewneck sweatshirt.<br \\/>&bull; Hand pockets.<br \\/>&bull; Relaxed fit.<br \\/>&bull; Machine wash\\/dry.<\\/p>\",\"short_description\":null,\"weight\":\"1\",\"product_online\":\"1\",\"tax_class_name\":\"Taxable Goods\",\"visibility\":\"Not Visible Individually\",\"price\":\"60\",\"special_price\":null,\"special_price_from_date\":null,\"special_price_to_date\":null,\"url_key\":\"frankie-sweatshirt-xs-green\",\"meta_title\":null,\"meta_keywords\":null,\"meta_description\":null,\"base_image\":\"\\/m\\/h\\/mh04-green_main.jpg\",\"base_image_label\":null,\"small_image\":\"\\/m\\/h\\/mh04-green_main.jpg\",\"small_image_label\":null,\"thumbnail_image\":\"\\/m\\/h\\/mh04-green_main.jpg\",\"thumbnail_image_label\":null,\"created_at\":null,\"updated_at\":null,\"new_from_date\":null,\"new_to_date\":null,\"display_product_options_in\":null,\"map_price\":null,\"msrp_price\":null,\"map_enabled\":null,\"gift_message_available\":null,\"custom_design\":null,\"custom_design_from\":null,\"custom_design_to\":null,\"custom_layout_update\":null,\"page_layout\":null,\"product_options_container\":null,\"msrp_display_actual_price_type\":null,\"country_of_manufacture\":null,\"additional_attributes\":\"has_options=0,required_options=0,size=XS,color=Green\",\"qty\":\"100\",\"out_of_stock_qty\":\"0\",\"use_config_min_qty\":\"1\",\"is_qty_decimal\":\"0\",\"allow_backorders\":\"0\",\"use_config_backorders\":\"1\",\"min_cart_qty\":\"1\",\"use_config_min_sale_qty\":\"1\",\"max_cart_qty\":\"0\",\"use_config_max_sale_qty\":\"1\",\"is_in_stock\":\"1\",\"notify_on_stock_below\":null,\"use_config_notify_stock_qty\":\"1\",\"manage_stock\":\"0\",\"use_config_manage_stock\":\"1\",\"use_config_qty_increments\":\"1\",\"qty_increments\":\"0\",\"use_config_enable_qty_inc\":\"1\",\"enable_qty_increments\":\"0\",\"is_decimal_divided\":\"0\",\"website_id\":\"1\",\"configurable_variations\":null,\"configurable_variation_prices\":null,\"configurable_variation_labels\":null,\"additional_images\":\"\\/m\\/h\\/mh04-green_alt1.jpg,\\/m\\/h\\/mh04-green_back.jpg\",\"image\":\"\\/m\\/h\\/mh04-green_main.jpg\",\"image_label\":null,\"thumbnail\":\"\\/m\\/h\\/mh04-green_main.jpg\",\"thumbnail_label\":null,\"_media_image\":\"\\/m\\/h\\/mh04-green_alt1.jpg,\\/m\\/h\\/mh04-green_back.jpg\",\"_store\":null,\"_attribute_set\":\"Top\",\"_product_websites\":\"base\",\"status\":\"1\",\"news_from_date\":null,\"news_to_date\":null,\"options_container\":null,\"minimal_price\":null,\"msrp\":null,\"msrp_enabled\":null,\"special_from_date\":null,\"special_to_date\":null,\"min_qty\":\"0\",\"backorders\":\"0\",\"min_sale_qty\":\"1\",\"max_sale_qty\":\"0\",\"notify_stock_qty\":null,\"meta_keyword\":null,\"has_options\":\"0\",\"required_options\":\"0\",\"size\":\"XS\",\"color\":\"Green\"},{\"sku\":\"MH04-XS-White\",\"store_view_code\":null,\"attribute_set_code\":\"Top\",\"product_type\":\"simple\",\"categories\":\"Default Category\\/Men\\/Tops\\/Hoodies & Sweatshirts,Default Category\\/Collections\\/Eco Friendly,Default Category\",\"product_websites\":\"base\",\"name\":\"Frankie  Sweatshirt-XS-White\",\"description\":\"<p>The Frankie Sweatshirt is your best friend at long afternoon stadium stints or winter trailside campsites. The soft fleece fabric keeps you toasty as moisture-wicking technology kicks in when the sun comes out.<\\/p>\\n<p>&bull; Light green crewneck sweatshirt.<br \\/>&bull; Hand pockets.<br \\/>&bull; Relaxed fit.<br \\/>&bull; Machine wash\\/dry.<\\/p>\",\"short_description\":null,\"weight\":\"1\",\"product_online\":\"1\",\"tax_class_name\":\"Taxable Goods\",\"visibility\":\"Not Visible Individually\",\"price\":\"60\",\"special_price\":null,\"special_price_from_date\":null,\"special_price_to_date\":null,\"url_key\":\"frankie-sweatshirt-xs-white\",\"meta_title\":null,\"meta_keywords\":null,\"meta_description\":null,\"base_image\":\"\\/m\\/h\\/mh04-white_main.jpg\",\"base_image_label\":null,\"small_image\":\"\\/m\\/h\\/mh04-white_main.jpg\",\"small_image_label\":null,\"thumbnail_image\":\"\\/m\\/h\\/mh04-white_main.jpg\",\"thumbnail_image_label\":null,\"created_at\":null,\"updated_at\":null,\"new_from_date\":null,\"new_to_date\":null,\"display_product_options_in\":null,\"map_price\":null,\"msrp_price\":null,\"map_enabled\":null,\"gift_message_available\":null,\"custom_design\":null,\"custom_design_from\":null,\"custom_design_to\":null,\"custom_layout_update\":null,\"page_layout\":null,\"product_options_container\":null,\"msrp_display_actual_price_type\":null,\"country_of_manufacture\":null,\"additional_attributes\":\"has_options=0,required_options=0,size=XS,color=White\",\"qty\":\"100\",\"out_of_stock_qty\":\"0\",\"use_config_min_qty\":\"1\",\"is_qty_decimal\":\"0\",\"allow_backorders\":\"0\",\"use_config_backorders\":\"1\",\"min_cart_qty\":\"1\",\"use_config_min_sale_qty\":\"1\",\"max_cart_qty\":\"0\",\"use_config_max_sale_qty\":\"1\",\"is_in_stock\":\"1\",\"notify_on_stock_below\":null,\"use_config_notify_stock_qty\":\"1\",\"manage_stock\":\"0\",\"use_config_manage_stock\":\"1\",\"use_config_qty_increments\":\"1\",\"qty_increments\":\"0\",\"use_config_enable_qty_inc\":\"1\",\"enable_qty_increments\":\"0\",\"is_decimal_divided\":\"0\",\"website_id\":\"1\",\"configurable_variations\":null,\"configurable_variation_prices\":null,\"configurable_variation_labels\":null,\"additional_images\":null,\"image\":\"\\/m\\/h\\/mh04-white_main.jpg\",\"image_label\":null,\"thumbnail\":\"\\/m\\/h\\/mh04-white_main.jpg\",\"thumbnail_label\":null,\"_media_image\":null,\"_store\":null,\"_attribute_set\":\"Top\",\"_product_websites\":\"base\",\"status\":\"1\",\"news_from_date\":null,\"news_to_date\":null,\"options_container\":null,\"minimal_price\":null,\"msrp\":null,\"msrp_enabled\":null,\"special_from_date\":null,\"special_to_date\":null,\"min_qty\":\"0\",\"backorders\":\"0\",\"min_sale_qty\":\"1\",\"max_sale_qty\":\"0\",\"notify_stock_qty\":null,\"meta_keyword\":null,\"has_options\":\"0\",\"required_options\":\"0\",\"size\":\"XS\",\"color\":\"White\"},{\"sku\":\"MH04-XS-Yellow\",\"store_view_code\":null,\"attribute_set_code\":\"Top\",\"product_type\":\"simple\",\"categories\":\"Default Category\\/Men\\/Tops\\/Hoodies & Sweatshirts,Default Category\\/Collections\\/Eco Friendly,Default Category\",\"product_websites\":\"base\",\"name\":\"Frankie  Sweatshirt-XS-Yellow\",\"description\":\"<p>The Frankie Sweatshirt is your best friend at long afternoon stadium stints or winter trailside campsites. The soft fleece fabric keeps you toasty as moisture-wicking technology kicks in when the sun comes out.<\\/p>\\n<p>&bull; Light green crewneck sweatshirt.<br \\/>&bull; Hand pockets.<br \\/>&bull; Relaxed fit.<br \\/>&bull; Machine wash\\/dry.<\\/p>\",\"short_description\":null,\"weight\":\"1\",\"product_online\":\"1\",\"tax_class_name\":\"Taxable Goods\",\"visibility\":\"Not Visible Individually\",\"price\":\"60\",\"special_price\":null,\"special_price_from_date\":null,\"special_price_to_date\":null,\"url_key\":\"frankie-sweatshirt-xs-yellow\",\"meta_title\":null,\"meta_keywords\":null,\"meta_description\":null,\"base_image\":\"\\/m\\/h\\/mh04-yellow_main.jpg\",\"base_image_label\":null,\"small_image\":\"\\/m\\/h\\/mh04-yellow_main.jpg\",\"small_image_label\":null,\"thumbnail_image\":\"\\/m\\/h\\/mh04-yellow_main.jpg\",\"thumbnail_image_label\":null,\"created_at\":null,\"updated_at\":null,\"new_from_date\":null,\"new_to_date\":null,\"display_product_options_in\":null,\"map_price\":null,\"msrp_price\":null,\"map_enabled\":null,\"gift_message_available\":null,\"custom_design\":null,\"custom_design_from\":null,\"custom_design_to\":null,\"custom_layout_update\":null,\"page_layout\":null,\"product_options_container\":null,\"msrp_display_actual_price_type\":null,\"country_of_manufacture\":null,\"additional_attributes\":\"has_options=0,required_options=0,size=XS,color=Yellow\",\"qty\":\"100\",\"out_of_stock_qty\":\"0\",\"use_config_min_qty\":\"1\",\"is_qty_decimal\":\"0\",\"allow_backorders\":\"0\",\"use_config_backorders\":\"1\",\"min_cart_qty\":\"1\",\"use_config_min_sale_qty\":\"1\",\"max_cart_qty\":\"0\",\"use_config_max_sale_qty\":\"1\",\"is_in_stock\":\"1\",\"notify_on_stock_below\":null,\"use_config_notify_stock_qty\":\"1\",\"manage_stock\":\"0\",\"use_config_manage_stock\":\"1\",\"use_config_qty_increments\":\"1\",\"qty_increments\":\"0\",\"use_config_enable_qty_inc\":\"1\",\"enable_qty_increments\":\"0\",\"is_decimal_divided\":\"0\",\"website_id\":\"1\",\"configurable_variations\":null,\"configurable_variation_prices\":null,\"configurable_variation_labels\":null,\"additional_images\":null,\"image\":\"\\/m\\/h\\/mh04-yellow_main.jpg\",\"image_label\":null,\"thumbnail\":\"\\/m\\/h\\/mh04-yellow_main.jpg\",\"thumbnail_label\":null,\"_media_image\":null,\"_store\":null,\"_attribute_set\":\"Top\",\"_product_websites\":\"base\",\"status\":\"1\",\"news_from_date\":null,\"news_to_date\":null,\"options_container\":null,\"minimal_price\":null,\"msrp\":null,\"msrp_enabled\":null,\"special_from_date\":null,\"special_to_date\":null,\"min_qty\":\"0\",\"backorders\":\"0\",\"min_sale_qty\":\"1\",\"max_sale_qty\":\"0\",\"notify_stock_qty\":null,\"meta_keyword\":null,\"has_options\":\"0\",\"required_options\":\"0\",\"size\":\"XS\",\"color\":\"Yellow\"},{\"sku\":\"MH04-S-Green\",\"store_view_code\":null,\"attribute_set_code\":\"Top\",\"product_type\":\"simple\",\"categories\":\"Default Category\\/Men\\/Tops\\/Hoodies & Sweatshirts,Default Category\\/Collections\\/Eco Friendly,Default Category\",\"product_websites\":\"base\",\"name\":\"Frankie  Sweatshirt-S-Green\",\"description\":\"<p>The Frankie Sweatshirt is your best friend at long afternoon stadium stints or winter trailside campsites. The soft fleece fabric keeps you toasty as moisture-wicking technology kicks in when the sun comes out.<\\/p>\\n<p>&bull; Light green crewneck sweatshirt.<br \\/>&bull; Hand pockets.<br \\/>&bull; Relaxed fit.<br \\/>&bull; Machine wash\\/dry.<\\/p>\",\"short_description\":null,\"weight\":\"1\",\"product_online\":\"1\",\"tax_class_name\":\"Taxable Goods\",\"visibility\":\"Not Visible Individually\",\"price\":\"60\",\"special_price\":null,\"special_price_from_date\":null,\"special_price_to_date\":null,\"url_key\":\"frankie-sweatshirt-s-green\",\"meta_title\":null,\"meta_keywords\":null,\"meta_description\":null,\"base_image\":\"\\/m\\/h\\/mh04-green_main.jpg\",\"base_image_label\":null,\"small_image\":\"\\/m\\/h\\/mh04-green_main.jpg\",\"small_image_label\":null,\"thumbnail_image\":\"\\/m\\/h\\/mh04-green_main.jpg\",\"thumbnail_image_label\":null,\"created_at\":null,\"updated_at\":null,\"new_from_date\":null,\"new_to_date\":null,\"display_product_options_in\":null,\"map_price\":null,\"msrp_price\":null,\"map_enabled\":null,\"gift_message_available\":null,\"custom_design\":null,\"custom_design_from\":null,\"custom_design_to\":null,\"custom_layout_update\":null,\"page_layout\":null,\"product_options_container\":null,\"msrp_display_actual_price_type\":null,\"country_of_manufacture\":null,\"additional_attributes\":\"has_options=0,required_options=0,size=S,color=Green\",\"qty\":\"100\",\"out_of_stock_qty\":\"0\",\"use_config_min_qty\":\"1\",\"is_qty_decimal\":\"0\",\"allow_backorders\":\"0\",\"use_config_backorders\":\"1\",\"min_cart_qty\":\"1\",\"use_config_min_sale_qty\":\"1\",\"max_cart_qty\":\"0\",\"use_config_max_sale_qty\":\"1\",\"is_in_stock\":\"1\",\"notify_on_stock_below\":null,\"use_config_notify_stock_qty\":\"1\",\"manage_stock\":\"0\",\"use_config_manage_stock\":\"1\",\"use_config_qty_increments\":\"1\",\"qty_increments\":\"0\",\"use_config_enable_qty_inc\":\"1\",\"enable_qty_increments\":\"0\",\"is_decimal_divided\":\"0\",\"website_id\":\"1\",\"configurable_variations\":null,\"configurable_variation_prices\":null,\"configurable_variation_labels\":null,\"additional_images\":\"\\/m\\/h\\/mh04-green_alt1.jpg,\\/m\\/h\\/mh04-green_back.jpg\",\"image\":\"\\/m\\/h\\/mh04-green_main.jpg\",\"image_label\":null,\"thumbnail\":\"\\/m\\/h\\/mh04-green_main.jpg\",\"thumbnail_label\":null,\"_media_image\":\"\\/m\\/h\\/mh04-green_alt1.jpg,\\/m\\/h\\/mh04-green_back.jpg\",\"_store\":null,\"_attribute_set\":\"Top\",\"_product_websites\":\"base\",\"status\":\"1\",\"news_from_date\":null,\"news_to_date\":null,\"options_container\":null,\"minimal_price\":null,\"msrp\":null,\"msrp_enabled\":null,\"special_from_date\":null,\"special_to_date\":null,\"min_qty\":\"0\",\"backorders\":\"0\",\"min_sale_qty\":\"1\",\"max_sale_qty\":\"0\",\"notify_stock_qty\":null,\"meta_keyword\":null,\"has_options\":\"0\",\"required_options\":\"0\",\"size\":\"S\",\"color\":\"Green\"},{\"sku\":\"MH04-S-White\",\"store_view_code\":null,\"attribute_set_code\":\"Top\",\"product_type\":\"simple\",\"categories\":\"Default Category\\/Men\\/Tops\\/Hoodies & Sweatshirts,Default Category\\/Collections\\/Eco Friendly,Default Category\",\"product_websites\":\"base\",\"name\":\"Frankie  Sweatshirt-S-White\",\"description\":\"<p>The Frankie Sweatshirt is your best friend at long afternoon stadium stints or winter trailside campsites. The soft fleece fabric keeps you toasty as moisture-wicking technology kicks in when the sun comes out.<\\/p>\\n<p>&bull; Light green crewneck sweatshirt.<br \\/>&bull; Hand pockets.<br \\/>&bull; Relaxed fit.<br \\/>&bull; Machine wash\\/dry.<\\/p>\",\"short_description\":null,\"weight\":\"1\",\"product_online\":\"1\",\"tax_class_name\":\"Taxable Goods\",\"visibility\":\"Not Visible Individually\",\"price\":\"60\",\"special_price\":null,\"special_price_from_date\":null,\"special_price_to_date\":null,\"url_key\":\"frankie-sweatshirt-s-white\",\"meta_title\":null,\"meta_keywords\":null,\"meta_description\":null,\"base_image\":\"\\/m\\/h\\/mh04-white_main.jpg\",\"base_image_label\":null,\"small_image\":\"\\/m\\/h\\/mh04-white_main.jpg\",\"small_image_label\":null,\"thumbnail_image\":\"\\/m\\/h\\/mh04-white_main.jpg\",\"thumbnail_image_label\":null,\"created_at\":null,\"updated_at\":null,\"new_from_date\":null,\"new_to_date\":null,\"display_product_options_in\":null,\"map_price\":null,\"msrp_price\":null,\"map_enabled\":null,\"gift_message_available\":null,\"custom_design\":null,\"custom_design_from\":null,\"custom_design_to\":null,\"custom_layout_update\":null,\"page_layout\":null,\"product_options_container\":null,\"msrp_display_actual_price_type\":null,\"country_of_manufacture\":null,\"additional_attributes\":\"has_options=0,required_options=0,size=S,color=White\",\"qty\":\"100\",\"out_of_stock_qty\":\"0\",\"use_config_min_qty\":\"1\",\"is_qty_decimal\":\"0\",\"allow_backorders\":\"0\",\"use_config_backorders\":\"1\",\"min_cart_qty\":\"1\",\"use_config_min_sale_qty\":\"1\",\"max_cart_qty\":\"0\",\"use_config_max_sale_qty\":\"1\",\"is_in_stock\":\"1\",\"notify_on_stock_below\":null,\"use_config_notify_stock_qty\":\"1\",\"manage_stock\":\"0\",\"use_config_manage_stock\":\"1\",\"use_config_qty_increments\":\"1\",\"qty_increments\":\"0\",\"use_config_enable_qty_inc\":\"1\",\"enable_qty_increments\":\"0\",\"is_decimal_divided\":\"0\",\"website_id\":\"1\",\"configurable_variations\":null,\"configurable_variation_prices\":null,\"configurable_variation_labels\":null,\"additional_images\":null,\"image\":\"\\/m\\/h\\/mh04-white_main.jpg\",\"image_label\":null,\"thumbnail\":\"\\/m\\/h\\/mh04-white_main.jpg\",\"thumbnail_label\":null,\"_media_image\":null,\"_store\":null,\"_attribute_set\":\"Top\",\"_product_websites\":\"base\",\"status\":\"1\",\"news_from_date\":null,\"news_to_date\":null,\"options_container\":null,\"minimal_price\":null,\"msrp\":null,\"msrp_enabled\":null,\"special_from_date\":null,\"special_to_date\":null,\"min_qty\":\"0\",\"backorders\":\"0\",\"min_sale_qty\":\"1\",\"max_sale_qty\":\"0\",\"notify_stock_qty\":null,\"meta_keyword\":null,\"has_options\":\"0\",\"required_options\":\"0\",\"size\":\"S\",\"color\":\"White\"},{\"sku\":\"MH04-S-Yellow\",\"store_view_code\":null,\"attribute_set_code\":\"Top\",\"product_type\":\"simple\",\"categories\":\"Default Category\\/Men\\/Tops\\/Hoodies & Sweatshirts,Default Category\\/Collections\\/Eco Friendly,Default Category\",\"product_websites\":\"base\",\"name\":\"Frankie  Sweatshirt-S-Yellow\",\"description\":\"<p>The Frankie Sweatshirt is your best friend at long afternoon stadium stints or winter trailside campsites. The soft fleece fabric keeps you toasty as moisture-wicking technology kicks in when the sun comes out.<\\/p>\\n<p>&bull; Light green crewneck sweatshirt.<br \\/>&bull; Hand pockets.<br \\/>&bull; Relaxed fit.<br \\/>&bull; Machine wash\\/dry.<\\/p>\",\"short_description\":null,\"weight\":\"1\",\"product_online\":\"1\",\"tax_class_name\":\"Taxable Goods\",\"visibility\":\"Not Visible Individually\",\"price\":\"60\",\"special_price\":null,\"special_price_from_date\":null,\"special_price_to_date\":null,\"url_key\":\"frankie-sweatshirt-s-yellow\",\"meta_title\":null,\"meta_keywords\":null,\"meta_description\":null,\"base_image\":\"\\/m\\/h\\/mh04-yellow_main.jpg\",\"base_image_label\":null,\"small_image\":\"\\/m\\/h\\/mh04-yellow_main.jpg\",\"small_image_label\":null,\"thumbnail_image\":\"\\/m\\/h\\/mh04-yellow_main.jpg\",\"thumbnail_image_label\":null,\"created_at\":null,\"updated_at\":null,\"new_from_date\":null,\"new_to_date\":null,\"display_product_options_in\":null,\"map_price\":null,\"msrp_price\":null,\"map_enabled\":null,\"gift_message_available\":null,\"custom_design\":null,\"custom_design_from\":null,\"custom_design_to\":null,\"custom_layout_update\":null,\"page_layout\":null,\"product_options_container\":null,\"msrp_display_actual_price_type\":null,\"country_of_manufacture\":null,\"additional_attributes\":\"has_options=0,required_options=0,size=S,color=Yellow\",\"qty\":\"100\",\"out_of_stock_qty\":\"0\",\"use_config_min_qty\":\"1\",\"is_qty_decimal\":\"0\",\"allow_backorders\":\"0\",\"use_config_backorders\":\"1\",\"min_cart_qty\":\"1\",\"use_config_min_sale_qty\":\"1\",\"max_cart_qty\":\"0\",\"use_config_max_sale_qty\":\"1\",\"is_in_stock\":\"1\",\"notify_on_stock_below\":null,\"use_config_notify_stock_qty\":\"1\",\"manage_stock\":\"0\",\"use_config_manage_stock\":\"1\",\"use_config_qty_increments\":\"1\",\"qty_increments\":\"0\",\"use_config_enable_qty_inc\":\"1\",\"enable_qty_increments\":\"0\",\"is_decimal_divided\":\"0\",\"website_id\":\"1\",\"configurable_variations\":null,\"configurable_variation_prices\":null,\"configurable_variation_labels\":null,\"additional_images\":null,\"image\":\"\\/m\\/h\\/mh04-yellow_main.jpg\",\"image_label\":null,\"thumbnail\":\"\\/m\\/h\\/mh04-yellow_main.jpg\",\"thumbnail_label\":null,\"_media_image\":null,\"_store\":null,\"_attribute_set\":\"Top\",\"_product_websites\":\"base\",\"status\":\"1\",\"news_from_date\":null,\"news_to_date\":null,\"options_container\":null,\"minimal_price\":null,\"msrp\":null,\"msrp_enabled\":null,\"special_from_date\":null,\"special_to_date\":null,\"min_qty\":\"0\",\"backorders\":\"0\",\"min_sale_qty\":\"1\",\"max_sale_qty\":\"0\",\"notify_stock_qty\":null,\"meta_keyword\":null,\"has_options\":\"0\",\"required_options\":\"0\",\"size\":\"S\",\"color\":\"Yellow\"},{\"sku\":\"MH04-M-Green\",\"store_view_code\":null,\"attribute_set_code\":\"Top\",\"product_type\":\"simple\",\"categories\":\"Default Category\\/Men\\/Tops\\/Hoodies & Sweatshirts,Default Category\\/Collections\\/Eco Friendly,Default Category\",\"product_websites\":\"base\",\"name\":\"Frankie  Sweatshirt-M-Green\",\"description\":\"<p>The Frankie Sweatshirt is your best friend at long afternoon stadium stints or winter trailside campsites. The soft fleece fabric keeps you toasty as moisture-wicking technology kicks in when the sun comes out.<\\/p>\\n<p>&bull; Light green crewneck sweatshirt.<br \\/>&bull; Hand pockets.<br \\/>&bull; Relaxed fit.<br \\/>&bull; Machine wash\\/dry.<\\/p>\",\"short_description\":null,\"weight\":\"1\",\"product_online\":\"1\",\"tax_class_name\":\"Taxable Goods\",\"visibility\":\"Not Visible Individually\",\"price\":\"60\",\"special_price\":null,\"special_price_from_date\":null,\"special_price_to_date\":null,\"url_key\":\"frankie-sweatshirt-m-green\",\"meta_title\":null,\"meta_keywords\":null,\"meta_description\":null,\"base_image\":\"\\/m\\/h\\/mh04-green_main.jpg\",\"base_image_label\":null,\"small_image\":\"\\/m\\/h\\/mh04-green_main.jpg\",\"small_image_label\":null,\"thumbnail_image\":\"\\/m\\/h\\/mh04-green_main.jpg\",\"thumbnail_image_label\":null,\"created_at\":null,\"updated_at\":null,\"new_from_date\":null,\"new_to_date\":null,\"display_product_options_in\":null,\"map_price\":null,\"msrp_price\":null,\"map_enabled\":null,\"gift_message_available\":null,\"custom_design\":null,\"custom_design_from\":null,\"custom_design_to\":null,\"custom_layout_update\":null,\"page_layout\":null,\"product_options_container\":null,\"msrp_display_actual_price_type\":null,\"country_of_manufacture\":null,\"additional_attributes\":\"has_options=0,required_options=0,size=M,color=Green\",\"qty\":\"100\",\"out_of_stock_qty\":\"0\",\"use_config_min_qty\":\"1\",\"is_qty_decimal\":\"0\",\"allow_backorders\":\"0\",\"use_config_backorders\":\"1\",\"min_cart_qty\":\"1\",\"use_config_min_sale_qty\":\"1\",\"max_cart_qty\":\"0\",\"use_config_max_sale_qty\":\"1\",\"is_in_stock\":\"1\",\"notify_on_stock_below\":null,\"use_config_notify_stock_qty\":\"1\",\"manage_stock\":\"0\",\"use_config_manage_stock\":\"1\",\"use_config_qty_increments\":\"1\",\"qty_increments\":\"0\",\"use_config_enable_qty_inc\":\"1\",\"enable_qty_increments\":\"0\",\"is_decimal_divided\":\"0\",\"website_id\":\"1\",\"configurable_variations\":null,\"configurable_variation_prices\":null,\"configurable_variation_labels\":null,\"additional_images\":\"\\/m\\/h\\/mh04-green_alt1.jpg,\\/m\\/h\\/mh04-green_back.jpg\",\"image\":\"\\/m\\/h\\/mh04-green_main.jpg\",\"image_label\":null,\"thumbnail\":\"\\/m\\/h\\/mh04-green_main.jpg\",\"thumbnail_label\":null,\"_media_image\":\"\\/m\\/h\\/mh04-green_alt1.jpg,\\/m\\/h\\/mh04-green_back.jpg\",\"_store\":null,\"_attribute_set\":\"Top\",\"_product_websites\":\"base\",\"status\":\"1\",\"news_from_date\":null,\"news_to_date\":null,\"options_container\":null,\"minimal_price\":null,\"msrp\":null,\"msrp_enabled\":null,\"special_from_date\":null,\"special_to_date\":null,\"min_qty\":\"0\",\"backorders\":\"0\",\"min_sale_qty\":\"1\",\"max_sale_qty\":\"0\",\"notify_stock_qty\":null,\"meta_keyword\":null,\"has_options\":\"0\",\"required_options\":\"0\",\"size\":\"M\",\"color\":\"Green\"},{\"sku\":\"MH04-M-White\",\"store_view_code\":null,\"attribute_set_code\":\"Top\",\"product_type\":\"simple\",\"categories\":\"Default Category\\/Men\\/Tops\\/Hoodies & Sweatshirts,Default Category\\/Collections\\/Eco Friendly,Default Category\",\"product_websites\":\"base\",\"name\":\"Frankie  Sweatshirt-M-White\",\"description\":\"<p>The Frankie Sweatshirt is your best friend at long afternoon stadium stints or winter trailside campsites. The soft fleece fabric keeps you toasty as moisture-wicking technology kicks in when the sun comes out.<\\/p>\\n<p>&bull; Light green crewneck sweatshirt.<br \\/>&bull; Hand pockets.<br \\/>&bull; Relaxed fit.<br \\/>&bull; Machine wash\\/dry.<\\/p>\",\"short_description\":null,\"weight\":\"1\",\"product_online\":\"1\",\"tax_class_name\":\"Taxable Goods\",\"visibility\":\"Not Visible Individually\",\"price\":\"60\",\"special_price\":null,\"special_price_from_date\":null,\"special_price_to_date\":null,\"url_key\":\"frankie-sweatshirt-m-white\",\"meta_title\":null,\"meta_keywords\":null,\"meta_description\":null,\"base_image\":\"\\/m\\/h\\/mh04-white_main.jpg\",\"base_image_label\":null,\"small_image\":\"\\/m\\/h\\/mh04-white_main.jpg\",\"small_image_label\":null,\"thumbnail_image\":\"\\/m\\/h\\/mh04-white_main.jpg\",\"thumbnail_image_label\":null,\"created_at\":null,\"updated_at\":null,\"new_from_date\":null,\"new_to_date\":null,\"display_product_options_in\":null,\"map_price\":null,\"msrp_price\":null,\"map_enabled\":null,\"gift_message_available\":null,\"custom_design\":null,\"custom_design_from\":null,\"custom_design_to\":null,\"custom_layout_update\":null,\"page_layout\":null,\"product_options_container\":null,\"msrp_display_actual_price_type\":null,\"country_of_manufacture\":null,\"additional_attributes\":\"has_options=0,required_options=0,size=M,color=White\",\"qty\":\"100\",\"out_of_stock_qty\":\"0\",\"use_config_min_qty\":\"1\",\"is_qty_decimal\":\"0\",\"allow_backorders\":\"0\",\"use_config_backorders\":\"1\",\"min_cart_qty\":\"1\",\"use_config_min_sale_qty\":\"1\",\"max_cart_qty\":\"0\",\"use_config_max_sale_qty\":\"1\",\"is_in_stock\":\"1\",\"notify_on_stock_below\":null,\"use_config_notify_stock_qty\":\"1\",\"manage_stock\":\"0\",\"use_config_manage_stock\":\"1\",\"use_config_qty_increments\":\"1\",\"qty_increments\":\"0\",\"use_config_enable_qty_inc\":\"1\",\"enable_qty_increments\":\"0\",\"is_decimal_divided\":\"0\",\"website_id\":\"1\",\"configurable_variations\":null,\"configurable_variation_prices\":null,\"configurable_variation_labels\":null,\"additional_images\":null,\"image\":\"\\/m\\/h\\/mh04-white_main.jpg\",\"image_label\":null,\"thumbnail\":\"\\/m\\/h\\/mh04-white_main.jpg\",\"thumbnail_label\":null,\"_media_image\":null,\"_store\":null,\"_attribute_set\":\"Top\",\"_product_websites\":\"base\",\"status\":\"1\",\"news_from_date\":null,\"news_to_date\":null,\"options_container\":null,\"minimal_price\":null,\"msrp\":null,\"msrp_enabled\":null,\"special_from_date\":null,\"special_to_date\":null,\"min_qty\":\"0\",\"backorders\":\"0\",\"min_sale_qty\":\"1\",\"max_sale_qty\":\"0\",\"notify_stock_qty\":null,\"meta_keyword\":null,\"has_options\":\"0\",\"required_options\":\"0\",\"size\":\"M\",\"color\":\"White\"},{\"sku\":\"MH04-M-Yellow\",\"store_view_code\":null,\"attribute_set_code\":\"Top\",\"product_type\":\"simple\",\"categories\":\"Default Category\\/Men\\/Tops\\/Hoodies & Sweatshirts,Default Category\\/Collections\\/Eco Friendly,Default Category\",\"product_websites\":\"base\",\"name\":\"Frankie  Sweatshirt-M-Yellow\",\"description\":\"<p>The Frankie Sweatshirt is your best friend at long afternoon stadium stints or winter trailside campsites. The soft fleece fabric keeps you toasty as moisture-wicking technology kicks in when the sun comes out.<\\/p>\\n<p>&bull; Light green crewneck sweatshirt.<br \\/>&bull; Hand pockets.<br \\/>&bull; Relaxed fit.<br \\/>&bull; Machine wash\\/dry.<\\/p>\",\"short_description\":null,\"weight\":\"1\",\"product_online\":\"1\",\"tax_class_name\":\"Taxable Goods\",\"visibility\":\"Not Visible Individually\",\"price\":\"60\",\"special_price\":null,\"special_price_from_date\":null,\"special_price_to_date\":null,\"url_key\":\"frankie-sweatshirt-m-yellow\",\"meta_title\":null,\"meta_keywords\":null,\"meta_description\":null,\"base_image\":\"\\/m\\/h\\/mh04-yellow_main.jpg\",\"base_image_label\":null,\"small_image\":\"\\/m\\/h\\/mh04-yellow_main.jpg\",\"small_image_label\":null,\"thumbnail_image\":\"\\/m\\/h\\/mh04-yellow_main.jpg\",\"thumbnail_image_label\":null,\"created_at\":null,\"updated_at\":null,\"new_from_date\":null,\"new_to_date\":null,\"display_product_options_in\":null,\"map_price\":null,\"msrp_price\":null,\"map_enabled\":null,\"gift_message_available\":null,\"custom_design\":null,\"custom_design_from\":null,\"custom_design_to\":null,\"custom_layout_update\":null,\"page_layout\":null,\"product_options_container\":null,\"msrp_display_actual_price_type\":null,\"country_of_manufacture\":null,\"additional_attributes\":\"has_options=0,required_options=0,size=M,color=Yellow\",\"qty\":\"100\",\"out_of_stock_qty\":\"0\",\"use_config_min_qty\":\"1\",\"is_qty_decimal\":\"0\",\"allow_backorders\":\"0\",\"use_config_backorders\":\"1\",\"min_cart_qty\":\"1\",\"use_config_min_sale_qty\":\"1\",\"max_cart_qty\":\"0\",\"use_config_max_sale_qty\":\"1\",\"is_in_stock\":\"1\",\"notify_on_stock_below\":null,\"use_config_notify_stock_qty\":\"1\",\"manage_stock\":\"0\",\"use_config_manage_stock\":\"1\",\"use_config_qty_increments\":\"1\",\"qty_increments\":\"0\",\"use_config_enable_qty_inc\":\"1\",\"enable_qty_increments\":\"0\",\"is_decimal_divided\":\"0\",\"website_id\":\"1\",\"configurable_variations\":null,\"configurable_variation_prices\":null,\"configurable_variation_labels\":null,\"additional_images\":null,\"image\":\"\\/m\\/h\\/mh04-yellow_main.jpg\",\"image_label\":null,\"thumbnail\":\"\\/m\\/h\\/mh04-yellow_main.jpg\",\"thumbnail_label\":null,\"_media_image\":null,\"_store\":null,\"_attribute_set\":\"Top\",\"_product_websites\":\"base\",\"status\":\"1\",\"news_from_date\":null,\"news_to_date\":null,\"options_container\":null,\"minimal_price\":null,\"msrp\":null,\"msrp_enabled\":null,\"special_from_date\":null,\"special_to_date\":null,\"min_qty\":\"0\",\"backorders\":\"0\",\"min_sale_qty\":\"1\",\"max_sale_qty\":\"0\",\"notify_stock_qty\":null,\"meta_keyword\":null,\"has_options\":\"0\",\"required_options\":\"0\",\"size\":\"M\",\"color\":\"Yellow\"},{\"sku\":\"MH04-L-Green\",\"store_view_code\":null,\"attribute_set_code\":\"Top\",\"product_type\":\"simple\",\"categories\":\"Default Category\\/Men\\/Tops\\/Hoodies & Sweatshirts,Default Category\\/Collections\\/Eco Friendly,Default Category\",\"product_websites\":\"base\",\"name\":\"Frankie  Sweatshirt-L-Green\",\"description\":\"<p>The Frankie Sweatshirt is your best friend at long afternoon stadium stints or winter trailside campsites. The soft fleece fabric keeps you toasty as moisture-wicking technology kicks in when the sun comes out.<\\/p>\\n<p>&bull; Light green crewneck sweatshirt.<br \\/>&bull; Hand pockets.<br \\/>&bull; Relaxed fit.<br \\/>&bull; Machine wash\\/dry.<\\/p>\",\"short_description\":null,\"weight\":\"1\",\"product_online\":\"1\",\"tax_class_name\":\"Taxable Goods\",\"visibility\":\"Not Visible Individually\",\"price\":\"60\",\"special_price\":null,\"special_price_from_date\":null,\"special_price_to_date\":null,\"url_key\":\"frankie-sweatshirt-l-green\",\"meta_title\":null,\"meta_keywords\":null,\"meta_description\":null,\"base_image\":\"\\/m\\/h\\/mh04-green_main.jpg\",\"base_image_label\":null,\"small_image\":\"\\/m\\/h\\/mh04-green_main.jpg\",\"small_image_label\":null,\"thumbnail_image\":\"\\/m\\/h\\/mh04-green_main.jpg\",\"thumbnail_image_label\":null,\"created_at\":null,\"updated_at\":null,\"new_from_date\":null,\"new_to_date\":null,\"display_product_options_in\":null,\"map_price\":null,\"msrp_price\":null,\"map_enabled\":null,\"gift_message_available\":null,\"custom_design\":null,\"custom_design_from\":null,\"custom_design_to\":null,\"custom_layout_update\":null,\"page_layout\":null,\"product_options_container\":null,\"msrp_display_actual_price_type\":null,\"country_of_manufacture\":null,\"additional_attributes\":\"has_options=0,required_options=0,size=L,color=Green\",\"qty\":\"100\",\"out_of_stock_qty\":\"0\",\"use_config_min_qty\":\"1\",\"is_qty_decimal\":\"0\",\"allow_backorders\":\"0\",\"use_config_backorders\":\"1\",\"min_cart_qty\":\"1\",\"use_config_min_sale_qty\":\"1\",\"max_cart_qty\":\"0\",\"use_config_max_sale_qty\":\"1\",\"is_in_stock\":\"1\",\"notify_on_stock_below\":null,\"use_config_notify_stock_qty\":\"1\",\"manage_stock\":\"0\",\"use_config_manage_stock\":\"1\",\"use_config_qty_increments\":\"1\",\"qty_increments\":\"0\",\"use_config_enable_qty_inc\":\"1\",\"enable_qty_increments\":\"0\",\"is_decimal_divided\":\"0\",\"website_id\":\"1\",\"configurable_variations\":null,\"configurable_variation_prices\":null,\"configurable_variation_labels\":null,\"additional_images\":\"\\/m\\/h\\/mh04-green_alt1.jpg,\\/m\\/h\\/mh04-green_back.jpg\",\"image\":\"\\/m\\/h\\/mh04-green_main.jpg\",\"image_label\":null,\"thumbnail\":\"\\/m\\/h\\/mh04-green_main.jpg\",\"thumbnail_label\":null,\"_media_image\":\"\\/m\\/h\\/mh04-green_alt1.jpg,\\/m\\/h\\/mh04-green_back.jpg\",\"_store\":null,\"_attribute_set\":\"Top\",\"_product_websites\":\"base\",\"status\":\"1\",\"news_from_date\":null,\"news_to_date\":null,\"options_container\":null,\"minimal_price\":null,\"msrp\":null,\"msrp_enabled\":null,\"special_from_date\":null,\"special_to_date\":null,\"min_qty\":\"0\",\"backorders\":\"0\",\"min_sale_qty\":\"1\",\"max_sale_qty\":\"0\",\"notify_stock_qty\":null,\"meta_keyword\":null,\"has_options\":\"0\",\"required_options\":\"0\",\"size\":\"L\",\"color\":\"Green\"},{\"sku\":\"MH04-L-White\",\"store_view_code\":null,\"attribute_set_code\":\"Top\",\"product_type\":\"simple\",\"categories\":\"Default Category\\/Men\\/Tops\\/Hoodies & Sweatshirts,Default Category\\/Collections\\/Eco Friendly,Default Category\",\"product_websites\":\"base\",\"name\":\"Frankie  Sweatshirt-L-White\",\"description\":\"<p>The Frankie Sweatshirt is your best friend at long afternoon stadium stints or winter trailside campsites. The soft fleece fabric keeps you toasty as moisture-wicking technology kicks in when the sun comes out.<\\/p>\\n<p>&bull; Light green crewneck sweatshirt.<br \\/>&bull; Hand pockets.<br \\/>&bull; Relaxed fit.<br \\/>&bull; Machine wash\\/dry.<\\/p>\",\"short_description\":null,\"weight\":\"1\",\"product_online\":\"1\",\"tax_class_name\":\"Taxable Goods\",\"visibility\":\"Not Visible Individually\",\"price\":\"60\",\"special_price\":null,\"special_price_from_date\":null,\"special_price_to_date\":null,\"url_key\":\"frankie-sweatshirt-l-white\",\"meta_title\":null,\"meta_keywords\":null,\"meta_description\":null,\"base_image\":\"\\/m\\/h\\/mh04-white_main.jpg\",\"base_image_label\":null,\"small_image\":\"\\/m\\/h\\/mh04-white_main.jpg\",\"small_image_label\":null,\"thumbnail_image\":\"\\/m\\/h\\/mh04-white_main.jpg\",\"thumbnail_image_label\":null,\"created_at\":null,\"updated_at\":null,\"new_from_date\":null,\"new_to_date\":null,\"display_product_options_in\":null,\"map_price\":null,\"msrp_price\":null,\"map_enabled\":null,\"gift_message_available\":null,\"custom_design\":null,\"custom_design_from\":null,\"custom_design_to\":null,\"custom_layout_update\":null,\"page_layout\":null,\"product_options_container\":null,\"msrp_display_actual_price_type\":null,\"country_of_manufacture\":null,\"additional_attributes\":\"has_options=0,required_options=0,size=L,color=White\",\"qty\":\"100\",\"out_of_stock_qty\":\"0\",\"use_config_min_qty\":\"1\",\"is_qty_decimal\":\"0\",\"allow_backorders\":\"0\",\"use_config_backorders\":\"1\",\"min_cart_qty\":\"1\",\"use_config_min_sale_qty\":\"1\",\"max_cart_qty\":\"0\",\"use_config_max_sale_qty\":\"1\",\"is_in_stock\":\"1\",\"notify_on_stock_below\":null,\"use_config_notify_stock_qty\":\"1\",\"manage_stock\":\"0\",\"use_config_manage_stock\":\"1\",\"use_config_qty_increments\":\"1\",\"qty_increments\":\"0\",\"use_config_enable_qty_inc\":\"1\",\"enable_qty_increments\":\"0\",\"is_decimal_divided\":\"0\",\"website_id\":\"1\",\"configurable_variations\":null,\"configurable_variation_prices\":null,\"configurable_variation_labels\":null,\"additional_images\":null,\"image\":\"\\/m\\/h\\/mh04-white_main.jpg\",\"image_label\":null,\"thumbnail\":\"\\/m\\/h\\/mh04-white_main.jpg\",\"thumbnail_label\":null,\"_media_image\":null,\"_store\":null,\"_attribute_set\":\"Top\",\"_product_websites\":\"base\",\"status\":\"1\",\"news_from_date\":null,\"news_to_date\":null,\"options_container\":null,\"minimal_price\":null,\"msrp\":null,\"msrp_enabled\":null,\"special_from_date\":null,\"special_to_date\":null,\"min_qty\":\"0\",\"backorders\":\"0\",\"min_sale_qty\":\"1\",\"max_sale_qty\":\"0\",\"notify_stock_qty\":null,\"meta_keyword\":null,\"has_options\":\"0\",\"required_options\":\"0\",\"size\":\"L\",\"color\":\"White\"},{\"sku\":\"MH04-L-Yellow\",\"store_view_code\":null,\"attribute_set_code\":\"Top\",\"product_type\":\"simple\",\"categories\":\"Default Category\\/Men\\/Tops\\/Hoodies & Sweatshirts,Default Category\\/Collections\\/Eco Friendly,Default Category\",\"product_websites\":\"base\",\"name\":\"Frankie  Sweatshirt-L-Yellow\",\"description\":\"<p>The Frankie Sweatshirt is your best friend at long afternoon stadium stints or winter trailside campsites. The soft fleece fabric keeps you toasty as moisture-wicking technology kicks in when the sun comes out.<\\/p>\\n<p>&bull; Light green crewneck sweatshirt.<br \\/>&bull; Hand pockets.<br \\/>&bull; Relaxed fit.<br \\/>&bull; Machine wash\\/dry.<\\/p>\",\"short_description\":null,\"weight\":\"1\",\"product_online\":\"1\",\"tax_class_name\":\"Taxable Goods\",\"visibility\":\"Not Visible Individually\",\"price\":\"60\",\"special_price\":null,\"special_price_from_date\":null,\"special_price_to_date\":null,\"url_key\":\"frankie-sweatshirt-l-yellow\",\"meta_title\":null,\"meta_keywords\":null,\"meta_description\":null,\"base_image\":\"\\/m\\/h\\/mh04-yellow_main.jpg\",\"base_image_label\":null,\"small_image\":\"\\/m\\/h\\/mh04-yellow_main.jpg\",\"small_image_label\":null,\"thumbnail_image\":\"\\/m\\/h\\/mh04-yellow_main.jpg\",\"thumbnail_image_label\":null,\"created_at\":null,\"updated_at\":null,\"new_from_date\":null,\"new_to_date\":null,\"display_product_options_in\":null,\"map_price\":null,\"msrp_price\":null,\"map_enabled\":null,\"gift_message_available\":null,\"custom_design\":null,\"custom_design_from\":null,\"custom_design_to\":null,\"custom_layout_update\":null,\"page_layout\":null,\"product_options_container\":null,\"msrp_display_actual_price_type\":null,\"country_of_manufacture\":null,\"additional_attributes\":\"has_options=0,required_options=0,size=L,color=Yellow\",\"qty\":\"100\",\"out_of_stock_qty\":\"0\",\"use_config_min_qty\":\"1\",\"is_qty_decimal\":\"0\",\"allow_backorders\":\"0\",\"use_config_backorders\":\"1\",\"min_cart_qty\":\"1\",\"use_config_min_sale_qty\":\"1\",\"max_cart_qty\":\"0\",\"use_config_max_sale_qty\":\"1\",\"is_in_stock\":\"1\",\"notify_on_stock_below\":null,\"use_config_notify_stock_qty\":\"1\",\"manage_stock\":\"0\",\"use_config_manage_stock\":\"1\",\"use_config_qty_increments\":\"1\",\"qty_increments\":\"0\",\"use_config_enable_qty_inc\":\"1\",\"enable_qty_increments\":\"0\",\"is_decimal_divided\":\"0\",\"website_id\":\"1\",\"configurable_variations\":null,\"configurable_variation_prices\":null,\"configurable_variation_labels\":null,\"additional_images\":null,\"image\":\"\\/m\\/h\\/mh04-yellow_main.jpg\",\"image_label\":null,\"thumbnail\":\"\\/m\\/h\\/mh04-yellow_main.jpg\",\"thumbnail_label\":null,\"_media_image\":null,\"_store\":null,\"_attribute_set\":\"Top\",\"_product_websites\":\"base\",\"status\":\"1\",\"news_from_date\":null,\"news_to_date\":null,\"options_container\":null,\"minimal_price\":null,\"msrp\":null,\"msrp_enabled\":null,\"special_from_date\":null,\"special_to_date\":null,\"min_qty\":\"0\",\"backorders\":\"0\",\"min_sale_qty\":\"1\",\"max_sale_qty\":\"0\",\"notify_stock_qty\":null,\"meta_keyword\":null,\"has_options\":\"0\",\"required_options\":\"0\",\"size\":\"L\",\"color\":\"Yellow\"},{\"sku\":\"MH04-XL-Green\",\"store_view_code\":null,\"attribute_set_code\":\"Top\",\"product_type\":\"simple\",\"categories\":\"Default Category\\/Men\\/Tops\\/Hoodies & Sweatshirts,Default Category\\/Collections\\/Eco Friendly,Default Category\",\"product_websites\":\"base\",\"name\":\"Frankie  Sweatshirt-XL-Green\",\"description\":\"<p>The Frankie Sweatshirt is your best friend at long afternoon stadium stints or winter trailside campsites. The soft fleece fabric keeps you toasty as moisture-wicking technology kicks in when the sun comes out.<\\/p>\\n<p>&bull; Light green crewneck sweatshirt.<br \\/>&bull; Hand pockets.<br \\/>&bull; Relaxed fit.<br \\/>&bull; Machine wash\\/dry.<\\/p>\",\"short_description\":null,\"weight\":\"1\",\"product_online\":\"1\",\"tax_class_name\":\"Taxable Goods\",\"visibility\":\"Not Visible Individually\",\"price\":\"60\",\"special_price\":null,\"special_price_from_date\":null,\"special_price_to_date\":null,\"url_key\":\"frankie-sweatshirt-xl-green\",\"meta_title\":null,\"meta_keywords\":null,\"meta_description\":null,\"base_image\":\"\\/m\\/h\\/mh04-green_main.jpg\",\"base_image_label\":null,\"small_image\":\"\\/m\\/h\\/mh04-green_main.jpg\",\"small_image_label\":null,\"thumbnail_image\":\"\\/m\\/h\\/mh04-green_main.jpg\",\"thumbnail_image_label\":null,\"created_at\":null,\"updated_at\":null,\"new_from_date\":null,\"new_to_date\":null,\"display_product_options_in\":null,\"map_price\":null,\"msrp_price\":null,\"map_enabled\":null,\"gift_message_available\":null,\"custom_design\":null,\"custom_design_from\":null,\"custom_design_to\":null,\"custom_layout_update\":null,\"page_layout\":null,\"product_options_container\":null,\"msrp_display_actual_price_type\":null,\"country_of_manufacture\":null,\"additional_attributes\":\"has_options=0,required_options=0,size=XL,color=Green\",\"qty\":\"100\",\"out_of_stock_qty\":\"0\",\"use_config_min_qty\":\"1\",\"is_qty_decimal\":\"0\",\"allow_backorders\":\"0\",\"use_config_backorders\":\"1\",\"min_cart_qty\":\"1\",\"use_config_min_sale_qty\":\"1\",\"max_cart_qty\":\"0\",\"use_config_max_sale_qty\":\"1\",\"is_in_stock\":\"1\",\"notify_on_stock_below\":null,\"use_config_notify_stock_qty\":\"1\",\"manage_stock\":\"0\",\"use_config_manage_stock\":\"1\",\"use_config_qty_increments\":\"1\",\"qty_increments\":\"0\",\"use_config_enable_qty_inc\":\"1\",\"enable_qty_increments\":\"0\",\"is_decimal_divided\":\"0\",\"website_id\":\"1\",\"configurable_variations\":null,\"configurable_variation_prices\":null,\"configurable_variation_labels\":null,\"additional_images\":\"\\/m\\/h\\/mh04-green_alt1.jpg,\\/m\\/h\\/mh04-green_back.jpg\",\"image\":\"\\/m\\/h\\/mh04-green_main.jpg\",\"image_label\":null,\"thumbnail\":\"\\/m\\/h\\/mh04-green_main.jpg\",\"thumbnail_label\":null,\"_media_image\":\"\\/m\\/h\\/mh04-green_alt1.jpg,\\/m\\/h\\/mh04-green_back.jpg\",\"_store\":null,\"_attribute_set\":\"Top\",\"_product_websites\":\"base\",\"status\":\"1\",\"news_from_date\":null,\"news_to_date\":null,\"options_container\":null,\"minimal_price\":null,\"msrp\":null,\"msrp_enabled\":null,\"special_from_date\":null,\"special_to_date\":null,\"min_qty\":\"0\",\"backorders\":\"0\",\"min_sale_qty\":\"1\",\"max_sale_qty\":\"0\",\"notify_stock_qty\":null,\"meta_keyword\":null,\"has_options\":\"0\",\"required_options\":\"0\",\"size\":\"XL\",\"color\":\"Green\"},{\"sku\":\"MH04-XL-White\",\"store_view_code\":null,\"attribute_set_code\":\"Top\",\"product_type\":\"simple\",\"categories\":\"Default Category\\/Men\\/Tops\\/Hoodies & Sweatshirts,Default Category\\/Collections\\/Eco Friendly,Default Category\",\"product_websites\":\"base\",\"name\":\"Frankie  Sweatshirt-XL-White\",\"description\":\"<p>The Frankie Sweatshirt is your best friend at long afternoon stadium stints or winter trailside campsites. The soft fleece fabric keeps you toasty as moisture-wicking technology kicks in when the sun comes out.<\\/p>\\n<p>&bull; Light green crewneck sweatshirt.<br \\/>&bull; Hand pockets.<br \\/>&bull; Relaxed fit.<br \\/>&bull; Machine wash\\/dry.<\\/p>\",\"short_description\":null,\"weight\":\"1\",\"product_online\":\"1\",\"tax_class_name\":\"Taxable Goods\",\"visibility\":\"Not Visible Individually\",\"price\":\"60\",\"special_price\":null,\"special_price_from_date\":null,\"special_price_to_date\":null,\"url_key\":\"frankie-sweatshirt-xl-white\",\"meta_title\":null,\"meta_keywords\":null,\"meta_description\":null,\"base_image\":\"\\/m\\/h\\/mh04-white_main.jpg\",\"base_image_label\":null,\"small_image\":\"\\/m\\/h\\/mh04-white_main.jpg\",\"small_image_label\":null,\"thumbnail_image\":\"\\/m\\/h\\/mh04-white_main.jpg\",\"thumbnail_image_label\":null,\"created_at\":null,\"updated_at\":null,\"new_from_date\":null,\"new_to_date\":null,\"display_product_options_in\":null,\"map_price\":null,\"msrp_price\":null,\"map_enabled\":null,\"gift_message_available\":null,\"custom_design\":null,\"custom_design_from\":null,\"custom_design_to\":null,\"custom_layout_update\":null,\"page_layout\":null,\"product_options_container\":null,\"msrp_display_actual_price_type\":null,\"country_of_manufacture\":null,\"additional_attributes\":\"has_options=0,required_options=0,size=XL,color=White\",\"qty\":\"100\",\"out_of_stock_qty\":\"0\",\"use_config_min_qty\":\"1\",\"is_qty_decimal\":\"0\",\"allow_backorders\":\"0\",\"use_config_backorders\":\"1\",\"min_cart_qty\":\"1\",\"use_config_min_sale_qty\":\"1\",\"max_cart_qty\":\"0\",\"use_config_max_sale_qty\":\"1\",\"is_in_stock\":\"1\",\"notify_on_stock_below\":null,\"use_config_notify_stock_qty\":\"1\",\"manage_stock\":\"0\",\"use_config_manage_stock\":\"1\",\"use_config_qty_increments\":\"1\",\"qty_increments\":\"0\",\"use_config_enable_qty_inc\":\"1\",\"enable_qty_increments\":\"0\",\"is_decimal_divided\":\"0\",\"website_id\":\"1\",\"configurable_variations\":null,\"configurable_variation_prices\":null,\"configurable_variation_labels\":null,\"additional_images\":null,\"image\":\"\\/m\\/h\\/mh04-white_main.jpg\",\"image_label\":null,\"thumbnail\":\"\\/m\\/h\\/mh04-white_main.jpg\",\"thumbnail_label\":null,\"_media_image\":null,\"_store\":null,\"_attribute_set\":\"Top\",\"_product_websites\":\"base\",\"status\":\"1\",\"news_from_date\":null,\"news_to_date\":null,\"options_container\":null,\"minimal_price\":null,\"msrp\":null,\"msrp_enabled\":null,\"special_from_date\":null,\"special_to_date\":null,\"min_qty\":\"0\",\"backorders\":\"0\",\"min_sale_qty\":\"1\",\"max_sale_qty\":\"0\",\"notify_stock_qty\":null,\"meta_keyword\":null,\"has_options\":\"0\",\"required_options\":\"0\",\"size\":\"XL\",\"color\":\"White\"},{\"sku\":\"MH04-XL-Yellow\",\"store_view_code\":null,\"attribute_set_code\":\"Top\",\"product_type\":\"simple\",\"categories\":\"Default Category\\/Men\\/Tops\\/Hoodies & Sweatshirts,Default Category\\/Collections\\/Eco Friendly,Default Category\",\"product_websites\":\"base\",\"name\":\"Frankie  Sweatshirt-XL-Yellow\",\"description\":\"<p>The Frankie Sweatshirt is your best friend at long afternoon stadium stints or winter trailside campsites. The soft fleece fabric keeps you toasty as moisture-wicking technology kicks in when the sun comes out.<\\/p>\\n<p>&bull; Light green crewneck sweatshirt.<br \\/>&bull; Hand pockets.<br \\/>&bull; Relaxed fit.<br \\/>&bull; Machine wash\\/dry.<\\/p>\",\"short_description\":null,\"weight\":\"1\",\"product_online\":\"1\",\"tax_class_name\":\"Taxable Goods\",\"visibility\":\"Not Visible Individually\",\"price\":\"60\",\"special_price\":null,\"special_price_from_date\":null,\"special_price_to_date\":null,\"url_key\":\"frankie-sweatshirt-xl-yellow\",\"meta_title\":null,\"meta_keywords\":null,\"meta_description\":null,\"base_image\":\"\\/m\\/h\\/mh04-yellow_main.jpg\",\"base_image_label\":null,\"small_image\":\"\\/m\\/h\\/mh04-yellow_main.jpg\",\"small_image_label\":null,\"thumbnail_image\":\"\\/m\\/h\\/mh04-yellow_main.jpg\",\"thumbnail_image_label\":null,\"created_at\":null,\"updated_at\":null,\"new_from_date\":null,\"new_to_date\":null,\"display_product_options_in\":null,\"map_price\":null,\"msrp_price\":null,\"map_enabled\":null,\"gift_message_available\":null,\"custom_design\":null,\"custom_design_from\":null,\"custom_design_to\":null,\"custom_layout_update\":null,\"page_layout\":null,\"product_options_container\":null,\"msrp_display_actual_price_type\":null,\"country_of_manufacture\":null,\"additional_attributes\":\"has_options=0,required_options=0,size=XL,color=Yellow\",\"qty\":\"100\",\"out_of_stock_qty\":\"0\",\"use_config_min_qty\":\"1\",\"is_qty_decimal\":\"0\",\"allow_backorders\":\"0\",\"use_config_backorders\":\"1\",\"min_cart_qty\":\"1\",\"use_config_min_sale_qty\":\"1\",\"max_cart_qty\":\"0\",\"use_config_max_sale_qty\":\"1\",\"is_in_stock\":\"1\",\"notify_on_stock_below\":null,\"use_config_notify_stock_qty\":\"1\",\"manage_stock\":\"0\",\"use_config_manage_stock\":\"1\",\"use_config_qty_increments\":\"1\",\"qty_increments\":\"0\",\"use_config_enable_qty_inc\":\"1\",\"enable_qty_increments\":\"0\",\"is_decimal_divided\":\"0\",\"website_id\":\"1\",\"configurable_variations\":null,\"configurable_variation_prices\":null,\"configurable_variation_labels\":null,\"additional_images\":null,\"image\":\"\\/m\\/h\\/mh04-yellow_main.jpg\",\"image_label\":null,\"thumbnail\":\"\\/m\\/h\\/mh04-yellow_main.jpg\",\"thumbnail_label\":null,\"_media_image\":null,\"_store\":null,\"_attribute_set\":\"Top\",\"_product_websites\":\"base\",\"status\":\"1\",\"news_from_date\":null,\"news_to_date\":null,\"options_container\":null,\"minimal_price\":null,\"msrp\":null,\"msrp_enabled\":null,\"special_from_date\":null,\"special_to_date\":null,\"min_qty\":\"0\",\"backorders\":\"0\",\"min_sale_qty\":\"1\",\"max_sale_qty\":\"0\",\"notify_stock_qty\":null,\"meta_keyword\":null,\"has_options\":\"0\",\"required_options\":\"0\",\"size\":\"XL\",\"color\":\"Yellow\"},{\"sku\":\"MH04\",\"store_view_code\":null,\"attribute_set_code\":\"Top\",\"product_type\":\"configurable\",\"categories\":\"Default Category\\/Men\\/Tops\\/Hoodies & Sweatshirts,Default Category\\/Collections\\/Eco Friendly,Default Category\",\"product_websites\":\"base\",\"name\":\"Frankie  Sweatshirt\",\"description\":\"<p>The Frankie Sweatshirt is your best friend at long afternoon stadium stints or winter trailside campsites. The soft fleece fabric keeps you toasty as moisture-wicking technology kicks in when the sun comes out.<\\/p>\\n<p>&bull; Light green crewneck sweatshirt.<br \\/>&bull; Hand pockets.<br \\/>&bull; Relaxed fit.<br \\/>&bull; Machine wash\\/dry.<\\/p>\",\"short_description\":null,\"weight\":null,\"product_online\":\"1\",\"tax_class_name\":\"Taxable Goods\",\"visibility\":\"Catalog, Search\",\"price\":\"60\",\"special_price\":null,\"special_price_from_date\":null,\"special_price_to_date\":null,\"url_key\":null,\"meta_title\":null,\"meta_keywords\":null,\"meta_description\":null,\"base_image\":\"\\/m\\/h\\/mh04-green_main.jpg\",\"base_image_label\":null,\"small_image\":\"\\/m\\/h\\/mh04-green_main.jpg\",\"small_image_label\":null,\"thumbnail_image\":\"\\/m\\/h\\/mh04-green_main.jpg\",\"thumbnail_image_label\":null,\"created_at\":null,\"updated_at\":null,\"new_from_date\":null,\"new_to_date\":null,\"display_product_options_in\":null,\"map_price\":null,\"msrp_price\":null,\"map_enabled\":null,\"gift_message_available\":null,\"custom_design\":null,\"custom_design_from\":null,\"custom_design_to\":null,\"custom_layout_update\":null,\"page_layout\":null,\"product_options_container\":null,\"msrp_display_actual_price_type\":null,\"country_of_manufacture\":null,\"additional_attributes\":\"has_options=1,required_options=1,material=Organic Cotton,pattern=Solid,climate=All-weather|Cool|Indoor|Spring|Windy,eco_collection=Yes,performance_fabric=Yes,erin_recommends=No,new=No,sale=Yes\",\"qty\":\"0\",\"out_of_stock_qty\":\"0\",\"use_config_min_qty\":\"1\",\"is_qty_decimal\":\"0\",\"allow_backorders\":\"0\",\"use_config_backorders\":\"1\",\"min_cart_qty\":\"1\",\"use_config_min_sale_qty\":\"1\",\"max_cart_qty\":\"0\",\"use_config_max_sale_qty\":\"1\",\"is_in_stock\":\"1\",\"notify_on_stock_below\":null,\"use_config_notify_stock_qty\":\"1\",\"manage_stock\":\"0\",\"use_config_manage_stock\":\"1\",\"use_config_qty_increments\":\"1\",\"qty_increments\":\"0\",\"use_config_enable_qty_inc\":\"1\",\"enable_qty_increments\":\"0\",\"is_decimal_divided\":\"0\",\"website_id\":\"1\",\"configurable_variations\":\"sku=MH04-XS-Green,size=XS,color=Green|sku=MH04-XS-White,size=XS,color=White|sku=MH04-XS-Yellow,size=XS,color=Yellow|sku=MH04-S-Green,size=S,color=Green|sku=MH04-S-White,size=S,color=White|sku=MH04-S-Yellow,size=S,color=Yellow|sku=MH04-M-Green,size=M,color=Green|sku=MH04-M-White,size=M,color=White|sku=MH04-M-Yellow,size=M,color=Yellow|sku=MH04-L-Green,size=L,color=Green|sku=MH04-L-White,size=L,color=White|sku=MH04-L-Yellow,size=L,color=Yellow|sku=MH04-XL-Green,size=XL,color=Green|sku=MH04-XL-White,size=XL,color=White|sku=MH04-XL-Yellow,size=XL,color=Yellow\",\"configurable_variation_prices\":null,\"configurable_variation_labels\":null,\"additional_images\":\"\\/m\\/h\\/mh04-green_alt1.jpg,\\/m\\/h\\/mh04-green_back.jpg\",\"image\":\"\\/m\\/h\\/mh04-green_main.jpg\",\"image_label\":null,\"thumbnail\":\"\\/m\\/h\\/mh04-green_main.jpg\",\"thumbnail_label\":null,\"_media_image\":\"\\/m\\/h\\/mh04-green_alt1.jpg,\\/m\\/h\\/mh04-green_back.jpg\",\"_store\":null,\"_attribute_set\":\"Top\",\"_product_websites\":\"base\",\"status\":\"1\",\"news_from_date\":null,\"news_to_date\":null,\"options_container\":null,\"minimal_price\":null,\"msrp\":null,\"msrp_enabled\":null,\"special_from_date\":null,\"special_to_date\":null,\"min_qty\":\"0\",\"backorders\":\"0\",\"min_sale_qty\":\"1\",\"max_sale_qty\":\"0\",\"notify_stock_qty\":null,\"meta_keyword\":null,\"has_options\":\"1\",\"required_options\":\"1\",\"material\":\"Organic Cotton\",\"pattern\":\"Solid\",\"climate\":[\"All-weather\",\"Cool\",\"Indoor\",\"Spring\",\"Windy\"],\"eco_collection\":\"Yes\",\"performance_fabric\":\"Yes\",\"erin_recommends\":\"No\",\"new\":\"No\",\"sale\":\"Yes\"},{\"sku\":\"MH05-XS-Green\",\"store_view_code\":null,\"attribute_set_code\":\"Top\",\"product_type\":\"simple\",\"categories\":\"Default Category\\/Men\\/Tops\\/Hoodies & Sweatshirts\",\"product_websites\":\"base\",\"name\":\"Hollister Backyard Sweatshirt-XS-Green\",\"description\":\"<p>Kick off your weekend in the Hollister Backyard Sweatshirt. Whether you\'re raking leaves or flipping burgers, this comfy layer blocks the bite of the crisp autumn air. Puffy thick from hood to hem, it traps heat against your core.<\\/p>\\n<p>&bull; Cream crewneck sweatshirt with navy sleeves\\/trim.<br \\/>&bull; Relaxed fit. <br \\/>&bull; Ribbed cuffs and hem. <br \\/>&bull; Machine wash\\/dry.<\\/p>\",\"short_description\":null,\"weight\":\"1\",\"product_online\":\"1\",\"tax_class_name\":\"Taxable Goods\",\"visibility\":\"Not Visible Individually\",\"price\":\"52\",\"special_price\":null,\"special_price_from_date\":null,\"special_price_to_date\":null,\"url_key\":\"hollister-backyard-sweatshirt-xs-green\",\"meta_title\":null,\"meta_keywords\":null,\"meta_description\":null,\"base_image\":\"\\/m\\/h\\/mh05-green_main.jpg\",\"base_image_label\":null,\"small_image\":\"\\/m\\/h\\/mh05-green_main.jpg\",\"small_image_label\":null,\"thumbnail_image\":\"\\/m\\/h\\/mh05-green_main.jpg\",\"thumbnail_image_label\":null,\"created_at\":null,\"updated_at\":null,\"new_from_date\":null,\"new_to_date\":null,\"display_product_options_in\":null,\"map_price\":null,\"msrp_price\":null,\"map_enabled\":null,\"gift_message_available\":null,\"custom_design\":null,\"custom_design_from\":null,\"custom_design_to\":null,\"custom_layout_update\":null,\"page_layout\":null,\"product_options_container\":null,\"msrp_display_actual_price_type\":null,\"country_of_manufacture\":null,\"additional_attributes\":\"has_options=0,required_options=0,size=XS,color=Green\",\"qty\":\"100\",\"out_of_stock_qty\":\"0\",\"use_config_min_qty\":\"1\",\"is_qty_decimal\":\"0\",\"allow_backorders\":\"0\",\"use_config_backorders\":\"1\",\"min_cart_qty\":\"1\",\"use_config_min_sale_qty\":\"1\",\"max_cart_qty\":\"0\",\"use_config_max_sale_qty\":\"1\",\"is_in_stock\":\"1\",\"notify_on_stock_below\":null,\"use_config_notify_stock_qty\":\"1\",\"manage_stock\":\"0\",\"use_config_manage_stock\":\"1\",\"use_config_qty_increments\":\"1\",\"qty_increments\":\"0\",\"use_config_enable_qty_inc\":\"1\",\"enable_qty_increments\":\"0\",\"is_decimal_divided\":\"0\",\"website_id\":\"1\",\"configurable_variations\":null,\"configurable_variation_prices\":null,\"configurable_variation_labels\":null,\"additional_images\":null,\"image\":\"\\/m\\/h\\/mh05-green_main.jpg\",\"image_label\":null,\"thumbnail\":\"\\/m\\/h\\/mh05-green_main.jpg\",\"thumbnail_label\":null,\"_media_image\":null,\"_store\":null,\"_attribute_set\":\"Top\",\"_product_websites\":\"base\",\"status\":\"1\",\"news_from_date\":null,\"news_to_date\":null,\"options_container\":null,\"minimal_price\":null,\"msrp\":null,\"msrp_enabled\":null,\"special_from_date\":null,\"special_to_date\":null,\"min_qty\":\"0\",\"backorders\":\"0\",\"min_sale_qty\":\"1\",\"max_sale_qty\":\"0\",\"notify_stock_qty\":null,\"meta_keyword\":null,\"has_options\":\"0\",\"required_options\":\"0\",\"size\":\"XS\",\"color\":\"Green\"},{\"sku\":\"MH05-XS-Red\",\"store_view_code\":null,\"attribute_set_code\":\"Top\",\"product_type\":\"simple\",\"categories\":\"Default Category\\/Men\\/Tops\\/Hoodies & Sweatshirts\",\"product_websites\":\"base\",\"name\":\"Hollister Backyard Sweatshirt-XS-Red\",\"description\":\"<p>Kick off your weekend in the Hollister Backyard Sweatshirt. Whether you\'re raking leaves or flipping burgers, this comfy layer blocks the bite of the crisp autumn air. Puffy thick from hood to hem, it traps heat against your core.<\\/p>\\n<p>&bull; Cream crewneck sweatshirt with navy sleeves\\/trim.<br \\/>&bull; Relaxed fit. <br \\/>&bull; Ribbed cuffs and hem. <br \\/>&bull; Machine wash\\/dry.<\\/p>\",\"short_description\":null,\"weight\":\"1\",\"product_online\":\"1\",\"tax_class_name\":\"Taxable Goods\",\"visibility\":\"Not Visible Individually\",\"price\":\"52\",\"special_price\":null,\"special_price_from_date\":null,\"special_price_to_date\":null,\"url_key\":\"hollister-backyard-sweatshirt-xs-red\",\"meta_title\":null,\"meta_keywords\":null,\"meta_description\":null,\"base_image\":\"\\/m\\/h\\/mh05-red_main.jpg\",\"base_image_label\":null,\"small_image\":\"\\/m\\/h\\/mh05-red_main.jpg\",\"small_image_label\":null,\"thumbnail_image\":\"\\/m\\/h\\/mh05-red_main.jpg\",\"thumbnail_image_label\":null,\"created_at\":null,\"updated_at\":null,\"new_from_date\":null,\"new_to_date\":null,\"display_product_options_in\":null,\"map_price\":null,\"msrp_price\":null,\"map_enabled\":null,\"gift_message_available\":null,\"custom_design\":null,\"custom_design_from\":null,\"custom_design_to\":null,\"custom_layout_update\":null,\"page_layout\":null,\"product_options_container\":null,\"msrp_display_actual_price_type\":null,\"country_of_manufacture\":null,\"additional_attributes\":\"has_options=0,required_options=0,size=XS,color=Red\",\"qty\":\"100\",\"out_of_stock_qty\":\"0\",\"use_config_min_qty\":\"1\",\"is_qty_decimal\":\"0\",\"allow_backorders\":\"0\",\"use_config_backorders\":\"1\",\"min_cart_qty\":\"1\",\"use_config_min_sale_qty\":\"1\",\"max_cart_qty\":\"0\",\"use_config_max_sale_qty\":\"1\",\"is_in_stock\":\"1\",\"notify_on_stock_below\":null,\"use_config_notify_stock_qty\":\"1\",\"manage_stock\":\"0\",\"use_config_manage_stock\":\"1\",\"use_config_qty_increments\":\"1\",\"qty_increments\":\"0\",\"use_config_enable_qty_inc\":\"1\",\"enable_qty_increments\":\"0\",\"is_decimal_divided\":\"0\",\"website_id\":\"1\",\"configurable_variations\":null,\"configurable_variation_prices\":null,\"configurable_variation_labels\":null,\"additional_images\":null,\"image\":\"\\/m\\/h\\/mh05-red_main.jpg\",\"image_label\":null,\"thumbnail\":\"\\/m\\/h\\/mh05-red_main.jpg\",\"thumbnail_label\":null,\"_media_image\":null,\"_store\":null,\"_attribute_set\":\"Top\",\"_product_websites\":\"base\",\"status\":\"1\",\"news_from_date\":null,\"news_to_date\":null,\"options_container\":null,\"minimal_price\":null,\"msrp\":null,\"msrp_enabled\":null,\"special_from_date\":null,\"special_to_date\":null,\"min_qty\":\"0\",\"backorders\":\"0\",\"min_sale_qty\":\"1\",\"max_sale_qty\":\"0\",\"notify_stock_qty\":null,\"meta_keyword\":null,\"has_options\":\"0\",\"required_options\":\"0\",\"size\":\"XS\",\"color\":\"Red\"},{\"sku\":\"MH05-XS-White\",\"store_view_code\":null,\"attribute_set_code\":\"Top\",\"product_type\":\"simple\",\"categories\":\"Default Category\\/Men\\/Tops\\/Hoodies & Sweatshirts\",\"product_websites\":\"base\",\"name\":\"Hollister Backyard Sweatshirt-XS-White\",\"description\":\"<p>Kick off your weekend in the Hollister Backyard Sweatshirt. Whether you\'re raking leaves or flipping burgers, this comfy layer blocks the bite of the crisp autumn air. Puffy thick from hood to hem, it traps heat against your core.<\\/p>\\n<p>&bull; Cream crewneck sweatshirt with navy sleeves\\/trim.<br \\/>&bull; Relaxed fit. <br \\/>&bull; Ribbed cuffs and hem. <br \\/>&bull; Machine wash\\/dry.<\\/p>\",\"short_description\":null,\"weight\":\"1\",\"product_online\":\"1\",\"tax_class_name\":\"Taxable Goods\",\"visibility\":\"Not Visible Individually\",\"price\":\"52\",\"special_price\":null,\"special_price_from_date\":null,\"special_price_to_date\":null,\"url_key\":\"hollister-backyard-sweatshirt-xs-white\",\"meta_title\":null,\"meta_keywords\":null,\"meta_description\":null,\"base_image\":\"\\/m\\/h\\/mh05-white_main.jpg\",\"base_image_label\":null,\"small_image\":\"\\/m\\/h\\/mh05-white_main.jpg\",\"small_image_label\":null,\"thumbnail_image\":\"\\/m\\/h\\/mh05-white_main.jpg\",\"thumbnail_image_label\":null,\"created_at\":null,\"updated_at\":null,\"new_from_date\":null,\"new_to_date\":null,\"display_product_options_in\":null,\"map_price\":null,\"msrp_price\":null,\"map_enabled\":null,\"gift_message_available\":null,\"custom_design\":null,\"custom_design_from\":null,\"custom_design_to\":null,\"custom_layout_update\":null,\"page_layout\":null,\"product_options_container\":null,\"msrp_display_actual_price_type\":null,\"country_of_manufacture\":null,\"additional_attributes\":\"has_options=0,required_options=0,size=XS,color=White\",\"qty\":\"100\",\"out_of_stock_qty\":\"0\",\"use_config_min_qty\":\"1\",\"is_qty_decimal\":\"0\",\"allow_backorders\":\"0\",\"use_config_backorders\":\"1\",\"min_cart_qty\":\"1\",\"use_config_min_sale_qty\":\"1\",\"max_cart_qty\":\"0\",\"use_config_max_sale_qty\":\"1\",\"is_in_stock\":\"1\",\"notify_on_stock_below\":null,\"use_config_notify_stock_qty\":\"1\",\"manage_stock\":\"0\",\"use_config_manage_stock\":\"1\",\"use_config_qty_increments\":\"1\",\"qty_increments\":\"0\",\"use_config_enable_qty_inc\":\"1\",\"enable_qty_increments\":\"0\",\"is_decimal_divided\":\"0\",\"website_id\":\"1\",\"configurable_variations\":null,\"configurable_variation_prices\":null,\"configurable_variation_labels\":null,\"additional_images\":\"\\/m\\/h\\/mh05-white_alt1.jpg,\\/m\\/h\\/mh05-white_back.jpg\",\"image\":\"\\/m\\/h\\/mh05-white_main.jpg\",\"image_label\":null,\"thumbnail\":\"\\/m\\/h\\/mh05-white_main.jpg\",\"thumbnail_label\":null,\"_media_image\":\"\\/m\\/h\\/mh05-white_alt1.jpg,\\/m\\/h\\/mh05-white_back.jpg\",\"_store\":null,\"_attribute_set\":\"Top\",\"_product_websites\":\"base\",\"status\":\"1\",\"news_from_date\":null,\"news_to_date\":null,\"options_container\":null,\"minimal_price\":null,\"msrp\":null,\"msrp_enabled\":null,\"special_from_date\":null,\"special_to_date\":null,\"min_qty\":\"0\",\"backorders\":\"0\",\"min_sale_qty\":\"1\",\"max_sale_qty\":\"0\",\"notify_stock_qty\":null,\"meta_keyword\":null,\"has_options\":\"0\",\"required_options\":\"0\",\"size\":\"XS\",\"color\":\"White\"},{\"sku\":\"MH05-S-Green\",\"store_view_code\":null,\"attribute_set_code\":\"Top\",\"product_type\":\"simple\",\"categories\":\"Default Category\\/Men\\/Tops\\/Hoodies & Sweatshirts\",\"product_websites\":\"base\",\"name\":\"Hollister Backyard Sweatshirt-S-Green\",\"description\":\"<p>Kick off your weekend in the Hollister Backyard Sweatshirt. Whether you\'re raking leaves or flipping burgers, this comfy layer blocks the bite of the crisp autumn air. Puffy thick from hood to hem, it traps heat against your core.<\\/p>\\n<p>&bull; Cream crewneck sweatshirt with navy sleeves\\/trim.<br \\/>&bull; Relaxed fit. <br \\/>&bull; Ribbed cuffs and hem. <br \\/>&bull; Machine wash\\/dry.<\\/p>\",\"short_description\":null,\"weight\":\"1\",\"product_online\":\"1\",\"tax_class_name\":\"Taxable Goods\",\"visibility\":\"Not Visible Individually\",\"price\":\"52\",\"special_price\":null,\"special_price_from_date\":null,\"special_price_to_date\":null,\"url_key\":\"hollister-backyard-sweatshirt-s-green\",\"meta_title\":null,\"meta_keywords\":null,\"meta_description\":null,\"base_image\":\"\\/m\\/h\\/mh05-green_main.jpg\",\"base_image_label\":null,\"small_image\":\"\\/m\\/h\\/mh05-green_main.jpg\",\"small_image_label\":null,\"thumbnail_image\":\"\\/m\\/h\\/mh05-green_main.jpg\",\"thumbnail_image_label\":null,\"created_at\":null,\"updated_at\":null,\"new_from_date\":null,\"new_to_date\":null,\"display_product_options_in\":null,\"map_price\":null,\"msrp_price\":null,\"map_enabled\":null,\"gift_message_available\":null,\"custom_design\":null,\"custom_design_from\":null,\"custom_design_to\":null,\"custom_layout_update\":null,\"page_layout\":null,\"product_options_container\":null,\"msrp_display_actual_price_type\":null,\"country_of_manufacture\":null,\"additional_attributes\":\"has_options=0,required_options=0,size=S,color=Green\",\"qty\":\"100\",\"out_of_stock_qty\":\"0\",\"use_config_min_qty\":\"1\",\"is_qty_decimal\":\"0\",\"allow_backorders\":\"0\",\"use_config_backorders\":\"1\",\"min_cart_qty\":\"1\",\"use_config_min_sale_qty\":\"1\",\"max_cart_qty\":\"0\",\"use_config_max_sale_qty\":\"1\",\"is_in_stock\":\"1\",\"notify_on_stock_below\":null,\"use_config_notify_stock_qty\":\"1\",\"manage_stock\":\"0\",\"use_config_manage_stock\":\"1\",\"use_config_qty_increments\":\"1\",\"qty_increments\":\"0\",\"use_config_enable_qty_inc\":\"1\",\"enable_qty_increments\":\"0\",\"is_decimal_divided\":\"0\",\"website_id\":\"1\",\"configurable_variations\":null,\"configurable_variation_prices\":null,\"configurable_variation_labels\":null,\"additional_images\":null,\"image\":\"\\/m\\/h\\/mh05-green_main.jpg\",\"image_label\":null,\"thumbnail\":\"\\/m\\/h\\/mh05-green_main.jpg\",\"thumbnail_label\":null,\"_media_image\":null,\"_store\":null,\"_attribute_set\":\"Top\",\"_product_websites\":\"base\",\"status\":\"1\",\"news_from_date\":null,\"news_to_date\":null,\"options_container\":null,\"minimal_price\":null,\"msrp\":null,\"msrp_enabled\":null,\"special_from_date\":null,\"special_to_date\":null,\"min_qty\":\"0\",\"backorders\":\"0\",\"min_sale_qty\":\"1\",\"max_sale_qty\":\"0\",\"notify_stock_qty\":null,\"meta_keyword\":null,\"has_options\":\"0\",\"required_options\":\"0\",\"size\":\"S\",\"color\":\"Green\"},{\"sku\":\"MH05-S-Red\",\"store_view_code\":null,\"attribute_set_code\":\"Top\",\"product_type\":\"simple\",\"categories\":\"Default Category\\/Men\\/Tops\\/Hoodies & Sweatshirts\",\"product_websites\":\"base\",\"name\":\"Hollister Backyard Sweatshirt-S-Red\",\"description\":\"<p>Kick off your weekend in the Hollister Backyard Sweatshirt. Whether you\'re raking leaves or flipping burgers, this comfy layer blocks the bite of the crisp autumn air. Puffy thick from hood to hem, it traps heat against your core.<\\/p>\\n<p>&bull; Cream crewneck sweatshirt with navy sleeves\\/trim.<br \\/>&bull; Relaxed fit. <br \\/>&bull; Ribbed cuffs and hem. <br \\/>&bull; Machine wash\\/dry.<\\/p>\",\"short_description\":null,\"weight\":\"1\",\"product_online\":\"1\",\"tax_class_name\":\"Taxable Goods\",\"visibility\":\"Not Visible Individually\",\"price\":\"52\",\"special_price\":null,\"special_price_from_date\":null,\"special_price_to_date\":null,\"url_key\":\"hollister-backyard-sweatshirt-s-red\",\"meta_title\":null,\"meta_keywords\":null,\"meta_description\":null,\"base_image\":\"\\/m\\/h\\/mh05-red_main.jpg\",\"base_image_label\":null,\"small_image\":\"\\/m\\/h\\/mh05-red_main.jpg\",\"small_image_label\":null,\"thumbnail_image\":\"\\/m\\/h\\/mh05-red_main.jpg\",\"thumbnail_image_label\":null,\"created_at\":null,\"updated_at\":null,\"new_from_date\":null,\"new_to_date\":null,\"display_product_options_in\":null,\"map_price\":null,\"msrp_price\":null,\"map_enabled\":null,\"gift_message_available\":null,\"custom_design\":null,\"custom_design_from\":null,\"custom_design_to\":null,\"custom_layout_update\":null,\"page_layout\":null,\"product_options_container\":null,\"msrp_display_actual_price_type\":null,\"country_of_manufacture\":null,\"additional_attributes\":\"has_options=0,required_options=0,size=S,color=Red\",\"qty\":\"100\",\"out_of_stock_qty\":\"0\",\"use_config_min_qty\":\"1\",\"is_qty_decimal\":\"0\",\"allow_backorders\":\"0\",\"use_config_backorders\":\"1\",\"min_cart_qty\":\"1\",\"use_config_min_sale_qty\":\"1\",\"max_cart_qty\":\"0\",\"use_config_max_sale_qty\":\"1\",\"is_in_stock\":\"1\",\"notify_on_stock_below\":null,\"use_config_notify_stock_qty\":\"1\",\"manage_stock\":\"0\",\"use_config_manage_stock\":\"1\",\"use_config_qty_increments\":\"1\",\"qty_increments\":\"0\",\"use_config_enable_qty_inc\":\"1\",\"enable_qty_increments\":\"0\",\"is_decimal_divided\":\"0\",\"website_id\":\"1\",\"configurable_variations\":null,\"configurable_variation_prices\":null,\"configurable_variation_labels\":null,\"additional_images\":null,\"image\":\"\\/m\\/h\\/mh05-red_main.jpg\",\"image_label\":null,\"thumbnail\":\"\\/m\\/h\\/mh05-red_main.jpg\",\"thumbnail_label\":null,\"_media_image\":null,\"_store\":null,\"_attribute_set\":\"Top\",\"_product_websites\":\"base\",\"status\":\"1\",\"news_from_date\":null,\"news_to_date\":null,\"options_container\":null,\"minimal_price\":null,\"msrp\":null,\"msrp_enabled\":null,\"special_from_date\":null,\"special_to_date\":null,\"min_qty\":\"0\",\"backorders\":\"0\",\"min_sale_qty\":\"1\",\"max_sale_qty\":\"0\",\"notify_stock_qty\":null,\"meta_keyword\":null,\"has_options\":\"0\",\"required_options\":\"0\",\"size\":\"S\",\"color\":\"Red\"},{\"sku\":\"MH05-S-White\",\"store_view_code\":null,\"attribute_set_code\":\"Top\",\"product_type\":\"simple\",\"categories\":\"Default Category\\/Men\\/Tops\\/Hoodies & Sweatshirts\",\"product_websites\":\"base\",\"name\":\"Hollister Backyard Sweatshirt-S-White\",\"description\":\"<p>Kick off your weekend in the Hollister Backyard Sweatshirt. Whether you\'re raking leaves or flipping burgers, this comfy layer blocks the bite of the crisp autumn air. Puffy thick from hood to hem, it traps heat against your core.<\\/p>\\n<p>&bull; Cream crewneck sweatshirt with navy sleeves\\/trim.<br \\/>&bull; Relaxed fit. <br \\/>&bull; Ribbed cuffs and hem. <br \\/>&bull; Machine wash\\/dry.<\\/p>\",\"short_description\":null,\"weight\":\"1\",\"product_online\":\"1\",\"tax_class_name\":\"Taxable Goods\",\"visibility\":\"Not Visible Individually\",\"price\":\"52\",\"special_price\":null,\"special_price_from_date\":null,\"special_price_to_date\":null,\"url_key\":\"hollister-backyard-sweatshirt-s-white\",\"meta_title\":null,\"meta_keywords\":null,\"meta_description\":null,\"base_image\":\"\\/m\\/h\\/mh05-white_main.jpg\",\"base_image_label\":null,\"small_image\":\"\\/m\\/h\\/mh05-white_main.jpg\",\"small_image_label\":null,\"thumbnail_image\":\"\\/m\\/h\\/mh05-white_main.jpg\",\"thumbnail_image_label\":null,\"created_at\":null,\"updated_at\":null,\"new_from_date\":null,\"new_to_date\":null,\"display_product_options_in\":null,\"map_price\":null,\"msrp_price\":null,\"map_enabled\":null,\"gift_message_available\":null,\"custom_design\":null,\"custom_design_from\":null,\"custom_design_to\":null,\"custom_layout_update\":null,\"page_layout\":null,\"product_options_container\":null,\"msrp_display_actual_price_type\":null,\"country_of_manufacture\":null,\"additional_attributes\":\"has_options=0,required_options=0,size=S,color=White\",\"qty\":\"100\",\"out_of_stock_qty\":\"0\",\"use_config_min_qty\":\"1\",\"is_qty_decimal\":\"0\",\"allow_backorders\":\"0\",\"use_config_backorders\":\"1\",\"min_cart_qty\":\"1\",\"use_config_min_sale_qty\":\"1\",\"max_cart_qty\":\"0\",\"use_config_max_sale_qty\":\"1\",\"is_in_stock\":\"1\",\"notify_on_stock_below\":null,\"use_config_notify_stock_qty\":\"1\",\"manage_stock\":\"0\",\"use_config_manage_stock\":\"1\",\"use_config_qty_increments\":\"1\",\"qty_increments\":\"0\",\"use_config_enable_qty_inc\":\"1\",\"enable_qty_increments\":\"0\",\"is_decimal_divided\":\"0\",\"website_id\":\"1\",\"configurable_variations\":null,\"configurable_variation_prices\":null,\"configurable_variation_labels\":null,\"additional_images\":\"\\/m\\/h\\/mh05-white_alt1.jpg,\\/m\\/h\\/mh05-white_back.jpg\",\"image\":\"\\/m\\/h\\/mh05-white_main.jpg\",\"image_label\":null,\"thumbnail\":\"\\/m\\/h\\/mh05-white_main.jpg\",\"thumbnail_label\":null,\"_media_image\":\"\\/m\\/h\\/mh05-white_alt1.jpg,\\/m\\/h\\/mh05-white_back.jpg\",\"_store\":null,\"_attribute_set\":\"Top\",\"_product_websites\":\"base\",\"status\":\"1\",\"news_from_date\":null,\"news_to_date\":null,\"options_container\":null,\"minimal_price\":null,\"msrp\":null,\"msrp_enabled\":null,\"special_from_date\":null,\"special_to_date\":null,\"min_qty\":\"0\",\"backorders\":\"0\",\"min_sale_qty\":\"1\",\"max_sale_qty\":\"0\",\"notify_stock_qty\":null,\"meta_keyword\":null,\"has_options\":\"0\",\"required_options\":\"0\",\"size\":\"S\",\"color\":\"White\"},{\"sku\":\"MH05-M-Green\",\"store_view_code\":null,\"attribute_set_code\":\"Top\",\"product_type\":\"simple\",\"categories\":\"Default Category\\/Men\\/Tops\\/Hoodies & Sweatshirts\",\"product_websites\":\"base\",\"name\":\"Hollister Backyard Sweatshirt-M-Green\",\"description\":\"<p>Kick off your weekend in the Hollister Backyard Sweatshirt. Whether you\'re raking leaves or flipping burgers, this comfy layer blocks the bite of the crisp autumn air. Puffy thick from hood to hem, it traps heat against your core.<\\/p>\\n<p>&bull; Cream crewneck sweatshirt with navy sleeves\\/trim.<br \\/>&bull; Relaxed fit. <br \\/>&bull; Ribbed cuffs and hem. <br \\/>&bull; Machine wash\\/dry.<\\/p>\",\"short_description\":null,\"weight\":\"1\",\"product_online\":\"1\",\"tax_class_name\":\"Taxable Goods\",\"visibility\":\"Not Visible Individually\",\"price\":\"52\",\"special_price\":null,\"special_price_from_date\":null,\"special_price_to_date\":null,\"url_key\":\"hollister-backyard-sweatshirt-m-green\",\"meta_title\":null,\"meta_keywords\":null,\"meta_description\":null,\"base_image\":\"\\/m\\/h\\/mh05-green_main.jpg\",\"base_image_label\":null,\"small_image\":\"\\/m\\/h\\/mh05-green_main.jpg\",\"small_image_label\":null,\"thumbnail_image\":\"\\/m\\/h\\/mh05-green_main.jpg\",\"thumbnail_image_label\":null,\"created_at\":null,\"updated_at\":null,\"new_from_date\":null,\"new_to_date\":null,\"display_product_options_in\":null,\"map_price\":null,\"msrp_price\":null,\"map_enabled\":null,\"gift_message_available\":null,\"custom_design\":null,\"custom_design_from\":null,\"custom_design_to\":null,\"custom_layout_update\":null,\"page_layout\":null,\"product_options_container\":null,\"msrp_display_actual_price_type\":null,\"country_of_manufacture\":null,\"additional_attributes\":\"has_options=0,required_options=0,size=M,color=Green\",\"qty\":\"100\",\"out_of_stock_qty\":\"0\",\"use_config_min_qty\":\"1\",\"is_qty_decimal\":\"0\",\"allow_backorders\":\"0\",\"use_config_backorders\":\"1\",\"min_cart_qty\":\"1\",\"use_config_min_sale_qty\":\"1\",\"max_cart_qty\":\"0\",\"use_config_max_sale_qty\":\"1\",\"is_in_stock\":\"1\",\"notify_on_stock_below\":null,\"use_config_notify_stock_qty\":\"1\",\"manage_stock\":\"0\",\"use_config_manage_stock\":\"1\",\"use_config_qty_increments\":\"1\",\"qty_increments\":\"0\",\"use_config_enable_qty_inc\":\"1\",\"enable_qty_increments\":\"0\",\"is_decimal_divided\":\"0\",\"website_id\":\"1\",\"configurable_variations\":null,\"configurable_variation_prices\":null,\"configurable_variation_labels\":null,\"additional_images\":null,\"image\":\"\\/m\\/h\\/mh05-green_main.jpg\",\"image_label\":null,\"thumbnail\":\"\\/m\\/h\\/mh05-green_main.jpg\",\"thumbnail_label\":null,\"_media_image\":null,\"_store\":null,\"_attribute_set\":\"Top\",\"_product_websites\":\"base\",\"status\":\"1\",\"news_from_date\":null,\"news_to_date\":null,\"options_container\":null,\"minimal_price\":null,\"msrp\":null,\"msrp_enabled\":null,\"special_from_date\":null,\"special_to_date\":null,\"min_qty\":\"0\",\"backorders\":\"0\",\"min_sale_qty\":\"1\",\"max_sale_qty\":\"0\",\"notify_stock_qty\":null,\"meta_keyword\":null,\"has_options\":\"0\",\"required_options\":\"0\",\"size\":\"M\",\"color\":\"Green\"},{\"sku\":\"MH05-M-Red\",\"store_view_code\":null,\"attribute_set_code\":\"Top\",\"product_type\":\"simple\",\"categories\":\"Default Category\\/Men\\/Tops\\/Hoodies & Sweatshirts\",\"product_websites\":\"base\",\"name\":\"Hollister Backyard Sweatshirt-M-Red\",\"description\":\"<p>Kick off your weekend in the Hollister Backyard Sweatshirt. Whether you\'re raking leaves or flipping burgers, this comfy layer blocks the bite of the crisp autumn air. Puffy thick from hood to hem, it traps heat against your core.<\\/p>\\n<p>&bull; Cream crewneck sweatshirt with navy sleeves\\/trim.<br \\/>&bull; Relaxed fit. <br \\/>&bull; Ribbed cuffs and hem. <br \\/>&bull; Machine wash\\/dry.<\\/p>\",\"short_description\":null,\"weight\":\"1\",\"product_online\":\"1\",\"tax_class_name\":\"Taxable Goods\",\"visibility\":\"Not Visible Individually\",\"price\":\"52\",\"special_price\":null,\"special_price_from_date\":null,\"special_price_to_date\":null,\"url_key\":\"hollister-backyard-sweatshirt-m-red\",\"meta_title\":null,\"meta_keywords\":null,\"meta_description\":null,\"base_image\":\"\\/m\\/h\\/mh05-red_main.jpg\",\"base_image_label\":null,\"small_image\":\"\\/m\\/h\\/mh05-red_main.jpg\",\"small_image_label\":null,\"thumbnail_image\":\"\\/m\\/h\\/mh05-red_main.jpg\",\"thumbnail_image_label\":null,\"created_at\":null,\"updated_at\":null,\"new_from_date\":null,\"new_to_date\":null,\"display_product_options_in\":null,\"map_price\":null,\"msrp_price\":null,\"map_enabled\":null,\"gift_message_available\":null,\"custom_design\":null,\"custom_design_from\":null,\"custom_design_to\":null,\"custom_layout_update\":null,\"page_layout\":null,\"product_options_container\":null,\"msrp_display_actual_price_type\":null,\"country_of_manufacture\":null,\"additional_attributes\":\"has_options=0,required_options=0,size=M,color=Red\",\"qty\":\"100\",\"out_of_stock_qty\":\"0\",\"use_config_min_qty\":\"1\",\"is_qty_decimal\":\"0\",\"allow_backorders\":\"0\",\"use_config_backorders\":\"1\",\"min_cart_qty\":\"1\",\"use_config_min_sale_qty\":\"1\",\"max_cart_qty\":\"0\",\"use_config_max_sale_qty\":\"1\",\"is_in_stock\":\"1\",\"notify_on_stock_below\":null,\"use_config_notify_stock_qty\":\"1\",\"manage_stock\":\"0\",\"use_config_manage_stock\":\"1\",\"use_config_qty_increments\":\"1\",\"qty_increments\":\"0\",\"use_config_enable_qty_inc\":\"1\",\"enable_qty_increments\":\"0\",\"is_decimal_divided\":\"0\",\"website_id\":\"1\",\"configurable_variations\":null,\"configurable_variation_prices\":null,\"configurable_variation_labels\":null,\"additional_images\":null,\"image\":\"\\/m\\/h\\/mh05-red_main.jpg\",\"image_label\":null,\"thumbnail\":\"\\/m\\/h\\/mh05-red_main.jpg\",\"thumbnail_label\":null,\"_media_image\":null,\"_store\":null,\"_attribute_set\":\"Top\",\"_product_websites\":\"base\",\"status\":\"1\",\"news_from_date\":null,\"news_to_date\":null,\"options_container\":null,\"minimal_price\":null,\"msrp\":null,\"msrp_enabled\":null,\"special_from_date\":null,\"special_to_date\":null,\"min_qty\":\"0\",\"backorders\":\"0\",\"min_sale_qty\":\"1\",\"max_sale_qty\":\"0\",\"notify_stock_qty\":null,\"meta_keyword\":null,\"has_options\":\"0\",\"required_options\":\"0\",\"size\":\"M\",\"color\":\"Red\"},{\"sku\":\"MH05-M-White\",\"store_view_code\":null,\"attribute_set_code\":\"Top\",\"product_type\":\"simple\",\"categories\":\"Default Category\\/Men\\/Tops\\/Hoodies & Sweatshirts\",\"product_websites\":\"base\",\"name\":\"Hollister Backyard Sweatshirt-M-White\",\"description\":\"<p>Kick off your weekend in the Hollister Backyard Sweatshirt. Whether you\'re raking leaves or flipping burgers, this comfy layer blocks the bite of the crisp autumn air. Puffy thick from hood to hem, it traps heat against your core.<\\/p>\\n<p>&bull; Cream crewneck sweatshirt with navy sleeves\\/trim.<br \\/>&bull; Relaxed fit. <br \\/>&bull; Ribbed cuffs and hem. <br \\/>&bull; Machine wash\\/dry.<\\/p>\",\"short_description\":null,\"weight\":\"1\",\"product_online\":\"1\",\"tax_class_name\":\"Taxable Goods\",\"visibility\":\"Not Visible Individually\",\"price\":\"52\",\"special_price\":null,\"special_price_from_date\":null,\"special_price_to_date\":null,\"url_key\":\"hollister-backyard-sweatshirt-m-white\",\"meta_title\":null,\"meta_keywords\":null,\"meta_description\":null,\"base_image\":\"\\/m\\/h\\/mh05-white_main.jpg\",\"base_image_label\":null,\"small_image\":\"\\/m\\/h\\/mh05-white_main.jpg\",\"small_image_label\":null,\"thumbnail_image\":\"\\/m\\/h\\/mh05-white_main.jpg\",\"thumbnail_image_label\":null,\"created_at\":null,\"updated_at\":null,\"new_from_date\":null,\"new_to_date\":null,\"display_product_options_in\":null,\"map_price\":null,\"msrp_price\":null,\"map_enabled\":null,\"gift_message_available\":null,\"custom_design\":null,\"custom_design_from\":null,\"custom_design_to\":null,\"custom_layout_update\":null,\"page_layout\":null,\"product_options_container\":null,\"msrp_display_actual_price_type\":null,\"country_of_manufacture\":null,\"additional_attributes\":\"has_options=0,required_options=0,size=M,color=White\",\"qty\":\"100\",\"out_of_stock_qty\":\"0\",\"use_config_min_qty\":\"1\",\"is_qty_decimal\":\"0\",\"allow_backorders\":\"0\",\"use_config_backorders\":\"1\",\"min_cart_qty\":\"1\",\"use_config_min_sale_qty\":\"1\",\"max_cart_qty\":\"0\",\"use_config_max_sale_qty\":\"1\",\"is_in_stock\":\"1\",\"notify_on_stock_below\":null,\"use_config_notify_stock_qty\":\"1\",\"manage_stock\":\"0\",\"use_config_manage_stock\":\"1\",\"use_config_qty_increments\":\"1\",\"qty_increments\":\"0\",\"use_config_enable_qty_inc\":\"1\",\"enable_qty_increments\":\"0\",\"is_decimal_divided\":\"0\",\"website_id\":\"1\",\"configurable_variations\":null,\"configurable_variation_prices\":null,\"configurable_variation_labels\":null,\"additional_images\":\"\\/m\\/h\\/mh05-white_alt1.jpg,\\/m\\/h\\/mh05-white_back.jpg\",\"image\":\"\\/m\\/h\\/mh05-white_main.jpg\",\"image_label\":null,\"thumbnail\":\"\\/m\\/h\\/mh05-white_main.jpg\",\"thumbnail_label\":null,\"_media_image\":\"\\/m\\/h\\/mh05-white_alt1.jpg,\\/m\\/h\\/mh05-white_back.jpg\",\"_store\":null,\"_attribute_set\":\"Top\",\"_product_websites\":\"base\",\"status\":\"1\",\"news_from_date\":null,\"news_to_date\":null,\"options_container\":null,\"minimal_price\":null,\"msrp\":null,\"msrp_enabled\":null,\"special_from_date\":null,\"special_to_date\":null,\"min_qty\":\"0\",\"backorders\":\"0\",\"min_sale_qty\":\"1\",\"max_sale_qty\":\"0\",\"notify_stock_qty\":null,\"meta_keyword\":null,\"has_options\":\"0\",\"required_options\":\"0\",\"size\":\"M\",\"color\":\"White\"},{\"sku\":\"MH05-L-Green\",\"store_view_code\":null,\"attribute_set_code\":\"Top\",\"product_type\":\"simple\",\"categories\":\"Default Category\\/Men\\/Tops\\/Hoodies & Sweatshirts\",\"product_websites\":\"base\",\"name\":\"Hollister Backyard Sweatshirt-L-Green\",\"description\":\"<p>Kick off your weekend in the Hollister Backyard Sweatshirt. Whether you\'re raking leaves or flipping burgers, this comfy layer blocks the bite of the crisp autumn air. Puffy thick from hood to hem, it traps heat against your core.<\\/p>\\n<p>&bull; Cream crewneck sweatshirt with navy sleeves\\/trim.<br \\/>&bull; Relaxed fit. <br \\/>&bull; Ribbed cuffs and hem. <br \\/>&bull; Machine wash\\/dry.<\\/p>\",\"short_description\":null,\"weight\":\"1\",\"product_online\":\"1\",\"tax_class_name\":\"Taxable Goods\",\"visibility\":\"Not Visible Individually\",\"price\":\"52\",\"special_price\":null,\"special_price_from_date\":null,\"special_price_to_date\":null,\"url_key\":\"hollister-backyard-sweatshirt-l-green\",\"meta_title\":null,\"meta_keywords\":null,\"meta_description\":null,\"base_image\":\"\\/m\\/h\\/mh05-green_main.jpg\",\"base_image_label\":null,\"small_image\":\"\\/m\\/h\\/mh05-green_main.jpg\",\"small_image_label\":null,\"thumbnail_image\":\"\\/m\\/h\\/mh05-green_main.jpg\",\"thumbnail_image_label\":null,\"created_at\":null,\"updated_at\":null,\"new_from_date\":null,\"new_to_date\":null,\"display_product_options_in\":null,\"map_price\":null,\"msrp_price\":null,\"map_enabled\":null,\"gift_message_available\":null,\"custom_design\":null,\"custom_design_from\":null,\"custom_design_to\":null,\"custom_layout_update\":null,\"page_layout\":null,\"product_options_container\":null,\"msrp_display_actual_price_type\":null,\"country_of_manufacture\":null,\"additional_attributes\":\"has_options=0,required_options=0,size=L,color=Green\",\"qty\":\"100\",\"out_of_stock_qty\":\"0\",\"use_config_min_qty\":\"1\",\"is_qty_decimal\":\"0\",\"allow_backorders\":\"0\",\"use_config_backorders\":\"1\",\"min_cart_qty\":\"1\",\"use_config_min_sale_qty\":\"1\",\"max_cart_qty\":\"0\",\"use_config_max_sale_qty\":\"1\",\"is_in_stock\":\"1\",\"notify_on_stock_below\":null,\"use_config_notify_stock_qty\":\"1\",\"manage_stock\":\"0\",\"use_config_manage_stock\":\"1\",\"use_config_qty_increments\":\"1\",\"qty_increments\":\"0\",\"use_config_enable_qty_inc\":\"1\",\"enable_qty_increments\":\"0\",\"is_decimal_divided\":\"0\",\"website_id\":\"1\",\"configurable_variations\":null,\"configurable_variation_prices\":null,\"configurable_variation_labels\":null,\"additional_images\":null,\"image\":\"\\/m\\/h\\/mh05-green_main.jpg\",\"image_label\":null,\"thumbnail\":\"\\/m\\/h\\/mh05-green_main.jpg\",\"thumbnail_label\":null,\"_media_image\":null,\"_store\":null,\"_attribute_set\":\"Top\",\"_product_websites\":\"base\",\"status\":\"1\",\"news_from_date\":null,\"news_to_date\":null,\"options_container\":null,\"minimal_price\":null,\"msrp\":null,\"msrp_enabled\":null,\"special_from_date\":null,\"special_to_date\":null,\"min_qty\":\"0\",\"backorders\":\"0\",\"min_sale_qty\":\"1\",\"max_sale_qty\":\"0\",\"notify_stock_qty\":null,\"meta_keyword\":null,\"has_options\":\"0\",\"required_options\":\"0\",\"size\":\"L\",\"color\":\"Green\"},{\"sku\":\"MH05-L-Red\",\"store_view_code\":null,\"attribute_set_code\":\"Top\",\"product_type\":\"simple\",\"categories\":\"Default Category\\/Men\\/Tops\\/Hoodies & Sweatshirts\",\"product_websites\":\"base\",\"name\":\"Hollister Backyard Sweatshirt-L-Red\",\"description\":\"<p>Kick off your weekend in the Hollister Backyard Sweatshirt. Whether you\'re raking leaves or flipping burgers, this comfy layer blocks the bite of the crisp autumn air. Puffy thick from hood to hem, it traps heat against your core.<\\/p>\\n<p>&bull; Cream crewneck sweatshirt with navy sleeves\\/trim.<br \\/>&bull; Relaxed fit. <br \\/>&bull; Ribbed cuffs and hem. <br \\/>&bull; Machine wash\\/dry.<\\/p>\",\"short_description\":null,\"weight\":\"1\",\"product_online\":\"1\",\"tax_class_name\":\"Taxable Goods\",\"visibility\":\"Not Visible Individually\",\"price\":\"52\",\"special_price\":null,\"special_price_from_date\":null,\"special_price_to_date\":null,\"url_key\":\"hollister-backyard-sweatshirt-l-red\",\"meta_title\":null,\"meta_keywords\":null,\"meta_description\":null,\"base_image\":\"\\/m\\/h\\/mh05-red_main.jpg\",\"base_image_label\":null,\"small_image\":\"\\/m\\/h\\/mh05-red_main.jpg\",\"small_image_label\":null,\"thumbnail_image\":\"\\/m\\/h\\/mh05-red_main.jpg\",\"thumbnail_image_label\":null,\"created_at\":null,\"updated_at\":null,\"new_from_date\":null,\"new_to_date\":null,\"display_product_options_in\":null,\"map_price\":null,\"msrp_price\":null,\"map_enabled\":null,\"gift_message_available\":null,\"custom_design\":null,\"custom_design_from\":null,\"custom_design_to\":null,\"custom_layout_update\":null,\"page_layout\":null,\"product_options_container\":null,\"msrp_display_actual_price_type\":null,\"country_of_manufacture\":null,\"additional_attributes\":\"has_options=0,required_options=0,size=L,color=Red\",\"qty\":\"100\",\"out_of_stock_qty\":\"0\",\"use_config_min_qty\":\"1\",\"is_qty_decimal\":\"0\",\"allow_backorders\":\"0\",\"use_config_backorders\":\"1\",\"min_cart_qty\":\"1\",\"use_config_min_sale_qty\":\"1\",\"max_cart_qty\":\"0\",\"use_config_max_sale_qty\":\"1\",\"is_in_stock\":\"1\",\"notify_on_stock_below\":null,\"use_config_notify_stock_qty\":\"1\",\"manage_stock\":\"0\",\"use_config_manage_stock\":\"1\",\"use_config_qty_increments\":\"1\",\"qty_increments\":\"0\",\"use_config_enable_qty_inc\":\"1\",\"enable_qty_increments\":\"0\",\"is_decimal_divided\":\"0\",\"website_id\":\"1\",\"configurable_variations\":null,\"configurable_variation_prices\":null,\"configurable_variation_labels\":null,\"additional_images\":null,\"image\":\"\\/m\\/h\\/mh05-red_main.jpg\",\"image_label\":null,\"thumbnail\":\"\\/m\\/h\\/mh05-red_main.jpg\",\"thumbnail_label\":null,\"_media_image\":null,\"_store\":null,\"_attribute_set\":\"Top\",\"_product_websites\":\"base\",\"status\":\"1\",\"news_from_date\":null,\"news_to_date\":null,\"options_container\":null,\"minimal_price\":null,\"msrp\":null,\"msrp_enabled\":null,\"special_from_date\":null,\"special_to_date\":null,\"min_qty\":\"0\",\"backorders\":\"0\",\"min_sale_qty\":\"1\",\"max_sale_qty\":\"0\",\"notify_stock_qty\":null,\"meta_keyword\":null,\"has_options\":\"0\",\"required_options\":\"0\",\"size\":\"L\",\"color\":\"Red\"},{\"sku\":\"MH05-L-White\",\"store_view_code\":null,\"attribute_set_code\":\"Top\",\"product_type\":\"simple\",\"categories\":\"Default Category\\/Men\\/Tops\\/Hoodies & Sweatshirts\",\"product_websites\":\"base\",\"name\":\"Hollister Backyard Sweatshirt-L-White\",\"description\":\"<p>Kick off your weekend in the Hollister Backyard Sweatshirt. Whether you\'re raking leaves or flipping burgers, this comfy layer blocks the bite of the crisp autumn air. Puffy thick from hood to hem, it traps heat against your core.<\\/p>\\n<p>&bull; Cream crewneck sweatshirt with navy sleeves\\/trim.<br \\/>&bull; Relaxed fit. <br \\/>&bull; Ribbed cuffs and hem. <br \\/>&bull; Machine wash\\/dry.<\\/p>\",\"short_description\":null,\"weight\":\"1\",\"product_online\":\"1\",\"tax_class_name\":\"Taxable Goods\",\"visibility\":\"Not Visible Individually\",\"price\":\"52\",\"special_price\":null,\"special_price_from_date\":null,\"special_price_to_date\":null,\"url_key\":\"hollister-backyard-sweatshirt-l-white\",\"meta_title\":null,\"meta_keywords\":null,\"meta_description\":null,\"base_image\":\"\\/m\\/h\\/mh05-white_main.jpg\",\"base_image_label\":null,\"small_image\":\"\\/m\\/h\\/mh05-white_main.jpg\",\"small_image_label\":null,\"thumbnail_image\":\"\\/m\\/h\\/mh05-white_main.jpg\",\"thumbnail_image_label\":null,\"created_at\":null,\"updated_at\":null,\"new_from_date\":null,\"new_to_date\":null,\"display_product_options_in\":null,\"map_price\":null,\"msrp_price\":null,\"map_enabled\":null,\"gift_message_available\":null,\"custom_design\":null,\"custom_design_from\":null,\"custom_design_to\":null,\"custom_layout_update\":null,\"page_layout\":null,\"product_options_container\":null,\"msrp_display_actual_price_type\":null,\"country_of_manufacture\":null,\"additional_attributes\":\"has_options=0,required_options=0,size=L,color=White\",\"qty\":\"100\",\"out_of_stock_qty\":\"0\",\"use_config_min_qty\":\"1\",\"is_qty_decimal\":\"0\",\"allow_backorders\":\"0\",\"use_config_backorders\":\"1\",\"min_cart_qty\":\"1\",\"use_config_min_sale_qty\":\"1\",\"max_cart_qty\":\"0\",\"use_config_max_sale_qty\":\"1\",\"is_in_stock\":\"1\",\"notify_on_stock_below\":null,\"use_config_notify_stock_qty\":\"1\",\"manage_stock\":\"0\",\"use_config_manage_stock\":\"1\",\"use_config_qty_increments\":\"1\",\"qty_increments\":\"0\",\"use_config_enable_qty_inc\":\"1\",\"enable_qty_increments\":\"0\",\"is_decimal_divided\":\"0\",\"website_id\":\"1\",\"configurable_variations\":null,\"configurable_variation_prices\":null,\"configurable_variation_labels\":null,\"additional_images\":\"\\/m\\/h\\/mh05-white_alt1.jpg,\\/m\\/h\\/mh05-white_back.jpg\",\"image\":\"\\/m\\/h\\/mh05-white_main.jpg\",\"image_label\":null,\"thumbnail\":\"\\/m\\/h\\/mh05-white_main.jpg\",\"thumbnail_label\":null,\"_media_image\":\"\\/m\\/h\\/mh05-white_alt1.jpg,\\/m\\/h\\/mh05-white_back.jpg\",\"_store\":null,\"_attribute_set\":\"Top\",\"_product_websites\":\"base\",\"status\":\"1\",\"news_from_date\":null,\"news_to_date\":null,\"options_container\":null,\"minimal_price\":null,\"msrp\":null,\"msrp_enabled\":null,\"special_from_date\":null,\"special_to_date\":null,\"min_qty\":\"0\",\"backorders\":\"0\",\"min_sale_qty\":\"1\",\"max_sale_qty\":\"0\",\"notify_stock_qty\":null,\"meta_keyword\":null,\"has_options\":\"0\",\"required_options\":\"0\",\"size\":\"L\",\"color\":\"White\"},{\"sku\":\"MH05-XL-Green\",\"store_view_code\":null,\"attribute_set_code\":\"Top\",\"product_type\":\"simple\",\"categories\":\"Default Category\\/Men\\/Tops\\/Hoodies & Sweatshirts\",\"product_websites\":\"base\",\"name\":\"Hollister Backyard Sweatshirt-XL-Green\",\"description\":\"<p>Kick off your weekend in the Hollister Backyard Sweatshirt. Whether you\'re raking leaves or flipping burgers, this comfy layer blocks the bite of the crisp autumn air. Puffy thick from hood to hem, it traps heat against your core.<\\/p>\\n<p>&bull; Cream crewneck sweatshirt with navy sleeves\\/trim.<br \\/>&bull; Relaxed fit. <br \\/>&bull; Ribbed cuffs and hem. <br \\/>&bull; Machine wash\\/dry.<\\/p>\",\"short_description\":null,\"weight\":\"1\",\"product_online\":\"1\",\"tax_class_name\":\"Taxable Goods\",\"visibility\":\"Not Visible Individually\",\"price\":\"52\",\"special_price\":null,\"special_price_from_date\":null,\"special_price_to_date\":null,\"url_key\":\"hollister-backyard-sweatshirt-xl-green\",\"meta_title\":null,\"meta_keywords\":null,\"meta_description\":null,\"base_image\":\"\\/m\\/h\\/mh05-green_main.jpg\",\"base_image_label\":null,\"small_image\":\"\\/m\\/h\\/mh05-green_main.jpg\",\"small_image_label\":null,\"thumbnail_image\":\"\\/m\\/h\\/mh05-green_main.jpg\",\"thumbnail_image_label\":null,\"created_at\":null,\"updated_at\":null,\"new_from_date\":null,\"new_to_date\":null,\"display_product_options_in\":null,\"map_price\":null,\"msrp_price\":null,\"map_enabled\":null,\"gift_message_available\":null,\"custom_design\":null,\"custom_design_from\":null,\"custom_design_to\":null,\"custom_layout_update\":null,\"page_layout\":null,\"product_options_container\":null,\"msrp_display_actual_price_type\":null,\"country_of_manufacture\":null,\"additional_attributes\":\"has_options=0,required_options=0,size=XL,color=Green\",\"qty\":\"100\",\"out_of_stock_qty\":\"0\",\"use_config_min_qty\":\"1\",\"is_qty_decimal\":\"0\",\"allow_backorders\":\"0\",\"use_config_backorders\":\"1\",\"min_cart_qty\":\"1\",\"use_config_min_sale_qty\":\"1\",\"max_cart_qty\":\"0\",\"use_config_max_sale_qty\":\"1\",\"is_in_stock\":\"1\",\"notify_on_stock_below\":null,\"use_config_notify_stock_qty\":\"1\",\"manage_stock\":\"0\",\"use_config_manage_stock\":\"1\",\"use_config_qty_increments\":\"1\",\"qty_increments\":\"0\",\"use_config_enable_qty_inc\":\"1\",\"enable_qty_increments\":\"0\",\"is_decimal_divided\":\"0\",\"website_id\":\"1\",\"configurable_variations\":null,\"configurable_variation_prices\":null,\"configurable_variation_labels\":null,\"additional_images\":null,\"image\":\"\\/m\\/h\\/mh05-green_main.jpg\",\"image_label\":null,\"thumbnail\":\"\\/m\\/h\\/mh05-green_main.jpg\",\"thumbnail_label\":null,\"_media_image\":null,\"_store\":null,\"_attribute_set\":\"Top\",\"_product_websites\":\"base\",\"status\":\"1\",\"news_from_date\":null,\"news_to_date\":null,\"options_container\":null,\"minimal_price\":null,\"msrp\":null,\"msrp_enabled\":null,\"special_from_date\":null,\"special_to_date\":null,\"min_qty\":\"0\",\"backorders\":\"0\",\"min_sale_qty\":\"1\",\"max_sale_qty\":\"0\",\"notify_stock_qty\":null,\"meta_keyword\":null,\"has_options\":\"0\",\"required_options\":\"0\",\"size\":\"XL\",\"color\":\"Green\"},{\"sku\":\"MH05-XL-Red\",\"store_view_code\":null,\"attribute_set_code\":\"Top\",\"product_type\":\"simple\",\"categories\":\"Default Category\\/Men\\/Tops\\/Hoodies & Sweatshirts\",\"product_websites\":\"base\",\"name\":\"Hollister Backyard Sweatshirt-XL-Red\",\"description\":\"<p>Kick off your weekend in the Hollister Backyard Sweatshirt. Whether you\'re raking leaves or flipping burgers, this comfy layer blocks the bite of the crisp autumn air. Puffy thick from hood to hem, it traps heat against your core.<\\/p>\\n<p>&bull; Cream crewneck sweatshirt with navy sleeves\\/trim.<br \\/>&bull; Relaxed fit. <br \\/>&bull; Ribbed cuffs and hem. <br \\/>&bull; Machine wash\\/dry.<\\/p>\",\"short_description\":null,\"weight\":\"1\",\"product_online\":\"1\",\"tax_class_name\":\"Taxable Goods\",\"visibility\":\"Not Visible Individually\",\"price\":\"52\",\"special_price\":null,\"special_price_from_date\":null,\"special_price_to_date\":null,\"url_key\":\"hollister-backyard-sweatshirt-xl-red\",\"meta_title\":null,\"meta_keywords\":null,\"meta_description\":null,\"base_image\":\"\\/m\\/h\\/mh05-red_main.jpg\",\"base_image_label\":null,\"small_image\":\"\\/m\\/h\\/mh05-red_main.jpg\",\"small_image_label\":null,\"thumbnail_image\":\"\\/m\\/h\\/mh05-red_main.jpg\",\"thumbnail_image_label\":null,\"created_at\":null,\"updated_at\":null,\"new_from_date\":null,\"new_to_date\":null,\"display_product_options_in\":null,\"map_price\":null,\"msrp_price\":null,\"map_enabled\":null,\"gift_message_available\":null,\"custom_design\":null,\"custom_design_from\":null,\"custom_design_to\":null,\"custom_layout_update\":null,\"page_layout\":null,\"product_options_container\":null,\"msrp_display_actual_price_type\":null,\"country_of_manufacture\":null,\"additional_attributes\":\"has_options=0,required_options=0,size=XL,color=Red\",\"qty\":\"100\",\"out_of_stock_qty\":\"0\",\"use_config_min_qty\":\"1\",\"is_qty_decimal\":\"0\",\"allow_backorders\":\"0\",\"use_config_backorders\":\"1\",\"min_cart_qty\":\"1\",\"use_config_min_sale_qty\":\"1\",\"max_cart_qty\":\"0\",\"use_config_max_sale_qty\":\"1\",\"is_in_stock\":\"1\",\"notify_on_stock_below\":null,\"use_config_notify_stock_qty\":\"1\",\"manage_stock\":\"0\",\"use_config_manage_stock\":\"1\",\"use_config_qty_increments\":\"1\",\"qty_increments\":\"0\",\"use_config_enable_qty_inc\":\"1\",\"enable_qty_increments\":\"0\",\"is_decimal_divided\":\"0\",\"website_id\":\"1\",\"configurable_variations\":null,\"configurable_variation_prices\":null,\"configurable_variation_labels\":null,\"additional_images\":null,\"image\":\"\\/m\\/h\\/mh05-red_main.jpg\",\"image_label\":null,\"thumbnail\":\"\\/m\\/h\\/mh05-red_main.jpg\",\"thumbnail_label\":null,\"_media_image\":null,\"_store\":null,\"_attribute_set\":\"Top\",\"_product_websites\":\"base\",\"status\":\"1\",\"news_from_date\":null,\"news_to_date\":null,\"options_container\":null,\"minimal_price\":null,\"msrp\":null,\"msrp_enabled\":null,\"special_from_date\":null,\"special_to_date\":null,\"min_qty\":\"0\",\"backorders\":\"0\",\"min_sale_qty\":\"1\",\"max_sale_qty\":\"0\",\"notify_stock_qty\":null,\"meta_keyword\":null,\"has_options\":\"0\",\"required_options\":\"0\",\"size\":\"XL\",\"color\":\"Red\"},{\"sku\":\"MH05-XL-White\",\"store_view_code\":null,\"attribute_set_code\":\"Top\",\"product_type\":\"simple\",\"categories\":\"Default Category\\/Men\\/Tops\\/Hoodies & Sweatshirts\",\"product_websites\":\"base\",\"name\":\"Hollister Backyard Sweatshirt-XL-White\",\"description\":\"<p>Kick off your weekend in the Hollister Backyard Sweatshirt. Whether you\'re raking leaves or flipping burgers, this comfy layer blocks the bite of the crisp autumn air. Puffy thick from hood to hem, it traps heat against your core.<\\/p>\\n<p>&bull; Cream crewneck sweatshirt with navy sleeves\\/trim.<br \\/>&bull; Relaxed fit. <br \\/>&bull; Ribbed cuffs and hem. <br \\/>&bull; Machine wash\\/dry.<\\/p>\",\"short_description\":null,\"weight\":\"1\",\"product_online\":\"1\",\"tax_class_name\":\"Taxable Goods\",\"visibility\":\"Not Visible Individually\",\"price\":\"52\",\"special_price\":null,\"special_price_from_date\":null,\"special_price_to_date\":null,\"url_key\":\"hollister-backyard-sweatshirt-xl-white\",\"meta_title\":null,\"meta_keywords\":null,\"meta_description\":null,\"base_image\":\"\\/m\\/h\\/mh05-white_main.jpg\",\"base_image_label\":null,\"small_image\":\"\\/m\\/h\\/mh05-white_main.jpg\",\"small_image_label\":null,\"thumbnail_image\":\"\\/m\\/h\\/mh05-white_main.jpg\",\"thumbnail_image_label\":null,\"created_at\":null,\"updated_at\":null,\"new_from_date\":null,\"new_to_date\":null,\"display_product_options_in\":null,\"map_price\":null,\"msrp_price\":null,\"map_enabled\":null,\"gift_message_available\":null,\"custom_design\":null,\"custom_design_from\":null,\"custom_design_to\":null,\"custom_layout_update\":null,\"page_layout\":null,\"product_options_container\":null,\"msrp_display_actual_price_type\":null,\"country_of_manufacture\":null,\"additional_attributes\":\"has_options=0,required_options=0,size=XL,color=White\",\"qty\":\"100\",\"out_of_stock_qty\":\"0\",\"use_config_min_qty\":\"1\",\"is_qty_decimal\":\"0\",\"allow_backorders\":\"0\",\"use_config_backorders\":\"1\",\"min_cart_qty\":\"1\",\"use_config_min_sale_qty\":\"1\",\"max_cart_qty\":\"0\",\"use_config_max_sale_qty\":\"1\",\"is_in_stock\":\"1\",\"notify_on_stock_below\":null,\"use_config_notify_stock_qty\":\"1\",\"manage_stock\":\"0\",\"use_config_manage_stock\":\"1\",\"use_config_qty_increments\":\"1\",\"qty_increments\":\"0\",\"use_config_enable_qty_inc\":\"1\",\"enable_qty_increments\":\"0\",\"is_decimal_divided\":\"0\",\"website_id\":\"1\",\"configurable_variations\":null,\"configurable_variation_prices\":null,\"configurable_variation_labels\":null,\"additional_images\":\"\\/m\\/h\\/mh05-white_alt1.jpg,\\/m\\/h\\/mh05-white_back.jpg\",\"image\":\"\\/m\\/h\\/mh05-white_main.jpg\",\"image_label\":null,\"thumbnail\":\"\\/m\\/h\\/mh05-white_main.jpg\",\"thumbnail_label\":null,\"_media_image\":\"\\/m\\/h\\/mh05-white_alt1.jpg,\\/m\\/h\\/mh05-white_back.jpg\",\"_store\":null,\"_attribute_set\":\"Top\",\"_product_websites\":\"base\",\"status\":\"1\",\"news_from_date\":null,\"news_to_date\":null,\"options_container\":null,\"minimal_price\":null,\"msrp\":null,\"msrp_enabled\":null,\"special_from_date\":null,\"special_to_date\":null,\"min_qty\":\"0\",\"backorders\":\"0\",\"min_sale_qty\":\"1\",\"max_sale_qty\":\"0\",\"notify_stock_qty\":null,\"meta_keyword\":null,\"has_options\":\"0\",\"required_options\":\"0\",\"size\":\"XL\",\"color\":\"White\"},{\"sku\":\"MH05\",\"store_view_code\":null,\"attribute_set_code\":\"Top\",\"product_type\":\"configurable\",\"categories\":\"Default Category\\/Men\\/Tops\\/Hoodies & Sweatshirts\",\"product_websites\":\"base\",\"name\":\"Hollister Backyard Sweatshirt\",\"description\":\"<p>Kick off your weekend in the Hollister Backyard Sweatshirt. Whether you\'re raking leaves or flipping burgers, this comfy layer blocks the bite of the crisp autumn air. Puffy thick from hood to hem, it traps heat against your core.<\\/p>\\n<p>&bull; Cream crewneck sweatshirt with navy sleeves\\/trim.<br \\/>&bull; Relaxed fit. <br \\/>&bull; Ribbed cuffs and hem. <br \\/>&bull; Machine wash\\/dry.<\\/p>\",\"short_description\":null,\"weight\":null,\"product_online\":\"1\",\"tax_class_name\":\"Taxable Goods\",\"visibility\":\"Catalog, Search\",\"price\":\"52\",\"special_price\":null,\"special_price_from_date\":null,\"special_price_to_date\":null,\"url_key\":null,\"meta_title\":null,\"meta_keywords\":null,\"meta_description\":null,\"base_image\":\"\\/m\\/h\\/mh05-white_main.jpg\",\"base_image_label\":null,\"small_image\":\"\\/m\\/h\\/mh05-white_main.jpg\",\"small_image_label\":null,\"thumbnail_image\":\"\\/m\\/h\\/mh05-white_main.jpg\",\"thumbnail_image_label\":null,\"created_at\":null,\"updated_at\":null,\"new_from_date\":null,\"new_to_date\":null,\"display_product_options_in\":null,\"map_price\":null,\"msrp_price\":null,\"map_enabled\":null,\"gift_message_available\":null,\"custom_design\":null,\"custom_design_from\":null,\"custom_design_to\":null,\"custom_layout_update\":null,\"page_layout\":null,\"product_options_container\":null,\"msrp_display_actual_price_type\":null,\"country_of_manufacture\":null,\"additional_attributes\":\"has_options=1,required_options=1,material=Wool|Polyester|Nylon,pattern=Color-Blocked,climate=Cool,eco_collection=No,performance_fabric=No,erin_recommends=No,new=No,sale=No\",\"qty\":\"0\",\"out_of_stock_qty\":\"0\",\"use_config_min_qty\":\"1\",\"is_qty_decimal\":\"0\",\"allow_backorders\":\"0\",\"use_config_backorders\":\"1\",\"min_cart_qty\":\"1\",\"use_config_min_sale_qty\":\"1\",\"max_cart_qty\":\"0\",\"use_config_max_sale_qty\":\"1\",\"is_in_stock\":\"1\",\"notify_on_stock_below\":null,\"use_config_notify_stock_qty\":\"1\",\"manage_stock\":\"0\",\"use_config_manage_stock\":\"1\",\"use_config_qty_increments\":\"1\",\"qty_increments\":\"0\",\"use_config_enable_qty_inc\":\"1\",\"enable_qty_increments\":\"0\",\"is_decimal_divided\":\"0\",\"website_id\":\"1\",\"configurable_variations\":\"sku=MH05-XS-Green,size=XS,color=Green|sku=MH05-XS-Red,size=XS,color=Red|sku=MH05-XS-White,size=XS,color=White|sku=MH05-S-Green,size=S,color=Green|sku=MH05-S-Red,size=S,color=Red|sku=MH05-S-White,size=S,color=White|sku=MH05-M-Green,size=M,color=Green|sku=MH05-M-Red,size=M,color=Red|sku=MH05-M-White,size=M,color=White|sku=MH05-L-Green,size=L,color=Green|sku=MH05-L-Red,size=L,color=Red|sku=MH05-L-White,size=L,color=White|sku=MH05-XL-Green,size=XL,color=Green|sku=MH05-XL-Red,size=XL,color=Red|sku=MH05-XL-White,size=XL,color=White\",\"configurable_variation_prices\":null,\"configurable_variation_labels\":null,\"additional_images\":\"\\/m\\/h\\/mh05-white_alt1.jpg,\\/m\\/h\\/mh05-white_back.jpg\",\"image\":\"\\/m\\/h\\/mh05-white_main.jpg\",\"image_label\":null,\"thumbnail\":\"\\/m\\/h\\/mh05-white_main.jpg\",\"thumbnail_label\":null,\"_media_image\":\"\\/m\\/h\\/mh05-white_alt1.jpg,\\/m\\/h\\/mh05-white_back.jpg\",\"_store\":null,\"_attribute_set\":\"Top\",\"_product_websites\":\"base\",\"status\":\"1\",\"news_from_date\":null,\"news_to_date\":null,\"options_container\":null,\"minimal_price\":null,\"msrp\":null,\"msrp_enabled\":null,\"special_from_date\":null,\"special_to_date\":null,\"min_qty\":\"0\",\"backorders\":\"0\",\"min_sale_qty\":\"1\",\"max_sale_qty\":\"0\",\"notify_stock_qty\":null,\"meta_keyword\":null,\"has_options\":\"1\",\"required_options\":\"1\",\"material\":[\"Wool\",\"Polyester\",\"Nylon\"],\"pattern\":\"Color-Blocked\",\"climate\":\"Cool\",\"eco_collection\":\"No\",\"performance_fabric\":\"No\",\"erin_recommends\":\"No\",\"new\":\"No\",\"sale\":\"No\"},{\"sku\":\"MH06-XS-Black\",\"store_view_code\":null,\"attribute_set_code\":\"Top\",\"product_type\":\"simple\",\"categories\":\"Default Category\\/Men\\/Tops\\/Hoodies & Sweatshirts\",\"product_websites\":\"base\",\"name\":\"Stark Fundamental Hoodie-XS-Black\",\"description\":\"<p>You don\'t need bells and whistles when performance speaks for itself. The full-zip Stark Fundamental Hoodie give just what you need. Hood and fleece lining keep you warm, while breathable fabric and wicking technology won\'t let you overheat.<\\/p>\\n<p>&bull; Navy specked full zip hoodie.<br \\/>&bull; Ribbed cuffs, banded waist.<br \\/>&bull; Side pockets. <br \\/>&bull; Machine wash\\/dry.<\\/p>\",\"short_description\":null,\"weight\":\"1\",\"product_online\":\"1\",\"tax_class_name\":\"Taxable Goods\",\"visibility\":\"Not Visible Individually\",\"price\":\"42\",\"special_price\":null,\"special_price_from_date\":null,\"special_price_to_date\":null,\"url_key\":\"stark-fundamental-hoodie-xs-black\",\"meta_title\":null,\"meta_keywords\":null,\"meta_description\":null,\"base_image\":\"\\/m\\/h\\/mh06-black_main.jpg\",\"base_image_label\":null,\"small_image\":\"\\/m\\/h\\/mh06-black_main.jpg\",\"small_image_label\":null,\"thumbnail_image\":\"\\/m\\/h\\/mh06-black_main.jpg\",\"thumbnail_image_label\":null,\"created_at\":null,\"updated_at\":null,\"new_from_date\":null,\"new_to_date\":null,\"display_product_options_in\":null,\"map_price\":null,\"msrp_price\":null,\"map_enabled\":null,\"gift_message_available\":null,\"custom_design\":null,\"custom_design_from\":null,\"custom_design_to\":null,\"custom_layout_update\":null,\"page_layout\":null,\"product_options_container\":null,\"msrp_display_actual_price_type\":null,\"country_of_manufacture\":null,\"additional_attributes\":\"has_options=0,required_options=0,size=XS,color=Black\",\"qty\":\"100\",\"out_of_stock_qty\":\"0\",\"use_config_min_qty\":\"1\",\"is_qty_decimal\":\"0\",\"allow_backorders\":\"0\",\"use_config_backorders\":\"1\",\"min_cart_qty\":\"1\",\"use_config_min_sale_qty\":\"1\",\"max_cart_qty\":\"0\",\"use_config_max_sale_qty\":\"1\",\"is_in_stock\":\"1\",\"notify_on_stock_below\":null,\"use_config_notify_stock_qty\":\"1\",\"manage_stock\":\"0\",\"use_config_manage_stock\":\"1\",\"use_config_qty_increments\":\"1\",\"qty_increments\":\"0\",\"use_config_enable_qty_inc\":\"1\",\"enable_qty_increments\":\"0\",\"is_decimal_divided\":\"0\",\"website_id\":\"1\",\"configurable_variations\":null,\"configurable_variation_prices\":null,\"configurable_variation_labels\":null,\"additional_images\":null,\"image\":\"\\/m\\/h\\/mh06-black_main.jpg\",\"image_label\":null,\"thumbnail\":\"\\/m\\/h\\/mh06-black_main.jpg\",\"thumbnail_label\":null,\"_media_image\":null,\"_store\":null,\"_attribute_set\":\"Top\",\"_product_websites\":\"base\",\"status\":\"1\",\"news_from_date\":null,\"news_to_date\":null,\"options_container\":null,\"minimal_price\":null,\"msrp\":null,\"msrp_enabled\":null,\"special_from_date\":null,\"special_to_date\":null,\"min_qty\":\"0\",\"backorders\":\"0\",\"min_sale_qty\":\"1\",\"max_sale_qty\":\"0\",\"notify_stock_qty\":null,\"meta_keyword\":null,\"has_options\":\"0\",\"required_options\":\"0\",\"size\":\"XS\",\"color\":\"Black\"},{\"sku\":\"MH06-XS-Blue\",\"store_view_code\":null,\"attribute_set_code\":\"Top\",\"product_type\":\"simple\",\"categories\":\"Default Category\\/Men\\/Tops\\/Hoodies & Sweatshirts\",\"product_websites\":\"base\",\"name\":\"Stark Fundamental Hoodie-XS-Blue\",\"description\":\"<p>You don\'t need bells and whistles when performance speaks for itself. The full-zip Stark Fundamental Hoodie give just what you need. Hood and fleece lining keep you warm, while breathable fabric and wicking technology won\'t let you overheat.<\\/p>\\n<p>&bull; Navy specked full zip hoodie.<br \\/>&bull; Ribbed cuffs, banded waist.<br \\/>&bull; Side pockets. <br \\/>&bull; Machine wash\\/dry.<\\/p>\",\"short_description\":null,\"weight\":\"1\",\"product_online\":\"1\",\"tax_class_name\":\"Taxable Goods\",\"visibility\":\"Not Visible Individually\",\"price\":\"42\",\"special_price\":null,\"special_price_from_date\":null,\"special_price_to_date\":null,\"url_key\":\"stark-fundamental-hoodie-xs-blue\",\"meta_title\":null,\"meta_keywords\":null,\"meta_description\":null,\"base_image\":\"\\/m\\/h\\/mh06-blue_main.jpg\",\"base_image_label\":null,\"small_image\":\"\\/m\\/h\\/mh06-blue_main.jpg\",\"small_image_label\":null,\"thumbnail_image\":\"\\/m\\/h\\/mh06-blue_main.jpg\",\"thumbnail_image_label\":null,\"created_at\":null,\"updated_at\":null,\"new_from_date\":null,\"new_to_date\":null,\"display_product_options_in\":null,\"map_price\":null,\"msrp_price\":null,\"map_enabled\":null,\"gift_message_available\":null,\"custom_design\":null,\"custom_design_from\":null,\"custom_design_to\":null,\"custom_layout_update\":null,\"page_layout\":null,\"product_options_container\":null,\"msrp_display_actual_price_type\":null,\"country_of_manufacture\":null,\"additional_attributes\":\"has_options=0,required_options=0,size=XS,color=Blue\",\"qty\":\"100\",\"out_of_stock_qty\":\"0\",\"use_config_min_qty\":\"1\",\"is_qty_decimal\":\"0\",\"allow_backorders\":\"0\",\"use_config_backorders\":\"1\",\"min_cart_qty\":\"1\",\"use_config_min_sale_qty\":\"1\",\"max_cart_qty\":\"0\",\"use_config_max_sale_qty\":\"1\",\"is_in_stock\":\"1\",\"notify_on_stock_below\":null,\"use_config_notify_stock_qty\":\"1\",\"manage_stock\":\"0\",\"use_config_manage_stock\":\"1\",\"use_config_qty_increments\":\"1\",\"qty_increments\":\"0\",\"use_config_enable_qty_inc\":\"1\",\"enable_qty_increments\":\"0\",\"is_decimal_divided\":\"0\",\"website_id\":\"1\",\"configurable_variations\":null,\"configurable_variation_prices\":null,\"configurable_variation_labels\":null,\"additional_images\":\"\\/m\\/h\\/mh06-blue_alt1.jpg,\\/m\\/h\\/mh06-blue_back.jpg\",\"image\":\"\\/m\\/h\\/mh06-blue_main.jpg\",\"image_label\":null,\"thumbnail\":\"\\/m\\/h\\/mh06-blue_main.jpg\",\"thumbnail_label\":null,\"_media_image\":\"\\/m\\/h\\/mh06-blue_alt1.jpg,\\/m\\/h\\/mh06-blue_back.jpg\",\"_store\":null,\"_attribute_set\":\"Top\",\"_product_websites\":\"base\",\"status\":\"1\",\"news_from_date\":null,\"news_to_date\":null,\"options_container\":null,\"minimal_price\":null,\"msrp\":null,\"msrp_enabled\":null,\"special_from_date\":null,\"special_to_date\":null,\"min_qty\":\"0\",\"backorders\":\"0\",\"min_sale_qty\":\"1\",\"max_sale_qty\":\"0\",\"notify_stock_qty\":null,\"meta_keyword\":null,\"has_options\":\"0\",\"required_options\":\"0\",\"size\":\"XS\",\"color\":\"Blue\"},{\"sku\":\"MH06-XS-Purple\",\"store_view_code\":null,\"attribute_set_code\":\"Top\",\"product_type\":\"simple\",\"categories\":\"Default Category\\/Men\\/Tops\\/Hoodies & Sweatshirts\",\"product_websites\":\"base\",\"name\":\"Stark Fundamental Hoodie-XS-Purple\",\"description\":\"<p>You don\'t need bells and whistles when performance speaks for itself. The full-zip Stark Fundamental Hoodie give just what you need. Hood and fleece lining keep you warm, while breathable fabric and wicking technology won\'t let you overheat.<\\/p>\\n<p>&bull; Navy specked full zip hoodie.<br \\/>&bull; Ribbed cuffs, banded waist.<br \\/>&bull; Side pockets. <br \\/>&bull; Machine wash\\/dry.<\\/p>\",\"short_description\":null,\"weight\":\"1\",\"product_online\":\"1\",\"tax_class_name\":\"Taxable Goods\",\"visibility\":\"Not Visible Individually\",\"price\":\"42\",\"special_price\":null,\"special_price_from_date\":null,\"special_price_to_date\":null,\"url_key\":\"stark-fundamental-hoodie-xs-purple\",\"meta_title\":null,\"meta_keywords\":null,\"meta_description\":null,\"base_image\":\"\\/m\\/h\\/mh06-purple_main.jpg\",\"base_image_label\":null,\"small_image\":\"\\/m\\/h\\/mh06-purple_main.jpg\",\"small_image_label\":null,\"thumbnail_image\":\"\\/m\\/h\\/mh06-purple_main.jpg\",\"thumbnail_image_label\":null,\"created_at\":null,\"updated_at\":null,\"new_from_date\":null,\"new_to_date\":null,\"display_product_options_in\":null,\"map_price\":null,\"msrp_price\":null,\"map_enabled\":null,\"gift_message_available\":null,\"custom_design\":null,\"custom_design_from\":null,\"custom_design_to\":null,\"custom_layout_update\":null,\"page_layout\":null,\"product_options_container\":null,\"msrp_display_actual_price_type\":null,\"country_of_manufacture\":null,\"additional_attributes\":\"has_options=0,required_options=0,size=XS,color=Purple\",\"qty\":\"100\",\"out_of_stock_qty\":\"0\",\"use_config_min_qty\":\"1\",\"is_qty_decimal\":\"0\",\"allow_backorders\":\"0\",\"use_config_backorders\":\"1\",\"min_cart_qty\":\"1\",\"use_config_min_sale_qty\":\"1\",\"max_cart_qty\":\"0\",\"use_config_max_sale_qty\":\"1\",\"is_in_stock\":\"1\",\"notify_on_stock_below\":null,\"use_config_notify_stock_qty\":\"1\",\"manage_stock\":\"0\",\"use_config_manage_stock\":\"1\",\"use_config_qty_increments\":\"1\",\"qty_increments\":\"0\",\"use_config_enable_qty_inc\":\"1\",\"enable_qty_increments\":\"0\",\"is_decimal_divided\":\"0\",\"website_id\":\"1\",\"configurable_variations\":null,\"configurable_variation_prices\":null,\"configurable_variation_labels\":null,\"additional_images\":null,\"image\":\"\\/m\\/h\\/mh06-purple_main.jpg\",\"image_label\":null,\"thumbnail\":\"\\/m\\/h\\/mh06-purple_main.jpg\",\"thumbnail_label\":null,\"_media_image\":null,\"_store\":null,\"_attribute_set\":\"Top\",\"_product_websites\":\"base\",\"status\":\"1\",\"news_from_date\":null,\"news_to_date\":null,\"options_container\":null,\"minimal_price\":null,\"msrp\":null,\"msrp_enabled\":null,\"special_from_date\":null,\"special_to_date\":null,\"min_qty\":\"0\",\"backorders\":\"0\",\"min_sale_qty\":\"1\",\"max_sale_qty\":\"0\",\"notify_stock_qty\":null,\"meta_keyword\":null,\"has_options\":\"0\",\"required_options\":\"0\",\"size\":\"XS\",\"color\":\"Purple\"},{\"sku\":\"MH06-S-Black\",\"store_view_code\":null,\"attribute_set_code\":\"Top\",\"product_type\":\"simple\",\"categories\":\"Default Category\\/Men\\/Tops\\/Hoodies & Sweatshirts\",\"product_websites\":\"base\",\"name\":\"Stark Fundamental Hoodie-S-Black\",\"description\":\"<p>You don\'t need bells and whistles when performance speaks for itself. The full-zip Stark Fundamental Hoodie give just what you need. Hood and fleece lining keep you warm, while breathable fabric and wicking technology won\'t let you overheat.<\\/p>\\n<p>&bull; Navy specked full zip hoodie.<br \\/>&bull; Ribbed cuffs, banded waist.<br \\/>&bull; Side pockets. <br \\/>&bull; Machine wash\\/dry.<\\/p>\",\"short_description\":null,\"weight\":\"1\",\"product_online\":\"1\",\"tax_class_name\":\"Taxable Goods\",\"visibility\":\"Not Visible Individually\",\"price\":\"42\",\"special_price\":null,\"special_price_from_date\":null,\"special_price_to_date\":null,\"url_key\":\"stark-fundamental-hoodie-s-black\",\"meta_title\":null,\"meta_keywords\":null,\"meta_description\":null,\"base_image\":\"\\/m\\/h\\/mh06-black_main.jpg\",\"base_image_label\":null,\"small_image\":\"\\/m\\/h\\/mh06-black_main.jpg\",\"small_image_label\":null,\"thumbnail_image\":\"\\/m\\/h\\/mh06-black_main.jpg\",\"thumbnail_image_label\":null,\"created_at\":null,\"updated_at\":null,\"new_from_date\":null,\"new_to_date\":null,\"display_product_options_in\":null,\"map_price\":null,\"msrp_price\":null,\"map_enabled\":null,\"gift_message_available\":null,\"custom_design\":null,\"custom_design_from\":null,\"custom_design_to\":null,\"custom_layout_update\":null,\"page_layout\":null,\"product_options_container\":null,\"msrp_display_actual_price_type\":null,\"country_of_manufacture\":null,\"additional_attributes\":\"has_options=0,required_options=0,size=S,color=Black\",\"qty\":\"100\",\"out_of_stock_qty\":\"0\",\"use_config_min_qty\":\"1\",\"is_qty_decimal\":\"0\",\"allow_backorders\":\"0\",\"use_config_backorders\":\"1\",\"min_cart_qty\":\"1\",\"use_config_min_sale_qty\":\"1\",\"max_cart_qty\":\"0\",\"use_config_max_sale_qty\":\"1\",\"is_in_stock\":\"1\",\"notify_on_stock_below\":null,\"use_config_notify_stock_qty\":\"1\",\"manage_stock\":\"0\",\"use_config_manage_stock\":\"1\",\"use_config_qty_increments\":\"1\",\"qty_increments\":\"0\",\"use_config_enable_qty_inc\":\"1\",\"enable_qty_increments\":\"0\",\"is_decimal_divided\":\"0\",\"website_id\":\"1\",\"configurable_variations\":null,\"configurable_variation_prices\":null,\"configurable_variation_labels\":null,\"additional_images\":null,\"image\":\"\\/m\\/h\\/mh06-black_main.jpg\",\"image_label\":null,\"thumbnail\":\"\\/m\\/h\\/mh06-black_main.jpg\",\"thumbnail_label\":null,\"_media_image\":null,\"_store\":null,\"_attribute_set\":\"Top\",\"_product_websites\":\"base\",\"status\":\"1\",\"news_from_date\":null,\"news_to_date\":null,\"options_container\":null,\"minimal_price\":null,\"msrp\":null,\"msrp_enabled\":null,\"special_from_date\":null,\"special_to_date\":null,\"min_qty\":\"0\",\"backorders\":\"0\",\"min_sale_qty\":\"1\",\"max_sale_qty\":\"0\",\"notify_stock_qty\":null,\"meta_keyword\":null,\"has_options\":\"0\",\"required_options\":\"0\",\"size\":\"S\",\"color\":\"Black\"},{\"sku\":\"MH06-S-Blue\",\"store_view_code\":null,\"attribute_set_code\":\"Top\",\"product_type\":\"simple\",\"categories\":\"Default Category\\/Men\\/Tops\\/Hoodies & Sweatshirts\",\"product_websites\":\"base\",\"name\":\"Stark Fundamental Hoodie-S-Blue\",\"description\":\"<p>You don\'t need bells and whistles when performance speaks for itself. The full-zip Stark Fundamental Hoodie give just what you need. Hood and fleece lining keep you warm, while breathable fabric and wicking technology won\'t let you overheat.<\\/p>\\n<p>&bull; Navy specked full zip hoodie.<br \\/>&bull; Ribbed cuffs, banded waist.<br \\/>&bull; Side pockets. <br \\/>&bull; Machine wash\\/dry.<\\/p>\",\"short_description\":null,\"weight\":\"1\",\"product_online\":\"1\",\"tax_class_name\":\"Taxable Goods\",\"visibility\":\"Not Visible Individually\",\"price\":\"42\",\"special_price\":null,\"special_price_from_date\":null,\"special_price_to_date\":null,\"url_key\":\"stark-fundamental-hoodie-s-blue\",\"meta_title\":null,\"meta_keywords\":null,\"meta_description\":null,\"base_image\":\"\\/m\\/h\\/mh06-blue_main.jpg\",\"base_image_label\":null,\"small_image\":\"\\/m\\/h\\/mh06-blue_main.jpg\",\"small_image_label\":null,\"thumbnail_image\":\"\\/m\\/h\\/mh06-blue_main.jpg\",\"thumbnail_image_label\":null,\"created_at\":null,\"updated_at\":null,\"new_from_date\":null,\"new_to_date\":null,\"display_product_options_in\":null,\"map_price\":null,\"msrp_price\":null,\"map_enabled\":null,\"gift_message_available\":null,\"custom_design\":null,\"custom_design_from\":null,\"custom_design_to\":null,\"custom_layout_update\":null,\"page_layout\":null,\"product_options_container\":null,\"msrp_display_actual_price_type\":null,\"country_of_manufacture\":null,\"additional_attributes\":\"has_options=0,required_options=0,size=S,color=Blue\",\"qty\":\"100\",\"out_of_stock_qty\":\"0\",\"use_config_min_qty\":\"1\",\"is_qty_decimal\":\"0\",\"allow_backorders\":\"0\",\"use_config_backorders\":\"1\",\"min_cart_qty\":\"1\",\"use_config_min_sale_qty\":\"1\",\"max_cart_qty\":\"0\",\"use_config_max_sale_qty\":\"1\",\"is_in_stock\":\"1\",\"notify_on_stock_below\":null,\"use_config_notify_stock_qty\":\"1\",\"manage_stock\":\"0\",\"use_config_manage_stock\":\"1\",\"use_config_qty_increments\":\"1\",\"qty_increments\":\"0\",\"use_config_enable_qty_inc\":\"1\",\"enable_qty_increments\":\"0\",\"is_decimal_divided\":\"0\",\"website_id\":\"1\",\"configurable_variations\":null,\"configurable_variation_prices\":null,\"configurable_variation_labels\":null,\"additional_images\":\"\\/m\\/h\\/mh06-blue_alt1.jpg,\\/m\\/h\\/mh06-blue_back.jpg\",\"image\":\"\\/m\\/h\\/mh06-blue_main.jpg\",\"image_label\":null,\"thumbnail\":\"\\/m\\/h\\/mh06-blue_main.jpg\",\"thumbnail_label\":null,\"_media_image\":\"\\/m\\/h\\/mh06-blue_alt1.jpg,\\/m\\/h\\/mh06-blue_back.jpg\",\"_store\":null,\"_attribute_set\":\"Top\",\"_product_websites\":\"base\",\"status\":\"1\",\"news_from_date\":null,\"news_to_date\":null,\"options_container\":null,\"minimal_price\":null,\"msrp\":null,\"msrp_enabled\":null,\"special_from_date\":null,\"special_to_date\":null,\"min_qty\":\"0\",\"backorders\":\"0\",\"min_sale_qty\":\"1\",\"max_sale_qty\":\"0\",\"notify_stock_qty\":null,\"meta_keyword\":null,\"has_options\":\"0\",\"required_options\":\"0\",\"size\":\"S\",\"color\":\"Blue\"},{\"sku\":\"MH06-S-Purple\",\"store_view_code\":null,\"attribute_set_code\":\"Top\",\"product_type\":\"simple\",\"categories\":\"Default Category\\/Men\\/Tops\\/Hoodies & Sweatshirts\",\"product_websites\":\"base\",\"name\":\"Stark Fundamental Hoodie-S-Purple\",\"description\":\"<p>You don\'t need bells and whistles when performance speaks for itself. The full-zip Stark Fundamental Hoodie give just what you need. Hood and fleece lining keep you warm, while breathable fabric and wicking technology won\'t let you overheat.<\\/p>\\n<p>&bull; Navy specked full zip hoodie.<br \\/>&bull; Ribbed cuffs, banded waist.<br \\/>&bull; Side pockets. <br \\/>&bull; Machine wash\\/dry.<\\/p>\",\"short_description\":null,\"weight\":\"1\",\"product_online\":\"1\",\"tax_class_name\":\"Taxable Goods\",\"visibility\":\"Not Visible Individually\",\"price\":\"42\",\"special_price\":null,\"special_price_from_date\":null,\"special_price_to_date\":null,\"url_key\":\"stark-fundamental-hoodie-s-purple\",\"meta_title\":null,\"meta_keywords\":null,\"meta_description\":null,\"base_image\":\"\\/m\\/h\\/mh06-purple_main.jpg\",\"base_image_label\":null,\"small_image\":\"\\/m\\/h\\/mh06-purple_main.jpg\",\"small_image_label\":null,\"thumbnail_image\":\"\\/m\\/h\\/mh06-purple_main.jpg\",\"thumbnail_image_label\":null,\"created_at\":null,\"updated_at\":null,\"new_from_date\":null,\"new_to_date\":null,\"display_product_options_in\":null,\"map_price\":null,\"msrp_price\":null,\"map_enabled\":null,\"gift_message_available\":null,\"custom_design\":null,\"custom_design_from\":null,\"custom_design_to\":null,\"custom_layout_update\":null,\"page_layout\":null,\"product_options_container\":null,\"msrp_display_actual_price_type\":null,\"country_of_manufacture\":null,\"additional_attributes\":\"has_options=0,required_options=0,size=S,color=Purple\",\"qty\":\"100\",\"out_of_stock_qty\":\"0\",\"use_config_min_qty\":\"1\",\"is_qty_decimal\":\"0\",\"allow_backorders\":\"0\",\"use_config_backorders\":\"1\",\"min_cart_qty\":\"1\",\"use_config_min_sale_qty\":\"1\",\"max_cart_qty\":\"0\",\"use_config_max_sale_qty\":\"1\",\"is_in_stock\":\"1\",\"notify_on_stock_below\":null,\"use_config_notify_stock_qty\":\"1\",\"manage_stock\":\"0\",\"use_config_manage_stock\":\"1\",\"use_config_qty_increments\":\"1\",\"qty_increments\":\"0\",\"use_config_enable_qty_inc\":\"1\",\"enable_qty_increments\":\"0\",\"is_decimal_divided\":\"0\",\"website_id\":\"1\",\"configurable_variations\":null,\"configurable_variation_prices\":null,\"configurable_variation_labels\":null,\"additional_images\":null,\"image\":\"\\/m\\/h\\/mh06-purple_main.jpg\",\"image_label\":null,\"thumbnail\":\"\\/m\\/h\\/mh06-purple_main.jpg\",\"thumbnail_label\":null,\"_media_image\":null,\"_store\":null,\"_attribute_set\":\"Top\",\"_product_websites\":\"base\",\"status\":\"1\",\"news_from_date\":null,\"news_to_date\":null,\"options_container\":null,\"minimal_price\":null,\"msrp\":null,\"msrp_enabled\":null,\"special_from_date\":null,\"special_to_date\":null,\"min_qty\":\"0\",\"backorders\":\"0\",\"min_sale_qty\":\"1\",\"max_sale_qty\":\"0\",\"notify_stock_qty\":null,\"meta_keyword\":null,\"has_options\":\"0\",\"required_options\":\"0\",\"size\":\"S\",\"color\":\"Purple\"},{\"sku\":\"MH06-M-Black\",\"store_view_code\":null,\"attribute_set_code\":\"Top\",\"product_type\":\"simple\",\"categories\":\"Default Category\\/Men\\/Tops\\/Hoodies & Sweatshirts\",\"product_websites\":\"base\",\"name\":\"Stark Fundamental Hoodie-M-Black\",\"description\":\"<p>You don\'t need bells and whistles when performance speaks for itself. The full-zip Stark Fundamental Hoodie give just what you need. Hood and fleece lining keep you warm, while breathable fabric and wicking technology won\'t let you overheat.<\\/p>\\n<p>&bull; Navy specked full zip hoodie.<br \\/>&bull; Ribbed cuffs, banded waist.<br \\/>&bull; Side pockets. <br \\/>&bull; Machine wash\\/dry.<\\/p>\",\"short_description\":null,\"weight\":\"1\",\"product_online\":\"1\",\"tax_class_name\":\"Taxable Goods\",\"visibility\":\"Not Visible Individually\",\"price\":\"42\",\"special_price\":null,\"special_price_from_date\":null,\"special_price_to_date\":null,\"url_key\":\"stark-fundamental-hoodie-m-black\",\"meta_title\":null,\"meta_keywords\":null,\"meta_description\":null,\"base_image\":\"\\/m\\/h\\/mh06-black_main.jpg\",\"base_image_label\":null,\"small_image\":\"\\/m\\/h\\/mh06-black_main.jpg\",\"small_image_label\":null,\"thumbnail_image\":\"\\/m\\/h\\/mh06-black_main.jpg\",\"thumbnail_image_label\":null,\"created_at\":null,\"updated_at\":null,\"new_from_date\":null,\"new_to_date\":null,\"display_product_options_in\":null,\"map_price\":null,\"msrp_price\":null,\"map_enabled\":null,\"gift_message_available\":null,\"custom_design\":null,\"custom_design_from\":null,\"custom_design_to\":null,\"custom_layout_update\":null,\"page_layout\":null,\"product_options_container\":null,\"msrp_display_actual_price_type\":null,\"country_of_manufacture\":null,\"additional_attributes\":\"has_options=0,required_options=0,size=M,color=Black\",\"qty\":\"100\",\"out_of_stock_qty\":\"0\",\"use_config_min_qty\":\"1\",\"is_qty_decimal\":\"0\",\"allow_backorders\":\"0\",\"use_config_backorders\":\"1\",\"min_cart_qty\":\"1\",\"use_config_min_sale_qty\":\"1\",\"max_cart_qty\":\"0\",\"use_config_max_sale_qty\":\"1\",\"is_in_stock\":\"1\",\"notify_on_stock_below\":null,\"use_config_notify_stock_qty\":\"1\",\"manage_stock\":\"0\",\"use_config_manage_stock\":\"1\",\"use_config_qty_increments\":\"1\",\"qty_increments\":\"0\",\"use_config_enable_qty_inc\":\"1\",\"enable_qty_increments\":\"0\",\"is_decimal_divided\":\"0\",\"website_id\":\"1\",\"configurable_variations\":null,\"configurable_variation_prices\":null,\"configurable_variation_labels\":null,\"additional_images\":null,\"image\":\"\\/m\\/h\\/mh06-black_main.jpg\",\"image_label\":null,\"thumbnail\":\"\\/m\\/h\\/mh06-black_main.jpg\",\"thumbnail_label\":null,\"_media_image\":null,\"_store\":null,\"_attribute_set\":\"Top\",\"_product_websites\":\"base\",\"status\":\"1\",\"news_from_date\":null,\"news_to_date\":null,\"options_container\":null,\"minimal_price\":null,\"msrp\":null,\"msrp_enabled\":null,\"special_from_date\":null,\"special_to_date\":null,\"min_qty\":\"0\",\"backorders\":\"0\",\"min_sale_qty\":\"1\",\"max_sale_qty\":\"0\",\"notify_stock_qty\":null,\"meta_keyword\":null,\"has_options\":\"0\",\"required_options\":\"0\",\"size\":\"M\",\"color\":\"Black\"},{\"sku\":\"MH06-M-Blue\",\"store_view_code\":null,\"attribute_set_code\":\"Top\",\"product_type\":\"simple\",\"categories\":\"Default Category\\/Men\\/Tops\\/Hoodies & Sweatshirts\",\"product_websites\":\"base\",\"name\":\"Stark Fundamental Hoodie-M-Blue\",\"description\":\"<p>You don\'t need bells and whistles when performance speaks for itself. The full-zip Stark Fundamental Hoodie give just what you need. Hood and fleece lining keep you warm, while breathable fabric and wicking technology won\'t let you overheat.<\\/p>\\n<p>&bull; Navy specked full zip hoodie.<br \\/>&bull; Ribbed cuffs, banded waist.<br \\/>&bull; Side pockets. <br \\/>&bull; Machine wash\\/dry.<\\/p>\",\"short_description\":null,\"weight\":\"1\",\"product_online\":\"1\",\"tax_class_name\":\"Taxable Goods\",\"visibility\":\"Not Visible Individually\",\"price\":\"42\",\"special_price\":null,\"special_price_from_date\":null,\"special_price_to_date\":null,\"url_key\":\"stark-fundamental-hoodie-m-blue\",\"meta_title\":null,\"meta_keywords\":null,\"meta_description\":null,\"base_image\":\"\\/m\\/h\\/mh06-blue_main.jpg\",\"base_image_label\":null,\"small_image\":\"\\/m\\/h\\/mh06-blue_main.jpg\",\"small_image_label\":null,\"thumbnail_image\":\"\\/m\\/h\\/mh06-blue_main.jpg\",\"thumbnail_image_label\":null,\"created_at\":null,\"updated_at\":null,\"new_from_date\":null,\"new_to_date\":null,\"display_product_options_in\":null,\"map_price\":null,\"msrp_price\":null,\"map_enabled\":null,\"gift_message_available\":null,\"custom_design\":null,\"custom_design_from\":null,\"custom_design_to\":null,\"custom_layout_update\":null,\"page_layout\":null,\"product_options_container\":null,\"msrp_display_actual_price_type\":null,\"country_of_manufacture\":null,\"additional_attributes\":\"has_options=0,required_options=0,size=M,color=Blue\",\"qty\":\"100\",\"out_of_stock_qty\":\"0\",\"use_config_min_qty\":\"1\",\"is_qty_decimal\":\"0\",\"allow_backorders\":\"0\",\"use_config_backorders\":\"1\",\"min_cart_qty\":\"1\",\"use_config_min_sale_qty\":\"1\",\"max_cart_qty\":\"0\",\"use_config_max_sale_qty\":\"1\",\"is_in_stock\":\"1\",\"notify_on_stock_below\":null,\"use_config_notify_stock_qty\":\"1\",\"manage_stock\":\"0\",\"use_config_manage_stock\":\"1\",\"use_config_qty_increments\":\"1\",\"qty_increments\":\"0\",\"use_config_enable_qty_inc\":\"1\",\"enable_qty_increments\":\"0\",\"is_decimal_divided\":\"0\",\"website_id\":\"1\",\"configurable_variations\":null,\"configurable_variation_prices\":null,\"configurable_variation_labels\":null,\"additional_images\":\"\\/m\\/h\\/mh06-blue_alt1.jpg,\\/m\\/h\\/mh06-blue_back.jpg\",\"image\":\"\\/m\\/h\\/mh06-blue_main.jpg\",\"image_label\":null,\"thumbnail\":\"\\/m\\/h\\/mh06-blue_main.jpg\",\"thumbnail_label\":null,\"_media_image\":\"\\/m\\/h\\/mh06-blue_alt1.jpg,\\/m\\/h\\/mh06-blue_back.jpg\",\"_store\":null,\"_attribute_set\":\"Top\",\"_product_websites\":\"base\",\"status\":\"1\",\"news_from_date\":null,\"news_to_date\":null,\"options_container\":null,\"minimal_price\":null,\"msrp\":null,\"msrp_enabled\":null,\"special_from_date\":null,\"special_to_date\":null,\"min_qty\":\"0\",\"backorders\":\"0\",\"min_sale_qty\":\"1\",\"max_sale_qty\":\"0\",\"notify_stock_qty\":null,\"meta_keyword\":null,\"has_options\":\"0\",\"required_options\":\"0\",\"size\":\"M\",\"color\":\"Blue\"},{\"sku\":\"MH06-M-Purple\",\"store_view_code\":null,\"attribute_set_code\":\"Top\",\"product_type\":\"simple\",\"categories\":\"Default Category\\/Men\\/Tops\\/Hoodies & Sweatshirts\",\"product_websites\":\"base\",\"name\":\"Stark Fundamental Hoodie-M-Purple\",\"description\":\"<p>You don\'t need bells and whistles when performance speaks for itself. The full-zip Stark Fundamental Hoodie give just what you need. Hood and fleece lining keep you warm, while breathable fabric and wicking technology won\'t let you overheat.<\\/p>\\n<p>&bull; Navy specked full zip hoodie.<br \\/>&bull; Ribbed cuffs, banded waist.<br \\/>&bull; Side pockets. <br \\/>&bull; Machine wash\\/dry.<\\/p>\",\"short_description\":null,\"weight\":\"1\",\"product_online\":\"1\",\"tax_class_name\":\"Taxable Goods\",\"visibility\":\"Not Visible Individually\",\"price\":\"42\",\"special_price\":null,\"special_price_from_date\":null,\"special_price_to_date\":null,\"url_key\":\"stark-fundamental-hoodie-m-purple\",\"meta_title\":null,\"meta_keywords\":null,\"meta_description\":null,\"base_image\":\"\\/m\\/h\\/mh06-purple_main.jpg\",\"base_image_label\":null,\"small_image\":\"\\/m\\/h\\/mh06-purple_main.jpg\",\"small_image_label\":null,\"thumbnail_image\":\"\\/m\\/h\\/mh06-purple_main.jpg\",\"thumbnail_image_label\":null,\"created_at\":null,\"updated_at\":null,\"new_from_date\":null,\"new_to_date\":null,\"display_product_options_in\":null,\"map_price\":null,\"msrp_price\":null,\"map_enabled\":null,\"gift_message_available\":null,\"custom_design\":null,\"custom_design_from\":null,\"custom_design_to\":null,\"custom_layout_update\":null,\"page_layout\":null,\"product_options_container\":null,\"msrp_display_actual_price_type\":null,\"country_of_manufacture\":null,\"additional_attributes\":\"has_options=0,required_options=0,size=M,color=Purple\",\"qty\":\"100\",\"out_of_stock_qty\":\"0\",\"use_config_min_qty\":\"1\",\"is_qty_decimal\":\"0\",\"allow_backorders\":\"0\",\"use_config_backorders\":\"1\",\"min_cart_qty\":\"1\",\"use_config_min_sale_qty\":\"1\",\"max_cart_qty\":\"0\",\"use_config_max_sale_qty\":\"1\",\"is_in_stock\":\"1\",\"notify_on_stock_below\":null,\"use_config_notify_stock_qty\":\"1\",\"manage_stock\":\"0\",\"use_config_manage_stock\":\"1\",\"use_config_qty_increments\":\"1\",\"qty_increments\":\"0\",\"use_config_enable_qty_inc\":\"1\",\"enable_qty_increments\":\"0\",\"is_decimal_divided\":\"0\",\"website_id\":\"1\",\"configurable_variations\":null,\"configurable_variation_prices\":null,\"configurable_variation_labels\":null,\"additional_images\":null,\"image\":\"\\/m\\/h\\/mh06-purple_main.jpg\",\"image_label\":null,\"thumbnail\":\"\\/m\\/h\\/mh06-purple_main.jpg\",\"thumbnail_label\":null,\"_media_image\":null,\"_store\":null,\"_attribute_set\":\"Top\",\"_product_websites\":\"base\",\"status\":\"1\",\"news_from_date\":null,\"news_to_date\":null,\"options_container\":null,\"minimal_price\":null,\"msrp\":null,\"msrp_enabled\":null,\"special_from_date\":null,\"special_to_date\":null,\"min_qty\":\"0\",\"backorders\":\"0\",\"min_sale_qty\":\"1\",\"max_sale_qty\":\"0\",\"notify_stock_qty\":null,\"meta_keyword\":null,\"has_options\":\"0\",\"required_options\":\"0\",\"size\":\"M\",\"color\":\"Purple\"},{\"sku\":\"MH06-L-Black\",\"store_view_code\":null,\"attribute_set_code\":\"Top\",\"product_type\":\"simple\",\"categories\":\"Default Category\\/Men\\/Tops\\/Hoodies & Sweatshirts\",\"product_websites\":\"base\",\"name\":\"Stark Fundamental Hoodie-L-Black\",\"description\":\"<p>You don\'t need bells and whistles when performance speaks for itself. The full-zip Stark Fundamental Hoodie give just what you need. Hood and fleece lining keep you warm, while breathable fabric and wicking technology won\'t let you overheat.<\\/p>\\n<p>&bull; Navy specked full zip hoodie.<br \\/>&bull; Ribbed cuffs, banded waist.<br \\/>&bull; Side pockets. <br \\/>&bull; Machine wash\\/dry.<\\/p>\",\"short_description\":null,\"weight\":\"1\",\"product_online\":\"1\",\"tax_class_name\":\"Taxable Goods\",\"visibility\":\"Not Visible Individually\",\"price\":\"42\",\"special_price\":null,\"special_price_from_date\":null,\"special_price_to_date\":null,\"url_key\":\"stark-fundamental-hoodie-l-black\",\"meta_title\":null,\"meta_keywords\":null,\"meta_description\":null,\"base_image\":\"\\/m\\/h\\/mh06-black_main.jpg\",\"base_image_label\":null,\"small_image\":\"\\/m\\/h\\/mh06-black_main.jpg\",\"small_image_label\":null,\"thumbnail_image\":\"\\/m\\/h\\/mh06-black_main.jpg\",\"thumbnail_image_label\":null,\"created_at\":null,\"updated_at\":null,\"new_from_date\":null,\"new_to_date\":null,\"display_product_options_in\":null,\"map_price\":null,\"msrp_price\":null,\"map_enabled\":null,\"gift_message_available\":null,\"custom_design\":null,\"custom_design_from\":null,\"custom_design_to\":null,\"custom_layout_update\":null,\"page_layout\":null,\"product_options_container\":null,\"msrp_display_actual_price_type\":null,\"country_of_manufacture\":null,\"additional_attributes\":\"has_options=0,required_options=0,size=L,color=Black\",\"qty\":\"100\",\"out_of_stock_qty\":\"0\",\"use_config_min_qty\":\"1\",\"is_qty_decimal\":\"0\",\"allow_backorders\":\"0\",\"use_config_backorders\":\"1\",\"min_cart_qty\":\"1\",\"use_config_min_sale_qty\":\"1\",\"max_cart_qty\":\"0\",\"use_config_max_sale_qty\":\"1\",\"is_in_stock\":\"1\",\"notify_on_stock_below\":null,\"use_config_notify_stock_qty\":\"1\",\"manage_stock\":\"0\",\"use_config_manage_stock\":\"1\",\"use_config_qty_increments\":\"1\",\"qty_increments\":\"0\",\"use_config_enable_qty_inc\":\"1\",\"enable_qty_increments\":\"0\",\"is_decimal_divided\":\"0\",\"website_id\":\"1\",\"configurable_variations\":null,\"configurable_variation_prices\":null,\"configurable_variation_labels\":null,\"additional_images\":null,\"image\":\"\\/m\\/h\\/mh06-black_main.jpg\",\"image_label\":null,\"thumbnail\":\"\\/m\\/h\\/mh06-black_main.jpg\",\"thumbnail_label\":null,\"_media_image\":null,\"_store\":null,\"_attribute_set\":\"Top\",\"_product_websites\":\"base\",\"status\":\"1\",\"news_from_date\":null,\"news_to_date\":null,\"options_container\":null,\"minimal_price\":null,\"msrp\":null,\"msrp_enabled\":null,\"special_from_date\":null,\"special_to_date\":null,\"min_qty\":\"0\",\"backorders\":\"0\",\"min_sale_qty\":\"1\",\"max_sale_qty\":\"0\",\"notify_stock_qty\":null,\"meta_keyword\":null,\"has_options\":\"0\",\"required_options\":\"0\",\"size\":\"L\",\"color\":\"Black\"},{\"sku\":\"MH06-L-Blue\",\"store_view_code\":null,\"attribute_set_code\":\"Top\",\"product_type\":\"simple\",\"categories\":\"Default Category\\/Men\\/Tops\\/Hoodies & Sweatshirts\",\"product_websites\":\"base\",\"name\":\"Stark Fundamental Hoodie-L-Blue\",\"description\":\"<p>You don\'t need bells and whistles when performance speaks for itself. The full-zip Stark Fundamental Hoodie give just what you need. Hood and fleece lining keep you warm, while breathable fabric and wicking technology won\'t let you overheat.<\\/p>\\n<p>&bull; Navy specked full zip hoodie.<br \\/>&bull; Ribbed cuffs, banded waist.<br \\/>&bull; Side pockets. <br \\/>&bull; Machine wash\\/dry.<\\/p>\",\"short_description\":null,\"weight\":\"1\",\"product_online\":\"1\",\"tax_class_name\":\"Taxable Goods\",\"visibility\":\"Not Visible Individually\",\"price\":\"42\",\"special_price\":null,\"special_price_from_date\":null,\"special_price_to_date\":null,\"url_key\":\"stark-fundamental-hoodie-l-blue\",\"meta_title\":null,\"meta_keywords\":null,\"meta_description\":null,\"base_image\":\"\\/m\\/h\\/mh06-blue_main.jpg\",\"base_image_label\":null,\"small_image\":\"\\/m\\/h\\/mh06-blue_main.jpg\",\"small_image_label\":null,\"thumbnail_image\":\"\\/m\\/h\\/mh06-blue_main.jpg\",\"thumbnail_image_label\":null,\"created_at\":null,\"updated_at\":null,\"new_from_date\":null,\"new_to_date\":null,\"display_product_options_in\":null,\"map_price\":null,\"msrp_price\":null,\"map_enabled\":null,\"gift_message_available\":null,\"custom_design\":null,\"custom_design_from\":null,\"custom_design_to\":null,\"custom_layout_update\":null,\"page_layout\":null,\"product_options_container\":null,\"msrp_display_actual_price_type\":null,\"country_of_manufacture\":null,\"additional_attributes\":\"has_options=0,required_options=0,size=L,color=Blue\",\"qty\":\"100\",\"out_of_stock_qty\":\"0\",\"use_config_min_qty\":\"1\",\"is_qty_decimal\":\"0\",\"allow_backorders\":\"0\",\"use_config_backorders\":\"1\",\"min_cart_qty\":\"1\",\"use_config_min_sale_qty\":\"1\",\"max_cart_qty\":\"0\",\"use_config_max_sale_qty\":\"1\",\"is_in_stock\":\"1\",\"notify_on_stock_below\":null,\"use_config_notify_stock_qty\":\"1\",\"manage_stock\":\"0\",\"use_config_manage_stock\":\"1\",\"use_config_qty_increments\":\"1\",\"qty_increments\":\"0\",\"use_config_enable_qty_inc\":\"1\",\"enable_qty_increments\":\"0\",\"is_decimal_divided\":\"0\",\"website_id\":\"1\",\"configurable_variations\":null,\"configurable_variation_prices\":null,\"configurable_variation_labels\":null,\"additional_images\":\"\\/m\\/h\\/mh06-blue_alt1.jpg,\\/m\\/h\\/mh06-blue_back.jpg\",\"image\":\"\\/m\\/h\\/mh06-blue_main.jpg\",\"image_label\":null,\"thumbnail\":\"\\/m\\/h\\/mh06-blue_main.jpg\",\"thumbnail_label\":null,\"_media_image\":\"\\/m\\/h\\/mh06-blue_alt1.jpg,\\/m\\/h\\/mh06-blue_back.jpg\",\"_store\":null,\"_attribute_set\":\"Top\",\"_product_websites\":\"base\",\"status\":\"1\",\"news_from_date\":null,\"news_to_date\":null,\"options_container\":null,\"minimal_price\":null,\"msrp\":null,\"msrp_enabled\":null,\"special_from_date\":null,\"special_to_date\":null,\"min_qty\":\"0\",\"backorders\":\"0\",\"min_sale_qty\":\"1\",\"max_sale_qty\":\"0\",\"notify_stock_qty\":null,\"meta_keyword\":null,\"has_options\":\"0\",\"required_options\":\"0\",\"size\":\"L\",\"color\":\"Blue\"},{\"sku\":\"MH06-L-Purple\",\"store_view_code\":null,\"attribute_set_code\":\"Top\",\"product_type\":\"simple\",\"categories\":\"Default Category\\/Men\\/Tops\\/Hoodies & Sweatshirts\",\"product_websites\":\"base\",\"name\":\"Stark Fundamental Hoodie-L-Purple\",\"description\":\"<p>You don\'t need bells and whistles when performance speaks for itself. The full-zip Stark Fundamental Hoodie give just what you need. Hood and fleece lining keep you warm, while breathable fabric and wicking technology won\'t let you overheat.<\\/p>\\n<p>&bull; Navy specked full zip hoodie.<br \\/>&bull; Ribbed cuffs, banded waist.<br \\/>&bull; Side pockets. <br \\/>&bull; Machine wash\\/dry.<\\/p>\",\"short_description\":null,\"weight\":\"1\",\"product_online\":\"1\",\"tax_class_name\":\"Taxable Goods\",\"visibility\":\"Not Visible Individually\",\"price\":\"42\",\"special_price\":null,\"special_price_from_date\":null,\"special_price_to_date\":null,\"url_key\":\"stark-fundamental-hoodie-l-purple\",\"meta_title\":null,\"meta_keywords\":null,\"meta_description\":null,\"base_image\":\"\\/m\\/h\\/mh06-purple_main.jpg\",\"base_image_label\":null,\"small_image\":\"\\/m\\/h\\/mh06-purple_main.jpg\",\"small_image_label\":null,\"thumbnail_image\":\"\\/m\\/h\\/mh06-purple_main.jpg\",\"thumbnail_image_label\":null,\"created_at\":null,\"updated_at\":null,\"new_from_date\":null,\"new_to_date\":null,\"display_product_options_in\":null,\"map_price\":null,\"msrp_price\":null,\"map_enabled\":null,\"gift_message_available\":null,\"custom_design\":null,\"custom_design_from\":null,\"custom_design_to\":null,\"custom_layout_update\":null,\"page_layout\":null,\"product_options_container\":null,\"msrp_display_actual_price_type\":null,\"country_of_manufacture\":null,\"additional_attributes\":\"has_options=0,required_options=0,size=L,color=Purple\",\"qty\":\"100\",\"out_of_stock_qty\":\"0\",\"use_config_min_qty\":\"1\",\"is_qty_decimal\":\"0\",\"allow_backorders\":\"0\",\"use_config_backorders\":\"1\",\"min_cart_qty\":\"1\",\"use_config_min_sale_qty\":\"1\",\"max_cart_qty\":\"0\",\"use_config_max_sale_qty\":\"1\",\"is_in_stock\":\"1\",\"notify_on_stock_below\":null,\"use_config_notify_stock_qty\":\"1\",\"manage_stock\":\"0\",\"use_config_manage_stock\":\"1\",\"use_config_qty_increments\":\"1\",\"qty_increments\":\"0\",\"use_config_enable_qty_inc\":\"1\",\"enable_qty_increments\":\"0\",\"is_decimal_divided\":\"0\",\"website_id\":\"1\",\"configurable_variations\":null,\"configurable_variation_prices\":null,\"configurable_variation_labels\":null,\"additional_images\":null,\"image\":\"\\/m\\/h\\/mh06-purple_main.jpg\",\"image_label\":null,\"thumbnail\":\"\\/m\\/h\\/mh06-purple_main.jpg\",\"thumbnail_label\":null,\"_media_image\":null,\"_store\":null,\"_attribute_set\":\"Top\",\"_product_websites\":\"base\",\"status\":\"1\",\"news_from_date\":null,\"news_to_date\":null,\"options_container\":null,\"minimal_price\":null,\"msrp\":null,\"msrp_enabled\":null,\"special_from_date\":null,\"special_to_date\":null,\"min_qty\":\"0\",\"backorders\":\"0\",\"min_sale_qty\":\"1\",\"max_sale_qty\":\"0\",\"notify_stock_qty\":null,\"meta_keyword\":null,\"has_options\":\"0\",\"required_options\":\"0\",\"size\":\"L\",\"color\":\"Purple\"},{\"sku\":\"MH06-XL-Black\",\"store_view_code\":null,\"attribute_set_code\":\"Top\",\"product_type\":\"simple\",\"categories\":\"Default Category\\/Men\\/Tops\\/Hoodies & Sweatshirts\",\"product_websites\":\"base\",\"name\":\"Stark Fundamental Hoodie-XL-Black\",\"description\":\"<p>You don\'t need bells and whistles when performance speaks for itself. The full-zip Stark Fundamental Hoodie give just what you need. Hood and fleece lining keep you warm, while breathable fabric and wicking technology won\'t let you overheat.<\\/p>\\n<p>&bull; Navy specked full zip hoodie.<br \\/>&bull; Ribbed cuffs, banded waist.<br \\/>&bull; Side pockets. <br \\/>&bull; Machine wash\\/dry.<\\/p>\",\"short_description\":null,\"weight\":\"1\",\"product_online\":\"1\",\"tax_class_name\":\"Taxable Goods\",\"visibility\":\"Not Visible Individually\",\"price\":\"42\",\"special_price\":null,\"special_price_from_date\":null,\"special_price_to_date\":null,\"url_key\":\"stark-fundamental-hoodie-xl-black\",\"meta_title\":null,\"meta_keywords\":null,\"meta_description\":null,\"base_image\":\"\\/m\\/h\\/mh06-black_main.jpg\",\"base_image_label\":null,\"small_image\":\"\\/m\\/h\\/mh06-black_main.jpg\",\"small_image_label\":null,\"thumbnail_image\":\"\\/m\\/h\\/mh06-black_main.jpg\",\"thumbnail_image_label\":null,\"created_at\":null,\"updated_at\":null,\"new_from_date\":null,\"new_to_date\":null,\"display_product_options_in\":null,\"map_price\":null,\"msrp_price\":null,\"map_enabled\":null,\"gift_message_available\":null,\"custom_design\":null,\"custom_design_from\":null,\"custom_design_to\":null,\"custom_layout_update\":null,\"page_layout\":null,\"product_options_container\":null,\"msrp_display_actual_price_type\":null,\"country_of_manufacture\":null,\"additional_attributes\":\"has_options=0,required_options=0,size=XL,color=Black\",\"qty\":\"100\",\"out_of_stock_qty\":\"0\",\"use_config_min_qty\":\"1\",\"is_qty_decimal\":\"0\",\"allow_backorders\":\"0\",\"use_config_backorders\":\"1\",\"min_cart_qty\":\"1\",\"use_config_min_sale_qty\":\"1\",\"max_cart_qty\":\"0\",\"use_config_max_sale_qty\":\"1\",\"is_in_stock\":\"1\",\"notify_on_stock_below\":null,\"use_config_notify_stock_qty\":\"1\",\"manage_stock\":\"0\",\"use_config_manage_stock\":\"1\",\"use_config_qty_increments\":\"1\",\"qty_increments\":\"0\",\"use_config_enable_qty_inc\":\"1\",\"enable_qty_increments\":\"0\",\"is_decimal_divided\":\"0\",\"website_id\":\"1\",\"configurable_variations\":null,\"configurable_variation_prices\":null,\"configurable_variation_labels\":null,\"additional_images\":null,\"image\":\"\\/m\\/h\\/mh06-black_main.jpg\",\"image_label\":null,\"thumbnail\":\"\\/m\\/h\\/mh06-black_main.jpg\",\"thumbnail_label\":null,\"_media_image\":null,\"_store\":null,\"_attribute_set\":\"Top\",\"_product_websites\":\"base\",\"status\":\"1\",\"news_from_date\":null,\"news_to_date\":null,\"options_container\":null,\"minimal_price\":null,\"msrp\":null,\"msrp_enabled\":null,\"special_from_date\":null,\"special_to_date\":null,\"min_qty\":\"0\",\"backorders\":\"0\",\"min_sale_qty\":\"1\",\"max_sale_qty\":\"0\",\"notify_stock_qty\":null,\"meta_keyword\":null,\"has_options\":\"0\",\"required_options\":\"0\",\"size\":\"XL\",\"color\":\"Black\"},{\"sku\":\"MH06-XL-Blue\",\"store_view_code\":null,\"attribute_set_code\":\"Top\",\"product_type\":\"simple\",\"categories\